[INFO] cloning repository https://github.com/Gauge/ModelControlFlow
[INFO] running `Command { std: "git" "-c" "credential.helper=" "-c" "credential.helper=/workspace/cargo-home/bin/git-credential-null" "clone" "--bare" "https://github.com/Gauge/ModelControlFlow" "/workspace/cache/git-repos/https%3A%2F%2Fgithub.com%2FGauge%2FModelControlFlow", kill_on_drop: false }`
[INFO] [stderr] Cloning into bare repository '/workspace/cache/git-repos/https%3A%2F%2Fgithub.com%2FGauge%2FModelControlFlow'...
[INFO] running `Command { std: "git" "rev-parse" "HEAD", kill_on_drop: false }`
[INFO] [stdout] 8c15237dce0b1b6f03c8c676f1e57ce8966b289b
[INFO] testing Gauge/ModelControlFlow against 1.99.0-beta.8 for beta-1.100-2
[INFO] running `Command { std: "git" "clone" "/workspace/cache/git-repos/https%3A%2F%2Fgithub.com%2FGauge%2FModelControlFlow" "/workspace/builds/worker-2-tc1/source", kill_on_drop: false }`
[INFO] [stderr] Cloning into '/workspace/builds/worker-2-tc1/source'...
[INFO] [stderr] done.
[INFO] removed /workspace/builds/worker-2-tc1/source/.cargo/config.toml
[INFO] removed /workspace/builds/worker-2-tc1/source/rust-toolchain.toml
[INFO] started tweaking git repo https://github.com/Gauge/ModelControlFlow
[INFO] finished tweaking git repo https://github.com/Gauge/ModelControlFlow
[INFO] tweaked toml for git repo https://github.com/Gauge/ModelControlFlow written to /workspace/builds/worker-2-tc1/source/Cargo.toml
[INFO] validating manifest of git repo https://github.com/Gauge/ModelControlFlow on toolchain 1.99.0-beta.8
[INFO] running `Command { std: CARGO_HOME="/workspace/cargo-home" RUSTUP_HOME="/workspace/rustup-home" "/workspace/cargo-home/bin/cargo" "+1.99.0-beta.8" "metadata" "--manifest-path" "Cargo.toml" "--no-deps", kill_on_drop: false }`
[INFO] crate git repo https://github.com/Gauge/ModelControlFlow already has a lockfile, it will not be regenerated
[INFO] running `Command { std: CARGO_HOME="/workspace/cargo-home" RUSTUP_HOME="/workspace/rustup-home" "/workspace/cargo-home/bin/cargo" "+1.99.0-beta.8" "fetch" "--manifest-path" "Cargo.toml", kill_on_drop: false }`
[INFO] [stderr]     Updating crates.io index
[INFO] [stderr]  Downloading crates ...
[INFO] [stderr]   Downloaded rustls-graviola v0.4.0
[INFO] [stderr]   Downloaded graviola v0.4.1
[INFO] running `Command { std: "docker" "create" "-v" "/var/lib/crater-agent-workspace/builds/worker-2-tc1/source:/opt/rustwide/workdir:ro,Z" "-v" "/var/lib/crater-agent-workspace/builds/worker-2-tc1/target:/opt/rustwide/target:rw,Z" "-v" "/var/lib/crater-agent-workspace/cargo-home:/opt/rustwide/cargo-home:ro,Z" "-v" "/var/lib/crater-agent-workspace/rustup-home:/opt/rustwide/rustup-home:ro,Z" "-m" "1610612736" "--network" "none" "ghcr.io/rust-lang/crates-build-env/linux@sha256:3111399a4047eeb3a02b7a90e478d715f38a8c6669b5c4b49d30a17385265909" "sleep" "infinity", kill_on_drop: false }`
[INFO] [stdout] 5307ce90b4f71a0b71aa3b00f4131aa0e4475a49253dcf595fa5b95da32a756a
[INFO] running `Command { std: "docker" "start" "5307ce90b4f71a0b71aa3b00f4131aa0e4475a49253dcf595fa5b95da32a756a", kill_on_drop: false }`
[INFO] running `Command { std: "docker" "inspect" "5307ce90b4f71a0b71aa3b00f4131aa0e4475a49253dcf595fa5b95da32a756a", kill_on_drop: false }`
[INFO] running `Command { std: "docker" "exec" "-e" "SOURCE_DIR=/opt/rustwide/workdir" "-e" "CARGO_HOME=/opt/rustwide/cargo-home" "-e" "RUSTUP_HOME=/opt/rustwide/rustup-home" "-e" "CARGO_TARGET_DIR=/opt/rustwide/target" "-w" "/opt/rustwide/workdir" "--user" "0:0" "5307ce90b4f71a0b71aa3b00f4131aa0e4475a49253dcf595fa5b95da32a756a" "/opt/rustwide/cargo-home/bin/cargo" "+1.99.0-beta.8" "metadata" "--no-deps" "--format-version=1", kill_on_drop: false }`
[INFO] running `Command { std: "docker" "inspect" "5307ce90b4f71a0b71aa3b00f4131aa0e4475a49253dcf595fa5b95da32a756a", kill_on_drop: false }`
[INFO] running `Command { std: "docker" "exec" "-e" "SOURCE_DIR=/opt/rustwide/workdir" "-e" "CARGO_HOME=/opt/rustwide/cargo-home" "-e" "RUSTUP_HOME=/opt/rustwide/rustup-home" "-e" "CARGO_TARGET_DIR=/opt/rustwide/target" "-e" "CARGO_INCREMENTAL=0" "-e" "RUST_BACKTRACE=full" "-e" "RUSTFLAGS=--cap-lints=warn" "-e" "RUSTDOCFLAGS=--cap-lints=warn" "-w" "/opt/rustwide/workdir" "--user" "0:0" "5307ce90b4f71a0b71aa3b00f4131aa0e4475a49253dcf595fa5b95da32a756a" "/opt/rustwide/cargo-home/bin/cargo" "+1.99.0-beta.8" "build" "--frozen" "--message-format=json", kill_on_drop: false }`
[INFO] [stderr]    Compiling mcf-core v0.2.2-m1 (/opt/rustwide/workdir/crates/mcf-core)
[INFO] [stderr]    Compiling zeroize v1.9.0
[INFO] [stderr]    Compiling getrandom v0.3.4
[INFO] [stderr]    Compiling rustls v0.23.43
[INFO] [stderr]    Compiling untrusted v0.9.0
[INFO] [stderr]    Compiling cfg-if v1.0.4
[INFO] [stderr]    Compiling once_cell v1.21.4
[INFO] [stderr]    Compiling libc v0.2.189
[INFO] [stderr]    Compiling subtle v2.6.1
[INFO] [stderr]    Compiling rustls-pki-types v1.15.1
[INFO] [stderr]    Compiling mcf-desk v0.2.2-m1 (/opt/rustwide/workdir/crates/mcf-desk)
[INFO] [stderr]    Compiling mcf-checks v0.2.2-m1 (/opt/rustwide/workdir/checks)
[INFO] [stderr]    Compiling rustls-webpki v0.103.15
[INFO] [stderr]    Compiling webpki-roots v1.0.9
[INFO] [stderr]    Compiling graviola v0.4.1
[INFO] [stderr]    Compiling mcf-record v0.2.2-m1 (/opt/rustwide/workdir/crates/mcf-record)
[INFO] [stderr]    Compiling mcf-standin v0.2.2-m1 (/opt/rustwide/workdir/crates/mcf-standin)
[INFO] [stderr]    Compiling mcf-helper v0.2.2-m1 (/opt/rustwide/workdir/crates/mcf-helper)
[INFO] [stderr]    Compiling mcf-optimize v0.2.2-m1 (/opt/rustwide/workdir/crates/mcf-optimize)
[INFO] [stderr]    Compiling mcf-prototype-kernel-slope v0.2.2-m1 (/opt/rustwide/workdir/prototypes/kernel-slope)
[INFO] [stderr]    Compiling mcf-prototype-adversarial v0.2.2-m1 (/opt/rustwide/workdir/prototypes/adversarial)
[INFO] [stderr]    Compiling mcf-prototype-thread-scaling v0.2.2-m1 (/opt/rustwide/workdir/prototypes/thread-scaling)
[INFO] [stderr]    Compiling rustls-graviola v0.4.0
[INFO] [stderr]    Compiling mcf-hub v0.2.2-m1 (/opt/rustwide/workdir/crates/mcf-hub)
[INFO] [stderr]    Compiling mcf-serve v0.2.2-m1 (/opt/rustwide/workdir/crates/mcf-serve)
[INFO] [stdout] warning: suspicious definition of the runtime `write` symbol used by the standard library
[INFO] [stdout]   --> crates/mcf-serve/src/signals.rs:28:5
[INFO] [stdout]    |
[INFO] [stdout] 28 |     fn write(fd: i32, buffer: *const u8, count: usize) -> isize;
[INFO] [stdout]    |     ^^^^^^^^^^^^^^^^^^^^^^^^^^^^^^^^^^^^^^^^^^^^^^^^^^^^^^^^^^^^
[INFO] [stdout]    |
[INFO] [stdout]    = note: expected `unsafe extern "C" fn(i32, *const c_void, usize) -> isize` (for the current target)
[INFO] [stdout]            found    `unsafe extern "C" fn(i32, *const u8, usize) -> isize`
[INFO] [stdout]    = help: either fix the signature or remove any attributes like `#[unsafe(no_mangle)]`, `#[unsafe(export_name = "write")]`, or `#[link_name = "write"]`
[INFO] [stdout]    = help: allow this lint if the signature is compatible
[INFO] [stdout]    = note: `#[warn(suspicious_runtime_symbol_definitions)]` on by default
[INFO] [stdout] 
[INFO] [stdout] 
[INFO] [stderr]    Compiling mcf-tui v0.2.2-m1 (/opt/rustwide/workdir/crates/mcf-tui)
[INFO] [stdout] warning: fields `handle`, `renderer`, and `textures` are never read
[INFO] [stdout]    --> crates/mcf-desk/src/sdl.rs:142:5
[INFO] [stdout]     |
[INFO] [stdout] 141 | pub struct Window {
[INFO] [stdout]     |            ------ fields in this struct
[INFO] [stdout] 142 |     handle: *mut c_void,
[INFO] [stdout]     |     ^^^^^^
[INFO] [stdout] 143 |     renderer: *mut c_void,
[INFO] [stdout]     |     ^^^^^^^^
[INFO] [stdout] 144 |     textures: Vec<*mut c_void>,
[INFO] [stdout]     |     ^^^^^^^^
[INFO] [stdout]     |
[INFO] [stdout]     = note: `Window` has a derived impl for the trait `Debug`, but this is intentionally ignored during dead code analysis
[INFO] [stdout]     = note: `#[warn(dead_code)]` (part of `#[warn(unused)]`) on by default
[INFO] [stdout] 
[INFO] [stdout] 
[INFO] [stderr]    Compiling mcf-cli v0.2.2-m1 (/opt/rustwide/workdir/crates/mcf-cli)
[INFO] [stderr]     Finished `dev` profile [unoptimized + debuginfo] target(s) in 1m 20s
[INFO] running `Command { std: "docker" "inspect" "5307ce90b4f71a0b71aa3b00f4131aa0e4475a49253dcf595fa5b95da32a756a", kill_on_drop: false }`
[INFO] running `Command { std: "docker" "exec" "-e" "SOURCE_DIR=/opt/rustwide/workdir" "-e" "CARGO_HOME=/opt/rustwide/cargo-home" "-e" "RUSTUP_HOME=/opt/rustwide/rustup-home" "-e" "CARGO_TARGET_DIR=/opt/rustwide/target" "-e" "CARGO_INCREMENTAL=0" "-e" "RUST_BACKTRACE=full" "-e" "RUSTFLAGS=--cap-lints=warn" "-e" "RUSTDOCFLAGS=--cap-lints=warn" "-w" "/opt/rustwide/workdir" "--user" "0:0" "5307ce90b4f71a0b71aa3b00f4131aa0e4475a49253dcf595fa5b95da32a756a" "/opt/rustwide/cargo-home/bin/cargo" "+1.99.0-beta.8" "test" "--frozen" "--no-run" "--message-format=json", kill_on_drop: false }`
[INFO] [stderr]    Compiling mcf-core v0.2.2-m1 (/opt/rustwide/workdir/crates/mcf-core)
[INFO] [stderr]    Compiling mcf-checks v0.2.2-m1 (/opt/rustwide/workdir/checks)
[INFO] [stderr]    Compiling rustls-webpki v0.103.15
[INFO] [stderr]    Compiling mcf-desk v0.2.2-m1 (/opt/rustwide/workdir/crates/mcf-desk)
[INFO] [stderr]    Compiling getrandom v0.3.4
[INFO] [stdout] warning: suspicious definition of the runtime `write` symbol used by the standard library
[INFO] [stdout]   --> crates/mcf-serve/src/signals.rs:28:5
[INFO] [stdout]    |
[INFO] [stdout] 28 |     fn write(fd: i32, buffer: *const u8, count: usize) -> isize;
[INFO] [stdout]    |     ^^^^^^^^^^^^^^^^^^^^^^^^^^^^^^^^^^^^^^^^^^^^^^^^^^^^^^^^^^^^
[INFO] [stdout]    |
[INFO] [stdout]    = note: expected `unsafe extern "C" fn(i32, *const c_void, usize) -> isize` (for the current target)
[INFO] [stdout]            found    `unsafe extern "C" fn(i32, *const u8, usize) -> isize`
[INFO] [stdout]    = help: either fix the signature or remove any attributes like `#[unsafe(no_mangle)]`, `#[unsafe(export_name = "write")]`, or `#[link_name = "write"]`
[INFO] [stdout]    = help: allow this lint if the signature is compatible
[INFO] [stdout]    = note: `#[warn(suspicious_runtime_symbol_definitions)]` on by default
[INFO] [stdout] 
[INFO] [stdout] 
[INFO] [stderr]    Compiling graviola v0.4.1
[INFO] [stderr]    Compiling rustls v0.23.43
[INFO] [stderr]    Compiling mcf-record v0.2.2-m1 (/opt/rustwide/workdir/crates/mcf-record)
[INFO] [stderr]    Compiling mcf-standin v0.2.2-m1 (/opt/rustwide/workdir/crates/mcf-standin)
[INFO] [stderr]    Compiling mcf-helper v0.2.2-m1 (/opt/rustwide/workdir/crates/mcf-helper)
[INFO] [stderr]    Compiling mcf-optimize v0.2.2-m1 (/opt/rustwide/workdir/crates/mcf-optimize)
[INFO] [stdout] warning: fields `handle`, `renderer`, and `textures` are never read
[INFO] [stdout]    --> crates/mcf-desk/src/sdl.rs:142:5
[INFO] [stdout]     |
[INFO] [stdout] 141 | pub struct Window {
[INFO] [stdout]     |            ------ fields in this struct
[INFO] [stdout] 142 |     handle: *mut c_void,
[INFO] [stdout]     |     ^^^^^^
[INFO] [stdout] 143 |     renderer: *mut c_void,
[INFO] [stdout]     |     ^^^^^^^^
[INFO] [stdout] 144 |     textures: Vec<*mut c_void>,
[INFO] [stdout]     |     ^^^^^^^^
[INFO] [stdout]     |
[INFO] [stdout]     = note: `Window` has a derived impl for the trait `Debug`, but this is intentionally ignored during dead code analysis
[INFO] [stdout]     = note: `#[warn(dead_code)]` (part of `#[warn(unused)]`) on by default
[INFO] [stdout] 
[INFO] [stdout] 
[INFO] [stderr]    Compiling mcf-prototype-thread-scaling v0.2.2-m1 (/opt/rustwide/workdir/prototypes/thread-scaling)
[INFO] [stderr]    Compiling rustls-graviola v0.4.0
[INFO] [stderr]    Compiling mcf-hub v0.2.2-m1 (/opt/rustwide/workdir/crates/mcf-hub)
[INFO] [stderr]    Compiling mcf-prototype-kernel-slope v0.2.2-m1 (/opt/rustwide/workdir/prototypes/kernel-slope)
[INFO] [stderr]    Compiling mcf-prototype-adversarial v0.2.2-m1 (/opt/rustwide/workdir/prototypes/adversarial)
[INFO] [stderr]    Compiling mcf-serve v0.2.2-m1 (/opt/rustwide/workdir/crates/mcf-serve)
[INFO] [stdout] warning: suspicious definition of the runtime `write` symbol used by the standard library
[INFO] [stdout]   --> crates/mcf-serve/src/signals.rs:28:5
[INFO] [stdout]    |
[INFO] [stdout] 28 |     fn write(fd: i32, buffer: *const u8, count: usize) -> isize;
[INFO] [stdout]    |     ^^^^^^^^^^^^^^^^^^^^^^^^^^^^^^^^^^^^^^^^^^^^^^^^^^^^^^^^^^^^
[INFO] [stdout]    |
[INFO] [stdout]    = note: expected `unsafe extern "C" fn(i32, *const c_void, usize) -> isize` (for the current target)
[INFO] [stdout]            found    `unsafe extern "C" fn(i32, *const u8, usize) -> isize`
[INFO] [stdout]    = help: either fix the signature or remove any attributes like `#[unsafe(no_mangle)]`, `#[unsafe(export_name = "write")]`, or `#[link_name = "write"]`
[INFO] [stdout]    = help: allow this lint if the signature is compatible
[INFO] [stdout]    = note: `#[warn(suspicious_runtime_symbol_definitions)]` on by default
[INFO] [stdout] 
[INFO] [stdout] 
[INFO] [stderr]    Compiling mcf-tui v0.2.2-m1 (/opt/rustwide/workdir/crates/mcf-tui)
[INFO] [stdout] warning: suspicious definition of the runtime `write` symbol used by the standard library
[INFO] [stdout]   --> crates/mcf-serve/src/signals.rs:28:5
[INFO] [stdout]    |
[INFO] [stdout] 28 |     fn write(fd: i32, buffer: *const u8, count: usize) -> isize;
[INFO] [stdout]    |     ^^^^^^^^^^^^^^^^^^^^^^^^^^^^^^^^^^^^^^^^^^^^^^^^^^^^^^^^^^^^
[INFO] [stdout]    |
[INFO] [stdout]    = note: expected `unsafe extern "C" fn(i32, *const c_void, usize) -> isize` (for the current target)
[INFO] [stdout]            found    `unsafe extern "C" fn(i32, *const u8, usize) -> isize`
[INFO] [stdout]    = help: either fix the signature or remove any attributes like `#[unsafe(no_mangle)]`, `#[unsafe(export_name = "write")]`, or `#[link_name = "write"]`
[INFO] [stdout]    = help: allow this lint if the signature is compatible
[INFO] [stdout]    = note: `#[warn(suspicious_runtime_symbol_definitions)]` on by default
[INFO] [stdout] 
[INFO] [stdout] 
[INFO] [stdout] warning: fields `handle`, `renderer`, and `textures` are never read
[INFO] [stdout]    --> crates/mcf-desk/src/sdl.rs:142:5
[INFO] [stdout]     |
[INFO] [stdout] 141 | pub struct Window {
[INFO] [stdout]     |            ------ fields in this struct
[INFO] [stdout] 142 |     handle: *mut c_void,
[INFO] [stdout]     |     ^^^^^^
[INFO] [stdout] 143 |     renderer: *mut c_void,
[INFO] [stdout]     |     ^^^^^^^^
[INFO] [stdout] 144 |     textures: Vec<*mut c_void>,
[INFO] [stdout]     |     ^^^^^^^^
[INFO] [stdout]     |
[INFO] [stdout]     = note: `Window` has a derived impl for the trait `Debug`, but this is intentionally ignored during dead code analysis
[INFO] [stdout]     = note: `#[warn(dead_code)]` (part of `#[warn(unused)]`) on by default
[INFO] [stdout] 
[INFO] [stdout] 
[INFO] [stderr]    Compiling mcf-cli v0.2.2-m1 (/opt/rustwide/workdir/crates/mcf-cli)
[INFO] [stdout] warning: fields `handle`, `renderer`, and `textures` are never read
[INFO] [stdout]    --> crates/mcf-desk/src/sdl.rs:142:5
[INFO] [stdout]     |
[INFO] [stdout] 141 | pub struct Window {
[INFO] [stdout]     |            ------ fields in this struct
[INFO] [stdout] 142 |     handle: *mut c_void,
[INFO] [stdout]     |     ^^^^^^
[INFO] [stdout] 143 |     renderer: *mut c_void,
[INFO] [stdout]     |     ^^^^^^^^
[INFO] [stdout] 144 |     textures: Vec<*mut c_void>,
[INFO] [stdout]     |     ^^^^^^^^
[INFO] [stdout]     |
[INFO] [stdout]     = note: `Window` has a derived impl for the trait `Debug`, but this is intentionally ignored during dead code analysis
[INFO] [stdout]     = note: `#[warn(dead_code)]` (part of `#[warn(unused)]`) on by default
[INFO] [stdout] 
[INFO] [stdout] 
[INFO] [stderr]     Finished `test` profile [unoptimized + debuginfo] target(s) in 4m 41s
[INFO] running `Command { std: "docker" "inspect" "5307ce90b4f71a0b71aa3b00f4131aa0e4475a49253dcf595fa5b95da32a756a", kill_on_drop: false }`
[INFO] running `Command { std: "docker" "exec" "-e" "SOURCE_DIR=/opt/rustwide/workdir" "-e" "CARGO_HOME=/opt/rustwide/cargo-home" "-e" "RUSTUP_HOME=/opt/rustwide/rustup-home" "-e" "CARGO_TARGET_DIR=/opt/rustwide/target" "-e" "CARGO_INCREMENTAL=0" "-e" "RUST_BACKTRACE=full" "-e" "RUSTFLAGS=--cap-lints=warn" "-e" "RUSTDOCFLAGS=--cap-lints=warn" "-w" "/opt/rustwide/workdir" "--user" "0:0" "5307ce90b4f71a0b71aa3b00f4131aa0e4475a49253dcf595fa5b95da32a756a" "/opt/rustwide/cargo-home/bin/cargo" "+1.99.0-beta.8" "test" "--frozen", kill_on_drop: false }`
[INFO] [stderr] warning: suspicious definition of the runtime `write` symbol used by the standard library
[INFO] [stderr]   --> crates/mcf-serve/src/signals.rs:28:5
[INFO] [stderr]    |
[INFO] [stderr] 28 |     fn write(fd: i32, buffer: *const u8, count: usize) -> isize;
[INFO] [stderr]    |     ^^^^^^^^^^^^^^^^^^^^^^^^^^^^^^^^^^^^^^^^^^^^^^^^^^^^^^^^^^^^
[INFO] [stderr]    |
[INFO] [stderr]    = note: expected `unsafe extern "C" fn(i32, *const c_void, usize) -> isize` (for the current target)
[INFO] [stderr]            found    `unsafe extern "C" fn(i32, *const u8, usize) -> isize`
[INFO] [stderr]    = help: either fix the signature or remove any attributes like `#[unsafe(no_mangle)]`, `#[unsafe(export_name = "write")]`, or `#[link_name = "write"]`
[INFO] [stderr]    = help: allow this lint if the signature is compatible
[INFO] [stderr]    = note: `#[warn(suspicious_runtime_symbol_definitions)]` on by default
[INFO] [stderr] 
[INFO] [stderr] warning: `mcf-serve` (lib) generated 1 warning
[INFO] [stderr]    Compiling mcf-desk v0.2.2-m1 (/opt/rustwide/workdir/crates/mcf-desk)
[INFO] [stderr] warning: `mcf-serve` (lib) generated 1 warning (1 duplicate)
[INFO] [stderr] warning: `mcf-serve` (lib test) generated 1 warning (1 duplicate)
[INFO] [stderr] warning: fields `handle`, `renderer`, and `textures` are never read
[INFO] [stderr]    --> crates/mcf-desk/src/sdl.rs:142:5
[INFO] [stderr]     |
[INFO] [stderr] 141 | pub struct Window {
[INFO] [stderr]     |            ------ fields in this struct
[INFO] [stderr] 142 |     handle: *mut c_void,
[INFO] [stderr]     |     ^^^^^^
[INFO] [stderr] 143 |     renderer: *mut c_void,
[INFO] [stderr]     |     ^^^^^^^^
[INFO] [stderr] 144 |     textures: Vec<*mut c_void>,
[INFO] [stderr]     |     ^^^^^^^^
[INFO] [stderr]     |
[INFO] [stderr]     = note: `Window` has a derived impl for the trait `Debug`, but this is intentionally ignored during dead code analysis
[INFO] [stderr]     = note: `#[warn(dead_code)]` (part of `#[warn(unused)]`) on by default
[INFO] [stderr] 
[INFO] [stderr] warning: `mcf-desk` (lib) generated 1 warning (1 duplicate)
[INFO] [stderr]    Compiling mcf-cli v0.2.2-m1 (/opt/rustwide/workdir/crates/mcf-cli)
[INFO] [stderr] warning: `mcf-desk` (lib) generated 1 warning
[INFO] [stderr] warning: `mcf-desk` (lib test) generated 1 warning (1 duplicate)
[INFO] [stderr]     Finished `test` profile [unoptimized + debuginfo] target(s) in 2m 48s
[INFO] [stderr]      Running unittests src/lib.rs (/opt/rustwide/target/debug/deps/mcf_checks-5d39662b20d3655e)
[INFO] [stdout] 
[INFO] [stdout] running 25 tests
[INFO] [stdout] test manifest::tests::an_absent_list_is_not_an_empty_list ... ok
[INFO] [stdout] test fuzz::tests::a_target_that_should_fail_does ... ok
[INFO] [stdout] test manifest::tests::an_unclosed_value_is_refused ... ok
[INFO] [stdout] test manifest::tests::an_unreadable_line_is_refused_with_its_number ... ok
[INFO] [stdout] test fuzz::tests::an_empty_input_still_produces_bytes ... ok
[INFO] [stdout] test manifest::tests::comments_and_blank_lines_are_not_content ... ok
[INFO] [stdout] test manifest::tests::joins_a_bracketed_value_across_lines ... ok
[INFO] [stdout] test property::tests::a_true_property_holds_and_counts_its_cases ... ok
[INFO] [stdout] test property::tests::the_seed_base_decides_what_is_examined ... ok
[INFO] [stdout] test property::tests::a_false_property_is_falsified_and_names_its_seed ... ok
[INFO] [stdout] test fuzz::tests::a_finding_renders_legibly ... ok
[INFO] [stdout] test property::tests::a_seed_reproduces_its_sequence ... ok
[INFO] [stdout] test taxonomy::tests::an_empty_document_is_refused ... ok
[INFO] [stdout] test taxonomy::tests::refuses_what_is_not_a_code_row ... ok
[INFO] [stdout] test taxonomy::tests::reads_a_code_row ... ok
[INFO] [stdout] test taxonomy::tests::reads_a_domain_heading ... ok
[INFO] [stdout] test taxonomy::tests::reads_an_axis_row ... ok
[INFO] [stdout] test tiers::tests::a_tier_can_be_found_by_name ... ok
[INFO] [stdout] test tiers::tests::only_scheduled_tiers_have_flags ... ok
[INFO] [stdout] test tiers::tests::the_identifiers_are_unique ... ok
[INFO] [stdout] test taxonomy::tests::the_committed_taxonomy_is_readable ... ok
[INFO] [stdout] test fuzz::tests::a_mutation_changes_its_input_nearly_always ... ok
[INFO] [stdout] test manifest::tests::a_key_before_the_first_header_is_in_the_root_table ... ok
[INFO] [stdout] test manifest::tests::reads_tables_and_keys ... ok
[INFO] [stdout] test property::tests::a_panicking_property_is_reported_rather_than_propagated ... ok
[INFO] [stdout] 
[INFO] [stdout] test result: ok. 25 passed; 0 failed; 0 ignored; 0 measured; 0 filtered out; finished in 0.08s
[INFO] [stdout] 
[INFO] [stderr]      Running tests/a_contribution_carries_outcomes.rs (/opt/rustwide/target/debug/deps/a_contribution_carries_outcomes-65591040a8ca40a0)
[INFO] [stdout] 
[INFO] [stdout] running 7 tests
[INFO] [stdout] test a_comparison_needs_less_than_an_absolute ... ok
[INFO] [stdout] test a_configuration_that_will_not_run_is_a_complete_answer ... ok
[INFO] [stdout] test a_custom_workload_is_refused_by_construction ... ok
[INFO] [stdout] test no_field_can_hold_a_task_or_an_output ... ok
[INFO] [stdout] test an_import_arrives_as_a_claim ... ok
[INFO] [stdout] test nothing_here_offers_to_unsend_anything ... ok
[INFO] [stdout] test a_bare_number_cannot_be_constructed ... ok
[INFO] [stdout] 
[INFO] [stdout] test result: ok. 7 passed; 0 failed; 0 ignored; 0 measured; 0 filtered out; finished in 0.01s
[INFO] [stdout] 
[INFO] [stderr]      Running tests/a_corrected_instrument_leaves_an_erratum.rs (/opt/rustwide/target/debug/deps/a_corrected_instrument_leaves_an_erratum-0147efbd1379ec9a)
[INFO] [stdout] 
[INFO] [stdout] running 3 tests
[INFO] [stdout] test a_measurement_carries_the_digest_of_its_instrument ... ok
[INFO] [stdout] test an_erratum_applies_to_everything_before_it_and_nothing_after ... ok
[INFO] [stdout] test nothing_edits_the_measurements_it_corrects ... ok
[INFO] [stdout] 
[INFO] [stdout] test result: ok. 3 passed; 0 failed; 0 ignored; 0 measured; 0 filtered out; finished in 0.01s
[INFO] [stdout] 
[INFO] [stderr]      Running tests/a_credential_is_never_picked_up.rs (/opt/rustwide/target/debug/deps/a_credential_is_never_picked_up-48cccb1530bcc592)
[INFO] [stdout] 
[INFO] [stdout] running 3 tests
[INFO] [stdout] test the_credential_module_reads_no_environment ... ok
[INFO] [stdout] test the_credential_module_names_every_variable_an_operator_might_use ... ok
[INFO] [stdout] test nothing_but_the_credential_module_names_a_token_variable ... ok
[INFO] [stdout] 
[INFO] [stdout] test result: ok. 3 passed; 0 failed; 0 ignored; 0 measured; 0 filtered out; finished in 0.34s
[INFO] [stdout] 
[INFO] [stderr]      Running tests/a_declaration_is_not_an_observation.rs (/opt/rustwide/target/debug/deps/a_declaration_is_not_an_observation-501a3aa1af38447a)
[INFO] [stdout] 
[INFO] [stdout] running 4 tests
[INFO] [stdout] test there_is_no_way_to_take_the_value_without_its_kind ... ok
[INFO] [stdout] test the_two_halves_are_named_for_what_they_are ... ok
[INFO] [stdout] test established_means_verified_and_nothing_else ... ok
[INFO] [stdout] test nothing_feeds_a_declaration_into_the_observed_half ... ok
[INFO] [stdout] 
[INFO] [stdout] test result: ok. 4 passed; 0 failed; 0 ignored; 0 measured; 0 filtered out; finished in 0.24s
[INFO] [stdout] 
[INFO] [stderr]      Running tests/a_lab_result_cannot_be_averaged.rs (/opt/rustwide/target/debug/deps/a_lab_result_cannot_be_averaged-1a8284b80a8d95e1)
[INFO] [stdout] 
[INFO] [stdout] running 8 tests
[INFO] [stdout] test the_empty_outcomes_carry_no_score ... ok
[INFO] [stdout] test a_profile_renders_what_it_did_not_measure ... ok
[INFO] [stdout] test a_single_candidate_produces_a_refusal_with_its_reasoning ... ok
[INFO] [stdout] test coverage_is_computed_from_the_field_it_describes ... ok
[INFO] [stdout] test a_profile_has_no_overall_number ... ok
[INFO] [stdout] test no_foreign_number_can_reach_a_recommendation ... ok
[INFO] [stdout] test no_outcome_without_a_reading_yields_a_number ... ok
[INFO] [stdout] test no_ordering_spans_two_laboratories ... ok
[INFO] [stdout] 
[INFO] [stdout] test result: ok. 8 passed; 0 failed; 0 ignored; 0 measured; 0 filtered out; finished in 0.01s
[INFO] [stdout] 
[INFO] [stderr]      Running tests/a_language_cost_is_about_the_vocabulary.rs (/opt/rustwide/target/debug/deps/a_language_cost_is_about_the_vocabulary-e5651642d2db0eb8)
[INFO] [stdout] 
[INFO] [stdout] running 4 tests
[INFO] [stdout] test no_word_in_the_answer_grades_a_language ... ok
[INFO] [stdout] test the_wording_keeps_the_vocabulary_and_the_model_apart ... ok
[INFO] [stdout] test the_ratio_is_over_the_same_meaning ... ok
[INFO] [stdout] test the_sentence_set_is_declared_and_cited ... ok
[INFO] [stdout] 
[INFO] [stdout] test result: ok. 4 passed; 0 failed; 0 ignored; 0 measured; 0 filtered out; finished in 0.00s
[INFO] [stdout] 
[INFO] [stderr]      Running tests/a_model_is_held_where_only_this_machine_can_reach_it.rs (/opt/rustwide/target/debug/deps/a_model_is_held_where_only_this_machine_can_reach_it-4443f17157d33636)
[INFO] [stdout] 
[INFO] [stdout] running 5 tests
[INFO] [stdout] test hosting_and_letting_go_are_both_recorded ... ok
[INFO] [stdout] test no_setting_carries_an_address ... ok
[INFO] [stdout] test the_files_this_watches_are_there ... ok
[INFO] [stdout] test the_address_is_the_loopback_address ... ok
[INFO] [stdout] test the_control_plane_has_no_port ... ok
[INFO] [stdout] 
[INFO] [stdout] test result: ok. 5 passed; 0 failed; 0 ignored; 0 measured; 0 filtered out; finished in 0.01s
[INFO] [stdout] 
[INFO] [stderr]      Running tests/a_model_is_weighed_before_it_is_held.rs (/opt/rustwide/target/debug/deps/a_model_is_weighed_before_it_is_held-671967a5890f90a8)
[INFO] [stdout] 
[INFO] [stdout] running 4 tests
[INFO] [stdout] test every_declared_exception_still_exists ... ok
[INFO] [stdout] test a_placement_is_planned_against_memory_as_it_is_now ... ok
[INFO] [stdout] test the_serving_path_weighs_before_it_loads ... ok
[INFO] [stderr]      Running tests/a_number_carries_its_conditions.rs (/opt/rustwide/target/debug/deps/a_number_carries_its_conditions-c388a87460ede1df)
[INFO] [stdout] test nothing_loads_a_model_it_has_not_weighed ... ok
[INFO] [stdout] 
[INFO] [stdout] test result: ok. 4 passed; 0 failed; 0 ignored; 0 measured; 0 filtered out; finished in 0.05s
[INFO] [stdout] 
[INFO] [stdout] 
[INFO] [stdout] running 3 tests
[INFO] [stdout] test a_stated_statistic_has_no_rendering_that_drops_its_evidence ... ok
[INFO] [stdout] test a_budgets_statistic_cannot_be_obtained_bare ... ok
[INFO] [stderr]      Running tests/a_reduction_is_never_split.rs (/opt/rustwide/target/debug/deps/a_reduction_is_never_split-52ca7f8111933a4c)
[INFO] [stdout] test no_surface_renders_a_statistic_without_its_evidence ... ok
[INFO] [stdout] 
[INFO] [stdout] test result: ok. 3 passed; 0 failed; 0 ignored; 0 measured; 0 filtered out; finished in 0.04s
[INFO] [stdout] 
[INFO] [stdout] 
[INFO] [stdout] running 4 tests
[INFO] [stdout] test the_property_itself_is_asserted_on_bits ... ok
[INFO] [stdout] test the_serial_path_and_the_partitioned_path_share_their_arithmetic ... ok
[INFO] [stderr]      Running tests/a_refusal_is_read_whole.rs (/opt/rustwide/target/debug/deps/a_refusal_is_read_whole-121c6b787a15241c)
[INFO] [stdout] test the_engine_partitions_in_exactly_one_place ... ok
[INFO] [stdout] test every_partition_goes_through_the_one_entry_point ... ok
[INFO] [stdout] 
[INFO] [stdout] test result: ok. 4 passed; 0 failed; 0 ignored; 0 measured; 0 filtered out; finished in 0.03s
[INFO] [stdout] 
[INFO] [stdout] 
[INFO] [stdout] running 1 test
[INFO] [stderr]      Running tests/a_share_shows_the_rows.rs (/opt/rustwide/target/debug/deps/a_share_shows_the_rows-68f424c3362fb604)
[INFO] [stdout] test no_client_says_the_daemon_did_not_say_why ... ok
[INFO] [stdout] 
[INFO] [stdout] test result: ok. 1 passed; 0 failed; 0 ignored; 0 measured; 0 filtered out; finished in 0.05s
[INFO] [stdout] 
[INFO] [stdout] 
[INFO] [stdout] running 4 tests
[INFO] [stdout] test what_cannot_travel_is_named_rather_than_omitted ... ok
[INFO] [stdout] test the_only_rendering_of_a_contribution_carries_every_row ... ok
[INFO] [stderr]      Running tests/a_stand_in_cannot_report_a_speed.rs (/opt/rustwide/target/debug/deps/a_stand_in_cannot_report_a_speed-a502dd0e674941b5)
[INFO] [stdout] test the_file_is_what_was_confirmed ... ok
[INFO] [stdout] test the_surface_states_the_terms_and_that_nothing_left ... ok
[INFO] [stdout] 
[INFO] [stdout] test result: ok. 4 passed; 0 failed; 0 ignored; 0 measured; 0 filtered out; finished in 0.01s
[INFO] [stdout] 
[INFO] [stdout] 
[INFO] [stdout] running 4 tests
[INFO] [stdout] test only_the_vendored_run_can_produce_a_timing ... ok
[INFO] [stdout] test a_timing_cannot_be_built_from_nothing ... ok
[INFO] [stdout] test nothing_converts_a_stand_in_run_into_a_vendored_one ... ok
[INFO] [stdout] test the_engines_are_types_and_not_a_flag ... ok
[INFO] [stderr]      Running tests/a_touchstone_is_never_a_result.rs (/opt/rustwide/target/debug/deps/a_touchstone_is_never_a_result-4ef8970a42be1148)
[INFO] [stdout] 
[INFO] [stdout] test result: ok. 4 passed; 0 failed; 0 ignored; 0 measured; 0 filtered out; finished in 0.01s
[INFO] [stdout] 
[INFO] [stdout] 
[INFO] [stdout] running 2 tests
[INFO] [stdout] test a_touchstone_carries_no_number ... ok
[INFO] [stdout] test nothing_in_the_record_knows_what_a_touchstone_is ... ok
[INFO] [stdout] 
[INFO] [stdout] test result: ok. 2 passed; 0 failed; 0 ignored; 0 measured; 0 filtered out; finished in 0.00s
[INFO] [stdout] 
[INFO] [stderr]      Running tests/an_energy_value_says_where_it_came_from.rs (/opt/rustwide/target/debug/deps/an_energy_value_says_where_it_came_from-549eb695783dda5e)
[INFO] [stdout] 
[INFO] [stdout] running 5 tests
[INFO] [stdout] test the_residual_is_characterized_rather_than_thresholded ... ok
[INFO] [stdout] test the_sampling_rate_cannot_be_dropped ... ok
[INFO] [stdout] test a_result_without_its_profile_cannot_be_constructed ... ok
[INFO] [stdout] test no_energy_number_escapes_without_a_reading_behind_it ... ok
[INFO] [stdout] test a_deep_instrumentation_run_produces_no_timing ... ok
[INFO] [stderr]      Running tests/an_environment_failure_is_not_the_models.rs (/opt/rustwide/target/debug/deps/an_environment_failure_is_not_the_models-bdfd8b9bbb6107e5)
[INFO] [stdout] 
[INFO] [stdout] test result: ok. 5 passed; 0 failed; 0 ignored; 0 measured; 0 filtered out; finished in 0.01s
[INFO] [stdout] 
[INFO] [stdout] 
[INFO] [stdout] running 6 tests
[INFO] [stdout] test a_failure_carries_the_branch_of_its_attribution ... ok
[INFO] [stdout] test the_machine_and_the_hub_are_the_environment ... ok
[INFO] [stdout] test the_grouping_is_total_and_unambiguous ... ok
[INFO] [stdout] test nothing_but_the_model_is_evidence_about_the_model ... ok
[INFO] [stdout] test unattributable_is_not_folded_into_a_branch ... ok
[INFO] [stderr]      Running tests/content_is_not_the_record.rs (/opt/rustwide/target/debug/deps/content_is_not_the_record-faa5af200061e406)
[INFO] [stdout] test no_construction_crosses_the_two_branches ... ok
[INFO] [stdout] 
[INFO] [stdout] test result: ok. 6 passed; 0 failed; 0 ignored; 0 measured; 0 filtered out; finished in 0.03s
[INFO] [stdout] 
[INFO] [stdout] 
[INFO] [stdout] running 5 tests
[INFO] [stdout] test the_check_tells_a_type_from_a_prefix ... ok
[INFO] [stderr]      Running tests/degradation_is_marked.rs (/opt/rustwide/target/debug/deps/degradation_is_marked-d5300f239c6897d2)
[INFO] [stdout] test nothing_converts_content_into_a_record_or_back ... ok
[INFO] [stdout] test the_two_stores_are_separate_places ... ok
[INFO] [stdout] test the_content_store_does_not_know_what_a_record_is ... ok
[INFO] [stdout] test the_record_does_not_know_what_content_is ... ok
[INFO] [stdout] 
[INFO] [stdout] test result: ok. 5 passed; 0 failed; 0 ignored; 0 measured; 0 filtered out; finished in 0.01s
[INFO] [stdout] 
[INFO] [stdout] 
[INFO] [stdout] running 4 tests
[INFO] [stdout] test the_rendering_names_the_degradation ... ok
[INFO] [stdout] test every_combinator_stays_degraded ... ok
[INFO] [stdout] test nothing_converts_a_degraded_value_back ... ok
[INFO] [stdout] test the_only_way_out_returns_the_mark_as_well ... ok
[INFO] [stdout] 
[INFO] [stdout] test result: ok. 4 passed; 0 failed; 0 ignored; 0 measured; 0 filtered out; finished in 0.01s
[INFO] [stdout] 
[INFO] [stderr]      Running tests/documents_conform.rs (/opt/rustwide/target/debug/deps/documents_conform-98056676fe4712b8)
[INFO] [stdout] 
[INFO] [stdout] running 3 tests
[INFO] [stdout] test every_relative_link_resolves ... ok
[INFO] [stdout] test every_document_opens_with_a_title ... ok
[INFO] [stdout] test the_documents_are_found ... ok
[INFO] [stdout] 
[INFO] [stdout] test result: ok. 3 passed; 0 failed; 0 ignored; 0 measured; 0 filtered out; finished in 0.00s
[INFO] [stdout] 
[INFO] [stderr]      Running tests/every_hosting_is_let_go_in_writing.rs (/opt/rustwide/target/debug/deps/every_hosting_is_let_go_in_writing-7643e055944f310b)
[INFO] [stdout] 
[INFO] [stdout] running 3 tests
[INFO] [stdout] test the_pair_is_a_pair ... ok
[INFO] [stdout] test a_daemon_lets_go_before_it_records_its_own_stop ... ok
[INFO] [stdout] test letting_go_happens_in_one_place_and_that_place_records_it ... ok
[INFO] [stdout] 
[INFO] [stdout] test result: ok. 3 passed; 0 failed; 0 ignored; 0 measured; 0 filtered out; finished in 0.01s
[INFO] [stdout] 
[INFO] [stderr]      Running tests/foreign_numbers_do_not_decide.rs (/opt/rustwide/target/debug/deps/foreign_numbers_do_not_decide-c24a035b31d2cdf3)
[INFO] [stdout] 
[INFO] [stdout] running 3 tests
[INFO] [stdout] test nothing_converts_between_the_two_origins ... ok
[INFO] [stdout] test a_corpus_value_cannot_omit_its_sample_count ... ok
[INFO] [stderr]      Running tests/fuzz.rs (/opt/rustwide/target/debug/deps/fuzz-9faa849778b6945b)
[INFO] [stdout] test the_two_origins_are_types_and_not_a_flag ... ok
[INFO] [stdout] 
[INFO] [stdout] test result: ok. 3 passed; 0 failed; 0 ignored; 0 measured; 0 filtered out; finished in 0.00s
[INFO] [stdout] 
[INFO] [stderr]      Running tests/identity_excludes_hardware.rs (/opt/rustwide/target/debug/deps/identity_excludes_hardware-afb41d5f3c93fc62)
[INFO] [stdout] 
[INFO] [stdout] running 7 tests
[INFO] [stdout] test the_bundle_reader_never_accepts_what_it_cannot_account_for ... ignored, the fuzz tier is scheduled: scripts/ci.sh --with-fuzz (B38)
[INFO] [stdout] test the_journal_replay_survives_a_damaged_file ... ignored, the fuzz tier is scheduled: scripts/ci.sh --with-fuzz (B38)
[INFO] [stdout] test the_model_reader_survives_a_damaged_model_file ... ignored, the fuzz tier is scheduled: scripts/ci.sh --with-fuzz (B38)
[INFO] [stdout] test the_record_codec_survives_damaged_lines ... ignored, the fuzz tier is scheduled: scripts/ci.sh --with-fuzz (B38)
[INFO] [stdout] test the_reference_parser_reaches_an_outcome_for_every_string ... ignored, the fuzz tier is scheduled: scripts/ci.sh --with-fuzz (B38)
[INFO] [stdout] test the_response_reader_survives_anything_a_source_sends ... ignored, the fuzz tier is scheduled: scripts/ci.sh --with-fuzz (B38)
[INFO] [stdout] test the_zone_reader_survives_a_damaged_zone_file ... ignored, the fuzz tier is scheduled: scripts/ci.sh --with-fuzz (B38)
[INFO] [stdout] 
[INFO] [stdout] test result: ok. 0 passed; 0 failed; 7 ignored; 0 measured; 0 filtered out; finished in 0.00s
[INFO] [stdout] 
[INFO] [stdout] 
[INFO] [stdout] running 3 tests
[INFO] [stdout] test the_realized_layout_is_a_condition ... ok
[INFO] [stdout] test the_configuration_module_names_no_machine ... ok
[INFO] [stdout] test the_identity_is_exactly_what_the_intent_puts_in_it ... ok
[INFO] [stdout] 
[INFO] [stdout] test result: ok. 3 passed; 0 failed; 0 ignored; 0 measured; 0 filtered out; finished in 0.00s
[INFO] [stdout] 
[INFO] [stderr]      Running tests/idle_mcf_reads_nothing.rs (/opt/rustwide/target/debug/deps/idle_mcf_reads_nothing-5e17161f49579fae)
[INFO] [stdout] 
[INFO] [stdout] running 3 tests
[INFO] [stdout] test the_benchmark_subsystem_is_not_in_the_serving_path ... ok
[INFO] [stdout] test the_daemon_has_no_heartbeat ... ok
[INFO] [stdout] test a_counter_is_read_because_somebody_asked ... ok
[INFO] [stdout] 
[INFO] [stdout] test result: ok. 3 passed; 0 failed; 0 ignored; 0 measured; 0 filtered out; finished in 0.07s
[INFO] [stdout] 
[INFO] [stderr]      Running tests/inconclusive_is_never_defaulted.rs (/opt/rustwide/target/debug/deps/inconclusive_is_never_defaulted-6418166d35613f3a)
[INFO] [stdout] 
[INFO] [stdout] running 2 tests
[INFO] [stdout] test the_outcome_type_has_no_fallback_accessor ... ok
[INFO] [stdout] test no_caller_defaults_an_inconclusive_probe ... ok
[INFO] [stderr]      Running tests/load.rs (/opt/rustwide/target/debug/deps/load-6ded9ac2e41a9956)
[INFO] [stdout] 
[INFO] [stdout] test result: ok. 2 passed; 0 failed; 0 ignored; 0 measured; 0 filtered out; finished in 0.17s
[INFO] [stdout] 
[INFO] [stdout] 
[INFO] [stdout] running 6 tests
[INFO] [stdout] test a_model_no_single_card_holds_is_spread_the_same_way_every_time ... ignored, the load tier is scheduled: scripts/ci.sh --with-load (B38)
[INFO] [stdout] test every_concurrent_export_reads_back ... ignored, the load tier is scheduled: scripts/ci.sh --with-load (B38)
[INFO] [stdout] test every_concurrent_record_replays_complete ... ignored, the load tier is scheduled: scripts/ci.sh --with-load (B38)
[INFO] [stdout] test every_setting_reads_back_under_load ... ignored, the load tier is scheduled: scripts/ci.sh --with-load (B38)
[INFO] [stdout] test the_placement_decided_under_load_is_the_one_decided_alone ... ignored, the load tier is scheduled: scripts/ci.sh --with-load (B38)
[INFO] [stdout] test two_processes_writing_one_record_leave_it_readable ... ignored, the load tier is scheduled: scripts/ci.sh --with-load (B38)
[INFO] [stdout] 
[INFO] [stdout] test result: ok. 0 passed; 0 failed; 6 ignored; 0 measured; 0 filtered out; finished in 0.00s
[INFO] [stdout] 
[INFO] [stderr]      Running tests/mcfs_own_traffic_is_not_the_users.rs (/opt/rustwide/target/debug/deps/mcfs_own_traffic_is_not_the_users-40b9ba206e013223)
[INFO] [stdout] 
[INFO] [stdout] running 5 tests
[INFO] [stderr]      Running tests/measurement_has_one_way_in.rs (/opt/rustwide/target/debug/deps/measurement_has_one_way_in-75f1d2485843c73f)
[INFO] [stdout] test a_store_writes_only_in_its_own_directory ... ok
[INFO] [stdout] test nothing_reads_the_category_from_configuration ... ok
[INFO] [stdout] test the_record_says_who_asked ... ok
[INFO] [stdout] test each_surface_files_its_traffic_where_it_belongs ... ok
[INFO] [stdout] test the_two_categories_are_two_directories ... ok
[INFO] [stdout] 
[INFO] [stdout] test result: ok. 5 passed; 0 failed; 0 ignored; 0 measured; 0 filtered out; finished in 0.01s
[INFO] [stdout] 
[INFO] [stdout] 
[INFO] [stdout] running 4 tests
[INFO] [stdout] test the_condition_floor_has_no_default ... ok
[INFO] [stdout] test every_constructor_takes_conditions ... ok
[INFO] [stdout] test nothing_converts_between_an_estimate_and_a_measurement ... ok
[INFO] [stdout] test no_trait_implementation_manufactures_a_measurement ... ok
[INFO] [stdout] 
[INFO] [stdout] test result: ok. 4 passed; 0 failed; 0 ignored; 0 measured; 0 filtered out; finished in 0.00s
[INFO] [stdout] 
[INFO] [stderr]      Running tests/no_citation_reaches_a_person.rs (/opt/rustwide/target/debug/deps/no_citation_reaches_a_person-a310ae5cb44854fc)
[INFO] [stdout] 
[INFO] [stdout] running 2 tests
[INFO] [stdout] test the_check_knows_a_citation_when_it_sees_one ... ok
[INFO] [stderr]      Running tests/no_float_reaches_the_record.rs (/opt/rustwide/target/debug/deps/no_float_reaches_the_record-953380d7788ba173)
[INFO] [stdout] test nothing_a_person_reads_cites_a_document ... ok
[INFO] [stdout] 
[INFO] [stdout] test result: ok. 2 passed; 0 failed; 0 ignored; 0 measured; 0 filtered out; finished in 0.25s
[INFO] [stdout] 
[INFO] [stdout] 
[INFO] [stdout] running 3 tests
[INFO] [stdout] test a_number_the_record_cannot_carry_is_not_a_quantity ... ok
[INFO] [stdout] test a_record_mcf_wrote_holds_no_number_it_cannot_carry ... ok
[INFO] [stderr]      Running tests/no_global_default_sampling.rs (/opt/rustwide/target/debug/deps/no_global_default_sampling-87935af63cdfda0d)
[INFO] [stdout] test nothing_but_the_reader_constructs_a_number_the_record_cannot_carry ... ok
[INFO] [stdout] 
[INFO] [stdout] test result: ok. 3 passed; 0 failed; 0 ignored; 0 measured; 0 filtered out; finished in 0.12s
[INFO] [stdout] 
[INFO] [stdout] 
[INFO] [stdout] running 4 tests
[INFO] [stdout] test mcf_reads_the_artifacts_recommendation_before_choosing ... ok
[INFO] [stderr]      Running tests/no_simulated_timing_is_published.rs (/opt/rustwide/target/debug/deps/no_simulated_timing_is_published-ab1e64f6e4070cff)
[INFO] [stdout] test a_sampling_configuration_cannot_exist_without_a_source ... ok
[INFO] [stdout] test the_surface_says_whose_choice_the_sampler_is ... ok
[INFO] [stdout] test sampling_has_no_default ... ok
[INFO] [stdout] 
[INFO] [stdout] test result: ok. 4 passed; 0 failed; 0 ignored; 0 measured; 0 filtered out; finished in 0.00s
[INFO] [stdout] 
[INFO] [stdout] 
[INFO] [stdout] running 1 test
[INFO] [stdout] test only_the_monotonic_clock_may_be_published ... ok
[INFO] [stdout] 
[INFO] [stdout] test result: ok. 1 passed; 0 failed; 0 ignored; 0 measured; 0 filtered out; finished in 0.00s
[INFO] [stdout] 
[INFO] [stderr]      Running tests/no_summary_is_persisted.rs (/opt/rustwide/target/debug/deps/no_summary_is_persisted-49ee2655aded2cb1)
[INFO] [stdout] 
[INFO] [stdout] running 5 tests
[INFO] [stdout] test a_series_is_never_written_without_its_resolution ... ok
[INFO] [stdout] test a_float_cannot_reach_the_record ... ok
[INFO] [stdout] test a_summary_is_never_written_without_its_trials ... ok
[INFO] [stdout] test no_shipped_type_holds_a_float ... ok
[INFO] [stderr]      Running tests/no_tier_inherits_a_daemon.rs (/opt/rustwide/target/debug/deps/no_tier_inherits_a_daemon-80732c9f6c46de6d)
[INFO] [stdout] test nothing_computes_a_mean ... ok
[INFO] [stdout] 
[INFO] [stdout] test result: ok. 5 passed; 0 failed; 0 ignored; 0 measured; 0 filtered out; finished in 0.37s
[INFO] [stdout] 
[INFO] [stdout] 
[INFO] [stdout] running 4 tests
[INFO] [stdout] test the_helper_bounds_the_socket_path ... ok
[INFO] [stdout] test every_module_that_reaches_a_daemon_is_written_down ... ok
[INFO] [stdout] test no_tier_lets_a_daemon_answer_for_the_binary_it_built ... ok
[INFO] [stdout] test the_reported_build_is_the_binary_that_ran ... ok
[INFO] [stderr]      Running tests/no_tier_inherits_an_engine.rs (/opt/rustwide/target/debug/deps/no_tier_inherits_an_engine-cadd8fa5fce27f68)
[INFO] [stdout] 
[INFO] [stdout] test result: ok. 4 passed; 0 failed; 0 ignored; 0 measured; 0 filtered out; finished in 1.83s
[INFO] [stdout] 
[INFO] [stdout] 
[INFO] [stdout] running 3 tests
[INFO] [stdout] test the_corpus_states_which_engine_answered ... ok
[INFO] [stdout] test the_oracle_compares_mcfs_own_engine_against_the_reference ... ok
[INFO] [stdout] test no_tier_runs_a_model_without_naming_the_engine ... ok
[INFO] [stdout] 
[INFO] [stdout] test result: ok. 3 passed; 0 failed; 0 ignored; 0 measured; 0 filtered out; finished in 0.01s
[INFO] [stdout] 
[INFO] [stderr]      Running tests/nothing_acquired_is_ever_run.rs (/opt/rustwide/target/debug/deps/nothing_acquired_is_ever_run-4866ed0be3003212)
[INFO] [stdout] 
[INFO] [stdout] running 5 tests
[INFO] [stdout] test a_model_files_contents_are_data_however_they_read ... ok
[INFO] [stdout] test the_one_place_that_starts_something_is_told_what_to_start ... ok
[INFO] [stdout] test the_library_mcf_loads_is_a_constant ... ok
[INFO] [stdout] test nothing_is_declared_that_no_longer_starts_anything ... ok
[INFO] [stdout] test every_place_that_starts_something_is_declared ... ok
[INFO] [stderr]      Running tests/nothing_deletes_an_artifact.rs (/opt/rustwide/target/debug/deps/nothing_deletes_an_artifact-1cdea407b8b7d6ad)
[INFO] [stdout] 
[INFO] [stdout] test result: ok. 5 passed; 0 failed; 0 ignored; 0 measured; 0 filtered out; finished in 0.26s
[INFO] [stdout] 
[INFO] [stdout] 
[INFO] [stdout] running 3 tests
[INFO] [stdout] test purging_requires_an_authorization_nobody_can_conjure ... ok
[INFO] [stdout] test nothing_is_declared_that_no_longer_deletes ... ok
[INFO] [stderr]      Running tests/nothing_is_found_by_its_name.rs (/opt/rustwide/target/debug/deps/nothing_is_found_by_its_name-3ec0dfff273bfb54)
[INFO] [stdout] test every_deletion_is_declared ... ok
[INFO] [stdout] 
[INFO] [stdout] test result: ok. 3 passed; 0 failed; 0 ignored; 0 measured; 0 filtered out; finished in 0.30s
[INFO] [stdout] 
[INFO] [stdout] 
[INFO] [stdout] running 1 test
[INFO] [stdout] test no_discovery_matches_a_component_by_its_name ... ok
[INFO] [stderr]      Running tests/properties.rs (/opt/rustwide/target/debug/deps/properties-eb028db54203e429)
[INFO] [stdout] 
[INFO] [stdout] test result: ok. 1 passed; 0 failed; 0 ignored; 0 measured; 0 filtered out; finished in 0.37s
[INFO] [stdout] 
[INFO] [stdout] 
[INFO] [stdout] running 14 tests
[INFO] [stdout] test every_record_value_survives_the_round_trip ... ok
[INFO] [stdout] test an_encoded_value_is_always_one_line ... ok
[INFO] [stdout] test every_reported_statistic_is_a_sample_that_was_observed ... ok
[INFO] [stdout] test a_provenance_of_any_shape_survives_the_record ... ok
[INFO] [stdout] test a_streamed_digest_equals_a_single_pass_one ... ok
[INFO] [stdout] test the_sample_count_is_the_number_of_samples ... ok
[INFO] [stdout] test thinning_keeps_what_its_factor_names ... ok
[INFO] [stdout] test the_civil_calendar_agrees_with_an_independent_one ... ok
[INFO] [stdout] test percentiles_are_monotone_in_the_rank ... ok
[INFO] [stdout] test a_condition_floor_survives_the_record_including_its_unknowns ... ok
[INFO] [stdout] test every_entry_survives_the_journal ... ok
[INFO] [stdout] test the_index_agrees_with_a_replay_about_every_journal ... ok
[INFO] [stdout] test a_journal_torn_anywhere_reports_exactly_what_it_lost ... ok
[INFO] [stdout] test a_product_is_the_same_bytes_at_every_thread_count ... ok
[INFO] [stdout] 
[INFO] [stdout] test result: ok. 14 passed; 0 failed; 0 ignored; 0 measured; 0 filtered out; finished in 10.98s
[INFO] [stdout] 
[INFO] [stderr]      Running tests/provenance_travels.rs (/opt/rustwide/target/debug/deps/provenance_travels-7d4a84a47fef99d2)
[INFO] [stdout] 
[INFO] [stdout] running 3 tests
[INFO] [stdout] test nothing_manufactures_or_replaces_a_provenance ... ok
[INFO] [stderr]      Running tests/reference_model_neutrality.rs (/opt/rustwide/target/debug/deps/reference_model_neutrality-531738fa25fbd65d)
[INFO] [stdout] test every_constructor_takes_a_provenance ... ok
[INFO] [stdout] test every_readable_field_is_attested ... ok
[INFO] [stdout] 
[INFO] [stdout] test result: ok. 3 passed; 0 failed; 0 ignored; 0 measured; 0 filtered out; finished in 0.00s
[INFO] [stdout] 
[INFO] [stdout] 
[INFO] [stdout] running 3 tests
[INFO] [stdout] test the_tables_name_families_and_never_an_artifact ... ok
[INFO] [stdout] test no_shipped_source_names_the_reference_model ... ok
[INFO] [stderr]      Running tests/soak.rs (/opt/rustwide/target/debug/deps/soak-15e497909aa3b9c1)
[INFO] [stdout] test no_test_depends_on_the_reference_model ... ok
[INFO] [stdout] 
[INFO] [stdout] test result: ok. 3 passed; 0 failed; 0 ignored; 0 measured; 0 filtered out; finished in 0.53s
[INFO] [stdout] 
[INFO] [stdout] 
[INFO] [stdout] running 7 tests
[INFO] [stderr]      Running tests/taxonomy_agreement.rs (/opt/rustwide/target/debug/deps/taxonomy_agreement-d2eab687a003095e)
[INFO] [stdout] test a_long_record_stays_a_complete_record ... ignored, the soak tier is scheduled: scripts/ci.sh --with-soak (B38)
[INFO] [stdout] test a_long_run_of_appends_does_not_grow_the_writer ... ignored, the soak tier is scheduled: scripts/ci.sh --with-soak (B38)
[INFO] [stdout] test a_month_of_simulated_time_arrives_where_the_arithmetic_says ... ignored, the soak tier is scheduled: scripts/ci.sh --with-soak (B38)
[INFO] [stdout] test an_idle_daemon_costs_nothing_for_a_minute ... ignored, the soak tier is scheduled: scripts/ci.sh --with-soak (B38)
[INFO] [stdout] test an_idle_daemon_with_a_model_resident_costs_nothing_for_a_minute ... ignored, the soak tier is scheduled: scripts/ci.sh --with-soak (B38)
[INFO] [stdout] test opening_and_closing_a_record_ten_thousand_times_leaks_nothing ... ignored, the soak tier is scheduled: scripts/ci.sh --with-soak (B38)
[INFO] [stdout] test twenty_thousand_placements_leave_nothing_behind ... ignored, the soak tier is scheduled: scripts/ci.sh --with-soak (B38)
[INFO] [stdout] 
[INFO] [stdout] test result: ok. 0 passed; 0 failed; 7 ignored; 0 measured; 0 filtered out; finished in 0.00s
[INFO] [stdout] 
[INFO] [stdout] 
[INFO] [stdout] running 6 tests
[INFO] [stdout] test the_codes_are_the_same_list_in_the_same_order ... ok
[INFO] [stdout] test every_code_means_what_the_document_says ... ok
[INFO] [stdout] test the_axes_are_the_same_lists ... ok
[INFO] [stdout] test every_code_is_in_the_domain_whose_table_holds_it ... ok
[INFO] [stdout] test the_domains_are_the_same_list ... ok
[INFO] [stdout] test nothing_constructs_the_unclassified_category ... ok
[INFO] [stderr]      Running tests/the_daemon_holds_no_privilege.rs (/opt/rustwide/target/debug/deps/the_daemon_holds_no_privilege-446561e717753e3b)
[INFO] [stdout] 
[INFO] [stdout] test result: ok. 6 passed; 0 failed; 0 ignored; 0 measured; 0 filtered out; finished in 0.12s
[INFO] [stdout] 
[INFO] [stdout] 
[INFO] [stdout] running 2 tests
[INFO] [stdout] test nothing_links_the_helper_but_the_laboratory ... ok
[INFO] [stdout] test nothing_shipped_reaches_for_elevation ... ok
[INFO] [stdout] 
[INFO] [stdout] test result: ok. 2 passed; 0 failed; 0 ignored; 0 measured; 0 filtered out; finished in 0.34s
[INFO] [stdout] 
[INFO] [stderr]      Running tests/the_five_gates.rs (/opt/rustwide/target/debug/deps/the_five_gates-af54433b30cc99c2)
[INFO] [stdout] 
[INFO] [stdout] running 6 tests
[INFO] [stdout] test destruction_needs_a_reason_and_a_second_word_to_delete ... ok
[INFO] [stdout] test untrusted_execution_is_the_absence_the_other_check_holds ... ok
[INFO] [stdout] test a_large_download_happens_only_when_it_is_named ... ok
[INFO] [stdout] test every_gate_is_where_it_says_it_is ... ok
[INFO] [stdout] test nothing_sends_anything_anywhere ... ok
[INFO] [stdout] test nothing_listens_where_another_machine_could_reach_it ... ok
[INFO] [stdout] 
[INFO] [stdout] test result: ok. 6 passed; 0 failed; 0 ignored; 0 measured; 0 filtered out; finished in 0.36s
[INFO] [stdout] 
[INFO] [stderr]      Running tests/the_headless_path_can_do_everything.rs (/opt/rustwide/target/debug/deps/the_headless_path_can_do_everything-7bd5782d38ebb4fb)
[INFO] [stdout] 
[INFO] [stdout] running 5 tests
[INFO] [stdout] test every_surface_action_has_a_command ... ok
[INFO] [stdout] test the_operations_a_person_can_ask_for_are_commands ... ok
[INFO] [stdout] test every_surface_is_opened_by_a_command ... ok
[INFO] [stdout] test every_control_operation_has_a_command ... ok
[INFO] [stderr]      Running tests/the_help_is_the_surface.rs (/opt/rustwide/target/debug/deps/the_help_is_the_surface-d6f9693b59d14ae0)
[INFO] [stdout] test every_surface_in_the_tree_is_declared ... ok
[INFO] [stdout] 
[INFO] [stdout] test result: ok. 5 passed; 0 failed; 0 ignored; 0 measured; 0 filtered out; finished in 0.05s
[INFO] [stdout] 
[INFO] [stdout] 
[INFO] [stdout] running 3 tests
[INFO] [stdout] test every_command_mcf_has_is_in_the_help ... ok
[INFO] [stdout] test a_command_that_needs_an_argument_does_not_deny_existing ... ok
[INFO] [stdout] test every_command_the_help_lists_is_one_mcf_has ... ok
[INFO] [stdout] 
[INFO] [stdout] test result: ok. 3 passed; 0 failed; 0 ignored; 0 measured; 0 filtered out; finished in 0.01s
[INFO] [stdout] 
[INFO] [stderr]      Running tests/the_licence_is_what_it_says.rs (/opt/rustwide/target/debug/deps/the_licence_is_what_it_says-71a5031f68781636)
[INFO] [stdout] 
[INFO] [stdout] running 4 tests
[INFO] [stdout] test every_vendored_component_has_a_compatibility_finding ... ok
[INFO] [stdout] test the_artifact_states_the_licence_and_agrees_with_the_register ... ok
[INFO] [stdout] test the_manifest_declares_the_licence_the_repository_holds ... ok
[INFO] [stdout] test the_licence_text_is_the_gpl_version_three ... ok
[INFO] [stdout] 
[INFO] [stdout] test result: ok. 4 passed; 0 failed; 0 ignored; 0 measured; 0 filtered out; finished in 0.01s
[INFO] [stdout] 
[INFO] [stderr]      Running tests/the_mutation_catalogue_still_fits.rs (/opt/rustwide/target/debug/deps/the_mutation_catalogue_still_fits-214d082de0c1110a)
[INFO] [stdout] 
[INFO] [stdout] running 2 tests
[INFO] [stdout] test the_equivalent_mutant_control_can_still_be_placed ... ok
[INFO] [stdout] test every_declared_mutation_can_still_be_placed ... ok
[INFO] [stdout] 
[INFO] [stdout] test result: ok. 2 passed; 0 failed; 0 ignored; 0 measured; 0 filtered out; finished in 0.00s
[INFO] [stdout] 
[INFO] [stderr]      Running tests/the_oracle_asks_both_engines.rs (/opt/rustwide/target/debug/deps/the_oracle_asks_both_engines-9946d0b98e6856d6)
[INFO] [stdout] 
[INFO] [stdout] running 3 tests
[INFO] [stdout] test the_distributions_resolve_what_the_margin_flagged ... ok
[INFO] [stdout] test an_unresolved_divergence_is_counted_and_says_what_it_rests_on ... ok
[INFO] [stdout] test a_generation_divergence_waits_for_the_other_instrument ... ok
[INFO] [stdout] 
[INFO] [stdout] test result: ok. 3 passed; 0 failed; 0 ignored; 0 measured; 0 filtered out; finished in 0.01s
[INFO] [stdout] 
[INFO] [stderr]      Running tests/the_record_recovers_from_every_stage.rs (/opt/rustwide/target/debug/deps/the_record_recovers_from_every_stage-d2993a1d9a9d79c0)
[INFO] [stdout] 
[INFO] [stdout] running 5 tests
[INFO] [stdout] test a_loss_is_reported_again_every_time ... ok
[INFO] [stdout] test an_index_describing_a_journal_that_changed_is_discarded ... ok
[INFO] [stdout] test a_damaged_journal_keeps_everything_written_before_the_damage ... ok
[INFO] [stdout] test the_same_questions_get_the_same_answers_without_an_index ... ok
[INFO] [stdout] test the_index_can_be_destroyed_at_any_stage_and_costs_only_time ... ok
[INFO] [stdout] 
[INFO] [stdout] test result: ok. 5 passed; 0 failed; 0 ignored; 0 measured; 0 filtered out; finished in 2.29s
[INFO] [stdout] 
[INFO] [stderr]      Running tests/the_site_is_not_mcf.rs (/opt/rustwide/target/debug/deps/the_site_is_not_mcf-e2c66bb27a582d24)
[INFO] [stdout] 
[INFO] [stdout] running 3 tests
[INFO] [stdout] test the_site_reaches_only_the_format ... ok
[INFO] [stdout] test nothing_mcf_ships_depends_on_the_site ... ok
[INFO] [stderr]      Running tests/tiers_conform.rs (/opt/rustwide/target/debug/deps/tiers_conform-8b8389bfeb9bd9f3)
[INFO] [stdout] test the_site_is_its_own_workspace ... ok
[INFO] [stdout] 
[INFO] [stdout] test result: ok. 3 passed; 0 failed; 0 ignored; 0 measured; 0 filtered out; finished in 0.00s
[INFO] [stdout] 
[INFO] [stdout] 
[INFO] [stdout] running 10 tests
[INFO] [stdout] test every_scheduled_flag_is_accepted_and_documented ... ok
[INFO] [stdout] test every_tier_is_where_it_says_it_is ... ok
[INFO] [stdout] test every_tier_is_run_by_the_script ... ok
[INFO] [stdout] test every_scheduled_tier_is_reported_when_it_does_not_run ... ok
[INFO] [stdout] test no_gating_tier_ignores_its_tests ... ok
[INFO] [stdout] test the_age_check_names_the_flag_that_clears_each_refusal ... ok
[INFO] [stdout] test every_scheduled_rust_tier_keeps_itself_out_of_the_gate ... ok
[INFO] [stdout] test every_scheduled_tier_is_stamped_when_it_passes ... ok
[INFO] [stdout] test the_register_is_exactly_the_disciplines_d10_names ... ok
[INFO] [stdout] test the_age_check_knows_exactly_the_scheduled_tiers ... ok
[INFO] [stdout] 
[INFO] [stdout] test result: ok. 10 passed; 0 failed; 0 ignored; 0 measured; 0 filtered out; finished in 0.00s
[INFO] [stdout] 
[INFO] [stderr]      Running tests/time_model.rs (/opt/rustwide/target/debug/deps/time_model-ebbca8f9dac2beab)
[INFO] [stdout] 
[INFO] [stdout] running 4 tests
[INFO] [stdout] test a_timestamp_offers_no_interval_method ... ok
[INFO] [stdout] test an_instant_is_where_an_interval_comes_from ... ok
[INFO] [stdout] test the_clock_is_in_the_type_and_not_in_a_field ... ok
[INFO] [stdout] test a_timestamp_has_no_arithmetic ... ok
[INFO] [stdout] 
[INFO] [stdout] test result: ok. 4 passed; 0 failed; 0 ignored; 0 measured; 0 filtered out; finished in 0.01s
[INFO] [stdout] 
[INFO] [stderr]      Running tests/workspace_shape.rs (/opt/rustwide/target/debug/deps/workspace_shape-8505c18b5dd2bd0f)
[INFO] [stdout] 
[INFO] [stdout] running 15 tests
[INFO] [stdout] test every_declared_member_directory_exists ... ok
[INFO] [stdout] test the_lockfile_is_committed ... ok
[INFO] [stdout] test the_test_exemption_is_declared ... ok
[INFO] [stdout] test every_crate_inherits_the_shared_package_fields ... ok
[INFO] [stdout] test nothing_depends_on_the_checks_crate ... ok
[INFO] [stdout] test the_layering_is_acyclic ... ok
[INFO] [stdout] test every_crate_inherits_the_workspace_lints ... ok
[INFO] [stdout] test the_workspace_denies_the_constructs_a2_forbids ... ok
[INFO] [stdout] test every_crate_depends_on_exactly_what_it_declares ... ok
[INFO] [stdout] test the_workspace_members_are_exactly_the_declared_ones ... ok
[INFO] [stdout] test package_names_match_the_declaration ... ok
[INFO] [stdout] test mcf_core_depends_on_nothing ... ok
[INFO] [stdout] test the_workspace_takes_exactly_what_the_register_admits ... ok
[INFO] [stdout] test the_toolchain_pin_is_an_exact_version ... FAILED
[INFO] [stdout] test the_toolchain_pin_and_the_declared_minimum_agree ... FAILED
[INFO] [stdout] 
[INFO] [stdout] failures:
[INFO] [stdout] 
[INFO] [stdout] ---- the_toolchain_pin_is_an_exact_version stdout ----
[INFO] [stdout] 
[INFO] [stdout] thread 'the_toolchain_pin_is_an_exact_version' (4830) panicked at checks/tests/workspace_shape.rs:108:49:
[INFO] [stdout] the toolchain file is readable: Io("/opt/rustwide/workdir/rust-toolchain.toml", Os { code: 2, kind: NotFound, message: "No such file or directory" })
[INFO] [stdout] stack backtrace:
[INFO] [stdout]    0:     0x560078bb0f01 - std[70759c8f55707aa4]::backtrace_rs::backtrace::libunwind::trace
[INFO] [stdout]                                at /rustc/dfb0accb7f508ae8be965d8629557221c889dd98/library/std/src/../../backtrace/src/backtrace/libunwind.rs:117:9
[INFO] [stdout]    1:     0x560078bb0f01 - std[70759c8f55707aa4]::backtrace_rs::backtrace::trace_unsynchronized::<std[70759c8f55707aa4]::sys::backtrace::_print_fmt::{closure#1}>
[INFO] [stdout]                                at /rustc/dfb0accb7f508ae8be965d8629557221c889dd98/library/std/src/../../backtrace/src/backtrace/mod.rs:66:14
[INFO] [stdout]    2:     0x560078bb0f01 - std[70759c8f55707aa4]::sys::backtrace::_print_fmt
[INFO] [stdout]                                at /rustc/dfb0accb7f508ae8be965d8629557221c889dd98/library/std/src/sys/backtrace.rs:74:9
[INFO] [stdout]    3:     0x560078bb0f01 - <<std[70759c8f55707aa4]::sys::backtrace::BacktraceLock>::print::DisplayBacktrace as core[df12db4294e9bfd3]::fmt::Display>::fmt
[INFO] [stdout]                                at /rustc/dfb0accb7f508ae8be965d8629557221c889dd98/library/std/src/sys/backtrace.rs:44:26
[INFO] [stdout]    4:     0x560078bc530a - <core[df12db4294e9bfd3]::fmt::rt::Argument>::fmt
[INFO] [stdout]                                at /rustc/dfb0accb7f508ae8be965d8629557221c889dd98/library/core/src/fmt/rt.rs:152:76
[INFO] [stdout]    5:     0x560078bc530a - core[df12db4294e9bfd3]::fmt::write
[INFO] [stdout]    6:     0x560078bb539c - core[df12db4294e9bfd3]::io::write::default_write_fmt::<alloc[2182bb758b4b3781]::vec::Vec<u8>>
[INFO] [stdout]                                at /rustc/dfb0accb7f508ae8be965d8629557221c889dd98/library/core/src/io/write.rs:402:11
[INFO] [stdout]    7:     0x560078bb539c - <alloc[2182bb758b4b3781]::vec::Vec<u8> as core[df12db4294e9bfd3]::io::write::Write>::write_fmt
[INFO] [stdout]                                at /rustc/dfb0accb7f508ae8be965d8629557221c889dd98/library/core/src/io/write.rs:335:13
[INFO] [stdout]    8:     0x560078b8ce66 - <std[70759c8f55707aa4]::sys::backtrace::BacktraceLock>::print
[INFO] [stdout]                                at /rustc/dfb0accb7f508ae8be965d8629557221c889dd98/library/std/src/sys/backtrace.rs:47:9
[INFO] [stdout]    9:     0x560078b8ce66 - std[70759c8f55707aa4]::panicking::default_hook::{closure#0}
[INFO] [stdout]                                at /rustc/dfb0accb7f508ae8be965d8629557221c889dd98/library/std/src/panicking.rs:292:27
[INFO] [stdout]   10:     0x560078ba92f9 - std[70759c8f55707aa4]::panicking::default_hook
[INFO] [stdout]                                at /rustc/dfb0accb7f508ae8be965d8629557221c889dd98/library/std/src/panicking.rs:316:9
[INFO] [stdout]   11:     0x560078b22ef0 - <alloc[2182bb758b4b3781]::boxed::Box<dyn for<'a, 'b> core[df12db4294e9bfd3]::ops::function::Fn<(&'a std[70759c8f55707aa4]::panic::PanicHookInfo<'b>,), Output = ()> + core[df12db4294e9bfd3]::marker::Send + core[df12db4294e9bfd3]::marker::Sync> as core[df12db4294e9bfd3]::ops::function::Fn<(&std[70759c8f55707aa4]::panic::PanicHookInfo,)>>::call
[INFO] [stdout]                                at /rustc/dfb0accb7f508ae8be965d8629557221c889dd98/library/alloc/src/boxed.rs:2334:9
[INFO] [stdout]   12:     0x560078b22ef0 - test[9d35eded1c95d3be]::test_main_inner::<test[9d35eded1c95d3be]::test_main_static::{closure#0}>::{closure#0}
[INFO] [stdout]                                at /rustc/dfb0accb7f508ae8be965d8629557221c889dd98/library/test/src/lib.rs:155:21
[INFO] [stdout]   13:     0x560078ba94b2 - <alloc[2182bb758b4b3781]::boxed::Box<dyn for<'a, 'b> core[df12db4294e9bfd3]::ops::function::Fn<(&'a std[70759c8f55707aa4]::panic::PanicHookInfo<'b>,), Output = ()> + core[df12db4294e9bfd3]::marker::Send + core[df12db4294e9bfd3]::marker::Sync> as core[df12db4294e9bfd3]::ops::function::Fn<(&std[70759c8f55707aa4]::panic::PanicHookInfo,)>>::call
[INFO] [stdout]                                at /rustc/dfb0accb7f508ae8be965d8629557221c889dd98/library/alloc/src/boxed.rs:2334:9
[INFO] [stdout]   14:     0x560078ba94b2 - std[70759c8f55707aa4]::panicking::panic_with_hook
[INFO] [stdout]                                at /rustc/dfb0accb7f508ae8be965d8629557221c889dd98/library/std/src/panicking.rs:823:13
[INFO] [stdout]   15:     0x560078b8cf12 - std[70759c8f55707aa4]::panicking::panic_handler::{closure#0}
[INFO] [stdout]                                at /rustc/dfb0accb7f508ae8be965d8629557221c889dd98/library/std/src/panicking.rs:688:13
[INFO] [stdout]   16:     0x560078b85b09 - std[70759c8f55707aa4]::sys::backtrace::__rust_end_short_backtrace::<std[70759c8f55707aa4]::panicking::panic_handler::{closure#0}, !>
[INFO] [stdout]                                at /rustc/dfb0accb7f508ae8be965d8629557221c889dd98/library/std/src/sys/backtrace.rs:182:18
[INFO] [stdout]   17:     0x560078b8db0d - __rustc[8fa7c3cbc660c2b3]::rust_begin_unwind
[INFO] [stdout]                                at /rustc/dfb0accb7f508ae8be965d8629557221c889dd98/library/std/src/panicking.rs:679:5
[INFO] [stdout]   18:     0x560078bc5a7c - core[df12db4294e9bfd3]::panicking::panic_fmt
[INFO] [stdout]                                at /rustc/dfb0accb7f508ae8be965d8629557221c889dd98/library/core/src/panicking.rs:80:14
[INFO] [stdout]   19:     0x560078bc5852 - core[df12db4294e9bfd3]::result::unwrap_failed
[INFO] [stdout]                                at /rustc/dfb0accb7f508ae8be965d8629557221c889dd98/library/core/src/result.rs:1871:5
[INFO] [stdout]   20:     0x560078b11cf0 - <core[df12db4294e9bfd3]::result::Result<mcf_checks[48a70cab162601b7]::manifest::Manifest, mcf_checks[48a70cab162601b7]::workspace::ReadError>>::expect
[INFO] [stdout]                                at /rustc/dfb0accb7f508ae8be965d8629557221c889dd98/library/core/src/result.rs:1184:23
[INFO] [stdout]   21:     0x560078b0f6c6 - workspace_shape[99afcb6d141d078d]::the_toolchain_pin_is_an_exact_version
[INFO] [stdout]                                at /opt/rustwide/workdir/checks/tests/workspace_shape.rs:108:49
[INFO] [stdout]   22:     0x560078b0e537 - workspace_shape[99afcb6d141d078d]::the_toolchain_pin_is_an_exact_version::{closure#0}
[INFO] [stdout]                                at /opt/rustwide/workdir/checks/tests/workspace_shape.rs:107:43
[INFO] [stdout]   23:     0x560078b16036 - <workspace_shape[99afcb6d141d078d]::the_toolchain_pin_is_an_exact_version::{closure#0} as core[df12db4294e9bfd3]::ops::function::FnOnce<()>>::call_once
[INFO] [stdout]                                at /rustc/dfb0accb7f508ae8be965d8629557221c889dd98/library/core/src/ops/function.rs:250:5
[INFO] [stdout]   24:     0x560078b161db - <fn() -> core[df12db4294e9bfd3]::result::Result<(), alloc[2182bb758b4b3781]::string::String> as core[df12db4294e9bfd3]::ops::function::FnOnce<()>>::call_once
[INFO] [stdout]                                at /rustc/dfb0accb7f508ae8be965d8629557221c889dd98/library/core/src/ops/function.rs:250:5
[INFO] [stdout]   25:     0x560078b161db - test[9d35eded1c95d3be]::__rust_begin_short_backtrace::<core[df12db4294e9bfd3]::result::Result<(), alloc[2182bb758b4b3781]::string::String>, fn() -> core[df12db4294e9bfd3]::result::Result<(), alloc[2182bb758b4b3781]::string::String>>
[INFO] [stdout]                                at /rustc/dfb0accb7f508ae8be965d8629557221c889dd98/library/test/src/lib.rs:733:18
[INFO] [stdout]   26:     0x560078b23845 - test[9d35eded1c95d3be]::run_test_in_process::{closure#0}
[INFO] [stdout]                                at /rustc/dfb0accb7f508ae8be965d8629557221c889dd98/library/test/src/lib.rs:756:74
[INFO] [stdout]   27:     0x560078b23845 - <core[df12db4294e9bfd3]::panic::unwind_safe::AssertUnwindSafe<test[9d35eded1c95d3be]::run_test_in_process::{closure#0}> as core[df12db4294e9bfd3]::ops::function::FnOnce<()>>::call_once
[INFO] [stdout]                                at /rustc/dfb0accb7f508ae8be965d8629557221c889dd98/library/core/src/panic/unwind_safe.rs:275:9
[INFO] [stdout]   28:     0x560078b23845 - std[70759c8f55707aa4]::panicking::catch_unwind::do_call::<core[df12db4294e9bfd3]::panic::unwind_safe::AssertUnwindSafe<test[9d35eded1c95d3be]::run_test_in_process::{closure#0}>, core[df12db4294e9bfd3]::result::Result<(), alloc[2182bb758b4b3781]::string::String>>
[INFO] [stdout]                                at /rustc/dfb0accb7f508ae8be965d8629557221c889dd98/library/std/src/panicking.rs:576:43
[INFO] [stdout]   29:     0x560078b23845 - std[70759c8f55707aa4]::panicking::catch_unwind::<core[df12db4294e9bfd3]::result::Result<(), alloc[2182bb758b4b3781]::string::String>, core[df12db4294e9bfd3]::panic::unwind_safe::AssertUnwindSafe<test[9d35eded1c95d3be]::run_test_in_process::{closure#0}>>
[INFO] [stdout]                                at /rustc/dfb0accb7f508ae8be965d8629557221c889dd98/library/std/src/panicking.rs:544:19
[INFO] [stdout]   30:     0x560078b23845 - std[70759c8f55707aa4]::panic::catch_unwind::<core[df12db4294e9bfd3]::panic::unwind_safe::AssertUnwindSafe<test[9d35eded1c95d3be]::run_test_in_process::{closure#0}>, core[df12db4294e9bfd3]::result::Result<(), alloc[2182bb758b4b3781]::string::String>>
[INFO] [stdout]                                at /rustc/dfb0accb7f508ae8be965d8629557221c889dd98/library/std/src/panic.rs:359:14
[INFO] [stdout]   31:     0x560078b23845 - test[9d35eded1c95d3be]::run_test_in_process
[INFO] [stdout]                                at /rustc/dfb0accb7f508ae8be965d8629557221c889dd98/library/test/src/lib.rs:756:27
[INFO] [stdout]   32:     0x560078b23845 - test[9d35eded1c95d3be]::run_test::{closure#0}
[INFO] [stdout]                                at /rustc/dfb0accb7f508ae8be965d8629557221c889dd98/library/test/src/lib.rs:677:43
[INFO] [stdout]   33:     0x560078b1d104 - test[9d35eded1c95d3be]::run_test::{closure#1}
[INFO] [stdout]                                at /rustc/dfb0accb7f508ae8be965d8629557221c889dd98/library/test/src/lib.rs:707:41
[INFO] [stdout]   34:     0x560078b1d104 - std[70759c8f55707aa4]::sys::backtrace::__rust_begin_short_backtrace::<test[9d35eded1c95d3be]::run_test::{closure#1}, ()>
[INFO] [stdout]                                at /rustc/dfb0accb7f508ae8be965d8629557221c889dd98/library/std/src/sys/backtrace.rs:166:18
[INFO] [stdout]   35:     0x560078b269a2 - std[70759c8f55707aa4]::thread::lifecycle::spawn_unchecked::<test[9d35eded1c95d3be]::run_test::{closure#1}, ()>::{closure#1}::{closure#0}
[INFO] [stdout]                                at /rustc/dfb0accb7f508ae8be965d8629557221c889dd98/library/std/src/thread/lifecycle.rs:70:13
[INFO] [stdout]   36:     0x560078b269a2 - <core[df12db4294e9bfd3]::panic::unwind_safe::AssertUnwindSafe<std[70759c8f55707aa4]::thread::lifecycle::spawn_unchecked<test[9d35eded1c95d3be]::run_test::{closure#1}, ()>::{closure#1}::{closure#0}> as core[df12db4294e9bfd3]::ops::function::FnOnce<()>>::call_once
[INFO] [stdout]                                at /rustc/dfb0accb7f508ae8be965d8629557221c889dd98/library/core/src/panic/unwind_safe.rs:275:9
[INFO] [stdout]   37:     0x560078b269a2 - std[70759c8f55707aa4]::panicking::catch_unwind::do_call::<core[df12db4294e9bfd3]::panic::unwind_safe::AssertUnwindSafe<std[70759c8f55707aa4]::thread::lifecycle::spawn_unchecked<test[9d35eded1c95d3be]::run_test::{closure#1}, ()>::{closure#1}::{closure#0}>, ()>
[INFO] [stdout]                                at /rustc/dfb0accb7f508ae8be965d8629557221c889dd98/library/std/src/panicking.rs:576:43
[INFO] [stdout]   38:     0x560078b269a2 - std[70759c8f55707aa4]::panicking::catch_unwind::<(), core[df12db4294e9bfd3]::panic::unwind_safe::AssertUnwindSafe<std[70759c8f55707aa4]::thread::lifecycle::spawn_unchecked<test[9d35eded1c95d3be]::run_test::{closure#1}, ()>::{closure#1}::{closure#0}>>
[INFO] [stdout]                                at /rustc/dfb0accb7f508ae8be965d8629557221c889dd98/library/std/src/panicking.rs:544:19
[INFO] [stdout]   39:     0x560078b269a2 - std[70759c8f55707aa4]::panic::catch_unwind::<core[df12db4294e9bfd3]::panic::unwind_safe::AssertUnwindSafe<std[70759c8f55707aa4]::thread::lifecycle::spawn_unchecked<test[9d35eded1c95d3be]::run_test::{closure#1}, ()>::{closure#1}::{closure#0}>, ()>
[INFO] [stdout]                                at /rustc/dfb0accb7f508ae8be965d8629557221c889dd98/library/std/src/panic.rs:359:14
[INFO] [stdout]   40:     0x560078b269a2 - std[70759c8f55707aa4]::thread::lifecycle::spawn_unchecked::<test[9d35eded1c95d3be]::run_test::{closure#1}, ()>::{closure#1}
[INFO] [stdout]                                at /rustc/dfb0accb7f508ae8be965d8629557221c889dd98/library/std/src/thread/lifecycle.rs:68:26
[INFO] [stdout]   41:     0x560078b269a2 - <std[70759c8f55707aa4]::thread::lifecycle::spawn_unchecked<test[9d35eded1c95d3be]::run_test::{closure#1}, ()>::{closure#1} as core[df12db4294e9bfd3]::ops::function::FnOnce<()>>::call_once::{shim:vtable#0}
[INFO] [stdout]                                at /rustc/dfb0accb7f508ae8be965d8629557221c889dd98/library/core/src/ops/function.rs:250:5
[INFO] [stdout]   42:     0x560078bb0469 - <alloc[2182bb758b4b3781]::boxed::Box<dyn core[df12db4294e9bfd3]::ops::function::FnOnce<(), Output = ()> + core[df12db4294e9bfd3]::marker::Send> as core[df12db4294e9bfd3]::ops::function::FnOnce<()>>::call_once
[INFO] [stdout]                                at /rustc/dfb0accb7f508ae8be965d8629557221c889dd98/library/alloc/src/boxed.rs:2320:9
[INFO] [stdout]   43:     0x560078bb0469 - <std[70759c8f55707aa4]::sys::thread::unix::Thread>::new::thread_start
[INFO] [stdout]                                at /rustc/dfb0accb7f508ae8be965d8629557221c889dd98/library/std/src/sys/thread/unix.rs:123:17
[INFO] [stdout]   44:     0x758328da7dfa - <unknown>
[INFO] [stdout]   45:     0x758328e3b3d4 - clone
[INFO] [stdout]   46:                0x0 - <unknown>
[INFO] [stdout] 
[INFO] [stdout] ---- the_toolchain_pin_and_the_declared_minimum_agree stdout ----
[INFO] [stdout] 
[INFO] [stdout] thread 'the_toolchain_pin_and_the_declared_minimum_agree' (4829) panicked at checks/tests/workspace_shape.rs:96:49:
[INFO] [stdout] the toolchain file is readable: Io("/opt/rustwide/workdir/rust-toolchain.toml", Os { code: 2, kind: NotFound, message: "No such file or directory" })
[INFO] [stdout] stack backtrace:
[INFO] [stdout]    0:     0x560078bb0f01 - std[70759c8f55707aa4]::backtrace_rs::backtrace::libunwind::trace
[INFO] [stdout]                                at /rustc/dfb0accb7f508ae8be965d8629557221c889dd98/library/std/src/../../backtrace/src/backtrace/libunwind.rs:117:9
[INFO] [stdout]    1:     0x560078bb0f01 - std[70759c8f55707aa4]::backtrace_rs::backtrace::trace_unsynchronized::<std[70759c8f55707aa4]::sys::backtrace::_print_fmt::{closure#1}>
[INFO] [stdout]                                at /rustc/dfb0accb7f508ae8be965d8629557221c889dd98/library/std/src/../../backtrace/src/backtrace/mod.rs:66:14
[INFO] [stdout]    2:     0x560078bb0f01 - std[70759c8f55707aa4]::sys::backtrace::_print_fmt
[INFO] [stdout]                                at /rustc/dfb0accb7f508ae8be965d8629557221c889dd98/library/std/src/sys/backtrace.rs:74:9
[INFO] [stdout]    3:     0x560078bb0f01 - <<std[70759c8f55707aa4]::sys::backtrace::BacktraceLock>::print::DisplayBacktrace as core[df12db4294e9bfd3]::fmt::Display>::fmt
[INFO] [stdout]                                at /rustc/dfb0accb7f508ae8be965d8629557221c889dd98/library/std/src/sys/backtrace.rs:44:26
[INFO] [stdout]    4:     0x560078bc530a - <core[df12db4294e9bfd3]::fmt::rt::Argument>::fmt
[INFO] [stdout]                                at /rustc/dfb0accb7f508ae8be965d8629557221c889dd98/library/core/src/fmt/rt.rs:152:76
[INFO] [stdout]    5:     0x560078bc530a - core[df12db4294e9bfd3]::fmt::write
[INFO] [stdout]    6:     0x560078bb539c - core[df12db4294e9bfd3]::io::write::default_write_fmt::<alloc[2182bb758b4b3781]::vec::Vec<u8>>
[INFO] [stdout]                                at /rustc/dfb0accb7f508ae8be965d8629557221c889dd98/library/core/src/io/write.rs:402:11
[INFO] [stdout]    7:     0x560078bb539c - <alloc[2182bb758b4b3781]::vec::Vec<u8> as core[df12db4294e9bfd3]::io::write::Write>::write_fmt
[INFO] [stdout]                                at /rustc/dfb0accb7f508ae8be965d8629557221c889dd98/library/core/src/io/write.rs:335:13
[INFO] [stdout]    8:     0x560078b8ce66 - <std[70759c8f55707aa4]::sys::backtrace::BacktraceLock>::print
[INFO] [stdout]                                at /rustc/dfb0accb7f508ae8be965d8629557221c889dd98/library/std/src/sys/backtrace.rs:47:9
[INFO] [stdout]    9:     0x560078b8ce66 - std[70759c8f55707aa4]::panicking::default_hook::{closure#0}
[INFO] [stdout]                                at /rustc/dfb0accb7f508ae8be965d8629557221c889dd98/library/std/src/panicking.rs:292:27
[INFO] [stdout]   10:     0x560078ba92f9 - std[70759c8f55707aa4]::panicking::default_hook
[INFO] [stdout]                                at /rustc/dfb0accb7f508ae8be965d8629557221c889dd98/library/std/src/panicking.rs:316:9
[INFO] [stdout]   11:     0x560078b22ef0 - <alloc[2182bb758b4b3781]::boxed::Box<dyn for<'a, 'b> core[df12db4294e9bfd3]::ops::function::Fn<(&'a std[70759c8f55707aa4]::panic::PanicHookInfo<'b>,), Output = ()> + core[df12db4294e9bfd3]::marker::Send + core[df12db4294e9bfd3]::marker::Sync> as core[df12db4294e9bfd3]::ops::function::Fn<(&std[70759c8f55707aa4]::panic::PanicHookInfo,)>>::call
[INFO] [stdout]                                at /rustc/dfb0accb7f508ae8be965d8629557221c889dd98/library/alloc/src/boxed.rs:2334:9
[INFO] [stdout]   12:     0x560078b22ef0 - test[9d35eded1c95d3be]::test_main_inner::<test[9d35eded1c95d3be]::test_main_static::{closure#0}>::{closure#0}
[INFO] [stdout]                                at /rustc/dfb0accb7f508ae8be965d8629557221c889dd98/library/test/src/lib.rs:155:21
[INFO] [stdout]   13:     0x560078ba94b2 - <alloc[2182bb758b4b3781]::boxed::Box<dyn for<'a, 'b> core[df12db4294e9bfd3]::ops::function::Fn<(&'a std[70759c8f55707aa4]::panic::PanicHookInfo<'b>,), Output = ()> + core[df12db4294e9bfd3]::marker::Send + core[df12db4294e9bfd3]::marker::Sync> as core[df12db4294e9bfd3]::ops::function::Fn<(&std[70759c8f55707aa4]::panic::PanicHookInfo,)>>::call
[INFO] [stdout]                                at /rustc/dfb0accb7f508ae8be965d8629557221c889dd98/library/alloc/src/boxed.rs:2334:9
[INFO] [stdout]   14:     0x560078ba94b2 - std[70759c8f55707aa4]::panicking::panic_with_hook
[INFO] [stdout]                                at /rustc/dfb0accb7f508ae8be965d8629557221c889dd98/library/std/src/panicking.rs:823:13
[INFO] [stdout]   15:     0x560078b8cf12 - std[70759c8f55707aa4]::panicking::panic_handler::{closure#0}
[INFO] [stdout]                                at /rustc/dfb0accb7f508ae8be965d8629557221c889dd98/library/std/src/panicking.rs:688:13
[INFO] [stdout]   16:     0x560078b85b09 - std[70759c8f55707aa4]::sys::backtrace::__rust_end_short_backtrace::<std[70759c8f55707aa4]::panicking::panic_handler::{closure#0}, !>
[INFO] [stdout]                                at /rustc/dfb0accb7f508ae8be965d8629557221c889dd98/library/std/src/sys/backtrace.rs:182:18
[INFO] [stdout]   17:     0x560078b8db0d - __rustc[8fa7c3cbc660c2b3]::rust_begin_unwind
[INFO] [stdout]                                at /rustc/dfb0accb7f508ae8be965d8629557221c889dd98/library/std/src/panicking.rs:679:5
[INFO] [stdout]   18:     0x560078bc5a7c - core[df12db4294e9bfd3]::panicking::panic_fmt
[INFO] [stdout]                                at /rustc/dfb0accb7f508ae8be965d8629557221c889dd98/library/core/src/panicking.rs:80:14
[INFO] [stdout]   19:     0x560078bc5852 - core[df12db4294e9bfd3]::result::unwrap_failed
[INFO] [stdout]                                at /rustc/dfb0accb7f508ae8be965d8629557221c889dd98/library/core/src/result.rs:1871:5
[INFO] [stdout]   20:     0x560078b11cf0 - <core[df12db4294e9bfd3]::result::Result<mcf_checks[48a70cab162601b7]::manifest::Manifest, mcf_checks[48a70cab162601b7]::workspace::ReadError>>::expect
[INFO] [stdout]                                at /rustc/dfb0accb7f508ae8be965d8629557221c889dd98/library/core/src/result.rs:1184:23
[INFO] [stdout]   21:     0x560078b10c27 - workspace_shape[99afcb6d141d078d]::the_toolchain_pin_and_the_declared_minimum_agree
[INFO] [stdout]                                at /opt/rustwide/workdir/checks/tests/workspace_shape.rs:96:49
[INFO] [stdout]   22:     0x560078b0e657 - workspace_shape[99afcb6d141d078d]::the_toolchain_pin_and_the_declared_minimum_agree::{closure#0}
[INFO] [stdout]                                at /opt/rustwide/workdir/checks/tests/workspace_shape.rs:94:54
[INFO] [stdout]   23:     0x560078b160f6 - <workspace_shape[99afcb6d141d078d]::the_toolchain_pin_and_the_declared_minimum_agree::{closure#0} as core[df12db4294e9bfd3]::ops::function::FnOnce<()>>::call_once
[INFO] [stdout]                                at /rustc/dfb0accb7f508ae8be965d8629557221c889dd98/library/core/src/ops/function.rs:250:5
[INFO] [stdout]   24:     0x560078b161db - <fn() -> core[df12db4294e9bfd3]::result::Result<(), alloc[2182bb758b4b3781]::string::String> as core[df12db4294e9bfd3]::ops::function::FnOnce<()>>::call_once
[INFO] [stdout]                                at /rustc/dfb0accb7f508ae8be965d8629557221c889dd98/library/core/src/ops/function.rs:250:5
[INFO] [stdout]   25:     0x560078b161db - test[9d35eded1c95d3be]::__rust_begin_short_backtrace::<core[df12db4294e9bfd3]::result::Result<(), alloc[2182bb758b4b3781]::string::String>, fn() -> core[df12db4294e9bfd3]::result::Result<(), alloc[2182bb758b4b3781]::string::String>>
[INFO] [stdout]                                at /rustc/dfb0accb7f508ae8be965d8629557221c889dd98/library/test/src/lib.rs:733:18
[INFO] [stdout]   26:     0x560078b23845 - test[9d35eded1c95d3be]::run_test_in_process::{closure#0}
[INFO] [stdout]                                at /rustc/dfb0accb7f508ae8be965d8629557221c889dd98/library/test/src/lib.rs:756:74
[INFO] [stdout]   27:     0x560078b23845 - <core[df12db4294e9bfd3]::panic::unwind_safe::AssertUnwindSafe<test[9d35eded1c95d3be]::run_test_in_process::{closure#0}> as core[df12db4294e9bfd3]::ops::function::FnOnce<()>>::call_once
[INFO] [stdout]                                at /rustc/dfb0accb7f508ae8be965d8629557221c889dd98/library/core/src/panic/unwind_safe.rs:275:9
[INFO] [stdout]   28:     0x560078b23845 - std[70759c8f55707aa4]::panicking::catch_unwind::do_call::<core[df12db4294e9bfd3]::panic::unwind_safe::AssertUnwindSafe<test[9d35eded1c95d3be]::run_test_in_process::{closure#0}>, core[df12db4294e9bfd3]::result::Result<(), alloc[2182bb758b4b3781]::string::String>>
[INFO] [stdout]                                at /rustc/dfb0accb7f508ae8be965d8629557221c889dd98/library/std/src/panicking.rs:576:43
[INFO] [stdout]   29:     0x560078b23845 - std[70759c8f55707aa4]::panicking::catch_unwind::<core[df12db4294e9bfd3]::result::Result<(), alloc[2182bb758b4b3781]::string::String>, core[df12db4294e9bfd3]::panic::unwind_safe::AssertUnwindSafe<test[9d35eded1c95d3be]::run_test_in_process::{closure#0}>>
[INFO] [stdout]                                at /rustc/dfb0accb7f508ae8be965d8629557221c889dd98/library/std/src/panicking.rs:544:19
[INFO] [stdout]   30:     0x560078b23845 - std[70759c8f55707aa4]::panic::catch_unwind::<core[df12db4294e9bfd3]::panic::unwind_safe::AssertUnwindSafe<test[9d35eded1c95d3be]::run_test_in_process::{closure#0}>, core[df12db4294e9bfd3]::result::Result<(), alloc[2182bb758b4b3781]::string::String>>
[INFO] [stdout]                                at /rustc/dfb0accb7f508ae8be965d8629557221c889dd98/library/std/src/panic.rs:359:14
[INFO] [stdout]   31:     0x560078b23845 - test[9d35eded1c95d3be]::run_test_in_process
[INFO] [stdout]                                at /rustc/dfb0accb7f508ae8be965d8629557221c889dd98/library/test/src/lib.rs:756:27
[INFO] [stdout]   32:     0x560078b23845 - test[9d35eded1c95d3be]::run_test::{closure#0}
[INFO] [stdout]                                at /rustc/dfb0accb7f508ae8be965d8629557221c889dd98/library/test/src/lib.rs:677:43
[INFO] [stdout]   33:     0x560078b1d104 - test[9d35eded1c95d3be]::run_test::{closure#1}
[INFO] [stdout]                                at /rustc/dfb0accb7f508ae8be965d8629557221c889dd98/library/test/src/lib.rs:707:41
[INFO] [stdout]   34:     0x560078b1d104 - std[70759c8f55707aa4]::sys::backtrace::__rust_begin_short_backtrace::<test[9d35eded1c95d3be]::run_test::{closure#1}, ()>
[INFO] [stdout]                                at /rustc/dfb0accb7f508ae8be965d8629557221c889dd98/library/std/src/sys/backtrace.rs:166:18
[INFO] [stdout]   35:     0x560078b269a2 - std[70759c8f55707aa4]::thread::lifecycle::spawn_unchecked::<test[9d35eded1c95d3be]::run_test::{closure#1}, ()>::{closure#1}::{closure#0}
[INFO] [stdout]                                at /rustc/dfb0accb7f508ae8be965d8629557221c889dd98/library/std/src/thread/lifecycle.rs:70:13
[INFO] [stdout]   36:     0x560078b269a2 - <core[df12db4294e9bfd3]::panic::unwind_safe::AssertUnwindSafe<std[70759c8f55707aa4]::thread::lifecycle::spawn_unchecked<test[9d35eded1c95d3be]::run_test::{closure#1}, ()>::{closure#1}::{closure#0}> as core[df12db4294e9bfd3]::ops::function::FnOnce<()>>::call_once
[INFO] [stdout]                                at /rustc/dfb0accb7f508ae8be965d8629557221c889dd98/library/core/src/panic/unwind_safe.rs:275:9
[INFO] [stdout]   37:     0x560078b269a2 - std[70759c8f55707aa4]::panicking::catch_unwind::do_call::<core[df12db4294e9bfd3]::panic::unwind_safe::AssertUnwindSafe<std[70759c8f55707aa4]::thread::lifecycle::spawn_unchecked<test[9d35eded1c95d3be]::run_test::{closure#1}, ()>::{closure#1}::{closure#0}>, ()>
[INFO] [stdout]                                at /rustc/dfb0accb7f508ae8be965d8629557221c889dd98/library/std/src/panicking.rs:576:43
[INFO] [stdout]   38:     0x560078b269a2 - std[70759c8f55707aa4]::panicking::catch_unwind::<(), core[df12db4294e9bfd3]::panic::unwind_safe::AssertUnwindSafe<std[70759c8f55707aa4]::thread::lifecycle::spawn_unchecked<test[9d35eded1c95d3be]::run_test::{closure#1}, ()>::{closure#1}::{closure#0}>>
[INFO] [stdout]                                at /rustc/dfb0accb7f508ae8be965d8629557221c889dd98/library/std/src/panicking.rs:544:19
[INFO] [stdout]   39:     0x560078b269a2 - std[70759c8f55707aa4]::panic::catch_unwind::<core[df12db4294e9bfd3]::panic::unwind_safe::AssertUnwindSafe<std[70759c8f55707aa4]::thread::lifecycle::spawn_unchecked<test[9d35eded1c95d3be]::run_test::{closure#1}, ()>::{closure#1}::{closure#0}>, ()>
[INFO] [stdout]                                at /rustc/dfb0accb7f508ae8be965d8629557221c889dd98/library/std/src/panic.rs:359:14
[INFO] [stdout]   40:     0x560078b269a2 - std[70759c8f55707aa4]::thread::lifecycle::spawn_unchecked::<test[9d35eded1c95d3be]::run_test::{closure#1}, ()>::{closure#1}
[INFO] [stdout]                                at /rustc/dfb0accb7f508ae8be965d8629557221c889dd98/library/std/src/thread/lifecycle.rs:68:26
[INFO] [stdout]   41:     0x560078b269a2 - <std[70759c8f55707aa4]::thread::lifecycle::spawn_unchecked<test[9d35eded1c95d3be]::run_test::{closure#1}, ()>::{closure#1} as core[df12db4294e9bfd3]::ops::function::FnOnce<()>>::call_once::{shim:vtable#0}
[INFO] [stdout]                                at /rustc/dfb0accb7f508ae8be965d8629557221c889dd98/library/core/src/ops/function.rs:250:5
[INFO] [stdout]   42:     0x560078bb0469 - <alloc[2182bb758b4b3781]::boxed::Box<dyn core[df12db4294e9bfd3]::ops::function::FnOnce<(), Output = ()> + core[df12db4294e9bfd3]::marker::Send> as core[df12db4294e9bfd3]::ops::function::FnOnce<()>>::call_once
[INFO] [stdout]                                at /rustc/dfb0accb7f508ae8be965d8629557221c889dd98/library/alloc/src/boxed.rs:2320:9
[INFO] [stdout]   43:     0x560078bb0469 - <std[70759c8f55707aa4]::sys::thread::unix::Thread>::new::thread_start
[INFO] [stdout]                                at /rustc/dfb0accb7f508ae8be965d8629557221c889dd98/library/std/src/sys/thread/unix.rs:123:17
[INFO] [stdout]   44:     0x758328da7dfa - <unknown>
[INFO] [stdout]   45:     0x758328e3b3d4 - clone
[INFO] [stdout]   46:                0x0 - <unknown>
[INFO] [stdout] 
[INFO] [stdout] 
[INFO] [stdout] failures:
[INFO] [stdout]     the_toolchain_pin_and_the_declared_minimum_agree
[INFO] [stdout]     the_toolchain_pin_is_an_exact_version
[INFO] [stdout] 
[INFO] [stdout] test result: FAILED. 13 passed; 2 failed; 0 ignored; 0 measured; 0 filtered out; finished in 0.05s
[INFO] [stderr] error: test failed, to rerun pass `-p mcf-checks --test workspace_shape`
[INFO] [stdout] 
[INFO] running `Command { std: "docker" "inspect" "5307ce90b4f71a0b71aa3b00f4131aa0e4475a49253dcf595fa5b95da32a756a", kill_on_drop: false }`
[INFO] running `Command { std: "docker" "rm" "-f" "5307ce90b4f71a0b71aa3b00f4131aa0e4475a49253dcf595fa5b95da32a756a", kill_on_drop: false }`
[INFO] [stdout] 5307ce90b4f71a0b71aa3b00f4131aa0e4475a49253dcf595fa5b95da32a756a
