[INFO] cloning repository https://github.com/AsukaCC/LightMonitor
[INFO] running `Command { std: "git" "-c" "credential.helper=" "-c" "credential.helper=/workspace/cargo-home/bin/git-credential-null" "clone" "--bare" "https://github.com/AsukaCC/LightMonitor" "/workspace/cache/git-repos/https%3A%2F%2Fgithub.com%2FAsukaCC%2FLightMonitor", kill_on_drop: false }`
[INFO] [stderr] Cloning into bare repository '/workspace/cache/git-repos/https%3A%2F%2Fgithub.com%2FAsukaCC%2FLightMonitor'...
[INFO] running `Command { std: "git" "rev-parse" "HEAD", kill_on_drop: false }`
[INFO] [stdout] ec0216a06e8b46c323ca80fd27794deb4dc28478
[INFO] testing AsukaCC/LightMonitor against 1.99.0-beta.8 for beta-1.100-2
[INFO] running `Command { std: "git" "clone" "/workspace/cache/git-repos/https%3A%2F%2Fgithub.com%2FAsukaCC%2FLightMonitor" "/workspace/builds/worker-3-tc1/source", kill_on_drop: false }`
[INFO] [stderr] Cloning into '/workspace/builds/worker-3-tc1/source'...
[INFO] [stderr] done.
[INFO] started tweaking git repo https://github.com/AsukaCC/LightMonitor
[INFO] finished tweaking git repo https://github.com/AsukaCC/LightMonitor
[INFO] tweaked toml for git repo https://github.com/AsukaCC/LightMonitor written to /workspace/builds/worker-3-tc1/source/Cargo.toml
[INFO] validating manifest of git repo https://github.com/AsukaCC/LightMonitor on toolchain 1.99.0-beta.8
[INFO] running `Command { std: CARGO_HOME="/workspace/cargo-home" RUSTUP_HOME="/workspace/rustup-home" "/workspace/cargo-home/bin/cargo" "+1.99.0-beta.8" "metadata" "--manifest-path" "Cargo.toml" "--no-deps", kill_on_drop: false }`
[INFO] crate git repo https://github.com/AsukaCC/LightMonitor already has a lockfile, it will not be regenerated
[INFO] running `Command { std: CARGO_HOME="/workspace/cargo-home" RUSTUP_HOME="/workspace/rustup-home" "/workspace/cargo-home/bin/cargo" "+1.99.0-beta.8" "fetch" "--manifest-path" "Cargo.toml", kill_on_drop: false }`
[INFO] [stderr]     Updating crates.io index
[INFO] [stderr]  Downloading crates ...
[INFO] [stderr]   Downloaded asn1-rs-derive v0.6.0
[INFO] [stderr]   Downloaded rustls-pki-types v1.15.0
[INFO] [stderr]   Downloaded webpki-roots v1.0.8
[INFO] [stderr]   Downloaded oid-registry v0.8.1
[INFO] [stderr]   Downloaded filetime v0.2.29
[INFO] [stderr]   Downloaded uuid v1.23.4
[INFO] [stderr]   Downloaded asn1-rs v0.7.2
[INFO] [stderr]   Downloaded der-parser v10.0.0
[INFO] [stderr]   Downloaded tar v0.4.46
[INFO] [stderr]   Downloaded hashlink v0.9.1
[INFO] [stderr]   Downloaded http v1.4.2
[INFO] [stderr]   Downloaded x509-parser v0.18.1
[INFO] [stderr]   Downloaded ntapi v0.4.3
[INFO] [stderr]   Downloaded rusqlite v0.32.1
[INFO] [stderr]   Downloaded sysinfo v0.37.2
[INFO] [stderr]   Downloaded objc2-io-kit v0.3.2
[INFO] [stderr]   Downloaded ghash v0.5.1
[INFO] [stderr]   Downloaded rustls v0.23.41
[INFO] [stderr]   Downloaded aes-gcm v0.10.3
[INFO] [stderr]   Downloaded axum-macros v0.5.1
[INFO] running `Command { std: "docker" "create" "-v" "/var/lib/crater-agent-workspace/builds/worker-3-tc1/source:/opt/rustwide/workdir:ro,Z" "-v" "/var/lib/crater-agent-workspace/builds/worker-3-tc1/target:/opt/rustwide/target:rw,Z" "-v" "/var/lib/crater-agent-workspace/cargo-home:/opt/rustwide/cargo-home:ro,Z" "-v" "/var/lib/crater-agent-workspace/rustup-home:/opt/rustwide/rustup-home:ro,Z" "-m" "1610612736" "--network" "none" "ghcr.io/rust-lang/crates-build-env/linux@sha256:3111399a4047eeb3a02b7a90e478d715f38a8c6669b5c4b49d30a17385265909" "sleep" "infinity", kill_on_drop: false }`
[INFO] [stdout] f5c0f1ca8604f8d0edd7ace891fd1e2a895fbb93fbc20a3fed3a8df49c31f13f
[INFO] running `Command { std: "docker" "start" "f5c0f1ca8604f8d0edd7ace891fd1e2a895fbb93fbc20a3fed3a8df49c31f13f", kill_on_drop: false }`
[INFO] running `Command { std: "docker" "inspect" "f5c0f1ca8604f8d0edd7ace891fd1e2a895fbb93fbc20a3fed3a8df49c31f13f", kill_on_drop: false }`
[INFO] running `Command { std: "docker" "exec" "-e" "SOURCE_DIR=/opt/rustwide/workdir" "-e" "CARGO_HOME=/opt/rustwide/cargo-home" "-e" "RUSTUP_HOME=/opt/rustwide/rustup-home" "-e" "CARGO_TARGET_DIR=/opt/rustwide/target" "-w" "/opt/rustwide/workdir" "--user" "0:0" "f5c0f1ca8604f8d0edd7ace891fd1e2a895fbb93fbc20a3fed3a8df49c31f13f" "/opt/rustwide/cargo-home/bin/cargo" "+1.99.0-beta.8" "metadata" "--no-deps" "--format-version=1", kill_on_drop: false }`
[INFO] running `Command { std: "docker" "inspect" "f5c0f1ca8604f8d0edd7ace891fd1e2a895fbb93fbc20a3fed3a8df49c31f13f", kill_on_drop: false }`
[INFO] running `Command { std: "docker" "exec" "-e" "SOURCE_DIR=/opt/rustwide/workdir" "-e" "CARGO_HOME=/opt/rustwide/cargo-home" "-e" "RUSTUP_HOME=/opt/rustwide/rustup-home" "-e" "CARGO_TARGET_DIR=/opt/rustwide/target" "-e" "CARGO_INCREMENTAL=0" "-e" "RUST_BACKTRACE=full" "-e" "RUSTFLAGS=--cap-lints=warn" "-e" "RUSTDOCFLAGS=--cap-lints=warn" "-w" "/opt/rustwide/workdir" "--user" "0:0" "f5c0f1ca8604f8d0edd7ace891fd1e2a895fbb93fbc20a3fed3a8df49c31f13f" "/opt/rustwide/cargo-home/bin/cargo" "+1.99.0-beta.8" "build" "--frozen" "--message-format=json", kill_on_drop: false }`
[INFO] [stderr]    Compiling quote v1.0.46
[INFO] [stderr]    Compiling libc v0.2.186
[INFO] [stderr]    Compiling smallvec v1.15.2
[INFO] [stderr]    Compiling pin-project-lite v0.2.17
[INFO] [stderr]    Compiling bytes v1.12.0
[INFO] [stderr]    Compiling futures-core v0.3.32
[INFO] [stderr]    Compiling shlex v2.0.1
[INFO] [stderr]    Compiling typenum v1.20.1
[INFO] [stderr]    Compiling memchr v2.8.2
[INFO] [stderr]    Compiling cc v1.2.66
[INFO] [stderr]    Compiling tracing-core v0.1.36
[INFO] [stderr]    Compiling serde_core v1.0.228
[INFO] [stderr]    Compiling autocfg v1.5.1
[INFO] [stderr]    Compiling syn v2.0.118
[INFO] [stderr]    Compiling http v1.4.2
[INFO] [stderr]    Compiling generic-array v0.14.7
[INFO] [stderr]    Compiling log v0.4.33
[INFO] [stderr]    Compiling num-traits v0.2.19
[INFO] [stderr]    Compiling litemap v0.8.2
[INFO] [stderr]    Compiling writeable v0.6.3
[INFO] [stderr]    Compiling zerocopy v0.8.53
[INFO] [stderr]    Compiling icu_normalizer_data v2.2.0
[INFO] [stderr]    Compiling icu_properties_data v2.2.0
[INFO] [stderr]    Compiling slab v0.4.12
[INFO] [stderr]    Compiling http-body v1.0.1
[INFO] [stderr]    Compiling futures-task v0.3.32
[INFO] [stderr]    Compiling zeroize v1.9.0
[INFO] [stderr]    Compiling getrandom v0.2.17
[INFO] [stderr]    Compiling errno v0.3.14
[INFO] [stderr]    Compiling parking_lot_core v0.9.12
[INFO] [stderr]    Compiling signal-hook-registry v1.4.8
[INFO] [stderr]    Compiling mio v1.2.1
[INFO] [stderr]    Compiling rand_core v0.6.4
[INFO] [stderr]    Compiling parking_lot v0.12.5
[INFO] [stderr]    Compiling socket2 v0.6.4
[INFO] [stderr]    Compiling crypto-common v0.1.7
[INFO] [stderr]    Compiling ring v0.17.14
[INFO] [stderr]    Compiling rustls-pki-types v1.15.0
[INFO] [stderr]    Compiling bitflags v2.13.0
[INFO] [stderr]    Compiling try-lock v0.2.5
[INFO] [stderr]    Compiling want v0.3.1
[INFO] [stderr]    Compiling futures-channel v0.3.32
[INFO] [stderr]    Compiling sync_wrapper v1.0.2
[INFO] [stderr]    Compiling unicase v2.9.0
[INFO] [stderr]    Compiling rustls v0.23.41
[INFO] [stderr]    Compiling time-core v0.1.9
[INFO] [stderr]    Compiling num-conv v0.2.2
[INFO] [stderr]    Compiling nom v7.1.3
[INFO] [stderr]    Compiling http-body-util v0.1.3
[INFO] [stderr]    Compiling mime_guess v2.0.5
[INFO] [stderr]    Compiling time-macros v0.2.32
[INFO] [stderr]    Compiling ahash v0.8.12
[INFO] [stderr]    Compiling deranged v0.5.8
[INFO] [stderr]    Compiling ipnet v2.12.0
[INFO] [stderr]    Compiling serde_json v1.0.150
[INFO] [stderr]    Compiling base64 v0.22.1
[INFO] [stderr]    Compiling inout v0.1.4
[INFO] [stderr]    Compiling ryu v1.0.23
[INFO] [stderr]    Compiling futures-sink v0.3.32
[INFO] [stderr]    Compiling rustix v1.1.4
[INFO] [stderr]    Compiling getrandom v0.4.3
[INFO] [stderr]    Compiling libsqlite3-sys v0.30.1
[INFO] [stderr]    Compiling time v0.3.54
[INFO] [stderr]    Compiling cipher v0.4.4
[INFO] [stderr]    Compiling num-integer v0.1.46
[INFO] [stderr]    Compiling rusticata-macros v4.1.0
[INFO] [stderr]    Compiling webpki-roots v1.0.8
[INFO] [stderr]    Compiling synstructure v0.13.2
[INFO] [stderr]    Compiling universal-hash v0.5.1
[INFO] [stderr]    Compiling multer v3.1.0
[INFO] [stderr]    Compiling regex-syntax v0.8.11
[INFO] [stderr]    Compiling oid-registry v0.8.1
[INFO] [stderr]    Compiling anyhow v1.0.103
[INFO] [stderr]    Compiling opaque-debug v0.3.1
[INFO] [stderr]    Compiling polyval v0.6.2
[INFO] [stderr]    Compiling num-bigint v0.4.8
[INFO] [stderr]    Compiling zerofrom-derive v0.1.7
[INFO] [stderr]    Compiling displaydoc v0.2.6
[INFO] [stderr]    Compiling yoke-derive v0.8.2
[INFO] [stderr]    Compiling zerovec-derive v0.11.3
[INFO] [stderr]    Compiling tokio-macros v2.7.0
[INFO] [stderr]    Compiling zerofrom v0.1.8
[INFO] [stderr]    Compiling tracing-attributes v0.1.31
[INFO] [stderr]    Compiling futures-macro v0.3.32
[INFO] [stderr]    Compiling serde_derive v1.0.228
[INFO] [stderr]    Compiling thiserror-impl v2.0.18
[INFO] [stderr]    Compiling tokio v1.52.3
[INFO] [stderr]    Compiling yoke v0.8.3
[INFO] [stderr]    Compiling zerotrie v0.2.4
[INFO] [stderr]    Compiling futures-util v0.3.32
[INFO] [stderr]    Compiling zerovec v0.11.6
[INFO] [stderr]    Compiling rustls-webpki v0.103.13
[INFO] [stderr]    Compiling tinystr v0.8.3
[INFO] [stderr]    Compiling tracing v0.1.44
[INFO] [stderr]    Compiling icu_locale_core v2.2.0
[INFO] [stderr]    Compiling potential_utf v0.1.5
[INFO] [stderr]    Compiling thiserror v2.0.18
[INFO] [stderr]    Compiling icu_collections v2.2.0
[INFO] [stderr]    Compiling asn1-rs-impl v0.2.0
[INFO] [stderr]    Compiling asn1-rs-derive v0.6.0
[INFO] [stderr]    Compiling icu_provider v2.2.0
[INFO] [stderr]    Compiling icu_properties v2.2.0
[INFO] [stderr]    Compiling icu_normalizer v2.2.0
[INFO] [stderr]    Compiling asn1-rs v0.7.2
[INFO] [stderr]    Compiling serde v1.0.228
[INFO] [stderr]    Compiling hashbrown v0.14.5
[INFO] [stderr]    Compiling ppv-lite86 v0.2.21
[INFO] [stderr]    Compiling regex-automata v0.4.14
[INFO] [stderr]    Compiling serde_urlencoded v0.7.1
[INFO] [stderr]    Compiling block-buffer v0.10.4
[INFO] [stderr]    Compiling simd-adler32 v0.3.10
[INFO] [stderr]    Compiling idna_adapter v1.2.2
[INFO] [stderr]    Compiling idna v1.1.0
[INFO] [stderr]    Compiling iana-time-zone v0.1.65
[INFO] [stderr]    Compiling adler2 v2.0.1
[INFO] [stderr]    Compiling spin v0.9.9
[INFO] [stderr]    Compiling miniz_oxide v0.8.9
[INFO] [stderr]    Compiling url v2.5.8
[INFO] [stderr]    Compiling chrono v0.4.45
[INFO] [stderr]    Compiling der-parser v10.0.0
[INFO] [stderr]    Compiling digest v0.10.7
[INFO] [stderr]    Compiling uuid v1.23.4
[INFO] [stderr]    Compiling hashlink v0.9.1
[INFO] [stderr]    Compiling rand_chacha v0.3.1
[INFO] [stderr]    Compiling axum-core v0.5.6
[INFO] [stderr]    Compiling matchers v0.2.0
[INFO] [stderr]    Compiling hyper v1.10.1
[INFO] [stderr]    Compiling tower v0.5.3
[INFO] [stderr]    Compiling tokio-rustls v0.26.4
[INFO] [stderr]    Compiling tokio-util v0.7.18
[INFO] [stderr]    Compiling xattr v1.6.1
[INFO] [stderr]    Compiling hyper-util v0.1.20
[INFO] [stderr]    Compiling tower-http v0.6.11
[INFO] [stderr]    Compiling axum-macros v0.5.1
[INFO] [stderr]    Compiling ghash v0.5.1
[INFO] [stderr]    Compiling ctr v0.9.2
[INFO] [stderr]    Compiling aes v0.8.4
[INFO] [stderr]    Compiling serde_path_to_error v0.1.20
[INFO] [stderr]    Compiling aead v0.5.2
[INFO] [stderr]    Compiling sysinfo v0.37.2
[INFO] [stderr]    Compiling filetime v0.2.29
[INFO] [stderr]    Compiling tracing-log v0.2.0
[INFO] [stderr]    Compiling data-encoding v2.11.0
[INFO] [stderr]    Compiling rusqlite v0.32.1
[INFO] [stderr]    Compiling hyper-rustls v0.27.9
[INFO] [stderr]    Compiling tracing-subscriber v0.3.23
[INFO] [stderr]    Compiling reqwest v0.12.28
[INFO] [stderr]    Compiling x509-parser v0.18.1
[INFO] [stderr]    Compiling aes-gcm v0.10.3
[INFO] [stderr]    Compiling axum v0.8.9
[INFO] [stderr]    Compiling tar v0.4.46
[INFO] [stderr]    Compiling flate2 v1.1.9
[INFO] [stderr]    Compiling rand v0.8.7
[INFO] [stderr]    Compiling sha2 v0.10.9
[INFO] [stderr]    Compiling agent v1.0.7 (/opt/rustwide/workdir/crates/agent)
[INFO] [stderr]    Compiling server v1.0.7 (/opt/rustwide/workdir/crates/server)
[INFO] [stderr]     Finished `dev` profile [unoptimized + debuginfo] target(s) in 2m 47s
[INFO] running `Command { std: "docker" "inspect" "f5c0f1ca8604f8d0edd7ace891fd1e2a895fbb93fbc20a3fed3a8df49c31f13f", kill_on_drop: false }`
[INFO] running `Command { std: "docker" "exec" "-e" "SOURCE_DIR=/opt/rustwide/workdir" "-e" "CARGO_HOME=/opt/rustwide/cargo-home" "-e" "RUSTUP_HOME=/opt/rustwide/rustup-home" "-e" "CARGO_TARGET_DIR=/opt/rustwide/target" "-e" "CARGO_INCREMENTAL=0" "-e" "RUST_BACKTRACE=full" "-e" "RUSTFLAGS=--cap-lints=warn" "-e" "RUSTDOCFLAGS=--cap-lints=warn" "-w" "/opt/rustwide/workdir" "--user" "0:0" "f5c0f1ca8604f8d0edd7ace891fd1e2a895fbb93fbc20a3fed3a8df49c31f13f" "/opt/rustwide/cargo-home/bin/cargo" "+1.99.0-beta.8" "test" "--frozen" "--no-run" "--message-format=json", kill_on_drop: false }`
[INFO] [stderr]    Compiling agent v1.0.7 (/opt/rustwide/workdir/crates/agent)
[INFO] [stderr]    Compiling server v1.0.7 (/opt/rustwide/workdir/crates/server)
[INFO] [stderr]     Finished `test` profile [unoptimized + debuginfo] target(s) in 7.86s
[INFO] running `Command { std: "docker" "inspect" "f5c0f1ca8604f8d0edd7ace891fd1e2a895fbb93fbc20a3fed3a8df49c31f13f", kill_on_drop: false }`
[INFO] running `Command { std: "docker" "exec" "-e" "SOURCE_DIR=/opt/rustwide/workdir" "-e" "CARGO_HOME=/opt/rustwide/cargo-home" "-e" "RUSTUP_HOME=/opt/rustwide/rustup-home" "-e" "CARGO_TARGET_DIR=/opt/rustwide/target" "-e" "CARGO_INCREMENTAL=0" "-e" "RUST_BACKTRACE=full" "-e" "RUSTFLAGS=--cap-lints=warn" "-e" "RUSTDOCFLAGS=--cap-lints=warn" "-w" "/opt/rustwide/workdir" "--user" "0:0" "f5c0f1ca8604f8d0edd7ace891fd1e2a895fbb93fbc20a3fed3a8df49c31f13f" "/opt/rustwide/cargo-home/bin/cargo" "+1.99.0-beta.8" "test" "--frozen", kill_on_drop: false }`
[INFO] [stderr]     Finished `test` profile [unoptimized + debuginfo] target(s) in 0.29s
[INFO] [stderr]      Running unittests src/main.rs (/opt/rustwide/target/debug/deps/agent-0df47949573114cd)
[INFO] [stderr]      Running unittests src/main.rs (/opt/rustwide/target/debug/deps/server-2792f881e8b728e6)
[INFO] [stdout] 
[INFO] [stdout] running 0 tests
[INFO] [stdout] 
[INFO] [stdout] test result: ok. 0 passed; 0 failed; 0 ignored; 0 measured; 0 filtered out; finished in 0.00s
[INFO] [stdout] 
[INFO] [stdout] 
[INFO] [stdout] running 35 tests
[INFO] [stdout] test credential::tests::encrypts_with_random_nonces_and_decrypts ... ok
[INFO] [stdout] test geo::tests::extract_host_ipv4_port ... ok
[INFO] [stdout] test geo::tests::extract_host_plain ... ok
[INFO] [stdout] test geo::tests::extracts_ipv6_addresses ... ok
[INFO] [stdout] test geo::tests::formats_country_flags ... ok
[INFO] [stdout] test models::tests::deduplicates_masked_addresses_and_sanitizes_public_domains ... ok
[INFO] [stdout] test models::tests::masks_public_ipv4_addresses ... ok
[INFO] [stdout] test models::tests::masks_public_ipv6_addresses_and_zone_ids ... ok
[INFO] [stdout] test models::tests::omits_invalid_public_addresses ... ok
[INFO] [stdout] test probe::tests::detects_host_address_domains ... ok
[INFO] [stdout] test probe::tests::parses_domains_and_urls ... ok
[INFO] [stdout] test probe::tests::separates_ipv4_and_ipv6_results ... ok
[INFO] [stdout] test routes::tests::auto_from_host_when_public_url_empty ... ok
[INFO] [stdout] test routes::tests::detects_placeholder ... ok
[INFO] [stdout] test routes::tests::fixes_slash_before_port_typo ... ok
[INFO] [stdout] test routes::tests::ignores_loopback_config_and_uses_origin ... ok
[INFO] [stdout] test routes::tests::ignores_placeholder_and_uses_request ... ok
[INFO] [stdout] test routes::tests::prefers_explicit_public_url ... ok
[INFO] [stdout] test routes::tests::sanitizes_ssh_key_download_file_names ... ok
[INFO] [stdout] test routes::tests::uninstall_script_removes_service_and_files ... ok
[INFO] [stdout] test ssh_keys::tests::validates_key_names_and_contents ... ok
[INFO] [stdout] test db::tests::stores_ssh_password_as_encrypted_ciphertext ... ok
[INFO] [stdout] test db::tests::switches_host_between_password_and_key_authentication ... ok
[INFO] [stdout] test updater::tests::prefers_launcher_running_version_over_bundled_version ... ok
[INFO] [stdout] test db::tests::manages_ssh_keys_and_prevents_deleting_keys_in_use ... ok
[INFO] [stdout] test db::tests::stores_host_domains_expiry_and_probe_results ... ok
[INFO] [stdout] test updater::tests::reads_named_checksum_only ... ok
[INFO] [stdout] test updater::tests::reads_only_valid_version_pointers ... ok
[INFO] [stdout] test updater::tests::deletes_a_non_active_initial_version_and_clears_rollback_pointer ... ok
[INFO] [stdout] test db::tests::system_host_is_monitored_and_cannot_be_deleted ... ok
[INFO] [stdout] test updater::tests::validates_release_versions ... ok
[INFO] [stdout] test updater::tests::protects_current_and_configured_active_versions ... ok
[INFO] [stdout] test db::tests::migrates_probe_columns_for_existing_databases ... ok
[INFO] [stdout] test updater::tests::keeps_the_current_runtime_directory ... ok
[INFO] [stdout] test db::tests::stores_interval_and_uses_it_for_offline_grace ... FAILED
[INFO] [stdout] 
[INFO] [stdout] failures:
[INFO] [stdout] 
[INFO] [stdout] ---- db::tests::stores_interval_and_uses_it_for_offline_grace stdout ----
[INFO] [stdout] 
[INFO] [stdout] thread 'db::tests::stores_interval_and_uses_it_for_offline_grace' (2353) panicked at crates/server/src/db.rs:1542:9:
[INFO] [stdout] assertion failed: (latest_rx_rate - 1024.0).abs() < 5.0
[INFO] [stdout] stack backtrace:
[INFO] [stdout]    0:     0x5bc5881a0ba1 - std[70759c8f55707aa4]::backtrace_rs::backtrace::libunwind::trace
[INFO] [stdout]                                at /rustc/dfb0accb7f508ae8be965d8629557221c889dd98/library/std/src/../../backtrace/src/backtrace/libunwind.rs:117:9
[INFO] [stdout]    1:     0x5bc5881a0ba1 - std[70759c8f55707aa4]::backtrace_rs::backtrace::trace_unsynchronized::<std[70759c8f55707aa4]::sys::backtrace::_print_fmt::{closure#1}>
[INFO] [stdout]                                at /rustc/dfb0accb7f508ae8be965d8629557221c889dd98/library/std/src/../../backtrace/src/backtrace/mod.rs:66:14
[INFO] [stdout]    2:     0x5bc5881a0ba1 - std[70759c8f55707aa4]::sys::backtrace::_print_fmt
[INFO] [stdout]                                at /rustc/dfb0accb7f508ae8be965d8629557221c889dd98/library/std/src/sys/backtrace.rs:74:9
[INFO] [stdout]    3:     0x5bc5881a0ba1 - <<std[70759c8f55707aa4]::sys::backtrace::BacktraceLock>::print::DisplayBacktrace as core[df12db4294e9bfd3]::fmt::Display>::fmt
[INFO] [stdout]                                at /rustc/dfb0accb7f508ae8be965d8629557221c889dd98/library/std/src/sys/backtrace.rs:44:26
[INFO] [stdout]    4:     0x5bc5881b7d6a - <core[df12db4294e9bfd3]::fmt::rt::Argument>::fmt
[INFO] [stdout]                                at /rustc/dfb0accb7f508ae8be965d8629557221c889dd98/library/core/src/fmt/rt.rs:152:76
[INFO] [stdout]    5:     0x5bc5881b7d6a - core[df12db4294e9bfd3]::fmt::write
[INFO] [stdout]    6:     0x5bc5881a57bc - core[df12db4294e9bfd3]::io::write::default_write_fmt::<alloc[2182bb758b4b3781]::vec::Vec<u8>>
[INFO] [stdout]                                at /rustc/dfb0accb7f508ae8be965d8629557221c889dd98/library/core/src/io/write.rs:402:11
[INFO] [stdout]    7:     0x5bc5881a57bc - <alloc[2182bb758b4b3781]::vec::Vec<u8> as core[df12db4294e9bfd3]::io::write::Write>::write_fmt
[INFO] [stdout]                                at /rustc/dfb0accb7f508ae8be965d8629557221c889dd98/library/core/src/io/write.rs:335:13
[INFO] [stdout]    8:     0x5bc58817abc6 - <std[70759c8f55707aa4]::sys::backtrace::BacktraceLock>::print
[INFO] [stdout]                                at /rustc/dfb0accb7f508ae8be965d8629557221c889dd98/library/std/src/sys/backtrace.rs:47:9
[INFO] [stdout]    9:     0x5bc58817abc6 - std[70759c8f55707aa4]::panicking::default_hook::{closure#0}
[INFO] [stdout]                                at /rustc/dfb0accb7f508ae8be965d8629557221c889dd98/library/std/src/panicking.rs:292:27
[INFO] [stdout]   10:     0x5bc588198279 - std[70759c8f55707aa4]::panicking::default_hook
[INFO] [stdout]                                at /rustc/dfb0accb7f508ae8be965d8629557221c889dd98/library/std/src/panicking.rs:316:9
[INFO] [stdout]   11:     0x5bc587e89230 - <alloc[2182bb758b4b3781]::boxed::Box<dyn for<'a, 'b> core[df12db4294e9bfd3]::ops::function::Fn<(&'a std[70759c8f55707aa4]::panic::PanicHookInfo<'b>,), Output = ()> + core[df12db4294e9bfd3]::marker::Send + core[df12db4294e9bfd3]::marker::Sync> as core[df12db4294e9bfd3]::ops::function::Fn<(&std[70759c8f55707aa4]::panic::PanicHookInfo,)>>::call
[INFO] [stdout]                                at /rustc/dfb0accb7f508ae8be965d8629557221c889dd98/library/alloc/src/boxed.rs:2334:9
[INFO] [stdout]   12:     0x5bc587e89230 - test[9d35eded1c95d3be]::test_main_inner::<test[9d35eded1c95d3be]::test_main_static::{closure#0}>::{closure#0}
[INFO] [stdout]                                at /rustc/dfb0accb7f508ae8be965d8629557221c889dd98/library/test/src/lib.rs:155:21
[INFO] [stdout]   13:     0x5bc588198432 - <alloc[2182bb758b4b3781]::boxed::Box<dyn for<'a, 'b> core[df12db4294e9bfd3]::ops::function::Fn<(&'a std[70759c8f55707aa4]::panic::PanicHookInfo<'b>,), Output = ()> + core[df12db4294e9bfd3]::marker::Send + core[df12db4294e9bfd3]::marker::Sync> as core[df12db4294e9bfd3]::ops::function::Fn<(&std[70759c8f55707aa4]::panic::PanicHookInfo,)>>::call
[INFO] [stdout]                                at /rustc/dfb0accb7f508ae8be965d8629557221c889dd98/library/alloc/src/boxed.rs:2334:9
[INFO] [stdout]   14:     0x5bc588198432 - std[70759c8f55707aa4]::panicking::panic_with_hook
[INFO] [stdout]                                at /rustc/dfb0accb7f508ae8be965d8629557221c889dd98/library/std/src/panicking.rs:823:13
[INFO] [stdout]   15:     0x5bc58817aca4 - std[70759c8f55707aa4]::panicking::panic_handler::{closure#0}
[INFO] [stdout]                                at /rustc/dfb0accb7f508ae8be965d8629557221c889dd98/library/std/src/panicking.rs:681:13
[INFO] [stdout]   16:     0x5bc5881731b9 - std[70759c8f55707aa4]::sys::backtrace::__rust_end_short_backtrace::<std[70759c8f55707aa4]::panicking::panic_handler::{closure#0}, !>
[INFO] [stdout]                                at /rustc/dfb0accb7f508ae8be965d8629557221c889dd98/library/std/src/sys/backtrace.rs:182:18
[INFO] [stdout]   17:     0x5bc58817ba3d - __rustc[8fa7c3cbc660c2b3]::rust_begin_unwind
[INFO] [stdout]                                at /rustc/dfb0accb7f508ae8be965d8629557221c889dd98/library/std/src/panicking.rs:679:5
[INFO] [stdout]   18:     0x5bc5881b85bc - core[df12db4294e9bfd3]::panicking::panic_fmt
[INFO] [stdout]                                at /rustc/dfb0accb7f508ae8be965d8629557221c889dd98/library/core/src/panicking.rs:80:14
[INFO] [stdout]   19:     0x5bc5881b8582 - core[df12db4294e9bfd3]::panicking::panic
[INFO] [stdout]                                at /rustc/dfb0accb7f508ae8be965d8629557221c889dd98/library/core/src/panicking.rs:150:5
[INFO] [stdout]   20:     0x5bc587e20668 - server[83b83a8d010c4906]::db::tests::stores_interval_and_uses_it_for_offline_grace
[INFO] [stdout]                                at /opt/rustwide/workdir/crates/server/src/db.rs:1542:9
[INFO] [stdout]   21:     0x5bc587e14a77 - server[83b83a8d010c4906]::db::tests::stores_interval_and_uses_it_for_offline_grace::{closure#0}
[INFO] [stdout]                                at /opt/rustwide/workdir/crates/server/src/db.rs:1440:55
[INFO] [stdout]   22:     0x5bc587de3a26 - <server[83b83a8d010c4906]::db::tests::stores_interval_and_uses_it_for_offline_grace::{closure#0} as core[df12db4294e9bfd3]::ops::function::FnOnce<()>>::call_once
[INFO] [stdout]                                at /rustc/dfb0accb7f508ae8be965d8629557221c889dd98/library/core/src/ops/function.rs:250:5
[INFO] [stdout]   23:     0x5bc587e7c51b - <fn() -> core[df12db4294e9bfd3]::result::Result<(), alloc[2182bb758b4b3781]::string::String> as core[df12db4294e9bfd3]::ops::function::FnOnce<()>>::call_once
[INFO] [stdout]                                at /rustc/dfb0accb7f508ae8be965d8629557221c889dd98/library/core/src/ops/function.rs:250:5
[INFO] [stdout]   24:     0x5bc587e7c51b - test[9d35eded1c95d3be]::__rust_begin_short_backtrace::<core[df12db4294e9bfd3]::result::Result<(), alloc[2182bb758b4b3781]::string::String>, fn() -> core[df12db4294e9bfd3]::result::Result<(), alloc[2182bb758b4b3781]::string::String>>
[INFO] [stdout]                                at /rustc/dfb0accb7f508ae8be965d8629557221c889dd98/library/test/src/lib.rs:733:18
[INFO] [stdout]   25:     0x5bc587e89b85 - test[9d35eded1c95d3be]::run_test_in_process::{closure#0}
[INFO] [stdout]                                at /rustc/dfb0accb7f508ae8be965d8629557221c889dd98/library/test/src/lib.rs:756:74
[INFO] [stdout]   26:     0x5bc587e89b85 - <core[df12db4294e9bfd3]::panic::unwind_safe::AssertUnwindSafe<test[9d35eded1c95d3be]::run_test_in_process::{closure#0}> as core[df12db4294e9bfd3]::ops::function::FnOnce<()>>::call_once
[INFO] [stdout]                                at /rustc/dfb0accb7f508ae8be965d8629557221c889dd98/library/core/src/panic/unwind_safe.rs:275:9
[INFO] [stdout]   27:     0x5bc587e89b85 - std[70759c8f55707aa4]::panicking::catch_unwind::do_call::<core[df12db4294e9bfd3]::panic::unwind_safe::AssertUnwindSafe<test[9d35eded1c95d3be]::run_test_in_process::{closure#0}>, core[df12db4294e9bfd3]::result::Result<(), alloc[2182bb758b4b3781]::string::String>>
[INFO] [stdout]                                at /rustc/dfb0accb7f508ae8be965d8629557221c889dd98/library/std/src/panicking.rs:576:43
[INFO] [stdout]   28:     0x5bc587e89b85 - std[70759c8f55707aa4]::panicking::catch_unwind::<core[df12db4294e9bfd3]::result::Result<(), alloc[2182bb758b4b3781]::string::String>, core[df12db4294e9bfd3]::panic::unwind_safe::AssertUnwindSafe<test[9d35eded1c95d3be]::run_test_in_process::{closure#0}>>
[INFO] [stdout]                                at /rustc/dfb0accb7f508ae8be965d8629557221c889dd98/library/std/src/panicking.rs:544:19
[INFO] [stdout]   29:     0x5bc587e89b85 - std[70759c8f55707aa4]::panic::catch_unwind::<core[df12db4294e9bfd3]::panic::unwind_safe::AssertUnwindSafe<test[9d35eded1c95d3be]::run_test_in_process::{closure#0}>, core[df12db4294e9bfd3]::result::Result<(), alloc[2182bb758b4b3781]::string::String>>
[INFO] [stdout]                                at /rustc/dfb0accb7f508ae8be965d8629557221c889dd98/library/std/src/panic.rs:359:14
[INFO] [stdout]   30:     0x5bc587e89b85 - test[9d35eded1c95d3be]::run_test_in_process
[INFO] [stdout]                                at /rustc/dfb0accb7f508ae8be965d8629557221c889dd98/library/test/src/lib.rs:756:27
[INFO] [stdout]   31:     0x5bc587e89b85 - test[9d35eded1c95d3be]::run_test::{closure#0}
[INFO] [stdout]                                at /rustc/dfb0accb7f508ae8be965d8629557221c889dd98/library/test/src/lib.rs:677:43
[INFO] [stdout]   32:     0x5bc587e83444 - test[9d35eded1c95d3be]::run_test::{closure#1}
[INFO] [stdout]                                at /rustc/dfb0accb7f508ae8be965d8629557221c889dd98/library/test/src/lib.rs:707:41
[INFO] [stdout]   33:     0x5bc587e83444 - std[70759c8f55707aa4]::sys::backtrace::__rust_begin_short_backtrace::<test[9d35eded1c95d3be]::run_test::{closure#1}, ()>
[INFO] [stdout]                                at /rustc/dfb0accb7f508ae8be965d8629557221c889dd98/library/std/src/sys/backtrace.rs:166:18
[INFO] [stdout]   34:     0x5bc587e8cce2 - std[70759c8f55707aa4]::thread::lifecycle::spawn_unchecked::<test[9d35eded1c95d3be]::run_test::{closure#1}, ()>::{closure#1}::{closure#0}
[INFO] [stdout]                                at /rustc/dfb0accb7f508ae8be965d8629557221c889dd98/library/std/src/thread/lifecycle.rs:70:13
[INFO] [stdout]   35:     0x5bc587e8cce2 - <core[df12db4294e9bfd3]::panic::unwind_safe::AssertUnwindSafe<std[70759c8f55707aa4]::thread::lifecycle::spawn_unchecked<test[9d35eded1c95d3be]::run_test::{closure#1}, ()>::{closure#1}::{closure#0}> as core[df12db4294e9bfd3]::ops::function::FnOnce<()>>::call_once
[INFO] [stdout]                                at /rustc/dfb0accb7f508ae8be965d8629557221c889dd98/library/core/src/panic/unwind_safe.rs:275:9
[INFO] [stdout]   36:     0x5bc587e8cce2 - std[70759c8f55707aa4]::panicking::catch_unwind::do_call::<core[df12db4294e9bfd3]::panic::unwind_safe::AssertUnwindSafe<std[70759c8f55707aa4]::thread::lifecycle::spawn_unchecked<test[9d35eded1c95d3be]::run_test::{closure#1}, ()>::{closure#1}::{closure#0}>, ()>
[INFO] [stdout]                                at /rustc/dfb0accb7f508ae8be965d8629557221c889dd98/library/std/src/panicking.rs:576:43
[INFO] [stdout]   37:     0x5bc587e8cce2 - std[70759c8f55707aa4]::panicking::catch_unwind::<(), core[df12db4294e9bfd3]::panic::unwind_safe::AssertUnwindSafe<std[70759c8f55707aa4]::thread::lifecycle::spawn_unchecked<test[9d35eded1c95d3be]::run_test::{closure#1}, ()>::{closure#1}::{closure#0}>>
[INFO] [stdout]                                at /rustc/dfb0accb7f508ae8be965d8629557221c889dd98/library/std/src/panicking.rs:544:19
[INFO] [stdout]   38:     0x5bc587e8cce2 - std[70759c8f55707aa4]::panic::catch_unwind::<core[df12db4294e9bfd3]::panic::unwind_safe::AssertUnwindSafe<std[70759c8f55707aa4]::thread::lifecycle::spawn_unchecked<test[9d35eded1c95d3be]::run_test::{closure#1}, ()>::{closure#1}::{closure#0}>, ()>
[INFO] [stdout]                                at /rustc/dfb0accb7f508ae8be965d8629557221c889dd98/library/std/src/panic.rs:359:14
[INFO] [stdout]   39:     0x5bc587e8cce2 - std[70759c8f55707aa4]::thread::lifecycle::spawn_unchecked::<test[9d35eded1c95d3be]::run_test::{closure#1}, ()>::{closure#1}
[INFO] [stdout]                                at /rustc/dfb0accb7f508ae8be965d8629557221c889dd98/library/std/src/thread/lifecycle.rs:68:26
[INFO] [stdout]   40:     0x5bc587e8cce2 - <std[70759c8f55707aa4]::thread::lifecycle::spawn_unchecked<test[9d35eded1c95d3be]::run_test::{closure#1}, ()>::{closure#1} as core[df12db4294e9bfd3]::ops::function::FnOnce<()>>::call_once::{shim:vtable#0}
[INFO] [stdout]                                at /rustc/dfb0accb7f508ae8be965d8629557221c889dd98/library/core/src/ops/function.rs:250:5
[INFO] [stdout]   41:     0x5bc58819ff19 - <alloc[2182bb758b4b3781]::boxed::Box<dyn core[df12db4294e9bfd3]::ops::function::FnOnce<(), Output = ()> + core[df12db4294e9bfd3]::marker::Send> as core[df12db4294e9bfd3]::ops::function::FnOnce<()>>::call_once
[INFO] [stdout]                                at /rustc/dfb0accb7f508ae8be965d8629557221c889dd98/library/alloc/src/boxed.rs:2320:9
[INFO] [stdout]   42:     0x5bc58819ff19 - <std[70759c8f55707aa4]::sys::thread::unix::Thread>::new::thread_start
[INFO] [stdout]                                at /rustc/dfb0accb7f508ae8be965d8629557221c889dd98/library/std/src/sys/thread/unix.rs:123:17
[INFO] [stdout]   43:     0x7eef65eeedfa - <unknown>
[INFO] [stdout]   44:     0x7eef65f823d4 - clone
[INFO] [stdout]   45:                0x0 - <unknown>
[INFO] [stdout] 
[INFO] [stdout] 
[INFO] [stdout] failures:
[INFO] [stdout]     db::tests::stores_interval_and_uses_it_for_offline_grace
[INFO] [stdout] 
[INFO] [stdout] test result: FAILED. 34 passed; 1 failed; 0 ignored; 0 measured; 0 filtered out; finished in 0.62s
[INFO] [stdout] 
[INFO] [stderr] error: test failed, to rerun pass `-p server --bin server`
[INFO] running `Command { std: "docker" "inspect" "f5c0f1ca8604f8d0edd7ace891fd1e2a895fbb93fbc20a3fed3a8df49c31f13f", kill_on_drop: false }`
[INFO] running `Command { std: "docker" "rm" "-f" "f5c0f1ca8604f8d0edd7ace891fd1e2a895fbb93fbc20a3fed3a8df49c31f13f", kill_on_drop: false }`
[INFO] [stdout] f5c0f1ca8604f8d0edd7ace891fd1e2a895fbb93fbc20a3fed3a8df49c31f13f
