[INFO] cloning repository https://github.com/AlexanderNyr/AuraLite-Physics-Engine
[INFO] running `Command { std: "git" "-c" "credential.helper=" "-c" "credential.helper=/workspace/cargo-home/bin/git-credential-null" "clone" "--bare" "https://github.com/AlexanderNyr/AuraLite-Physics-Engine" "/workspace/cache/git-repos/https%3A%2F%2Fgithub.com%2FAlexanderNyr%2FAuraLite-Physics-Engine", kill_on_drop: false }`
[INFO] [stderr] Cloning into bare repository '/workspace/cache/git-repos/https%3A%2F%2Fgithub.com%2FAlexanderNyr%2FAuraLite-Physics-Engine'...
[INFO] running `Command { std: "git" "rev-parse" "HEAD", kill_on_drop: false }`
[INFO] [stdout] 3ed47c774702be4a133f354b4dddc38c95f7db16
[INFO] testing AlexanderNyr/AuraLite-Physics-Engine against 1.100.0-beta.1 for beta-1.100-2
[INFO] running `Command { std: "git" "clone" "/workspace/cache/git-repos/https%3A%2F%2Fgithub.com%2FAlexanderNyr%2FAuraLite-Physics-Engine" "/workspace/builds/worker-1-tc2/source", kill_on_drop: false }`
[INFO] [stderr] Cloning into '/workspace/builds/worker-1-tc2/source'...
[INFO] [stderr] done.
[INFO] removed /workspace/builds/worker-1-tc2/source/rust-toolchain.toml
[INFO] started tweaking git repo https://github.com/AlexanderNyr/AuraLite-Physics-Engine
[INFO] finished tweaking git repo https://github.com/AlexanderNyr/AuraLite-Physics-Engine
[INFO] tweaked toml for git repo https://github.com/AlexanderNyr/AuraLite-Physics-Engine written to /workspace/builds/worker-1-tc2/source/Cargo.toml
[INFO] validating manifest of git repo https://github.com/AlexanderNyr/AuraLite-Physics-Engine on toolchain 1.100.0-beta.1
[INFO] running `Command { std: CARGO_HOME="/workspace/cargo-home" RUSTUP_HOME="/workspace/rustup-home" "/workspace/cargo-home/bin/cargo" "+1.100.0-beta.1" "metadata" "--manifest-path" "Cargo.toml" "--no-deps", kill_on_drop: false }`
[INFO] crate git repo https://github.com/AlexanderNyr/AuraLite-Physics-Engine already has a lockfile, it will not be regenerated
[INFO] running `Command { std: CARGO_HOME="/workspace/cargo-home" RUSTUP_HOME="/workspace/rustup-home" "/workspace/cargo-home/bin/cargo" "+1.100.0-beta.1" "fetch" "--manifest-path" "Cargo.toml", kill_on_drop: false }`
[INFO] [stderr] warning: unused field `authors` in `workspace.package`
[INFO] [stderr]   --> Cargo.toml:19:1
[INFO] [stderr]    |
[INFO] [stderr] 19 | authors = ["AuraLite contributors"]
[INFO] [stderr]    | ^^^^^^^
[INFO] [stderr]    |
[INFO] [stderr]    = note: `cargo::unused_workspace_package_fields` is set to `warn` by default
[INFO] [stderr] help: consider removing the field `workspace.package.authors`
[INFO] [stderr] warning: workspace (manifest) generated 1 warning
[INFO] running `Command { std: "docker" "create" "-v" "/var/lib/crater-agent-workspace/builds/worker-1-tc2/source:/opt/rustwide/workdir:ro,Z" "-v" "/var/lib/crater-agent-workspace/builds/worker-1-tc2/target:/opt/rustwide/target:rw,Z" "-v" "/var/lib/crater-agent-workspace/cargo-home:/opt/rustwide/cargo-home:ro,Z" "-v" "/var/lib/crater-agent-workspace/rustup-home:/opt/rustwide/rustup-home:ro,Z" "-m" "1610612736" "--network" "none" "ghcr.io/rust-lang/crates-build-env/linux@sha256:3111399a4047eeb3a02b7a90e478d715f38a8c6669b5c4b49d30a17385265909" "sleep" "infinity", kill_on_drop: false }`
[INFO] [stdout] 806bb85c0af2e5844118b524df6dc8c1473c342ac7703f93e17f8342330d97de
[INFO] running `Command { std: "docker" "start" "806bb85c0af2e5844118b524df6dc8c1473c342ac7703f93e17f8342330d97de", kill_on_drop: false }`
[INFO] running `Command { std: "docker" "inspect" "806bb85c0af2e5844118b524df6dc8c1473c342ac7703f93e17f8342330d97de", kill_on_drop: false }`
[INFO] running `Command { std: "docker" "exec" "-e" "SOURCE_DIR=/opt/rustwide/workdir" "-e" "CARGO_HOME=/opt/rustwide/cargo-home" "-e" "RUSTUP_HOME=/opt/rustwide/rustup-home" "-e" "CARGO_TARGET_DIR=/opt/rustwide/target" "-w" "/opt/rustwide/workdir" "--user" "0:0" "806bb85c0af2e5844118b524df6dc8c1473c342ac7703f93e17f8342330d97de" "/opt/rustwide/cargo-home/bin/cargo" "+1.100.0-beta.1" "metadata" "--no-deps" "--format-version=1", kill_on_drop: false }`
[INFO] running `Command { std: "docker" "inspect" "806bb85c0af2e5844118b524df6dc8c1473c342ac7703f93e17f8342330d97de", kill_on_drop: false }`
[INFO] running `Command { std: "docker" "exec" "-e" "SOURCE_DIR=/opt/rustwide/workdir" "-e" "CARGO_HOME=/opt/rustwide/cargo-home" "-e" "RUSTUP_HOME=/opt/rustwide/rustup-home" "-e" "CARGO_TARGET_DIR=/opt/rustwide/target" "-e" "CARGO_INCREMENTAL=0" "-e" "RUST_BACKTRACE=full" "-e" "RUSTFLAGS=--cap-lints=warn" "-e" "RUSTDOCFLAGS=--cap-lints=warn" "-w" "/opt/rustwide/workdir" "--user" "0:0" "806bb85c0af2e5844118b524df6dc8c1473c342ac7703f93e17f8342330d97de" "/opt/rustwide/cargo-home/bin/cargo" "+1.100.0-beta.1" "build" "--frozen" "--message-format=json", kill_on_drop: false }`
[INFO] [stderr] warning: unused field `authors` in `workspace.package`
[INFO] [stderr]   --> Cargo.toml:19:1
[INFO] [stderr]    |
[INFO] [stderr] 19 | authors = ["AuraLite contributors"]
[INFO] [stderr]    | ^^^^^^^
[INFO] [stderr]    |
[INFO] [stderr]    = note: `cargo::unused_workspace_package_fields` is set to `warn` by default
[INFO] [stderr] help: consider removing the field `workspace.package.authors`
[INFO] [stderr] warning: workspace (manifest) generated 1 warning
[INFO] [stderr]    Compiling auralite-math v0.1.0 (/opt/rustwide/workdir/crates/auralite-math)
[INFO] [stderr]    Compiling auralite-core v0.1.0 (/opt/rustwide/workdir/crates/auralite-core)
[INFO] [stderr]    Compiling auralite-geometry v0.1.0 (/opt/rustwide/workdir/crates/auralite-geometry)
[INFO] [stderr]    Compiling auralite-collision v0.1.0 (/opt/rustwide/workdir/crates/auralite-collision)
[INFO] [stderr]    Compiling auralite-dynamics v0.1.0 (/opt/rustwide/workdir/crates/auralite-dynamics)
[INFO] [stderr]    Compiling auralite-softbody v0.1.0 (/opt/rustwide/workdir/crates/auralite-softbody)
[INFO] [stderr]    Compiling auralite-particles v0.1.0 (/opt/rustwide/workdir/crates/auralite-particles)
[INFO] [stderr]    Compiling auralite-vehicles v0.1.0 (/opt/rustwide/workdir/crates/auralite-vehicles)
[INFO] [stderr]    Compiling auralite-gpu v0.1.0 (/opt/rustwide/workdir/crates/auralite-gpu)
[INFO] [stderr]    Compiling auralite-serialize v0.1.0 (/opt/rustwide/workdir/crates/auralite-serialize)
[INFO] [stderr]    Compiling auralite-ffi v0.1.0 (/opt/rustwide/workdir/crates/auralite-ffi)
[INFO] [stderr]    Compiling auralite-sandbox v0.1.0 (/opt/rustwide/workdir/crates/auralite-sandbox)
[INFO] [stderr]    Compiling auralite-fuzz v0.1.0 (/opt/rustwide/workdir/crates/auralite-fuzz)
[INFO] [stderr] warning: unused dependency `auralite-dynamics`
[INFO] [stderr]   --> crates/auralite-gpu/Cargo.toml:16:1
[INFO] [stderr]    |
[INFO] [stderr] 16 | auralite-dynamics = { path = "../auralite-dynamics" }
[INFO] [stderr]    | ^^^^^^^^^^^^^^^^^^^^^^^^^^^^^^^^^^^^^^^^^^^^^^^^^^^^^
[INFO] [stderr]    |
[INFO] [stderr]    = note: `cargo::unused_dependencies` is set to `warn` by default
[INFO] [stderr] help: consider removing the dependency on `auralite-dynamics`
[INFO] [stderr] warning: `auralite-gpu` (manifest) generated 1 warning
[INFO] [stderr]     Finished `dev` profile [unoptimized + debuginfo] target(s) in 6.94s
[INFO] running `Command { std: "docker" "inspect" "806bb85c0af2e5844118b524df6dc8c1473c342ac7703f93e17f8342330d97de", kill_on_drop: false }`
[INFO] running `Command { std: "docker" "exec" "-e" "SOURCE_DIR=/opt/rustwide/workdir" "-e" "CARGO_HOME=/opt/rustwide/cargo-home" "-e" "RUSTUP_HOME=/opt/rustwide/rustup-home" "-e" "CARGO_TARGET_DIR=/opt/rustwide/target" "-e" "CARGO_INCREMENTAL=0" "-e" "RUST_BACKTRACE=full" "-e" "RUSTFLAGS=--cap-lints=warn" "-e" "RUSTDOCFLAGS=--cap-lints=warn" "-w" "/opt/rustwide/workdir" "--user" "0:0" "806bb85c0af2e5844118b524df6dc8c1473c342ac7703f93e17f8342330d97de" "/opt/rustwide/cargo-home/bin/cargo" "+1.100.0-beta.1" "test" "--frozen" "--no-run" "--message-format=json", kill_on_drop: false }`
[INFO] [stderr] warning: unused field `authors` in `workspace.package`
[INFO] [stderr]   --> Cargo.toml:19:1
[INFO] [stderr]    |
[INFO] [stderr] 19 | authors = ["AuraLite contributors"]
[INFO] [stderr]    | ^^^^^^^
[INFO] [stderr]    |
[INFO] [stderr]    = note: `cargo::unused_workspace_package_fields` is set to `warn` by default
[INFO] [stderr] help: consider removing the field `workspace.package.authors`
[INFO] [stderr] warning: workspace (manifest) generated 1 warning
[INFO] [stderr]    Compiling auralite-geometry v0.1.0 (/opt/rustwide/workdir/crates/auralite-geometry)
[INFO] [stderr]    Compiling auralite-collision v0.1.0 (/opt/rustwide/workdir/crates/auralite-collision)
[INFO] [stderr]    Compiling auralite-core v0.1.0 (/opt/rustwide/workdir/crates/auralite-core)
[INFO] [stderr]    Compiling auralite-dynamics v0.1.0 (/opt/rustwide/workdir/crates/auralite-dynamics)
[INFO] [stderr]    Compiling auralite-math v0.1.0 (/opt/rustwide/workdir/crates/auralite-math)
[INFO] [stderr]    Compiling auralite-sandbox v0.1.0 (/opt/rustwide/workdir/crates/auralite-sandbox)
[INFO] [stderr]    Compiling auralite-fuzz v0.1.0 (/opt/rustwide/workdir/crates/auralite-fuzz)
[INFO] [stderr]    Compiling auralite-serialize v0.1.0 (/opt/rustwide/workdir/crates/auralite-serialize)
[INFO] [stderr]    Compiling auralite-gpu v0.1.0 (/opt/rustwide/workdir/crates/auralite-gpu)
[INFO] [stderr]    Compiling auralite-softbody v0.1.0 (/opt/rustwide/workdir/crates/auralite-softbody)
[INFO] [stderr]    Compiling auralite-ffi v0.1.0 (/opt/rustwide/workdir/crates/auralite-ffi)
[INFO] [stderr]    Compiling auralite-vehicles v0.1.0 (/opt/rustwide/workdir/crates/auralite-vehicles)
[INFO] [stderr]    Compiling auralite-particles v0.1.0 (/opt/rustwide/workdir/crates/auralite-particles)
[INFO] [stderr] warning: unused dependency `auralite-dynamics`
[INFO] [stderr]   --> crates/auralite-gpu/Cargo.toml:16:1
[INFO] [stderr]    |
[INFO] [stderr] 16 | auralite-dynamics = { path = "../auralite-dynamics" }
[INFO] [stderr]    | ^^^^^^^^^^^^^^^^^^^^^^^^^^^^^^^^^^^^^^^^^^^^^^^^^^^^^
[INFO] [stderr]    |
[INFO] [stderr]    = note: `cargo::unused_dependencies` is set to `warn` by default
[INFO] [stderr] help: consider removing the dependency on `auralite-dynamics`
[INFO] [stderr] warning: `auralite-gpu` (manifest) generated 1 warning
[INFO] [stderr]     Finished `test` profile [unoptimized + debuginfo] target(s) in 8.42s
[INFO] running `Command { std: "docker" "inspect" "806bb85c0af2e5844118b524df6dc8c1473c342ac7703f93e17f8342330d97de", kill_on_drop: false }`
[INFO] running `Command { std: "docker" "exec" "-e" "SOURCE_DIR=/opt/rustwide/workdir" "-e" "CARGO_HOME=/opt/rustwide/cargo-home" "-e" "RUSTUP_HOME=/opt/rustwide/rustup-home" "-e" "CARGO_TARGET_DIR=/opt/rustwide/target" "-e" "CARGO_INCREMENTAL=0" "-e" "RUST_BACKTRACE=full" "-e" "RUSTFLAGS=--cap-lints=warn" "-e" "RUSTDOCFLAGS=--cap-lints=warn" "-w" "/opt/rustwide/workdir" "--user" "0:0" "806bb85c0af2e5844118b524df6dc8c1473c342ac7703f93e17f8342330d97de" "/opt/rustwide/cargo-home/bin/cargo" "+1.100.0-beta.1" "test" "--frozen", kill_on_drop: false }`
[INFO] [stderr] warning: unused field `authors` in `workspace.package`
[INFO] [stderr]   --> Cargo.toml:19:1
[INFO] [stderr]    |
[INFO] [stderr] 19 | authors = ["AuraLite contributors"]
[INFO] [stderr]    | ^^^^^^^
[INFO] [stderr]    |
[INFO] [stderr]    = note: `cargo::unused_workspace_package_fields` is set to `warn` by default
[INFO] [stderr] help: consider removing the field `workspace.package.authors`
[INFO] [stderr] warning: workspace (manifest) generated 1 warning
[INFO] [stderr] warning: unused dependency `auralite-dynamics`
[INFO] [stderr]   --> crates/auralite-gpu/Cargo.toml:16:1
[INFO] [stderr]    |
[INFO] [stderr] 16 | auralite-dynamics = { path = "../auralite-dynamics" }
[INFO] [stderr]    | ^^^^^^^^^^^^^^^^^^^^^^^^^^^^^^^^^^^^^^^^^^^^^^^^^^^^^
[INFO] [stderr]    |
[INFO] [stderr]    = note: `cargo::unused_dependencies` is set to `warn` by default
[INFO] [stderr] help: consider removing the dependency on `auralite-dynamics`
[INFO] [stderr] warning: `auralite-gpu` (manifest) generated 1 warning
[INFO] [stderr]     Finished `test` profile [unoptimized + debuginfo] target(s) in 0.25s
[INFO] [stderr]      Running unittests src/lib.rs (/opt/rustwide/target/debug/build/auralite-collision/59aec98b6b63e03a/out/auralite_collision-59aec98b6b63e03a)
[INFO] [stdout] 
[INFO] [stdout] running 30 tests
[INFO] [stdout] test filter::tests::groups_override ... ok
[INFO] [stdout] test gjk::tests::spheres_overlap_and_degenerate_support_is_bounded ... ok
[INFO] [stdout] test filter::tests::symmetric_semantics ... ok
[INFO] [stdout] test ccd::tests::velocity_sweep_never_tunnels_plane ... ok
[INFO] [stdout] test narrow::tests::clip_contacts2_produces_finite_points ... ok
[INFO] [stdout] test narrow::tests::manifold3_preserves_features ... ok
[INFO] [stdout] test ccd::tests::sphere_toi_analytic ... ok
[INFO] [stdout] test narrow::tests::epa3_degenerate_first_iteration ... ok
[INFO] [stdout] test narrow::tests::epa3_separated_uses_fallback ... ok
[INFO] [stdout] test narrow::tests::manifold3_from_clip_basic ... ok
[INFO] [stdout] test narrow::tests::manifold_preserves_feature_impulses ... ok
[INFO] [stdout] test narrow::tests::parallel_segments_are_finite ... ok
[INFO] [stdout] test narrow::tests::robustness_deep_penetration ... ok
[INFO] [stdout] test narrow::tests::robustness_degenerate_near_zero ... ok
[INFO] [stdout] test gjk::tests::circles_match_analytic_distance ... ok
[INFO] [stdout] test narrow::tests::robustness_km_scale_boxes ... ok
[INFO] [stdout] test narrow::tests::sat_box3_box3_separated_returns_none ... ok
[INFO] [stdout] test narrow::tests::sat_box3_box3_touching_is_finite ... ok
[INFO] [stdout] test narrow::tests::sat_box3_box3_overlap_detection ... ok
[INFO] [stdout] test tests::coincident_is_finite ... ok
[INFO] [stdout] test tests::deterministic_pairs ... ok
[INFO] [stdout] test narrow::tests::robustness_mm_scale_boxes ... ok
[INFO] [stdout] test tests::touching_is_contact ... ok
[INFO] [stdout] test narrow::tests::robustness_plate_stacking_sat ... ok
[INFO] [stdout] test tree::tests::insertion_order_does_not_change_pairs ... ok
[INFO] [stdout] test tree::tests::dynamic_tree_shape_cast_candidates ... ok
[INFO] [stdout] test tree::tests::dynamic_tree_query_with_aabbs ... ok
[INFO] [stdout] test narrow::tests::epa_agrees_with_sat_for_boxes ... ok
[INFO] [stdout] test tree::tests::differential_hundred_thousand_checks ... ok
[INFO] [stdout] test narrow::tests::epa3_basic_penetration ... ok
[INFO] [stdout] 
[INFO] [stdout] test result: ok. 30 passed; 0 failed; 0 ignored; 0 measured; 0 filtered out; finished in 0.83s
[INFO] [stdout] 
[INFO] [stdout] 
[INFO] [stderr]      Running unittests src/lib.rs (/opt/rustwide/target/debug/build/auralite-core/3db8c33fd5c5d7bb/out/auralite_core-3db8c33fd5c5d7bb)
[INFO] [stdout] running 3 tests
[INFO] [stdout] test tests::hash_replays ... ok
[INFO] [stdout] test tests::stale_handle_fails ... ok
[INFO] [stdout] test tests::rng_replays ... ok
[INFO] [stdout] 
[INFO] [stdout] test result: ok. 3 passed; 0 failed; 0 ignored; 0 measured; 0 filtered out; finished in 0.01s
[INFO] [stdout] 
[INFO] [stderr]      Running unittests src/lib.rs (/opt/rustwide/target/debug/build/auralite-dynamics/d2a7d9235b0c5462/out/auralite_dynamics-d2a7d9235b0c5462)
[INFO] [stdout] 
[INFO] [stdout] running 22 tests
[INFO] [stdout] test joints::tests::joint3_break_impulse_breaks_under_excess_force ... ok
[INFO] [stdout] test joints::tests::joint3_hinge_motor_converges_to_target_speed ... ok
[INFO] [stdout] test joints::tests::joint3_slider_motor_converges_to_target_speed ... ok
[INFO] [stdout] test lockstep::tests::lockstep_replay_hash_equals ... ok
[INFO] [stdout] test joints::tests::joint3_cone_twist_limits_never_exceeded ... ok
[INFO] [stdout] test tests::forces_accumulate ... ok
[INFO] [stdout] test tests::linear_damping_decay_2d ... ok
[INFO] [stdout] test tests::falling_2d_rests ... ok
[INFO] [stdout] test tests::distance_joint_3d ... ok
[INFO] [stdout] test joints::tests::joint2_break_impulse_breaks_under_excess_force ... ok
[INFO] [stdout] test tests::restitution_affects_bounce ... ok
[INFO] [stdout] test tests::linear_damping_decay_3d ... ok
[INFO] [stdout] test tests::rollback_replays_bitwise ... ok
[INFO] [stdout] test tests::tossed_body_does_not_sleep_at_apex_2d ... ok
[INFO] [stdout] test tests::tossed_body_does_not_sleep_at_apex_3d ... ok
[INFO] [stdout] test tests::rollback_replays_bitwise_2d ... ok
[INFO] [stdout] test tests::steady_state_step_allocation_budget_2d ... ok
[INFO] [stdout] test tests::distance_joint_holds_bodies_together ... ok
[INFO] [stdout] test joints::tests::joint3_cone_twist_stability_long_run ... ok
[INFO] [stdout] test tests::two_circles_stack ... ok
[INFO] [stdout] test tests::long_run_determinism_suite_10k_steps_2d ... ok
[INFO] [stdout] test tests::long_run_determinism_suite_10k_steps_3d ... ok
[INFO] [stdout] 
[INFO] [stdout] test result: ok. 22 passed; 0 failed; 0 ignored; 0 measured; 0 filtered out; finished in 3.31s
[INFO] [stdout] 
[INFO] [stderr]      Running tests/integration_tests.rs (/opt/rustwide/target/debug/build/auralite-dynamics/f19086712685c9c5/out/integration_tests-f19086712685c9c5)
[INFO] [stdout] 
[INFO] [stdout] running 2 tests
[INFO] [stdout] test test_multithreaded_determinism ... ok
[INFO] [stdout] test test_long_running_stacking ... ok
[INFO] [stderr]      Running unittests src/lib.rs (/opt/rustwide/target/debug/build/auralite-ffi/18bbdec0c5113443/out/auralite_ffi-18bbdec0c5113443)
[INFO] [stdout] 
[INFO] [stdout] test result: ok. 2 passed; 0 failed; 0 ignored; 0 measured; 0 filtered out; finished in 2.79s
[INFO] [stdout] 
[INFO] [stdout] 
[INFO] [stdout] running 8 tests
[INFO] [stdout] test tests::ffi_world3_add_and_batch_query_bodies ... ok
[INFO] [stdout] test tests::version_queries ... ok
[INFO] [stdout] test tests::stale_token_rejected ... ok
[INFO] [stdout] test tests::header_self_verify ... ok
[INFO] [stdout] test tests::ffi_world2_add_and_query_body ... ok
[INFO] [stdout] test tests::ffi_scheduler_callback_invoked ... ok
[INFO] [stdout] test tests::lifecycle ... ok
[INFO] [stdout] test tests::world_count_tracking ... FAILED
[INFO] [stdout] 
[INFO] [stdout] failures:
[INFO] [stdout] 
[INFO] [stdout] ---- tests::world_count_tracking stdout ----
[INFO] [stdout] 
[INFO] [stdout] thread 'tests::world_count_tracking' (5100) panicked at crates/auralite-ffi/src/lib.rs:771:9:
[INFO] [stdout] assertion `left == right` failed
[INFO] [stdout]   left: 2
[INFO] [stdout]  right: 3
[INFO] [stdout] stack backtrace:
[INFO] [stdout]    0:     0x64fbe77843c1 - std[617be2ca0a6fd877]::backtrace_rs::backtrace::libunwind::trace
[INFO] [stdout]                                at /rustc/e3feeb59cd1bdd011a2bfcc0747b55125d9b8527/library/std/src/../../backtrace/src/backtrace/libunwind.rs:117:9
[INFO] [stdout]    1:     0x64fbe77843c1 - std[617be2ca0a6fd877]::backtrace_rs::backtrace::trace_unsynchronized::<std[617be2ca0a6fd877]::sys::backtrace::_print_fmt::{closure#1}>
[INFO] [stdout]                                at /rustc/e3feeb59cd1bdd011a2bfcc0747b55125d9b8527/library/std/src/../../backtrace/src/backtrace/mod.rs:66:14
[INFO] [stdout]    2:     0x64fbe77843c1 - std[617be2ca0a6fd877]::sys::backtrace::_print_fmt
[INFO] [stdout]                                at /rustc/e3feeb59cd1bdd011a2bfcc0747b55125d9b8527/library/std/src/sys/backtrace.rs:74:9
[INFO] [stdout]    3:     0x64fbe77843c1 - <<std[617be2ca0a6fd877]::sys::backtrace::BacktraceLock>::print::DisplayBacktrace as core[a373ad73a504971]::fmt::Display>::fmt
[INFO] [stdout]                                at /rustc/e3feeb59cd1bdd011a2bfcc0747b55125d9b8527/library/std/src/sys/backtrace.rs:44:26
[INFO] [stdout]    4:     0x64fbe7798e5a - <core[a373ad73a504971]::fmt::rt::Argument>::fmt
[INFO] [stdout]                                at /rustc/e3feeb59cd1bdd011a2bfcc0747b55125d9b8527/library/core/src/fmt/rt.rs:152:76
[INFO] [stdout]    5:     0x64fbe7798e5a - core[a373ad73a504971]::fmt::write
[INFO] [stdout]    6:     0x64fbe778862c - core[a373ad73a504971]::io::write::default_write_fmt::<alloc[2e1b2a31b91974c5]::vec::Vec<u8>>
[INFO] [stdout]                                at /rustc/e3feeb59cd1bdd011a2bfcc0747b55125d9b8527/library/core/src/io/write.rs:402:11
[INFO] [stdout]    7:     0x64fbe778862c - <alloc[2e1b2a31b91974c5]::vec::Vec<u8> as core[a373ad73a504971]::io::write::Write>::write_fmt
[INFO] [stdout]                                at /rustc/e3feeb59cd1bdd011a2bfcc0747b55125d9b8527/library/core/src/io/write.rs:335:13
[INFO] [stdout]    8:     0x64fbe7760606 - <std[617be2ca0a6fd877]::sys::backtrace::BacktraceLock>::print
[INFO] [stdout]                                at /rustc/e3feeb59cd1bdd011a2bfcc0747b55125d9b8527/library/std/src/sys/backtrace.rs:47:9
[INFO] [stdout]    9:     0x64fbe7760606 - std[617be2ca0a6fd877]::panicking::default_hook::{closure#0}
[INFO] [stdout]                                at /rustc/e3feeb59cd1bdd011a2bfcc0747b55125d9b8527/library/std/src/panicking.rs:289:27
[INFO] [stdout]   10:     0x64fbe777c849 - std[617be2ca0a6fd877]::panicking::default_hook
[INFO] [stdout]                                at /rustc/e3feeb59cd1bdd011a2bfcc0747b55125d9b8527/library/std/src/panicking.rs:313:9
[INFO] [stdout]   11:     0x64fbe76e07e0 - <alloc[2e1b2a31b91974c5]::boxed::Box<dyn for<'a, 'b> core[a373ad73a504971]::ops::function::Fn<(&'a std[617be2ca0a6fd877]::panic::PanicHookInfo<'b>,), Output = ()> + core[a373ad73a504971]::marker::Sync + core[a373ad73a504971]::marker::Send> as core[a373ad73a504971]::ops::function::Fn<(&std[617be2ca0a6fd877]::panic::PanicHookInfo,)>>::call
[INFO] [stdout]                                at /rustc/e3feeb59cd1bdd011a2bfcc0747b55125d9b8527/library/alloc/src/boxed.rs:2328:9
[INFO] [stdout]   12:     0x64fbe76e07e0 - test[aada8e7e76ba119b]::test_main_inner::{closure#0}
[INFO] [stdout]                                at /rustc/e3feeb59cd1bdd011a2bfcc0747b55125d9b8527/library/test/src/lib.rs:137:21
[INFO] [stdout]   13:     0x64fbe777cb72 - <alloc[2e1b2a31b91974c5]::boxed::Box<dyn for<'a, 'b> core[a373ad73a504971]::ops::function::Fn<(&'a std[617be2ca0a6fd877]::panic::PanicHookInfo<'b>,), Output = ()> + core[a373ad73a504971]::marker::Sync + core[a373ad73a504971]::marker::Send> as core[a373ad73a504971]::ops::function::Fn<(&std[617be2ca0a6fd877]::panic::PanicHookInfo,)>>::call
[INFO] [stdout]                                at /rustc/e3feeb59cd1bdd011a2bfcc0747b55125d9b8527/library/alloc/src/boxed.rs:2328:9
[INFO] [stdout]   14:     0x64fbe777cb72 - std[617be2ca0a6fd877]::panicking::panic_with_hook
[INFO] [stdout]                                at /rustc/e3feeb59cd1bdd011a2bfcc0747b55125d9b8527/library/std/src/panicking.rs:819:13
[INFO] [stdout]   15:     0x64fbe77606b2 - std[617be2ca0a6fd877]::panicking::panic_handler::{closure#0}
[INFO] [stdout]                                at /rustc/e3feeb59cd1bdd011a2bfcc0747b55125d9b8527/library/std/src/panicking.rs:685:13
[INFO] [stdout]   16:     0x64fbe77593c9 - std[617be2ca0a6fd877]::sys::backtrace::__rust_end_short_backtrace::<std[617be2ca0a6fd877]::panicking::panic_handler::{closure#0}, !>
[INFO] [stdout]                                at /rustc/e3feeb59cd1bdd011a2bfcc0747b55125d9b8527/library/std/src/sys/backtrace.rs:182:18
[INFO] [stdout]   17:     0x64fbe77612bd - __rustc[ea4f61d10b84890b]::rust_begin_unwind
[INFO] [stdout]                                at /rustc/e3feeb59cd1bdd011a2bfcc0747b55125d9b8527/library/std/src/panicking.rs:676:5
[INFO] [stdout]   18:     0x64fbe779962c - core[a373ad73a504971]::panicking::panic_fmt
[INFO] [stdout]                                at /rustc/e3feeb59cd1bdd011a2bfcc0747b55125d9b8527/library/core/src/panicking.rs:80:14
[INFO] [stdout]   19:     0x64fbe77994e3 - core[a373ad73a504971]::panicking::assert_failed_inner
[INFO] [stdout]                                at /rustc/e3feeb59cd1bdd011a2bfcc0747b55125d9b8527/library/core/src/panicking.rs:452:17
[INFO] [stdout]   20:     0x64fbe7758f9a - core[a373ad73a504971]::panicking::assert_failed::<u32, u32>
[INFO] [stdout]                                at /rustc/e3feeb59cd1bdd011a2bfcc0747b55125d9b8527/library/core/src/panicking.rs:407:5
[INFO] [stdout]   21:     0x64fbe76ca29c - auralite_ffi[fdb85cf175d36427]::tests::world_count_tracking
[INFO] [stdout]                                at /opt/rustwide/workdir/crates/auralite-ffi/src/lib.rs:771:9
[INFO] [stdout]   22:     0x64fbe76c9627 - auralite_ffi[fdb85cf175d36427]::tests::world_count_tracking::{closure#0}
[INFO] [stdout]                                at /opt/rustwide/workdir/crates/auralite-ffi/src/lib.rs:767:30
[INFO] [stdout]   23:     0x64fbe76cc276 - <auralite_ffi[fdb85cf175d36427]::tests::world_count_tracking::{closure#0} as core[a373ad73a504971]::ops::function::FnOnce<()>>::call_once
[INFO] [stdout]                                at /rustc/e3feeb59cd1bdd011a2bfcc0747b55125d9b8527/library/core/src/ops/function.rs:250:5
[INFO] [stdout]   24:     0x64fbe76d3c2b - <fn() -> core[a373ad73a504971]::result::Result<(), alloc[2e1b2a31b91974c5]::string::String> as core[a373ad73a504971]::ops::function::FnOnce<()>>::call_once
[INFO] [stdout]                                at /rustc/e3feeb59cd1bdd011a2bfcc0747b55125d9b8527/library/core/src/ops/function.rs:250:5
[INFO] [stdout]   25:     0x64fbe76d3c2b - test[aada8e7e76ba119b]::__rust_begin_short_backtrace::<core[a373ad73a504971]::result::Result<(), alloc[2e1b2a31b91974c5]::string::String>, fn() -> core[a373ad73a504971]::result::Result<(), alloc[2e1b2a31b91974c5]::string::String>>
[INFO] [stdout]                                at /rustc/e3feeb59cd1bdd011a2bfcc0747b55125d9b8527/library/test/src/lib.rs:701:18
[INFO] [stdout]   26:     0x64fbe76e0e05 - test[aada8e7e76ba119b]::run_test_in_process::{closure#0}
[INFO] [stdout]                                at /rustc/e3feeb59cd1bdd011a2bfcc0747b55125d9b8527/library/test/src/lib.rs:724:74
[INFO] [stdout]   27:     0x64fbe76e0e05 - <core[a373ad73a504971]::panic::unwind_safe::AssertUnwindSafe<test[aada8e7e76ba119b]::run_test_in_process::{closure#0}> as core[a373ad73a504971]::ops::function::FnOnce<()>>::call_once
[INFO] [stdout]                                at /rustc/e3feeb59cd1bdd011a2bfcc0747b55125d9b8527/library/core/src/panic/unwind_safe.rs:275:9
[INFO] [stdout]   28:     0x64fbe76e0e05 - std[617be2ca0a6fd877]::panicking::catch_unwind::do_call::<core[a373ad73a504971]::panic::unwind_safe::AssertUnwindSafe<test[aada8e7e76ba119b]::run_test_in_process::{closure#0}>, core[a373ad73a504971]::result::Result<(), alloc[2e1b2a31b91974c5]::string::String>>
[INFO] [stdout]                                at /rustc/e3feeb59cd1bdd011a2bfcc0747b55125d9b8527/library/std/src/panicking.rs:573:43
[INFO] [stdout]   29:     0x64fbe76e0e05 - std[617be2ca0a6fd877]::panicking::catch_unwind::<core[a373ad73a504971]::result::Result<(), alloc[2e1b2a31b91974c5]::string::String>, core[a373ad73a504971]::panic::unwind_safe::AssertUnwindSafe<test[aada8e7e76ba119b]::run_test_in_process::{closure#0}>>
[INFO] [stdout]                                at /rustc/e3feeb59cd1bdd011a2bfcc0747b55125d9b8527/library/std/src/panicking.rs:541:19
[INFO] [stdout]   30:     0x64fbe76e0e05 - std[617be2ca0a6fd877]::panic::catch_unwind::<core[a373ad73a504971]::panic::unwind_safe::AssertUnwindSafe<test[aada8e7e76ba119b]::run_test_in_process::{closure#0}>, core[a373ad73a504971]::result::Result<(), alloc[2e1b2a31b91974c5]::string::String>>
[INFO] [stdout]                                at /rustc/e3feeb59cd1bdd011a2bfcc0747b55125d9b8527/library/std/src/panic.rs:359:14
[INFO] [stdout]   31:     0x64fbe76e0e05 - test[aada8e7e76ba119b]::run_test_in_process
[INFO] [stdout]                                at /rustc/e3feeb59cd1bdd011a2bfcc0747b55125d9b8527/library/test/src/lib.rs:724:27
[INFO] [stdout]   32:     0x64fbe76e0e05 - test[aada8e7e76ba119b]::run_test::{closure#0}
[INFO] [stdout]                                at /rustc/e3feeb59cd1bdd011a2bfcc0747b55125d9b8527/library/test/src/lib.rs:645:43
[INFO] [stdout]   33:     0x64fbe76da6f4 - test[aada8e7e76ba119b]::run_test::{closure#1}
[INFO] [stdout]                                at /rustc/e3feeb59cd1bdd011a2bfcc0747b55125d9b8527/library/test/src/lib.rs:675:41
[INFO] [stdout]   34:     0x64fbe76da6f4 - std[617be2ca0a6fd877]::sys::backtrace::__rust_begin_short_backtrace::<test[aada8e7e76ba119b]::run_test::{closure#1}, ()>
[INFO] [stdout]                                at /rustc/e3feeb59cd1bdd011a2bfcc0747b55125d9b8527/library/std/src/sys/backtrace.rs:166:18
[INFO] [stdout]   35:     0x64fbe76e3e92 - std[617be2ca0a6fd877]::thread::lifecycle::spawn_unchecked::<test[aada8e7e76ba119b]::run_test::{closure#1}, ()>::{closure#1}::{closure#0}
[INFO] [stdout]                                at /rustc/e3feeb59cd1bdd011a2bfcc0747b55125d9b8527/library/std/src/thread/lifecycle.rs:70:13
[INFO] [stdout]   36:     0x64fbe76e3e92 - <core[a373ad73a504971]::panic::unwind_safe::AssertUnwindSafe<std[617be2ca0a6fd877]::thread::lifecycle::spawn_unchecked<test[aada8e7e76ba119b]::run_test::{closure#1}, ()>::{closure#1}::{closure#0}> as core[a373ad73a504971]::ops::function::FnOnce<()>>::call_once
[INFO] [stdout]                                at /rustc/e3feeb59cd1bdd011a2bfcc0747b55125d9b8527/library/core/src/panic/unwind_safe.rs:275:9
[INFO] [stdout]   37:     0x64fbe76e3e92 - std[617be2ca0a6fd877]::panicking::catch_unwind::do_call::<core[a373ad73a504971]::panic::unwind_safe::AssertUnwindSafe<std[617be2ca0a6fd877]::thread::lifecycle::spawn_unchecked<test[aada8e7e76ba119b]::run_test::{closure#1}, ()>::{closure#1}::{closure#0}>, ()>
[INFO] [stdout]                                at /rustc/e3feeb59cd1bdd011a2bfcc0747b55125d9b8527/library/std/src/panicking.rs:573:43
[INFO] [stdout]   38:     0x64fbe76e3e92 - std[617be2ca0a6fd877]::panicking::catch_unwind::<(), core[a373ad73a504971]::panic::unwind_safe::AssertUnwindSafe<std[617be2ca0a6fd877]::thread::lifecycle::spawn_unchecked<test[aada8e7e76ba119b]::run_test::{closure#1}, ()>::{closure#1}::{closure#0}>>
[INFO] [stdout]                                at /rustc/e3feeb59cd1bdd011a2bfcc0747b55125d9b8527/library/std/src/panicking.rs:541:19
[INFO] [stdout]   39:     0x64fbe76e3e92 - std[617be2ca0a6fd877]::panic::catch_unwind::<core[a373ad73a504971]::panic::unwind_safe::AssertUnwindSafe<std[617be2ca0a6fd877]::thread::lifecycle::spawn_unchecked<test[aada8e7e76ba119b]::run_test::{closure#1}, ()>::{closure#1}::{closure#0}>, ()>
[INFO] [stdout]                                at /rustc/e3feeb59cd1bdd011a2bfcc0747b55125d9b8527/library/std/src/panic.rs:359:14
[INFO] [stdout]   40:     0x64fbe76e3e92 - std[617be2ca0a6fd877]::thread::lifecycle::spawn_unchecked::<test[aada8e7e76ba119b]::run_test::{closure#1}, ()>::{closure#1}
[INFO] [stdout]                                at /rustc/e3feeb59cd1bdd011a2bfcc0747b55125d9b8527/library/std/src/thread/lifecycle.rs:68:26
[INFO] [stdout]   41:     0x64fbe76e3e92 - <std[617be2ca0a6fd877]::thread::lifecycle::spawn_unchecked<test[aada8e7e76ba119b]::run_test::{closure#1}, ()>::{closure#1} as core[a373ad73a504971]::ops::function::FnOnce<()>>::call_once::{shim:vtable#0}
[INFO] [stdout]                                at /rustc/e3feeb59cd1bdd011a2bfcc0747b55125d9b8527/library/core/src/ops/function.rs:250:5
[INFO] [stdout]   42:     0x64fbe7783c0f - <alloc[2e1b2a31b91974c5]::boxed::Box<dyn core[a373ad73a504971]::ops::function::FnOnce<(), Output = ()> + core[a373ad73a504971]::marker::Send> as core[a373ad73a504971]::ops::function::FnOnce<()>>::call_once
[INFO] [stdout]                                at /rustc/e3feeb59cd1bdd011a2bfcc0747b55125d9b8527/library/alloc/src/boxed.rs:2314:9
[INFO] [stdout]   43:     0x64fbe7783c0f - <std[617be2ca0a6fd877]::sys::thread::unix::Thread>::new::thread_start
[INFO] [stdout]                                at /rustc/e3feeb59cd1bdd011a2bfcc0747b55125d9b8527/library/std/src/sys/thread/unix.rs:127:17
[INFO] [stdout]   44:     0x73f7ec4eddfa - <unknown>
[INFO] [stdout]   45:     0x73f7ec5813d4 - clone
[INFO] [stdout]   46:                0x0 - <unknown>
[INFO] [stdout] 
[INFO] [stdout] 
[INFO] [stdout] failures:
[INFO] [stdout]     tests::world_count_tracking
[INFO] [stdout] 
[INFO] [stdout] test result: FAILED. 7 passed; 1 failed; 0 ignored; 0 measured; 0 filtered out; finished in 0.05s
[INFO] [stdout] 
[INFO] [stderr] error: test failed, to rerun pass `-p auralite-ffi --lib`
[INFO] running `Command { std: "docker" "inspect" "806bb85c0af2e5844118b524df6dc8c1473c342ac7703f93e17f8342330d97de", kill_on_drop: false }`
[INFO] running `Command { std: "docker" "rm" "-f" "806bb85c0af2e5844118b524df6dc8c1473c342ac7703f93e17f8342330d97de", kill_on_drop: false }`
[INFO] [stdout] 806bb85c0af2e5844118b524df6dc8c1473c342ac7703f93e17f8342330d97de
