[INFO] fetching crate surrealdb-idx 3.3.0...
[INFO] testing surrealdb-idx-3.3.0 against 1.99.0-beta.8 for beta-1.100-2
[INFO] extracting crate surrealdb-idx 3.3.0 into /workspace/builds/worker-2-tc1/source
[INFO] started tweaking crates.io crate surrealdb-idx 3.3.0
[INFO] finished tweaking crates.io crate surrealdb-idx 3.3.0
[INFO] tweaked toml for crates.io crate surrealdb-idx 3.3.0 written to /workspace/builds/worker-2-tc1/source/Cargo.toml
[INFO] validating manifest of crates.io crate surrealdb-idx 3.3.0 on toolchain 1.99.0-beta.8
[INFO] running `Command { std: CARGO_HOME="/workspace/cargo-home" RUSTUP_HOME="/workspace/rustup-home" "/workspace/cargo-home/bin/cargo" "+1.99.0-beta.8" "metadata" "--manifest-path" "Cargo.toml" "--no-deps", kill_on_drop: false }`
[INFO] crate crates.io crate surrealdb-idx 3.3.0 already has a lockfile, it will not be regenerated
[INFO] running `Command { std: CARGO_HOME="/workspace/cargo-home" RUSTUP_HOME="/workspace/rustup-home" "/workspace/cargo-home/bin/cargo" "+1.99.0-beta.8" "fetch" "--manifest-path" "Cargo.toml", kill_on_drop: false }`
[INFO] [stderr]     Blocking waiting for file lock on package cache
[INFO] [stderr]     Updating crates.io index
[INFO] [stderr]  Downloading crates ...
[INFO] [stderr]   Downloaded temp-dir v0.2.0
[INFO] [stderr]   Downloaded test-log-core v0.2.20
[INFO] [stderr]   Downloaded test-log-macros v0.2.20
[INFO] [stderr]   Downloaded test-log v0.2.20
[INFO] [stderr]   Downloaded surrealdb-types-derive v3.3.0
[INFO] [stderr]   Downloaded sif-itree v0.4.1
[INFO] [stderr]   Downloaded i_key_sort v0.6.0
[INFO] [stderr]   Downloaded i_float v1.15.0
[INFO] [stderr]   Downloaded i_tree v0.16.0
[INFO] [stderr]   Downloaded i_shape v1.14.0
[INFO] [stderr]   Downloaded geo-types v0.7.19
[INFO] [stderr]   Downloaded surrealdb-parse-common v3.3.0
[INFO] [stderr]   Downloaded logos v0.16.1
[INFO] [stderr]   Downloaded logos-derive v0.16.1
[INFO] [stderr]   Downloaded storekey-derive v0.11.0
[INFO] [stderr]   Downloaded storekey v0.11.0
[INFO] [stderr]   Downloaded surrealdb-iam v3.3.0
[INFO] [stderr]   Downloaded seize v0.5.1
[INFO] [stderr]   Downloaded surrealdb-strand v3.3.0
[INFO] [stderr]   Downloaded surrealdb-protocol v0.13.1
[INFO] [stderr]   Downloaded logos-codegen v0.16.1
[INFO] [stderr]   Downloaded cc v1.2.62
[INFO] [stderr]   Downloaded papaya v0.2.5
[INFO] [stderr]   Downloaded surrealdb-common v3.3.0
[INFO] [stderr]   Downloaded surrealdb-types v3.3.0
[INFO] [stderr]   Downloaded rust_decimal v1.42.0
[INFO] [stderr]   Downloaded revision-derive v0.30.0
[INFO] [stderr]   Downloaded surrealdb-sql v3.3.0
[INFO] [stderr]   Downloaded i_overlay v4.0.7
[INFO] [stderr]   Downloaded surrealdb-syn v3.3.0
[INFO] [stderr]   Downloaded roaring v0.11.4
[INFO] [stderr]   Downloaded revision v0.30.0
[INFO] [stderr]   Downloaded surrealdb-cnf v3.3.0
[INFO] [stderr]   Downloaded sysinfo v0.37.2
[INFO] [stderr]   Downloaded geo v0.32.0
[INFO] [stderr]   Downloaded surrealdb-runtime v3.3.0
[INFO] [stderr]   Downloaded vart v0.9.3
[INFO] [stderr]   Downloaded reblessive v0.4.3
[INFO] [stderr]   Downloaded affinitypool v0.8.0
[INFO] [stderr]   Downloaded lexicmp v0.2.0
[INFO] [stderr]   Downloaded surrealdb-kvs v3.3.0
[INFO] [stderr]   Downloaded surrealdb-collections v3.3.0
[INFO] [stderr]   Downloaded quick_cache v0.6.22
[INFO] [stderr]   Downloaded surrealdb-expr v3.3.0
[INFO] [stderr]   Downloaded fastnum v0.7.4
[INFO] [stderr]   Downloaded bnum v0.12.1
[INFO] [stderr]   Downloaded ammonia v4.1.4
[INFO] [stderr]   Downloaded web_atoms v0.2.5
[INFO] [stderr]   Downloaded bcrypt v0.18.0
[INFO] [stderr]   Downloaded surrealdb-kvs-any v3.3.0
[INFO] [stderr]   Downloaded surrealdb-kvs-tikv v3.3.0
[INFO] [stderr]   Downloaded surrealdb-tikv-client v0.5.0
[INFO] [stderr]   Downloaded take_mut v0.2.2
[INFO] [stderr]   Downloaded fail v0.5.1
[INFO] [stderr]   Downloaded derive-new v0.7.0
[INFO] [stderr]   Downloaded surrealdb-rocksdb v0.24.0-surreal.5
[INFO] [stderr]   Downloaded surrealdb-kvs-rocksdb v3.3.0
[INFO] [stderr]   Downloaded surrealdb-kvs-mem v3.3.0
[INFO] [stderr]   Downloaded surrealmx v0.27.0
[INFO] [stderr]   Downloaded libz-sys v1.1.28
[INFO] [stderr]   Downloaded serial_test v3.4.0
[INFO] [stderr]   Downloaded surrealdb-observe v3.3.0
[INFO] [stderr]   Downloaded surrealdb-catalog v3.3.0
[INFO] [stderr]   Downloaded serial_test_derive v3.4.0
[INFO] [stderr]   Downloaded surrealdb-keyspace-macro v3.3.0
[INFO] [stderr]   Downloaded surrealdb-datastore v3.3.0
[INFO] [stderr]   Downloaded surrealdb-rpc v3.3.0
[INFO] [stderr]   Downloaded lindera-ko-dic v6.0.0
[INFO] [stderr]   Downloaded ndarray-stats v0.7.0
[INFO] [stderr]   Downloaded lindera v6.0.0
[INFO] [stderr]   Downloaded lindera-dictionary v6.0.0
[INFO] [stderr]   Downloaded rancor v0.1.3
[INFO] [stderr]   Downloaded surrealdb-librocksdb-sys v0.18.3+11.0.0-4
[INFO] [stderr]   Downloaded rend v0.5.4
[INFO] [stderr]   Downloaded bytecheck v0.8.3
[INFO] [stderr]   Downloaded ptr_meta v0.3.2
[INFO] [stderr]   Downloaded ptr_meta_derive v0.3.2
[INFO] [stderr]   Downloaded bytecheck_derive v0.8.3
[INFO] [stderr]   Downloaded md5 v0.8.1
[INFO] [stderr]   Downloaded crawdad v0.4.1
[INFO] [stderr]   Downloaded lindera-cc-cedict v6.0.0
[INFO] [stderr]   Downloaded lindera-ipadic v6.0.0
[INFO] [stderr]   Downloaded diskann-utils v0.56.0
[INFO] [stderr]   Downloaded daachorse v5.0.0
[INFO] [stderr]   Downloaded diskann-vector v0.56.0
[INFO] [stderr]   Downloaded diskann v0.56.0
[INFO] [stderr]   Downloaded diskann-wide v0.56.0
[INFO] running `Command { std: "docker" "create" "-v" "/var/lib/crater-agent-workspace/builds/worker-2-tc1/source:/opt/rustwide/workdir:ro,Z" "-v" "/var/lib/crater-agent-workspace/builds/worker-2-tc1/target:/opt/rustwide/target:rw,Z" "-v" "/var/lib/crater-agent-workspace/cargo-home:/opt/rustwide/cargo-home:ro,Z" "-v" "/var/lib/crater-agent-workspace/rustup-home:/opt/rustwide/rustup-home:ro,Z" "-m" "1610612736" "--network" "none" "ghcr.io/rust-lang/crates-build-env/linux@sha256:3111399a4047eeb3a02b7a90e478d715f38a8c6669b5c4b49d30a17385265909" "sleep" "infinity", kill_on_drop: false }`
[INFO] [stdout] 5d535eae0c1197df51fab76d22afb8d359a606eab17700c454c61d3d79b03260
[INFO] running `Command { std: "docker" "start" "5d535eae0c1197df51fab76d22afb8d359a606eab17700c454c61d3d79b03260", kill_on_drop: false }`
[INFO] running `Command { std: "docker" "inspect" "5d535eae0c1197df51fab76d22afb8d359a606eab17700c454c61d3d79b03260", kill_on_drop: false }`
[INFO] running `Command { std: "docker" "exec" "-e" "SOURCE_DIR=/opt/rustwide/workdir" "-e" "CARGO_HOME=/opt/rustwide/cargo-home" "-e" "RUSTUP_HOME=/opt/rustwide/rustup-home" "-e" "CARGO_TARGET_DIR=/opt/rustwide/target" "-w" "/opt/rustwide/workdir" "--user" "0:0" "5d535eae0c1197df51fab76d22afb8d359a606eab17700c454c61d3d79b03260" "/opt/rustwide/cargo-home/bin/cargo" "+1.99.0-beta.8" "metadata" "--no-deps" "--format-version=1", kill_on_drop: false }`
[INFO] running `Command { std: "docker" "inspect" "5d535eae0c1197df51fab76d22afb8d359a606eab17700c454c61d3d79b03260", kill_on_drop: false }`
[INFO] running `Command { std: "docker" "exec" "-e" "SOURCE_DIR=/opt/rustwide/workdir" "-e" "CARGO_HOME=/opt/rustwide/cargo-home" "-e" "RUSTUP_HOME=/opt/rustwide/rustup-home" "-e" "CARGO_TARGET_DIR=/opt/rustwide/target" "-e" "CARGO_INCREMENTAL=0" "-e" "RUST_BACKTRACE=full" "-e" "RUSTFLAGS=--cap-lints=warn" "-e" "RUSTDOCFLAGS=--cap-lints=warn" "-w" "/opt/rustwide/workdir" "--user" "0:0" "5d535eae0c1197df51fab76d22afb8d359a606eab17700c454c61d3d79b03260" "/opt/rustwide/cargo-home/bin/cargo" "+1.99.0-beta.8" "build" "--frozen" "--message-format=json", kill_on_drop: false }`
[INFO] [stderr]    Compiling libc v0.2.186
[INFO] [stderr]    Compiling zerocopy v0.8.48
[INFO] [stderr]    Compiling typenum v1.20.0
[INFO] [stderr]    Compiling unicase v2.9.0
[INFO] [stderr]    Compiling siphasher v1.0.3
[INFO] [stderr]    Compiling regex-syntax v0.8.10
[INFO] [stderr]    Compiling fastrand v2.4.1
[INFO] [stderr]    Compiling syn v2.0.117
[INFO] [stderr]    Compiling syn v3.0.3
[INFO] [stderr]    Compiling heapless v0.8.0
[INFO] [stderr]    Compiling num-traits v0.2.19
[INFO] [stderr]    Compiling hash32 v0.3.1
[INFO] [stderr]    Compiling i_float v1.15.0
[INFO] [stderr]    Compiling i_key_sort v0.6.0
[INFO] [stderr]    Compiling rust_decimal v1.42.0
[INFO] [stderr]    Compiling i_tree v0.16.0
[INFO] [stderr]    Compiling arrayvec v0.7.6
[INFO] [stderr]    Compiling geographiclib-rs v0.2.7
[INFO] [stderr]    Compiling i_shape v1.14.0
[INFO] [stderr]    Compiling aho-corasick v1.1.4
[INFO] [stderr]    Compiling memchr v2.8.3
[INFO] [stderr]    Compiling float_next_after v1.0.0
[INFO] [stderr]    Compiling sif-itree v0.4.1
[INFO] [stderr]    Compiling phf_shared v0.13.1
[INFO] [stderr]    Compiling robust v1.2.0
[INFO] [stderr]    Compiling serde_json v1.0.151
[INFO] [stderr]    Compiling flatbuffers v25.12.19
[INFO] [stderr]    Compiling futures-channel v0.3.32
[INFO] [stderr]    Compiling tracing-core v0.1.36
[INFO] [stderr]    Compiling i_overlay v4.0.7
[INFO] [stderr]    Compiling phf_generator v0.13.1
[INFO] [stderr]    Compiling bitflags v2.11.1
[INFO] [stderr]    Compiling crossbeam-deque v0.8.7
[INFO] [stderr]    Compiling crossbeam-epoch v0.9.20
[INFO] [stderr]    Compiling semver v1.0.28
[INFO] [stderr]    Compiling base64ct v1.8.3
[INFO] [stderr]    Compiling castaway v0.2.4
[INFO] [stderr]    Compiling tinyvec v1.11.0
[INFO] [stderr]    Compiling unicode-bidi v0.3.18
[INFO] [stderr]    Compiling pkg-config v0.3.33
[INFO] [stderr]    Compiling unicode-properties v0.1.4
[INFO] [stderr]    Compiling path-clean v1.0.1
[INFO] [stderr]    Compiling unicode-normalization v0.1.25
[INFO] [stderr]    Compiling time-core v0.1.8
[INFO] [stderr]    Compiling approx v0.5.1
[INFO] [stderr]    Compiling num-integer v0.1.46
[INFO] [stderr]    Compiling deranged v0.5.8
[INFO] [stderr]    Compiling generic-array v0.14.7
[INFO] [stderr]    Compiling time-macros v0.2.27
[INFO] [stderr]    Compiling phf_codegen v0.13.1
[INFO] [stderr]    Compiling getrandom v0.2.17
[INFO] [stderr]    Compiling getrandom v0.3.4
[INFO] [stderr]    Compiling parking_lot_core v0.9.12
[INFO] [stderr]    Compiling rand_core v0.9.5
[INFO] [stderr]    Compiling getrandom v0.4.2
[INFO] [stderr]    Compiling rand_core v0.6.4
[INFO] [stderr]    Compiling parking_lot v0.12.5
[INFO] [stderr]    Compiling jobserver v0.1.34
[INFO] [stderr]    Compiling uuid v1.23.1
[INFO] [stderr]    Compiling regex-automata v0.4.14
[INFO] [stderr]    Compiling cc v1.2.62
[INFO] [stderr]    Compiling seize v0.5.1
[INFO] [stderr]    Compiling password-hash v0.5.0
[INFO] [stderr]    Compiling papaya v0.2.5
[INFO] [stderr]    Compiling stringprep v0.1.5
[INFO] [stderr]    Compiling string_cache_codegen v0.6.1
[INFO] [stderr]    Compiling aws-lc-rs v1.18.1
[INFO] [stderr]    Compiling crypto-common v0.1.7
[INFO] [stderr]    Compiling block-buffer v0.10.4
[INFO] [stderr]    Compiling new_debug_unreachable v1.0.6
[INFO] [stderr]    Compiling web_atoms v0.2.5
[INFO] [stderr]    Compiling time v0.3.47
[INFO] [stderr]    Compiling inout v0.1.4
[INFO] [stderr]    Compiling num-bigint v0.4.6
[INFO] [stderr]    Compiling num_cpus v1.17.0
[INFO] [stderr]    Compiling arc-swap v1.9.2
[INFO] [stderr]    Compiling digest v0.10.7
[INFO] [stderr]    Compiling untrusted v0.7.1
[INFO] [stderr]    Compiling cmake v0.1.58
[INFO] [stderr]    Compiling precomputed-hash v0.1.1
[INFO] [stderr]    Compiling fastnum v0.7.4
[INFO] [stderr]    Compiling async-task v4.7.1
[INFO] [stderr]    Compiling sha2 v0.10.9
[INFO] [stderr]    Compiling hmac v0.12.1
[INFO] [stderr]    Compiling blake2 v0.10.6
[INFO] [stderr]    Compiling string_cache v0.9.0
[INFO] [stderr]    Compiling cipher v0.4.4
[INFO] [stderr]    Compiling pbkdf2 v0.12.2
[INFO] [stderr]    Compiling rayon-core v1.13.0
[INFO] [stderr]    Compiling pem v3.0.6
[INFO] [stderr]    Compiling argon2 v0.5.3
[INFO] [stderr]    Compiling urlencoding v2.1.3
[INFO] [stderr]    Compiling signature v2.2.0
[INFO] [stderr]    Compiling simdutf8 v0.1.5
[INFO] [stderr]    Compiling reblessive v0.4.3
[INFO] [stderr]    Compiling trice v0.4.0
[INFO] [stderr]    Compiling deunicode v1.6.2
[INFO] [stderr]    Compiling bnum v0.12.1
[INFO] [stderr]    Compiling aws-lc-sys v0.45.0
[INFO] [stderr]    Compiling blake3 v1.8.5
[INFO] [stderr]    Compiling lexicmp v0.2.0
[INFO] [stderr]    Compiling dmp v0.2.3
[INFO] [stderr]    Compiling tendril v0.5.0
[INFO] [stderr]    Compiling rayon v1.12.0
[INFO] [stderr]    Compiling dtoa v1.0.11
[INFO] [stderr]    Compiling dtoa-short v0.3.5
[INFO] [stderr]    Compiling md-5 v0.10.6
[INFO] [stderr]    Compiling csv-core v0.1.13
[INFO] [stderr]    Compiling ipnet v2.12.0
[INFO] [stderr]    Compiling humantime v2.3.0
[INFO] [stderr]    Compiling encoding_rs_io v0.1.8
[INFO] [stderr]    Compiling csv v1.4.0
[INFO] [stderr]    Compiling cssparser v0.37.0
[INFO] [stderr]    Compiling salsa20 v0.10.2
[INFO] [stderr]    Compiling blowfish v0.9.1
[INFO] [stderr]    Compiling memmap2 v0.9.11
[INFO] [stderr]    Compiling num-complex v0.4.6
[INFO] [stderr]    Compiling psl-types v2.0.11
[INFO] [stderr]    Compiling maplit v1.0.2
[INFO] [stderr]    Compiling daachorse v5.0.0
[INFO] [stderr]    Compiling fst v0.4.7
[INFO] [stderr]    Compiling crawdad v0.4.1
[INFO] [stderr]    Compiling surrealdb-datastore v3.3.0
[INFO] [stderr]    Compiling addr v0.15.6
[INFO] [stderr]    Compiling scrypt v0.11.0
[INFO] [stderr]    Compiling indexmap v2.14.0
[INFO] [stderr]    Compiling sha1 v0.10.6
[INFO] [stderr]    Compiling itertools v0.13.0
[INFO] [stderr]    Compiling ndarray v0.17.2
[INFO] [stderr]    Compiling noisy_float v0.2.1
[INFO] [stderr]    Compiling surrealdb-idx v3.3.0 (/opt/rustwide/workdir)
[INFO] [stderr]    Compiling dashmap v6.2.1
[INFO] [stderr]    Compiling vart v0.9.3
[INFO] [stderr]    Compiling serde_derive v1.0.229
[INFO] [stderr]    Compiling thiserror-impl v2.0.20
[INFO] [stderr]    Compiling ptr_meta_derive v0.3.2
[INFO] [stderr]    Compiling bytecheck_derive v0.8.3
[INFO] [stderr]    Compiling rkyv_derive v0.8.18
[INFO] [stderr]    Compiling regex v1.12.3
[INFO] [stderr]    Compiling ptr_meta v0.3.2
[INFO] [stderr]    Compiling synstructure v0.13.2
[INFO] [stderr]    Compiling logos-codegen v0.16.1
[INFO] [stderr]    Compiling rancor v0.1.3
[INFO] [stderr]    Compiling bytecheck v0.8.3
[INFO] [stderr]    Compiling zerocopy-derive v0.8.48
[INFO] [stderr]    Compiling zerofrom-derive v0.1.7
[INFO] [stderr]    Compiling bytemuck_derive v1.10.2
[INFO] [stderr]    Compiling yoke-derive v0.8.2
[INFO] [stderr]    Compiling zerovec-derive v0.11.3
[INFO] [stderr]    Compiling thiserror v2.0.20
[INFO] [stderr]    Compiling phf_macros v0.13.1
[INFO] [stderr]    Compiling displaydoc v0.2.5
[INFO] [stderr]    Compiling futures-macro v0.3.32
[INFO] [stderr]    Compiling tracing-attributes v0.1.31
[INFO] [stderr]    Compiling tokio-macros v2.7.0
[INFO] [stderr]    Compiling async-trait v0.1.89
[INFO] [stderr]    Compiling revision-derive v0.30.0
[INFO] [stderr]    Compiling phf v0.13.1
[INFO] [stderr]    Compiling futures-util v0.3.32
[INFO] [stderr]    Compiling surrealdb-types-derive v3.3.0
[INFO] [stderr]    Compiling storekey-derive v0.11.0
[INFO] [stderr]    Compiling zeroize_derive v1.4.3
[INFO] [stderr]    Compiling simple_asn1 v0.6.4
[INFO] [stderr]    Compiling affinitypool v0.8.0
[INFO] [stderr]    Compiling bytemuck v1.25.0
[INFO] [stderr]    Compiling logos-derive v0.16.1
[INFO] [stderr]    Compiling zerofrom v0.1.8
[INFO] [stderr]    Compiling zeroize v1.8.2
[INFO] [stderr]    Compiling yoke v0.8.2
[INFO] [stderr]    Compiling munge_macro v0.4.7
[INFO] [stderr]    Compiling zerovec v0.11.6
[INFO] [stderr]    Compiling logos v0.16.1
[INFO] [stderr]    Compiling zerotrie v0.2.4
[INFO] [stderr]    Compiling rend v0.5.4
[INFO] [stderr]    Compiling strum_macros v0.28.0
[INFO] [stderr]    Compiling munge v0.4.7
[INFO] [stderr]    Compiling bcrypt v0.18.0
[INFO] [stderr]    Compiling surrealdb-keyspace-macro v3.3.0
[INFO] [stderr]    Compiling markup5ever v0.39.0
[INFO] [stderr]    Compiling html5ever v0.39.0
[INFO] [stderr]    Compiling tracing v0.1.44
[INFO] [stderr]    Compiling serde v1.0.229
[INFO] [stderr]    Compiling tinystr v0.8.3
[INFO] [stderr]    Compiling potential_utf v0.1.5
[INFO] [stderr]    Compiling icu_locale_core v2.2.0
[INFO] [stderr]    Compiling icu_collections v2.2.0
[INFO] [stderr]    Compiling bytes v1.12.1
[INFO] [stderr]    Compiling rstar v0.12.2
[INFO] [stderr]    Compiling chrono v0.4.44
[INFO] [stderr]    Compiling roaring v0.11.4
[INFO] [stderr]    Compiling futures-executor v0.3.32
[INFO] [stderr]    Compiling rust-stemmers v1.2.0
[INFO] [stderr]    Compiling futures v0.3.32
[INFO] [stderr]    Compiling strum v0.28.0
[INFO] [stderr]    Compiling geo-types v0.7.19
[INFO] [stderr]    Compiling tokio v1.52.3
[INFO] [stderr]    Compiling http v1.4.0
[INFO] [stderr]    Compiling storekey v0.11.0
[INFO] [stderr]    Compiling ppv-lite86 v0.2.21
[INFO] [stderr]    Compiling icu_provider v2.2.0
[INFO] [stderr]    Compiling ahash v0.8.12
[INFO] [stderr]    Compiling quick_cache v0.6.22
[INFO] [stderr]    Compiling icu_normalizer v2.2.0
[INFO] [stderr]    Compiling surrealdb-parse-common v3.3.0
[INFO] [stderr]    Compiling rand_chacha v0.3.1
[INFO] [stderr]    Compiling rand_chacha v0.9.0
[INFO] [stderr]    Compiling icu_properties v2.2.0
[INFO] [stderr]    Compiling rand v0.9.4
[INFO] [stderr]    Compiling rand v0.8.6
[INFO] [stderr]    Compiling geo v0.32.0
[INFO] [stderr]    Compiling ndarray-stats v0.7.0
[INFO] [stderr]    Compiling idna_adapter v1.2.2
[INFO] [stderr]    Compiling rkyv v0.8.18
[INFO] [stderr]    Compiling idna v1.1.0
[INFO] [stderr]    Compiling ulid v1.2.1
[INFO] [stderr]    Compiling rand_distr v0.5.1
[INFO] [stderr]    Compiling half v2.7.1
[INFO] [stderr]    Compiling url v2.5.8
[INFO] [stderr]    Compiling diskann-wide v0.56.0
[INFO] [stderr]    Compiling ammonia v4.1.4
[INFO] [stderr]    Compiling lindera-dictionary v6.0.0
[INFO] [stderr]    Compiling tokio-util v0.7.18
[INFO] [stderr]    Compiling diskann-vector v0.56.0
[INFO] [stderr]    Compiling diskann-utils v0.56.0
[INFO] [stderr]    Compiling surrealdb-protocol v0.13.1
[INFO] [stderr]    Compiling revision v0.30.0
[INFO] [stderr]    Compiling diskann v0.56.0
[INFO] [stderr]    Compiling surrealdb-types v3.3.0
[INFO] [stderr]    Compiling lindera v6.0.0
[INFO] [stderr]    Compiling surrealdb-iam v3.3.0
[INFO] [stderr]    Compiling surrealdb-strand v3.3.0
[INFO] [stderr]    Compiling surrealdb-collections v3.3.0
[INFO] [stderr]    Compiling surrealdb-common v3.3.0
[INFO] [stderr]    Compiling surrealdb-cnf v3.3.0
[INFO] [stderr]    Compiling surrealdb-sql v3.3.0
[INFO] [stderr]    Compiling surrealdb-kvs v3.3.0
[INFO] [stderr]    Compiling surrealdb-rpc v3.3.0
[INFO] [stderr]    Compiling surrealdb-observe v3.3.0
[INFO] [stderr]    Compiling jsonwebtoken v10.4.0
[INFO] [stderr]    Compiling surrealdb-syn v3.3.0
[INFO] [stderr]    Compiling surrealdb-expr v3.3.0
[INFO] [stderr]    Compiling surrealdb-catalog v3.3.0
[INFO] [stderr]    Compiling surrealdb-runtime v3.3.0
[INFO] [stderr]     Finished `dev` profile [unoptimized + debuginfo] target(s) in 3m 33s
[INFO] running `Command { std: "docker" "inspect" "5d535eae0c1197df51fab76d22afb8d359a606eab17700c454c61d3d79b03260", kill_on_drop: false }`
[INFO] running `Command { std: "docker" "exec" "-e" "SOURCE_DIR=/opt/rustwide/workdir" "-e" "CARGO_HOME=/opt/rustwide/cargo-home" "-e" "RUSTUP_HOME=/opt/rustwide/rustup-home" "-e" "CARGO_TARGET_DIR=/opt/rustwide/target" "-e" "CARGO_INCREMENTAL=0" "-e" "RUST_BACKTRACE=full" "-e" "RUSTFLAGS=--cap-lints=warn" "-e" "RUSTDOCFLAGS=--cap-lints=warn" "-w" "/opt/rustwide/workdir" "--user" "0:0" "5d535eae0c1197df51fab76d22afb8d359a606eab17700c454c61d3d79b03260" "/opt/rustwide/cargo-home/bin/cargo" "+1.99.0-beta.8" "test" "--frozen" "--no-run" "--message-format=json", kill_on_drop: false }`
[INFO] [stderr]    Compiling regex-automata v0.4.14
[INFO] [stderr]    Compiling smallvec v1.15.2
[INFO] [stderr]    Compiling tracing v0.1.44
[INFO] [stderr]    Compiling bitflags v2.11.1
[INFO] [stderr]    Compiling futures-util v0.3.32
[INFO] [stderr]    Compiling lz4-sys v1.11.1+lz4-1.10.0
[INFO] [stderr]    Compiling virtue v0.0.18
[INFO] [stderr]    Compiling winnow v1.0.3
[INFO] [stderr]    Compiling unty v0.0.4
[INFO] [stderr]    Compiling crossbeam-skiplist v0.1.3
[INFO] [stderr]    Compiling crossbeam-queue v0.3.13
[INFO] [stderr]    Compiling rstest_macros v0.26.1
[INFO] [stderr]    Compiling lindera-dictionary v6.0.0
[INFO] [stderr]    Compiling anstream v1.0.0
[INFO] [stderr]    Compiling tracing-log v0.2.0
[INFO] [stderr]    Compiling regex v1.12.3
[INFO] [stderr]    Compiling parking_lot_core v0.9.12
[INFO] [stderr]    Compiling rstar v0.12.2
[INFO] [stderr]    Compiling flatbuffers v25.12.19
[INFO] [stderr]    Compiling icu_normalizer v2.2.0
[INFO] [stderr]    Compiling cssparser v0.37.0
[INFO] [stderr]    Compiling env_filter v1.0.1
[INFO] [stderr]    Compiling test-log-core v0.2.20
[INFO] [stderr]    Compiling relative-path v1.9.3
[INFO] [stderr]    Compiling parking_lot v0.12.5
[INFO] [stderr]    Compiling sdd v3.0.10
[INFO] [stderr]    Compiling dashmap v6.2.1
[INFO] [stderr]    Compiling rustix v1.1.4
[INFO] [stderr]    Compiling test-log-macros v0.2.20
[INFO] [stderr]    Compiling env_logger v0.11.10
[INFO] [stderr]    Compiling serial_test_derive v3.4.0
[INFO] [stderr]    Compiling affinitypool v0.8.0
[INFO] [stderr]    Compiling idna_adapter v1.2.2
[INFO] [stderr]    Compiling string_cache v0.9.0
[INFO] [stderr]    Compiling idna v1.1.0
[INFO] [stderr]    Compiling geo-types v0.7.19
[INFO] [stderr]    Compiling web_atoms v0.2.5
[INFO] [stderr]    Compiling quick_cache v0.6.22
[INFO] [stderr]    Compiling bincode_derive v2.0.1
[INFO] [stderr]    Compiling scc v2.4.0
[INFO] [stderr]    Compiling futures-timer v3.0.3
[INFO] [stderr]    Compiling temp-dir v0.2.0
[INFO] [stderr]    Compiling url v2.5.8
[INFO] [stderr]    Compiling bincode v2.0.1
[INFO] [stderr]    Compiling markup5ever v0.39.0
[INFO] [stderr]    Compiling geo v0.32.0
[INFO] [stderr]    Compiling toml_parser v1.1.2+spec-1.1.0
[INFO] [stderr]    Compiling html5ever v0.39.0
[INFO] [stderr]    Compiling toml_edit v0.25.11+spec-1.1.0
[INFO] [stderr]    Compiling futures-executor v0.3.32
[INFO] [stderr]    Compiling diskann v0.56.0
[INFO] [stderr]    Compiling tempfile v3.27.0
[INFO] [stderr]    Compiling futures v0.3.32
[INFO] [stderr]    Compiling lindera v6.0.0
[INFO] [stderr]    Compiling serial_test v3.4.0
[INFO] [stderr]    Compiling proc-macro-crate v3.5.0
[INFO] [stderr]    Compiling ammonia v4.1.4
[INFO] [stderr]    Compiling matchers v0.2.0
[INFO] [stderr]    Compiling tracing-subscriber v0.3.23
[INFO] [stderr]    Compiling rstest v0.26.1
[INFO] [stderr]    Compiling test-log v0.2.20
[INFO] [stderr]    Compiling surrealdb-protocol v0.13.1
[INFO] [stderr]    Compiling revision v0.30.0
[INFO] [stderr]    Compiling surrealdb-types v3.3.0
[INFO] [stderr]    Compiling surrealdb-iam v3.3.0
[INFO] [stderr]    Compiling surrealdb-strand v3.3.0
[INFO] [stderr]    Compiling surrealdb-collections v3.3.0
[INFO] [stderr]    Compiling surrealdb-common v3.3.0
[INFO] [stderr]    Compiling surrealdb-cnf v3.3.0
[INFO] [stderr]    Compiling surrealdb-sql v3.3.0
[INFO] [stderr]    Compiling surrealdb-kvs v3.3.0
[INFO] [stderr]    Compiling surrealdb-rpc v3.3.0
[INFO] [stderr]    Compiling surrealdb-observe v3.3.0
[INFO] [stderr]    Compiling surrealdb-syn v3.3.0
[INFO] [stderr]    Compiling lz4 v1.28.1
[INFO] [stderr]    Compiling surrealmx v0.27.0
[INFO] [stderr]    Compiling surrealdb-kvs-mem v3.3.0
[INFO] [stderr]    Compiling surrealdb-kvs-any v3.3.0
[INFO] [stderr]    Compiling surrealdb-expr v3.3.0
[INFO] [stderr]    Compiling surrealdb-catalog v3.3.0
[INFO] [stderr]    Compiling surrealdb-runtime v3.3.0
[INFO] [stderr]    Compiling surrealdb-datastore v3.3.0
[INFO] [stderr]    Compiling surrealdb-idx v3.3.0 (/opt/rustwide/workdir)
[INFO] [stderr]     Finished `test` profile [unoptimized + debuginfo] target(s) in 2m 55s
[INFO] running `Command { std: "docker" "inspect" "5d535eae0c1197df51fab76d22afb8d359a606eab17700c454c61d3d79b03260", kill_on_drop: false }`
[INFO] running `Command { std: "docker" "exec" "-e" "SOURCE_DIR=/opt/rustwide/workdir" "-e" "CARGO_HOME=/opt/rustwide/cargo-home" "-e" "RUSTUP_HOME=/opt/rustwide/rustup-home" "-e" "CARGO_TARGET_DIR=/opt/rustwide/target" "-e" "CARGO_INCREMENTAL=0" "-e" "RUST_BACKTRACE=full" "-e" "RUSTFLAGS=--cap-lints=warn" "-e" "RUSTDOCFLAGS=--cap-lints=warn" "-w" "/opt/rustwide/workdir" "--user" "0:0" "5d535eae0c1197df51fab76d22afb8d359a606eab17700c454c61d3d79b03260" "/opt/rustwide/cargo-home/bin/cargo" "+1.99.0-beta.8" "test" "--frozen", kill_on_drop: false }`
[INFO] [stderr]     Finished `test` profile [unoptimized + debuginfo] target(s) in 0.88s
[INFO] [stderr]      Running unittests src/lib.rs (/opt/rustwide/target/debug/deps/surrealdb_idx-36390cd6222949e2)
[INFO] [stdout] 
[INFO] [stdout] running 252 tests
[INFO] [stdout] test adjacency::merge::tests::synthesized_keys_match_real_pointer_keys ... ok
[INFO] [stdout] test adjacency::tests::bounded_passes_drain_a_scope ... ok
[INFO] [stdout] test adjacency::tests::a_bounded_scope_counts_through_the_merge ... ok
[INFO] [stdout] test adjacency::tests::fold_then_merge_matches_the_prefold_scan ... ok
[INFO] [stdout] test adjacency::tests::a_live_delta_wins_over_its_block_entry ... ok
[INFO] [stdout] test adjacency::tests::legacy_keys_stay_in_the_delta_layer ... ok
[INFO] [stdout] test adjacency::tests::bounded_reads_materialize_block_entries_on_demand ... ok
[INFO] [stdout] test adjacency::tests::a_fold_racing_a_delete_loses_instead_of_losing_the_delete ... ok
[INFO] [stdout] test adjacency::tests::refolding_a_numeric_scope_assigns_no_new_ids ... ok
[INFO] [stdout] test adjacency::tests::numeric_chunks_count_through_the_merge ... ok
[INFO] [stdout] test adjacency::tests::numeric_folds_resolve_and_collect_deleted_ids ... ok
[INFO] [stdout] test adjacency::resolve::tests::composite_keys_are_weighed_by_their_real_size ... ok
[INFO] [stdout] test adjacency::tests::tombstones_subtract_until_a_fold_consumes_them ... ok
[INFO] [stdout] test count::tests::count_compaction_batches_visible_deltas ... ok
[INFO] [stdout] test adjacency::tests::scope_degree_polls_cancellation_on_every_strategy ... ok
[INFO] [stdout] test count::tests::count_compaction_generation_allows_only_one_winner ... ok
[INFO] [stdout] test count::tests::test_consecutive_compactions_do_not_fail ... ok
[INFO] [stdout] test adjacency::tests::next_batch_keys_matches_the_edge_stream ... ok
[INFO] [stdout] test adjacency::tests::uninterpreted_sections_stay_in_the_delta_layer ... ok
[INFO] [stdout] test count::tests::count_compaction_preserves_post_snapshot_deltas ... ok
[INFO] [stdout] test adjacency::tests::tombstone_runs_escalate_the_delta_fill ... ok
[INFO] [stdout] test docids::tests::one_doc_id_shared_across_indexes ... ok
[INFO] [stdout] test adjacency::tests::scopes_split_into_chunks_and_preserve_order ... ok
[INFO] [stdout] test docids::tests::removing_a_colliding_record_keeps_the_survivor_resolvable_here ... ok
[INFO] [stdout] test adjacency::tests::bounded_windows_route_to_the_covering_chunk ... ok
[INFO] [stdout] test docids::tests::delete_then_recreate_yields_new_id ... ok
[INFO] [stdout] test docids::tests::remove_all_clears_mappings_and_keeps_monotonicity ... ok
[INFO] [stdout] test docids::tests::resolving_an_erased_only_record_publishes_the_injective_mapping ... ok
[INFO] [stdout] test docids::tests::a_claim_the_reverse_mapping_no_longer_names_is_replaced ... ok
[INFO] [stdout] test docids::tests::ids_differing_only_in_numeric_variant_keep_distinct_doc_ids ... ok
[INFO] [stdout] test docids::tests::legacy_vector_allocates_private_space ... ok
[INFO] [stdout] test docids::tests::legacy_full_text_uses_private_mappings ... ok
[INFO] [stdout] test file::tests::test_allow_list_access ... ok
[INFO] [stdout] test file::tests::test_empty_allow_list_denies_access ... ok
[INFO] [stdout] test docids::tests::a_stale_injective_mapping_is_replaced_before_the_erased_key_moves ... ok
[INFO] [stdout] test docids::tests::forward_batch_falls_back_for_a_record_mapped_under_the_erased_key ... ok
[INFO] [stdout] test docids::tests::resolve_is_idempotent_and_monotonic ... ok
[INFO] [stdout] test docids::tests::removing_one_of_two_colliding_records_leaves_the_other_mapped ... ok
[INFO] [stdout] test docids::tests::batch_resolve_preserves_order ... ok
[INFO] [stdout] test docids::tests::a_type_erased_mapping_is_adopted_only_by_the_record_it_names ... ok
[INFO] [stdout] test docids::tests::the_forward_batch_disowns_a_claim_the_reverse_mapping_no_longer_names ... ok
[INFO] [stdout] test adjacency::tests::scattered_deltas_fold_over_bounded_chunk_passes ... ok
[INFO] [stdout] test docids::tests::restore_yields_to_a_mapping_an_older_node_published ... ok
[INFO] [stdout] test ft::analyzer::filter::tests::test_finnish_stemmer ... ok
[INFO] [stdout] test ft::analyzer::filter::tests::test_dutch_stemmer ... ok
[INFO] [stdout] test ft::analyzer::filter::tests::test_edgengram ... ok
[INFO] [stdout] test ft::analyzer::filter::tests::test_arabic_stemmer ... ok
[INFO] [stdout] test ft::analyzer::filter::tests::test_german_stemmer ... ok
[INFO] [stdout] test ft::analyzer::filter::tests::test_ngram_tokens ... ok
[INFO] [stdout] test ft::analyzer::filter::tests::test_greek_stemmer ... ok
[INFO] [stdout] test ft::analyzer::filter::tests::test_english_stemmer ... ok
[INFO] [stdout] test ft::analyzer::filter::tests::test_lowercase_tokens ... ok
[INFO] [stdout] test ft::analyzer::filter::tests::test_french_stemmer ... ok
[INFO] [stdout] test ft::analyzer::filter::tests::test_ngram ... ok
[INFO] [stdout] test ft::analyzer::mapper::tests::test_parse_error_does_not_leak_file_content ... ok
[INFO] [stdout] test ft::analyzer::mapper::tests::test_wellformed_line_with_secret_in_key_does_not_error ... ok
[INFO] [stdout] test ft::analyzer::segmenter::tests::the_directory_searched_is_named_for_the_language ... ok
[INFO] [stdout] test ft::analyzer::filter::tests::test_norwegian_stemmer ... ok
[INFO] [stdout] test ft::analyzer::filter::tests::test_danish_stemmer ... ok
[INFO] [stdout] test ft::analyzer::filter::tests::test_hungarian_stemmer ... ok
[INFO] [stdout] test ft::analyzer::filter::tests::test_italian_stemmer ... ok
[INFO] [stdout] test ft::analyzer::filter::tests::test_romanian_stemmer ... ok
[INFO] [stdout] test ft::analyzer::tokenizer::tests::test_tokenize_punct ... ok
[INFO] [stdout] test ft::analyzer::filter::tests::test_uppercase_tokens ... ok
[INFO] [stdout] test ft::analyzer::filter::tests::test_portuguese_stemmer ... ok
[INFO] [stdout] test ft::analyzer::filter::tests::test_tamil_stemmer ... ok
[INFO] [stdout] test ft::analyzer::tokenizer::tests::test_tokenize_blank_class ... ok
[INFO] [stdout] test ft::analyzer::filter::tests::test_spanish_stemmer ... ok
[INFO] [stdout] test ft::analyzer::tests::test_no_tokenizer ... ok
[INFO] [stdout] test adjacency::tests::numeric_chunks_fill_to_the_entry_cap ... ok
[INFO] [stdout] test ft::analyzer::filter::tests::test_swedish_stemmer ... ok
[INFO] [stdout] test ft::fulltext::tests::a_document_indexed_before_the_per_document_entry_still_reads_back ... ok
[INFO] [stdout] test ft::analyzer::tokenizer::tests::test_tokenize_source_code ... ok
[INFO] [stdout] test ft::analyzer::filter::tests::test_russian_stemmer ... ok
[INFO] [stdout] test ft::fulltext::tests::a_round_that_stops_inside_a_legacy_term_folds_it_to_the_same_set ... ok
[INFO] [stdout] test ft::fulltext::tests::a_term_folded_whole_is_answered_by_its_bitmap ... ok
[INFO] [stdout] test ft::fulltext::tests::a_query_sees_its_own_uncommitted_indexing ... ok
[INFO] [stdout] test ft::fulltext::tests::a_round_that_stops_inside_a_term_leaves_an_absent_document_absent ... ok
[INFO] [stdout] test ft::fulltext::tests::a_round_shares_one_budget_across_both_delta_shapes ... ok
[INFO] [stdout] test ft::fulltext::tests::a_round_folds_the_entry_that_ends_it_rather_than_deferring_it ... ok
[INFO] [stdout] test ft::fulltext::tests::a_wide_entry_ends_the_round_it_overruns ... ok
[INFO] [stdout] test ft::fulltext::tests::a_residual_left_without_deltas_still_decides_membership ... ok
[INFO] [stdout] test ft::fulltext::tests::a_term_split_between_the_delta_families_folds_to_the_same_set ... ok
[INFO] [stdout] test inline_cache::tests::edge_entry_bytes_are_the_pointer_key_tail ... ok
[INFO] [stdout] test inline_cache::tests::backfill_spills_on_legacy_keys ... ok
[INFO] [stdout] test inline_cache::tests::purge_skips_the_ref_cache_when_nothing_can_reference_the_table ... ok
[INFO] [stdout] test inline_cache::tests::ref_cache_backfills_maintains_and_spills ... ok
[INFO] [stdout] test ft::fulltext::tests::a_round_that_stops_inside_a_term_folds_it_to_the_same_set ... ok
[INFO] [stdout] test ft::fulltext::tests::bm25_score_survives_compaction ... ok
[INFO] [stdout] test inline_cache::tests::missing_cache_delete_conflicts_with_a_concurrent_backfill ... ok
[INFO] [stdout] test trees::diskann::cache::tests::diskann_cache_families_share_one_capacity ... ok
[INFO] [stdout] test trees::diskann::cache::tests::diskann_cache_invalidates_single_element_node_and_doc_set ... ok
[INFO] [stdout] test trees::diskann::cache::tests::diskann_cache_remove_index_is_scoped_to_format_version ... ok
[INFO] [stdout] test trees::diskann::cache::tests::diskann_cache_tracks_and_evicts_per_index ... ok
[INFO] [stdout] test inline_cache::tests::ref_entry_bytes_are_the_reference_key_tail ... ok
[INFO] [stdout] test ft::analyzer::filter::tests::test_turkish_stemmer ... ok
[INFO] [stdout] test ft::fulltext::tests::doc_stats_compaction_batches_deltas ... ok
[INFO] [stdout] test inline_cache::tests::backfill_collapses_a_retargeted_edge_to_one_entry ... ok
[INFO] [stdout] test inline_cache::tests::backfill_reads_blocks_and_subtracts_tombstones ... ok
[INFO] [stdout] test trees::diskann::docs::tests::diskann_docs_remove_evicts_doc_id_cache ... ok
[INFO] [stdout] test inline_cache::tests::disabled_caps_are_inert ... ok
[INFO] [stdout] test trees::diskann::docs::tests::diskann_docs_batch_does_not_cache_write_transaction_mappings ... ok
[INFO] [stdout] test ft::fulltext::tests::compaction_preserves_post_snapshot_deltas ... ok
[INFO] [stdout] test trees::diskann::docs::tests::diskann_docs_batch_ignores_doc_id_cache_from_old_generation ... ok
[INFO] [stdout] test inline_cache::tests::write_backfills_then_maintains ... ok
[INFO] [stdout] test trees::diskann::index::tests::diskann_accepts_supported_vector_types_and_distances ... ok
[INFO] [stdout] test trees::diskann::docs::tests::diskann_vec_docs_populates_and_uses_doc_set_cache ... ok
[INFO] [stdout] test trees::diskann::docs::tests::diskann_vec_docs_resolves_element_doc_cache_misses_in_order ... ok
[INFO] [stdout] test inline_cache::tests::spills_over_cap_and_stays_spilled ... ok
[INFO] [stdout] test trees::diskann::docs::tests::diskann_docs_batch_populates_and_uses_doc_id_cache ... ok
[INFO] [stdout] test trees::diskann::docs::tests::diskann_vec_docs_missing_element_doc_candidate_returns_none ... ok
[INFO] [stdout] test trees::diskann::index::tests::diskann_builder_authorized_pair_survives_byte_budget ... ok
[INFO] [stdout] test ft::fulltext::tests::every_term_and_transaction_keeps_its_own_delta ... ok
[INFO] [stdout] test trees::diskann::docs::tests::diskann_vec_docs_caches_hashed_docs_after_disambiguating_vector ... ok
[INFO] [stdout] test trees::diskann::index::tests::diskann_compaction_plan_requires_apply_only_for_non_empty_shards ... ok
[INFO] [stdout] test trees::diskann::index::tests::diskann_compaction_plan_requires_apply_for_captured_keys ... ok
[INFO] [stdout] test trees::diskann::index::tests::compaction_names_the_mapped_record_of_an_entry_without_an_id ... ok
[INFO] [stdout] test trees::diskann::docs::tests::diskann_vec_docs_resolves_warmed_element_docs_without_vector_mapping ... ok
[INFO] [stdout] test trees::diskann::index::tests::diskann_compaction_plan_skips_apply_when_empty_confirmed ... ok
[INFO] [stdout] test trees::diskann::docs::tests::diskann_vec_docs_resolves_hashed_element_doc_cache_misses ... ok
[INFO] [stdout] test trees::diskann::index::tests::diskann_empty_compaction_plan_does_not_clear_concurrent_pending_write ... ok
[INFO] [stdout] test trees::diskann::index::tests::diskann_graph_distance_matches_public_euclidean_distance ... ok
[INFO] [stdout] test trees::diskann::index::tests::diskann_compaction_clears_pending_state_after_empty_confirmation ... ok
[INFO] [stdout] test ft::fulltext::tests::term_docs_compaction_batches_deltas ... ok
[INFO] [stdout] test trees::diskann::index::tests::diskann_final_compaction_plan_preserves_concurrent_pending_write ... ok
[INFO] [stdout] test trees::diskann::index::tests::diskann_allow_list_restricts_admission ... ok
[INFO] [stdout] test trees::diskann::index::tests::diskann_failed_compaction_clears_cache_and_keeps_knn_working ... ok
[INFO] [stdout] test ft::fulltext::tests::term_docs_compaction_bounds_documents_not_keys ... ok
[INFO] [stdout] test trees::diskann::index::tests::diskann_doc_set_cache_evicted_and_refilled_for_duplicate_vector_updates ... ok
[INFO] [stdout] test trees::diskann::index::tests::diskann_dual_read_drains_legacy_pending_then_uses_shards ... ok
[INFO] [stdout] test trees::diskann::index::tests::diskann_index_write_marks_pending_state_non_empty ... ok
[INFO] [stdout] test trees::diskann::index::tests::diskann_allow_list_overqueries_past_disallowed_neighbours ... ok
[INFO] [stdout] test trees::diskann::index::tests::diskann_legacy_pending_delete_cancels_sharded_entry ... ok
[INFO] [stdout] test trees::diskann::index::tests::diskann_old_compactor_clearing_legacy_guard_keeps_sharded_visible ... ok
[INFO] [stdout] test trees::diskann::index::tests::diskann_hashed_vector_compaction_and_knn ... ok
[INFO] [stdout] test trees::diskann::index::tests::diskann_legacy_pending_supersedes_sharded_entry ... ok
[INFO] [stdout] test trees::diskann::index::tests::diskann_compaction_orders_cross_layout_pending_by_vector_chain ... ok
[INFO] [stdout] test trees::diskann::index::tests::diskann_dual_layout_folds_under_the_id_the_value_carries ... ok
[INFO] [stdout] test trees::diskann::index::tests::diskann_lookup_skips_sharded_pendings_only_when_guard_is_empty ... ok
[INFO] [stdout] test trees::diskann::index::tests::diskann_legacy_ownership_resolves_one_page_at_a_time ... ok
[INFO] [stdout] test trees::diskann::index::tests::diskann_pending_scan_probes_only_shards_a_legacy_record_touches ... ok
[INFO] [stdout] test trees::diskann::index::tests::diskann_rejects_unsupported_type_metric_combinations ... ok
[INFO] [stdout] test trees::diskann::index::tests::diskann_legacy_overflow_reports_has_more ... ok
[INFO] [stdout] test trees::diskann::index::tests::diskann_revert_across_layouts_leaves_no_phantom ... ok
[INFO] [stdout] test trees::diskann::index::tests::diskann_write_folds_legacy_even_when_sharded_exists ... ok
[INFO] [stdout] test trees::diskann::index::tests::diskann_compaction_split_batch_does_not_leave_phantom_vector ... ok
[INFO] [stdout] test trees::diskann::index::tests::diskann_write_fold_inverse_pair_keeps_chain_head ... ok
[INFO] [stdout] test trees::diskann::provider::tests::diskann_provider_batch_vectors_omits_deleted_elements ... ok
[INFO] [stdout] test trees::diskann::index::tests::diskann_write_folds_legacy_pending_into_shard ... ok
[INFO] [stdout] test trees::diskann::provider::tests::diskann_provider_batches_element_reads_and_reports_missing ... ok
[INFO] [stdout] test trees::dynamicset::tests::test_dynamic_set_array ... ok
[INFO] [stdout] test trees::diskann::index::tests::diskann_pending_scan_caps_pages_when_entries_widen ... ok
[INFO] [stdout] test trees::graph::tests::test_clear ... ok
[INFO] [stdout] test trees::graph::tests::test_node_to_val_and_load_node ... ok
[INFO] [stdout] test trees::graph::tests::test_reload_empty_buffer ... ok
[INFO] [stdout] test trees::diskann::index::tests::diskann_write_stamps_the_id_on_an_entry_that_predates_it ... ok
[INFO] [stdout] test trees::graph::tests::test_undirected_graph_array ... ok
[INFO] [stdout] test trees::hnsw::cache::tests::test_cache_families_share_one_capacity ... ok
[INFO] [stdout] test trees::graph::tests::test_undirected_graph_hash ... ok
[INFO] [stdout] test trees::hnsw::cache::tests::test_eviction_in_async_context ... ok
[INFO] [stdout] test trees::hnsw::cache::tests::test_cache_insert_get_remove ... ok
[INFO] [stdout] test trees::hnsw::cache::tests::test_remove_index ... ok
[INFO] [stdout] test trees::diskann::provider::tests::diskann_provider_batches_nodes_and_updates_cache_on_mutation ... ok
[INFO] [stdout] test trees::hnsw::cache::tests::test_remove_index_is_scoped_to_format_version ... ok
[INFO] [stdout] test trees::hnsw::docs::tests::hnsw_docs_batch_ignores_doc_id_cache_from_old_generation ... ok
[INFO] [stdout] test trees::hnsw::docs::tests::hnsw_docs_batch_does_not_cache_missing_or_write_transaction_mappings ... ok
[INFO] [stdout] test trees::hnsw::docs::tests::hnsw_docs_batch_preserves_order_and_uses_cache ... ok
[INFO] [stdout] test trees::dynamicset::tests::test_dynamic_set_hash ... ok
[INFO] [stdout] test adjacency::tests::undefined_target_table_marks_no_table_numeric ... ok
[INFO] [stdout] test trees::hnsw::docs::tests::hnsw_vec_docs_hashed_disambiguates_and_caches_by_element ... ok
[INFO] [stdout] test trees::hnsw::docs::tests::hnsw_vec_docs_populates_and_uses_doc_set_cache ... ok
[INFO] [stdout] test trees::diskann::index::tests::diskann_pending_scan_reports_byte_rollover_before_cancellation ... ok
[INFO] [stdout] test trees::hnsw::tests::diag_recall_cosine_768_keep_pruned ... ignored, diagnostic (slow, high-dim): KEEP_PRUNED_CONNECTIONS effect at 768d cosine
[INFO] [stdout] test trees::hnsw::tests::diag_recall_cosine_dim_curve ... ignored, diagnostic (slow, high-dim): cosine Recall@10 vs dimension
[INFO] [stdout] test trees::hnsw::docs::tests::hnsw_vec_docs_missing_mapping_returns_none_without_caching ... ok
[INFO] [stdout] test trees::hnsw::docs::tests::hnsw_docs_remove_evicts_doc_id_cache ... ok
[INFO] [stdout] test trees::hnsw::index::tests::compaction_names_the_mapped_record_of_an_entry_without_an_id ... ok
[INFO] [stdout] test trees::diskann::index::tests::diskann_pending_scan_pages_shrink_for_wide_vectors ... ok
[INFO] [stdout] test trees::hnsw::tests::hnsw_allow_list_admits_entry_point_on_cold_cache ... ok
[INFO] [stdout] test trees::hnsw::tests::hnsw_allow_list_and_pending_docs_polarity ... ok
[INFO] [stdout] test trees::hnsw::tests::hnsw_allow_list_ignores_pending_docs_for_admission ... ok
[INFO] [stdout] test trees::diskann::index::tests::diskann_pending_scan_masks_stale_graph_entries_across_batches ... ok
[INFO] [stdout] test trees::hnsw::tests::hnsw_allow_list_gates_pending_updates ... ok
[INFO] [stdout] test trees::hnsw::tests::hnsw_compaction_generation_allows_one_winner ... ok
[INFO] [stdout] test trees::hnsw::tests::hnsw_allow_list_gates_shared_vector_docs ... ok
[INFO] [stdout] test trees::hnsw::tests::hnsw_compaction_deletes_pending_key_after_final_batch ... ok
[INFO] [stdout] test trees::hnsw::tests::hnsw_compaction_preserves_post_snapshot_pending_key ... ok
[INFO] [stdout] test trees::diskann::index::tests::diskann_pending_backlog_report_arms_on_a_scoring_rollover ... ok
[INFO] [stdout] test trees::hnsw::tests::hnsw_compaction_preserves_changed_pending_value ... ok
[INFO] [stdout] test trees::hnsw::tests::hnsw_empty_compaction_plan_preserves_concurrent_pending_write ... ok
[INFO] [stdout] test trees::hnsw::tests::hnsw_allow_list_restricts_graph_admission ... ok
[INFO] [stdout] test trees::diskann::index::tests::diskann_pending_scan_materialises_bounded_batches ... ok
[INFO] [stdout] test trees::hnsw::tests::hnsw_insert_over_unreadable_entry_point_is_reported ... ok
[INFO] [stdout] test trees::hnsw::tests::hnsw_delete_recreate_before_compaction_stays_resolvable ... ok
[INFO] [stdout] test trees::hnsw::tests::hnsw_compound_record_id_holding_a_number_survives_indexing ... ok
[INFO] [stdout] test trees::hnsw::tests::hnsw_pending_preserves_existing_doc_baseline ... ok
[INFO] [stdout] test trees::hnsw::tests::hnsw_pending_coalesces_new_record_updates ... ok
[INFO] [stdout] test trees::diskann::index::tests::diskann_pending_scan_batching_preserves_top_k ... ok
[INFO] [stdout] test trees::diskann::index::tests::diskann_pending_scan_reports_the_entry_it_is_cancelled_on ... ok
[INFO] [stdout] test trees::hnsw::tests::hnsw_pending_scan_caps_pages_when_entries_widen ... ok
[INFO] [stdout] test trees::hnsw::tests::hnsw_pending_scan_scores_last_legacy_entry_for_an_identity ... ok
[INFO] [stdout] test trees::diskann::index::tests::diskann_pending_scan_below_budget_scores_in_one_batch ... ok
[INFO] [stdout] test trees::hnsw::tests::hnsw_pending_written_before_the_id_field_resolves_through_its_key ... ok
[INFO] [stdout] test trees::hnsw::tests::hnsw_record_pending_delete_cancels_legacy_entry ... ok
[INFO] [stdout] test trees::hnsw::tests::hnsw_record_pending_supersedes_legacy_entries ... ok
[INFO] [stdout] test trees::hnsw::tests::hnsw_pending_scan_coalesces_legacy_entries_across_bounded_chunks ... ok
[INFO] [stdout] test trees::hnsw::tests::hnsw_unreadable_entry_point_is_reported ... ok
[INFO] [stdout] test adjacency::tests::randomized_operations_match_the_model ... ok
[INFO] [stdout] test trees::hnsw::tests::hnsw_pending_scan_masks_stale_graph_entries_across_batches ... ok
[INFO] [stdout] test trees::hnsw::tests::hnsw_pending_scan_materialises_bounded_batches ... ok
[INFO] [stdout] test trees::hnsw::tests::test_simple_hnsw ... ok
[INFO] [stdout] test trees::hnsw::tests::hnsw_pending_scan_batching_preserves_top_k ... ok
[INFO] [stdout] test trees::hnsw::tests::test_hnsw_u8_euclidean ... ok
[INFO] [stdout] test trees::knn::tests::confirm_binaryheaps_faster_than_btreeset ... ignored
[INFO] [stdout] test trees::knn::tests::knn_result_builder_distinct_distances_hold_distinct_slots ... ok
[INFO] [stdout] test trees::knn::tests::knn_result_builder_equidistant_duplicate_takes_one_slot ... ok
[INFO] [stdout] test trees::knn::tests::knn_result_builder_equidistant_graph_results_release_shared_docs ... ok
[INFO] [stdout] test trees::knn::tests::knn_result_builder_test ... ok
[INFO] [stdout] test trees::knn::tests::test_double_priority_queue ... ok
[INFO] [stdout] test trees::knn::tests::test_priority_node ... ok
[INFO] [stdout] test trees::pending::tests::scoring_batch_drops_cleared_candidates_in_place ... ok
[INFO] [stdout] test trees::pending::tests::stale_scan_cannot_clear_a_newer_backlog_observation ... ok
[INFO] [stdout] test ft::fulltext::tests::concurrent_test ... ok
[INFO] [stdout] test trees::hnsw::tests::hnsw_pending_backlog_report_arms_on_a_scoring_rollover ... ok
[INFO] [stdout] test trees::hnsw::tests::hnsw_pending_scan_pages_shrink_for_wide_vectors ... ok
[INFO] [stdout] test trees::store::tests::derive_shares_the_dictionaries_but_not_the_store ... ok
[INFO] [stdout] test trees::hnsw::tests::test_recall_euclidean_full ... FAILED
[INFO] [stdout] test trees::hnsw::tests::test_recall_euclidean ... FAILED
[INFO] [stdout] test trees::store::segmenter::tests::a_failed_load_is_retired_rather_than_cached ... ok
[INFO] [stdout] test trees::hnsw::tests::test_recall_filtered_euclidean ... FAILED
[INFO] [stdout] test trees::hnsw::tests::test_recall_euclidean_keep_pruned_connections ... FAILED
[INFO] [stdout] test trees::hnsw::tests::hnsw_pending_scan_reports_the_entry_it_is_cancelled_on ... ok
[INFO] [stdout] test trees::hnsw::tests::hnsw_pending_scan_reports_byte_rollover_before_cancellation ... ok
[INFO] [stdout] test trees::vector::tests::test_distance_cosine_normalized ... ok
[INFO] [stdout] test trees::vector::tests::test_serialized_vector_f16_roundtrip ... ok
[INFO] [stdout] test trees::vector::tests::test_serialized_vector_i8_u8_range_validation ... ok
[INFO] [stdout] test trees::vector::tests::test_shared_vector_norm_is_cached_and_correct ... ok
[INFO] [stdout] test trees::vector::tests::test_distance_chebyshev ... ok
[INFO] [stdout] test trees::vector::tests::test_distance_minkowski ... ok
[INFO] [stdout] test trees::vector::tests::test_distance_euclidean ... ok
[INFO] [stdout] test trees::vector::tests::test_distance_manhattan ... ok
[INFO] [stdout] test trees::vector::tests::test_distance_hamming ... ok
[INFO] [stdout] test trees::vector::tests::test_distance_cosine ... ok
[INFO] [stdout] test trees::vector::tests::test_distance_pearson ... ok
[INFO] [stdout] test trees::vector::tests::test_distance_inner_product ... ok
[INFO] [stdout] test trees::vector::tests::test_distance_jaccard ... ok
[INFO] [stdout] test trees::hnsw::tests::hnsw_pending_scan_accounts_for_record_key_bytes ... ok
[INFO] [stdout] test trees::diskann::index::tests::diskann_pending_scan_accounts_for_record_key_bytes ... ok
[INFO] [stdout] test trees::hnsw::tests::tests_hnsw ... ok
[INFO] [stdout] test trees::hnsw::layer::tests::hnsw_rolled_back_graph_write_reloads_only_the_layers_it_moved ... ok
[INFO] [stdout] test trees::hnsw::layer::tests::hnsw_rolled_back_apply_lands_on_the_version_a_peer_commits ... ok
[INFO] [stdout] test trees::hnsw::tests::tests_hnsw_index ... ok
[INFO] [stdout] 
[INFO] [stdout] failures:
[INFO] [stdout] 
[INFO] [stdout] ---- trees::hnsw::tests::test_recall_euclidean_full stdout ----
[INFO] [stdout] [2m2026-10-06T19:26:42.511394Z[0m [32m INFO[0m [2msurrealdb_idx::trees::hnsw::tests[0m[2m:[0m Build data collection
[INFO] [stdout] [2m2026-10-06T19:26:42.511449Z[0m [32m INFO[0m [2msurrealdb::core::kvs::ds[0m[2m:[0m Starting kvs store in mem
[INFO] [stdout] [2m2026-10-06T19:26:42.614080Z[0m [32m INFO[0m [2msurrealdb::core::kvs::mem[0m[2m:[0m Storage mode: in-memory only (no persist path)
[INFO] [stdout] [2m2026-10-06T19:26:42.614332Z[0m [32m INFO[0m [2msurrealdb::core::kvs::ds[0m[2m:[0m Started kvs store in memory
[INFO] [stdout] Error: No such file or directory (os error 2)
[INFO] [stdout] 
[INFO] [stdout] Stack backtrace:
[INFO] [stdout]    0: <anyhow::Error as core::convert::From<core::io::error::Error>>::from
[INFO] [stdout]              at /opt/rustwide/cargo-home/registry/src/index.crates.io-1949cf8c6b5b557f/anyhow-1.0.104/src/backtrace.rs:10:14
[INFO] [stdout]    1: <core::result::Result<alloc::vec::Vec<(u64, surrealdb_idx::trees::vector::SharedVector)>, anyhow::Error> as core::ops::try_trait::FromResidual<core::result::Result<core::convert::Infallible, core::io::error::Error>>>::from_residual
[INFO] [stdout]              at /rustc/dfb0accb7f508ae8be965d8629557221c889dd98/library/core/src/result.rs:2193:27
[INFO] [stdout]    2: surrealdb_idx::trees::knn::tests::new_vectors_from_file::<surrealdb_idx::trees::vector::SharedVector>
[INFO] [stdout]              at ./src/trees/knn.rs:316:14
[INFO] [stdout]    3: surrealdb_idx::trees::hnsw::tests::test_recall::{closure#0}
[INFO] [stdout]              at ./src/trees/hnsw/mod.rs:2974:39
[INFO] [stdout]    4: surrealdb_idx::trees::hnsw::tests::test_recall_euclidean_full::{closure#0}
[INFO] [stdout]              at ./src/trees/hnsw/mod.rs:3103:4
[INFO] [stdout]    5: <core::pin::Pin<&mut dyn core::future::future::Future<Output = core::result::Result<(), anyhow::Error>>> as core::future::future::Future>::poll
[INFO] [stdout]              at /rustc/dfb0accb7f508ae8be965d8629557221c889dd98/library/core/src/future/future.rs:133:9
[INFO] [stdout]    6: <tokio::runtime::park::CachedParkThread>::block_on::<core::pin::Pin<&mut dyn core::future::future::Future<Output = core::result::Result<(), anyhow::Error>>>>::{closure#0}
[INFO] [stdout]              at /opt/rustwide/cargo-home/registry/src/index.crates.io-1949cf8c6b5b557f/tokio-1.52.3/src/runtime/park.rs:284:71
[INFO] [stdout]    7: tokio::task::coop::with_budget::<core::task::poll::Poll<core::result::Result<(), anyhow::Error>>, <tokio::runtime::park::CachedParkThread>::block_on<core::pin::Pin<&mut dyn core::future::future::Future<Output = core::result::Result<(), anyhow::Error>>>>::{closure#0}>
[INFO] [stdout]              at /opt/rustwide/cargo-home/registry/src/index.crates.io-1949cf8c6b5b557f/tokio-1.52.3/src/task/coop/mod.rs:167:5
[INFO] [stdout]    8: tokio::task::coop::budget::<core::task::poll::Poll<core::result::Result<(), anyhow::Error>>, <tokio::runtime::park::CachedParkThread>::block_on<core::pin::Pin<&mut dyn core::future::future::Future<Output = core::result::Result<(), anyhow::Error>>>>::{closure#0}>
[INFO] [stdout]              at /opt/rustwide/cargo-home/registry/src/index.crates.io-1949cf8c6b5b557f/tokio-1.52.3/src/task/coop/mod.rs:133:5
[INFO] [stdout]    9: <tokio::runtime::park::CachedParkThread>::block_on::<core::pin::Pin<&mut dyn core::future::future::Future<Output = core::result::Result<(), anyhow::Error>>>>
[INFO] [stdout]              at /opt/rustwide/cargo-home/registry/src/index.crates.io-1949cf8c6b5b557f/tokio-1.52.3/src/runtime/park.rs:284:31
[INFO] [stdout]   10: <tokio::runtime::context::blocking::BlockingRegionGuard>::block_on::<core::pin::Pin<&mut dyn core::future::future::Future<Output = core::result::Result<(), anyhow::Error>>>>
[INFO] [stdout]              at /opt/rustwide/cargo-home/registry/src/index.crates.io-1949cf8c6b5b557f/tokio-1.52.3/src/runtime/context/blocking.rs:66:14
[INFO] [stdout]   11: <tokio::runtime::scheduler::multi_thread::MultiThread>::block_on::<core::pin::Pin<&mut dyn core::future::future::Future<Output = core::result::Result<(), anyhow::Error>>>>::{closure#0}
[INFO] [stdout]              at /opt/rustwide/cargo-home/registry/src/index.crates.io-1949cf8c6b5b557f/tokio-1.52.3/src/runtime/scheduler/multi_thread/mod.rs:92:22
[INFO] [stdout]   12: tokio::runtime::context::runtime::enter_runtime::<<tokio::runtime::scheduler::multi_thread::MultiThread>::block_on<core::pin::Pin<&mut dyn core::future::future::Future<Output = core::result::Result<(), anyhow::Error>>>>::{closure#0}, core::result::Result<(), anyhow::Error>>
[INFO] [stdout]              at /opt/rustwide/cargo-home/registry/src/index.crates.io-1949cf8c6b5b557f/tokio-1.52.3/src/runtime/context/runtime.rs:65:16
[INFO] [stdout]   13: <tokio::runtime::scheduler::multi_thread::MultiThread>::block_on::<core::pin::Pin<&mut dyn core::future::future::Future<Output = core::result::Result<(), anyhow::Error>>>>
[INFO] [stdout]              at /opt/rustwide/cargo-home/registry/src/index.crates.io-1949cf8c6b5b557f/tokio-1.52.3/src/runtime/scheduler/multi_thread/mod.rs:91:9
[INFO] [stdout]   14: <tokio::runtime::runtime::Runtime>::block_on_inner::<core::pin::Pin<&mut dyn core::future::future::Future<Output = core::result::Result<(), anyhow::Error>>>>
[INFO] [stdout]              at /opt/rustwide/cargo-home/registry/src/index.crates.io-1949cf8c6b5b557f/tokio-1.52.3/src/runtime/runtime.rs:373:50
[INFO] [stdout]   15: <tokio::runtime::runtime::Runtime>::block_on::<core::pin::Pin<&mut dyn core::future::future::Future<Output = core::result::Result<(), anyhow::Error>>>>
[INFO] [stdout]              at /opt/rustwide/cargo-home/registry/src/index.crates.io-1949cf8c6b5b557f/tokio-1.52.3/src/runtime/runtime.rs:345:18
[INFO] [stdout]   16: surrealdb_idx::trees::hnsw::tests::test_recall_euclidean_full
[INFO] [stdout]              at ./src/trees/hnsw/mod.rs:3093:54
[INFO] [stdout]   17: surrealdb_idx::trees::hnsw::tests::test_recall_euclidean_full::{closure#0}
[INFO] [stdout]              at ./src/trees/hnsw/mod.rs:3093:43
[INFO] [stdout]   18: <surrealdb_idx::trees::hnsw::tests::test_recall_euclidean_full::{closure#0} as core::ops::function::FnOnce<()>>::call_once
[INFO] [stdout]              at /rustc/dfb0accb7f508ae8be965d8629557221c889dd98/library/core/src/ops/function.rs:250:5
[INFO] [stdout]   19: <fn() -> core::result::Result<(), alloc::string::String> as core::ops::function::FnOnce<()>>::call_once
[INFO] [stdout]              at /rustc/dfb0accb7f508ae8be965d8629557221c889dd98/library/core/src/ops/function.rs:250:5
[INFO] [stdout]   20: test::__rust_begin_short_backtrace::<core::result::Result<(), alloc::string::String>, fn() -> core::result::Result<(), alloc::string::String>>
[INFO] [stdout]              at /rustc/dfb0accb7f508ae8be965d8629557221c889dd98/library/test/src/lib.rs:733:18
[INFO] [stdout]   21: test::run_test_in_process::{closure#0}
[INFO] [stdout]              at /rustc/dfb0accb7f508ae8be965d8629557221c889dd98/library/test/src/lib.rs:756:74
[INFO] [stdout]   22: <core::panic::unwind_safe::AssertUnwindSafe<test::run_test_in_process::{closure#0}> as core::ops::function::FnOnce<()>>::call_once
[INFO] [stdout]              at /rustc/dfb0accb7f508ae8be965d8629557221c889dd98/library/core/src/panic/unwind_safe.rs:275:9
[INFO] [stdout]   23: std::panicking::catch_unwind::do_call::<core::panic::unwind_safe::AssertUnwindSafe<test::run_test_in_process::{closure#0}>, core::result::Result<(), alloc::string::String>>
[INFO] [stdout]              at /rustc/dfb0accb7f508ae8be965d8629557221c889dd98/library/std/src/panicking.rs:576:43
[INFO] [stdout]   24: std::panicking::catch_unwind::<core::result::Result<(), alloc::string::String>, core::panic::unwind_safe::AssertUnwindSafe<test::run_test_in_process::{closure#0}>>
[INFO] [stdout]              at /rustc/dfb0accb7f508ae8be965d8629557221c889dd98/library/std/src/panicking.rs:544:19
[INFO] [stdout]   25: std::panic::catch_unwind::<core::panic::unwind_safe::AssertUnwindSafe<test::run_test_in_process::{closure#0}>, core::result::Result<(), alloc::string::String>>
[INFO] [stdout]              at /rustc/dfb0accb7f508ae8be965d8629557221c889dd98/library/std/src/panic.rs:359:14
[INFO] [stdout]   26: test::run_test_in_process
[INFO] [stdout]              at /rustc/dfb0accb7f508ae8be965d8629557221c889dd98/library/test/src/lib.rs:756:27
[INFO] [stdout]   27: test::run_test::{closure#0}
[INFO] [stdout]              at /rustc/dfb0accb7f508ae8be965d8629557221c889dd98/library/test/src/lib.rs:677:43
[INFO] [stdout]   28: test::run_test::{closure#1}
[INFO] [stdout]              at /rustc/dfb0accb7f508ae8be965d8629557221c889dd98/library/test/src/lib.rs:707:41
[INFO] [stdout]   29: std::sys::backtrace::__rust_begin_short_backtrace::<test::run_test::{closure#1}, ()>
[INFO] [stdout]              at /rustc/dfb0accb7f508ae8be965d8629557221c889dd98/library/std/src/sys/backtrace.rs:166:18
[INFO] [stdout]   30: std::thread::lifecycle::spawn_unchecked::<test::run_test::{closure#1}, ()>::{closure#1}::{closure#0}
[INFO] [stdout]              at /rustc/dfb0accb7f508ae8be965d8629557221c889dd98/library/std/src/thread/lifecycle.rs:70:13
[INFO] [stdout]   31: <core::panic::unwind_safe::AssertUnwindSafe<std::thread::lifecycle::spawn_unchecked<test::run_test::{closure#1}, ()>::{closure#1}::{closure#0}> as core::ops::function::FnOnce<()>>::call_once
[INFO] [stdout]              at /rustc/dfb0accb7f508ae8be965d8629557221c889dd98/library/core/src/panic/unwind_safe.rs:275:9
[INFO] [stdout]   32: std::panicking::catch_unwind::do_call::<core::panic::unwind_safe::AssertUnwindSafe<std::thread::lifecycle::spawn_unchecked<test::run_test::{closure#1}, ()>::{closure#1}::{closure#0}>, ()>
[INFO] [stdout]              at /rustc/dfb0accb7f508ae8be965d8629557221c889dd98/library/std/src/panicking.rs:576:43
[INFO] [stdout]   33: std::panicking::catch_unwind::<(), core::panic::unwind_safe::AssertUnwindSafe<std::thread::lifecycle::spawn_unchecked<test::run_test::{closure#1}, ()>::{closure#1}::{closure#0}>>
[INFO] [stdout]              at /rustc/dfb0accb7f508ae8be965d8629557221c889dd98/library/std/src/panicking.rs:544:19
[INFO] [stdout]   34: std::panic::catch_unwind::<core::panic::unwind_safe::AssertUnwindSafe<std::thread::lifecycle::spawn_unchecked<test::run_test::{closure#1}, ()>::{closure#1}::{closure#0}>, ()>
[INFO] [stdout]              at /rustc/dfb0accb7f508ae8be965d8629557221c889dd98/library/std/src/panic.rs:359:14
[INFO] [stdout]   35: std::thread::lifecycle::spawn_unchecked::<test::run_test::{closure#1}, ()>::{closure#1}
[INFO] [stdout]              at /rustc/dfb0accb7f508ae8be965d8629557221c889dd98/library/std/src/thread/lifecycle.rs:68:26
[INFO] [stdout]   36: <std::thread::lifecycle::spawn_unchecked<test::run_test::{closure#1}, ()>::{closure#1} as core::ops::function::FnOnce<()>>::call_once::{shim:vtable#0}
[INFO] [stdout]              at /rustc/dfb0accb7f508ae8be965d8629557221c889dd98/library/core/src/ops/function.rs:250:5
[INFO] [stdout]   37: <alloc::boxed::Box<dyn core::ops::function::FnOnce<(), Output = ()> + core::marker::Send> as core::ops::function::FnOnce<()>>::call_once
[INFO] [stdout]              at /rustc/dfb0accb7f508ae8be965d8629557221c889dd98/library/alloc/src/boxed.rs:2320:9
[INFO] [stdout]   38: <std::sys::thread::unix::Thread>::new::thread_start
[INFO] [stdout]              at /rustc/dfb0accb7f508ae8be965d8629557221c889dd98/library/std/src/sys/thread/unix.rs:123:17
[INFO] [stdout]   39: <unknown>
[INFO] [stdout]   40: clone
[INFO] [stdout] 
[INFO] [stdout] ---- trees::hnsw::tests::test_recall_euclidean stdout ----
[INFO] [stdout] [2m2026-10-06T19:26:42.421298Z[0m [32m INFO[0m [2msurrealdb_idx::trees::hnsw::tests[0m[2m:[0m Build data collection
[INFO] [stdout] [2m2026-10-06T19:26:42.421347Z[0m [32m INFO[0m [2msurrealdb::core::kvs::ds[0m[2m:[0m Starting kvs store in mem
[INFO] [stdout] [2m2026-10-06T19:26:42.616439Z[0m [32m INFO[0m [2msurrealdb::core::kvs::mem[0m[2m:[0m Storage mode: in-memory only (no persist path)
[INFO] [stdout] [2m2026-10-06T19:26:42.616648Z[0m [32m INFO[0m [2msurrealdb::core::kvs::ds[0m[2m:[0m Started kvs store in memory
[INFO] [stdout] Error: No such file or directory (os error 2)
[INFO] [stdout] 
[INFO] [stdout] Stack backtrace:
[INFO] [stdout]    0: <anyhow::Error as core::convert::From<core::io::error::Error>>::from
[INFO] [stdout]              at /opt/rustwide/cargo-home/registry/src/index.crates.io-1949cf8c6b5b557f/anyhow-1.0.104/src/backtrace.rs:10:14
[INFO] [stdout]    1: <core::result::Result<alloc::vec::Vec<(u64, surrealdb_idx::trees::vector::SharedVector)>, anyhow::Error> as core::ops::try_trait::FromResidual<core::result::Result<core::convert::Infallible, core::io::error::Error>>>::from_residual
[INFO] [stdout]              at /rustc/dfb0accb7f508ae8be965d8629557221c889dd98/library/core/src/result.rs:2193:27
[INFO] [stdout]    2: surrealdb_idx::trees::knn::tests::new_vectors_from_file::<surrealdb_idx::trees::vector::SharedVector>
[INFO] [stdout]              at ./src/trees/knn.rs:316:14
[INFO] [stdout]    3: surrealdb_idx::trees::hnsw::tests::test_recall::{closure#0}
[INFO] [stdout]              at ./src/trees/hnsw/mod.rs:2974:39
[INFO] [stdout]    4: surrealdb_idx::trees::hnsw::tests::test_recall_euclidean::{closure#0}
[INFO] [stdout]              at ./src/trees/hnsw/mod.rs:3075:4
[INFO] [stdout]    5: <core::pin::Pin<&mut dyn core::future::future::Future<Output = core::result::Result<(), anyhow::Error>>> as core::future::future::Future>::poll
[INFO] [stdout]              at /rustc/dfb0accb7f508ae8be965d8629557221c889dd98/library/core/src/future/future.rs:133:9
[INFO] [stdout]    6: <tokio::runtime::park::CachedParkThread>::block_on::<core::pin::Pin<&mut dyn core::future::future::Future<Output = core::result::Result<(), anyhow::Error>>>>::{closure#0}
[INFO] [stdout]              at /opt/rustwide/cargo-home/registry/src/index.crates.io-1949cf8c6b5b557f/tokio-1.52.3/src/runtime/park.rs:284:71
[INFO] [stdout]    7: tokio::task::coop::with_budget::<core::task::poll::Poll<core::result::Result<(), anyhow::Error>>, <tokio::runtime::park::CachedParkThread>::block_on<core::pin::Pin<&mut dyn core::future::future::Future<Output = core::result::Result<(), anyhow::Error>>>>::{closure#0}>
[INFO] [stdout]              at /opt/rustwide/cargo-home/registry/src/index.crates.io-1949cf8c6b5b557f/tokio-1.52.3/src/task/coop/mod.rs:167:5
[INFO] [stdout]    8: tokio::task::coop::budget::<core::task::poll::Poll<core::result::Result<(), anyhow::Error>>, <tokio::runtime::park::CachedParkThread>::block_on<core::pin::Pin<&mut dyn core::future::future::Future<Output = core::result::Result<(), anyhow::Error>>>>::{closure#0}>
[INFO] [stdout]              at /opt/rustwide/cargo-home/registry/src/index.crates.io-1949cf8c6b5b557f/tokio-1.52.3/src/task/coop/mod.rs:133:5
[INFO] [stdout]    9: <tokio::runtime::park::CachedParkThread>::block_on::<core::pin::Pin<&mut dyn core::future::future::Future<Output = core::result::Result<(), anyhow::Error>>>>
[INFO] [stdout]              at /opt/rustwide/cargo-home/registry/src/index.crates.io-1949cf8c6b5b557f/tokio-1.52.3/src/runtime/park.rs:284:31
[INFO] [stdout]   10: <tokio::runtime::context::blocking::BlockingRegionGuard>::block_on::<core::pin::Pin<&mut dyn core::future::future::Future<Output = core::result::Result<(), anyhow::Error>>>>
[INFO] [stdout]              at /opt/rustwide/cargo-home/registry/src/index.crates.io-1949cf8c6b5b557f/tokio-1.52.3/src/runtime/context/blocking.rs:66:14
[INFO] [stdout]   11: <tokio::runtime::scheduler::multi_thread::MultiThread>::block_on::<core::pin::Pin<&mut dyn core::future::future::Future<Output = core::result::Result<(), anyhow::Error>>>>::{closure#0}
[INFO] [stdout]              at /opt/rustwide/cargo-home/registry/src/index.crates.io-1949cf8c6b5b557f/tokio-1.52.3/src/runtime/scheduler/multi_thread/mod.rs:92:22
[INFO] [stdout]   12: tokio::runtime::context::runtime::enter_runtime::<<tokio::runtime::scheduler::multi_thread::MultiThread>::block_on<core::pin::Pin<&mut dyn core::future::future::Future<Output = core::result::Result<(), anyhow::Error>>>>::{closure#0}, core::result::Result<(), anyhow::Error>>
[INFO] [stdout]              at /opt/rustwide/cargo-home/registry/src/index.crates.io-1949cf8c6b5b557f/tokio-1.52.3/src/runtime/context/runtime.rs:65:16
[INFO] [stdout]   13: <tokio::runtime::scheduler::multi_thread::MultiThread>::block_on::<core::pin::Pin<&mut dyn core::future::future::Future<Output = core::result::Result<(), anyhow::Error>>>>
[INFO] [stdout]              at /opt/rustwide/cargo-home/registry/src/index.crates.io-1949cf8c6b5b557f/tokio-1.52.3/src/runtime/scheduler/multi_thread/mod.rs:91:9
[INFO] [stdout]   14: <tokio::runtime::runtime::Runtime>::block_on_inner::<core::pin::Pin<&mut dyn core::future::future::Future<Output = core::result::Result<(), anyhow::Error>>>>
[INFO] [stdout]              at /opt/rustwide/cargo-home/registry/src/index.crates.io-1949cf8c6b5b557f/tokio-1.52.3/src/runtime/runtime.rs:373:50
[INFO] [stdout]   15: <tokio::runtime::runtime::Runtime>::block_on::<core::pin::Pin<&mut dyn core::future::future::Future<Output = core::result::Result<(), anyhow::Error>>>>
[INFO] [stdout]              at /opt/rustwide/cargo-home/registry/src/index.crates.io-1949cf8c6b5b557f/tokio-1.52.3/src/runtime/runtime.rs:345:18
[INFO] [stdout]   16: surrealdb_idx::trees::hnsw::tests::test_recall_euclidean
[INFO] [stdout]              at ./src/trees/hnsw/mod.rs:3065:49
[INFO] [stdout]   17: surrealdb_idx::trees::hnsw::tests::test_recall_euclidean::{closure#0}
[INFO] [stdout]              at ./src/trees/hnsw/mod.rs:3065:38
[INFO] [stdout]   18: <surrealdb_idx::trees::hnsw::tests::test_recall_euclidean::{closure#0} as core::ops::function::FnOnce<()>>::call_once
[INFO] [stdout]              at /rustc/dfb0accb7f508ae8be965d8629557221c889dd98/library/core/src/ops/function.rs:250:5
[INFO] [stdout]   19: <fn() -> core::result::Result<(), alloc::string::String> as core::ops::function::FnOnce<()>>::call_once
[INFO] [stdout]              at /rustc/dfb0accb7f508ae8be965d8629557221c889dd98/library/core/src/ops/function.rs:250:5
[INFO] [stdout]   20: test::__rust_begin_short_backtrace::<core::result::Result<(), alloc::string::String>, fn() -> core::result::Result<(), alloc::string::String>>
[INFO] [stdout]              at /rustc/dfb0accb7f508ae8be965d8629557221c889dd98/library/test/src/lib.rs:733:18
[INFO] [stdout]   21: test::run_test_in_process::{closure#0}
[INFO] [stdout]              at /rustc/dfb0accb7f508ae8be965d8629557221c889dd98/library/test/src/lib.rs:756:74
[INFO] [stdout]   22: <core::panic::unwind_safe::AssertUnwindSafe<test::run_test_in_process::{closure#0}> as core::ops::function::FnOnce<()>>::call_once
[INFO] [stdout]              at /rustc/dfb0accb7f508ae8be965d8629557221c889dd98/library/core/src/panic/unwind_safe.rs:275:9
[INFO] [stdout]   23: std::panicking::catch_unwind::do_call::<core::panic::unwind_safe::AssertUnwindSafe<test::run_test_in_process::{closure#0}>, core::result::Result<(), alloc::string::String>>
[INFO] [stdout]              at /rustc/dfb0accb7f508ae8be965d8629557221c889dd98/library/std/src/panicking.rs:576:43
[INFO] [stdout]   24: std::panicking::catch_unwind::<core::result::Result<(), alloc::string::String>, core::panic::unwind_safe::AssertUnwindSafe<test::run_test_in_process::{closure#0}>>
[INFO] [stdout]              at /rustc/dfb0accb7f508ae8be965d8629557221c889dd98/library/std/src/panicking.rs:544:19
[INFO] [stdout]   25: std::panic::catch_unwind::<core::panic::unwind_safe::AssertUnwindSafe<test::run_test_in_process::{closure#0}>, core::result::Result<(), alloc::string::String>>
[INFO] [stdout]              at /rustc/dfb0accb7f508ae8be965d8629557221c889dd98/library/std/src/panic.rs:359:14
[INFO] [stdout]   26: test::run_test_in_process
[INFO] [stdout]              at /rustc/dfb0accb7f508ae8be965d8629557221c889dd98/library/test/src/lib.rs:756:27
[INFO] [stdout]   27: test::run_test::{closure#0}
[INFO] [stdout]              at /rustc/dfb0accb7f508ae8be965d8629557221c889dd98/library/test/src/lib.rs:677:43
[INFO] [stdout]   28: test::run_test::{closure#1}
[INFO] [stdout]              at /rustc/dfb0accb7f508ae8be965d8629557221c889dd98/library/test/src/lib.rs:707:41
[INFO] [stdout]   29: std::sys::backtrace::__rust_begin_short_backtrace::<test::run_test::{closure#1}, ()>
[INFO] [stdout]              at /rustc/dfb0accb7f508ae8be965d8629557221c889dd98/library/std/src/sys/backtrace.rs:166:18
[INFO] [stdout]   30: std::thread::lifecycle::spawn_unchecked::<test::run_test::{closure#1}, ()>::{closure#1}::{closure#0}
[INFO] [stdout]              at /rustc/dfb0accb7f508ae8be965d8629557221c889dd98/library/std/src/thread/lifecycle.rs:70:13
[INFO] [stdout]   31: <core::panic::unwind_safe::AssertUnwindSafe<std::thread::lifecycle::spawn_unchecked<test::run_test::{closure#1}, ()>::{closure#1}::{closure#0}> as core::ops::function::FnOnce<()>>::call_once
[INFO] [stdout]              at /rustc/dfb0accb7f508ae8be965d8629557221c889dd98/library/core/src/panic/unwind_safe.rs:275:9
[INFO] [stdout]   32: std::panicking::catch_unwind::do_call::<core::panic::unwind_safe::AssertUnwindSafe<std::thread::lifecycle::spawn_unchecked<test::run_test::{closure#1}, ()>::{closure#1}::{closure#0}>, ()>
[INFO] [stdout]              at /rustc/dfb0accb7f508ae8be965d8629557221c889dd98/library/std/src/panicking.rs:576:43
[INFO] [stdout]   33: std::panicking::catch_unwind::<(), core::panic::unwind_safe::AssertUnwindSafe<std::thread::lifecycle::spawn_unchecked<test::run_test::{closure#1}, ()>::{closure#1}::{closure#0}>>
[INFO] [stdout]              at /rustc/dfb0accb7f508ae8be965d8629557221c889dd98/library/std/src/panicking.rs:544:19
[INFO] [stdout]   34: std::panic::catch_unwind::<core::panic::unwind_safe::AssertUnwindSafe<std::thread::lifecycle::spawn_unchecked<test::run_test::{closure#1}, ()>::{closure#1}::{closure#0}>, ()>
[INFO] [stdout]              at /rustc/dfb0accb7f508ae8be965d8629557221c889dd98/library/std/src/panic.rs:359:14
[INFO] [stdout]   35: std::thread::lifecycle::spawn_unchecked::<test::run_test::{closure#1}, ()>::{closure#1}
[INFO] [stdout]              at /rustc/dfb0accb7f508ae8be965d8629557221c889dd98/library/std/src/thread/lifecycle.rs:68:26
[INFO] [stdout]   36: <std::thread::lifecycle::spawn_unchecked<test::run_test::{closure#1}, ()>::{closure#1} as core::ops::function::FnOnce<()>>::call_once::{shim:vtable#0}
[INFO] [stdout]              at /rustc/dfb0accb7f508ae8be965d8629557221c889dd98/library/core/src/ops/function.rs:250:5
[INFO] [stdout]   37: <alloc::boxed::Box<dyn core::ops::function::FnOnce<(), Output = ()> + core::marker::Send> as core::ops::function::FnOnce<()>>::call_once
[INFO] [stdout]              at /rustc/dfb0accb7f508ae8be965d8629557221c889dd98/library/alloc/src/boxed.rs:2320:9
[INFO] [stdout]   38: <std::sys::thread::unix::Thread>::new::thread_start
[INFO] [stdout]              at /rustc/dfb0accb7f508ae8be965d8629557221c889dd98/library/std/src/sys/thread/unix.rs:123:17
[INFO] [stdout]   39: <unknown>
[INFO] [stdout]   40: clone
[INFO] [stdout] 
[INFO] [stdout] ---- trees::hnsw::tests::test_recall_filtered_euclidean stdout ----
[INFO] [stdout] [2m2026-10-06T19:26:42.720465Z[0m [32m INFO[0m [2msurrealdb::core::kvs::ds[0m[2m:[0m Starting kvs store in mem
[INFO] [stdout] [2m2026-10-06T19:26:42.839016Z[0m [32m INFO[0m [2msurrealdb::core::kvs::mem[0m[2m:[0m Storage mode: in-memory only (no persist path)
[INFO] [stdout] [2m2026-10-06T19:26:42.842737Z[0m [32m INFO[0m [2msurrealdb::core::kvs::ds[0m[2m:[0m Started kvs store in memory
[INFO] [stdout] Error: No such file or directory (os error 2)
[INFO] [stdout] 
[INFO] [stdout] Stack backtrace:
[INFO] [stdout]    0: <anyhow::Error as core::convert::From<core::io::error::Error>>::from
[INFO] [stdout]              at /opt/rustwide/cargo-home/registry/src/index.crates.io-1949cf8c6b5b557f/anyhow-1.0.104/src/backtrace.rs:10:14
[INFO] [stdout]    1: <core::result::Result<alloc::vec::Vec<(u64, surrealdb_idx::trees::vector::SharedVector)>, anyhow::Error> as core::ops::try_trait::FromResidual<core::result::Result<core::convert::Infallible, core::io::error::Error>>>::from_residual
[INFO] [stdout]              at /rustc/dfb0accb7f508ae8be965d8629557221c889dd98/library/core/src/result.rs:2193:27
[INFO] [stdout]    2: surrealdb_idx::trees::knn::tests::new_vectors_from_file::<surrealdb_idx::trees::vector::SharedVector>
[INFO] [stdout]              at ./src/trees/knn.rs:316:14
[INFO] [stdout]    3: surrealdb_idx::trees::hnsw::tests::test_recall_filtered::{closure#0}
[INFO] [stdout]              at ./src/trees/hnsw/mod.rs:3131:39
[INFO] [stdout]    4: surrealdb_idx::trees::hnsw::tests::test_recall_filtered_euclidean::{closure#0}
[INFO] [stdout]              at ./src/trees/hnsw/mod.rs:3257:4
[INFO] [stdout]    5: <core::pin::Pin<&mut dyn core::future::future::Future<Output = core::result::Result<(), anyhow::Error>>> as core::future::future::Future>::poll
[INFO] [stdout]              at /rustc/dfb0accb7f508ae8be965d8629557221c889dd98/library/core/src/future/future.rs:133:9
[INFO] [stdout]    6: <tokio::runtime::park::CachedParkThread>::block_on::<core::pin::Pin<&mut dyn core::future::future::Future<Output = core::result::Result<(), anyhow::Error>>>>::{closure#0}
[INFO] [stdout]              at /opt/rustwide/cargo-home/registry/src/index.crates.io-1949cf8c6b5b557f/tokio-1.52.3/src/runtime/park.rs:284:71
[INFO] [stdout]    7: tokio::task::coop::with_budget::<core::task::poll::Poll<core::result::Result<(), anyhow::Error>>, <tokio::runtime::park::CachedParkThread>::block_on<core::pin::Pin<&mut dyn core::future::future::Future<Output = core::result::Result<(), anyhow::Error>>>>::{closure#0}>
[INFO] [stdout]              at /opt/rustwide/cargo-home/registry/src/index.crates.io-1949cf8c6b5b557f/tokio-1.52.3/src/task/coop/mod.rs:167:5
[INFO] [stdout]    8: tokio::task::coop::budget::<core::task::poll::Poll<core::result::Result<(), anyhow::Error>>, <tokio::runtime::park::CachedParkThread>::block_on<core::pin::Pin<&mut dyn core::future::future::Future<Output = core::result::Result<(), anyhow::Error>>>>::{closure#0}>
[INFO] [stdout]              at /opt/rustwide/cargo-home/registry/src/index.crates.io-1949cf8c6b5b557f/tokio-1.52.3/src/task/coop/mod.rs:133:5
[INFO] [stdout]    9: <tokio::runtime::park::CachedParkThread>::block_on::<core::pin::Pin<&mut dyn core::future::future::Future<Output = core::result::Result<(), anyhow::Error>>>>
[INFO] [stdout]              at /opt/rustwide/cargo-home/registry/src/index.crates.io-1949cf8c6b5b557f/tokio-1.52.3/src/runtime/park.rs:284:31
[INFO] [stdout]   10: <tokio::runtime::context::blocking::BlockingRegionGuard>::block_on::<core::pin::Pin<&mut dyn core::future::future::Future<Output = core::result::Result<(), anyhow::Error>>>>
[INFO] [stdout]              at /opt/rustwide/cargo-home/registry/src/index.crates.io-1949cf8c6b5b557f/tokio-1.52.3/src/runtime/context/blocking.rs:66:14
[INFO] [stdout]   11: <tokio::runtime::scheduler::multi_thread::MultiThread>::block_on::<core::pin::Pin<&mut dyn core::future::future::Future<Output = core::result::Result<(), anyhow::Error>>>>::{closure#0}
[INFO] [stdout]              at /opt/rustwide/cargo-home/registry/src/index.crates.io-1949cf8c6b5b557f/tokio-1.52.3/src/runtime/scheduler/multi_thread/mod.rs:92:22
[INFO] [stdout]   12: tokio::runtime::context::runtime::enter_runtime::<<tokio::runtime::scheduler::multi_thread::MultiThread>::block_on<core::pin::Pin<&mut dyn core::future::future::Future<Output = core::result::Result<(), anyhow::Error>>>>::{closure#0}, core::result::Result<(), anyhow::Error>>
[INFO] [stdout]              at /opt/rustwide/cargo-home/registry/src/index.crates.io-1949cf8c6b5b557f/tokio-1.52.3/src/runtime/context/runtime.rs:65:16
[INFO] [stdout]   13: <tokio::runtime::scheduler::multi_thread::MultiThread>::block_on::<core::pin::Pin<&mut dyn core::future::future::Future<Output = core::result::Result<(), anyhow::Error>>>>
[INFO] [stdout]              at /opt/rustwide/cargo-home/registry/src/index.crates.io-1949cf8c6b5b557f/tokio-1.52.3/src/runtime/scheduler/multi_thread/mod.rs:91:9
[INFO] [stdout]   14: <tokio::runtime::runtime::Runtime>::block_on_inner::<core::pin::Pin<&mut dyn core::future::future::Future<Output = core::result::Result<(), anyhow::Error>>>>
[INFO] [stdout]              at /opt/rustwide/cargo-home/registry/src/index.crates.io-1949cf8c6b5b557f/tokio-1.52.3/src/runtime/runtime.rs:373:50
[INFO] [stdout]   15: <tokio::runtime::runtime::Runtime>::block_on::<core::pin::Pin<&mut dyn core::future::future::Future<Output = core::result::Result<(), anyhow::Error>>>>
[INFO] [stdout]              at /opt/rustwide/cargo-home/registry/src/index.crates.io-1949cf8c6b5b557f/tokio-1.52.3/src/runtime/runtime.rs:345:18
[INFO] [stdout]   16: surrealdb_idx::trees::hnsw::tests::test_recall_filtered_euclidean
[INFO] [stdout]              at ./src/trees/hnsw/mod.rs:3231:58
[INFO] [stdout]   17: surrealdb_idx::trees::hnsw::tests::test_recall_filtered_euclidean::{closure#0}
[INFO] [stdout]              at ./src/trees/hnsw/mod.rs:3231:47
[INFO] [stdout]   18: <surrealdb_idx::trees::hnsw::tests::test_recall_filtered_euclidean::{closure#0} as core::ops::function::FnOnce<()>>::call_once
[INFO] [stdout]              at /rustc/dfb0accb7f508ae8be965d8629557221c889dd98/library/core/src/ops/function.rs:250:5
[INFO] [stdout]   19: <fn() -> core::result::Result<(), alloc::string::String> as core::ops::function::FnOnce<()>>::call_once
[INFO] [stdout]              at /rustc/dfb0accb7f508ae8be965d8629557221c889dd98/library/core/src/ops/function.rs:250:5
[INFO] [stdout]   20: test::__rust_begin_short_backtrace::<core::result::Result<(), alloc::string::String>, fn() -> core::result::Result<(), alloc::string::String>>
[INFO] [stdout]              at /rustc/dfb0accb7f508ae8be965d8629557221c889dd98/library/test/src/lib.rs:733:18
[INFO] [stdout]   21: test::run_test_in_process::{closure#0}
[INFO] [stdout]              at /rustc/dfb0accb7f508ae8be965d8629557221c889dd98/library/test/src/lib.rs:756:74
[INFO] [stdout]   22: <core::panic::unwind_safe::AssertUnwindSafe<test::run_test_in_process::{closure#0}> as core::ops::function::FnOnce<()>>::call_once
[INFO] [stdout]              at /rustc/dfb0accb7f508ae8be965d8629557221c889dd98/library/core/src/panic/unwind_safe.rs:275:9
[INFO] [stdout]   23: std::panicking::catch_unwind::do_call::<core::panic::unwind_safe::AssertUnwindSafe<test::run_test_in_process::{closure#0}>, core::result::Result<(), alloc::string::String>>
[INFO] [stdout]              at /rustc/dfb0accb7f508ae8be965d8629557221c889dd98/library/std/src/panicking.rs:576:43
[INFO] [stdout]   24: std::panicking::catch_unwind::<core::result::Result<(), alloc::string::String>, core::panic::unwind_safe::AssertUnwindSafe<test::run_test_in_process::{closure#0}>>
[INFO] [stdout]              at /rustc/dfb0accb7f508ae8be965d8629557221c889dd98/library/std/src/panicking.rs:544:19
[INFO] [stdout]   25: std::panic::catch_unwind::<core::panic::unwind_safe::AssertUnwindSafe<test::run_test_in_process::{closure#0}>, core::result::Result<(), alloc::string::String>>
[INFO] [stdout]              at /rustc/dfb0accb7f508ae8be965d8629557221c889dd98/library/std/src/panic.rs:359:14
[INFO] [stdout]   26: test::run_test_in_process
[INFO] [stdout]              at /rustc/dfb0accb7f508ae8be965d8629557221c889dd98/library/test/src/lib.rs:756:27
[INFO] [stdout]   27: test::run_test::{closure#0}
[INFO] [stdout]              at /rustc/dfb0accb7f508ae8be965d8629557221c889dd98/library/test/src/lib.rs:677:43
[INFO] [stdout]   28: test::run_test::{closure#1}
[INFO] [stdout]              at /rustc/dfb0accb7f508ae8be965d8629557221c889dd98/library/test/src/lib.rs:707:41
[INFO] [stdout]   29: std::sys::backtrace::__rust_begin_short_backtrace::<test::run_test::{closure#1}, ()>
[INFO] [stdout]              at /rustc/dfb0accb7f508ae8be965d8629557221c889dd98/library/std/src/sys/backtrace.rs:166:18
[INFO] [stdout]   30: std::thread::lifecycle::spawn_unchecked::<test::run_test::{closure#1}, ()>::{closure#1}::{closure#0}
[INFO] [stdout]              at /rustc/dfb0accb7f508ae8be965d8629557221c889dd98/library/std/src/thread/lifecycle.rs:70:13
[INFO] [stdout]   31: <core::panic::unwind_safe::AssertUnwindSafe<std::thread::lifecycle::spawn_unchecked<test::run_test::{closure#1}, ()>::{closure#1}::{closure#0}> as core::ops::function::FnOnce<()>>::call_once
[INFO] [stdout]              at /rustc/dfb0accb7f508ae8be965d8629557221c889dd98/library/core/src/panic/unwind_safe.rs:275:9
[INFO] [stdout]   32: std::panicking::catch_unwind::do_call::<core::panic::unwind_safe::AssertUnwindSafe<std::thread::lifecycle::spawn_unchecked<test::run_test::{closure#1}, ()>::{closure#1}::{closure#0}>, ()>
[INFO] [stdout]              at /rustc/dfb0accb7f508ae8be965d8629557221c889dd98/library/std/src/panicking.rs:576:43
[INFO] [stdout]   33: std::panicking::catch_unwind::<(), core::panic::unwind_safe::AssertUnwindSafe<std::thread::lifecycle::spawn_unchecked<test::run_test::{closure#1}, ()>::{closure#1}::{closure#0}>>
[INFO] [stdout]              at /rustc/dfb0accb7f508ae8be965d8629557221c889dd98/library/std/src/panicking.rs:544:19
[INFO] [stdout]   34: std::panic::catch_unwind::<core::panic::unwind_safe::AssertUnwindSafe<std::thread::lifecycle::spawn_unchecked<test::run_test::{closure#1}, ()>::{closure#1}::{closure#0}>, ()>
[INFO] [stdout]              at /rustc/dfb0accb7f508ae8be965d8629557221c889dd98/library/std/src/panic.rs:359:14
[INFO] [stdout]   35: std::thread::lifecycle::spawn_unchecked::<test::run_test::{closure#1}, ()>::{closure#1}
[INFO] [stdout]              at /rustc/dfb0accb7f508ae8be965d8629557221c889dd98/library/std/src/thread/lifecycle.rs:68:26
[INFO] [stdout]   36: <std::thread::lifecycle::spawn_unchecked<test::run_test::{closure#1}, ()>::{closure#1} as core::ops::function::FnOnce<()>>::call_once::{shim:vtable#0}
[INFO] [stdout]              at /rustc/dfb0accb7f508ae8be965d8629557221c889dd98/library/core/src/ops/function.rs:250:5
[INFO] [stdout]   37: <alloc::boxed::Box<dyn core::ops::function::FnOnce<(), Output = ()> + core::marker::Send> as core::ops::function::FnOnce<()>>::call_once
[INFO] [stdout]              at /rustc/dfb0accb7f508ae8be965d8629557221c889dd98/library/alloc/src/boxed.rs:2320:9
[INFO] [stdout]   38: <std::sys::thread::unix::Thread>::new::thread_start
[INFO] [stdout]              at /rustc/dfb0accb7f508ae8be965d8629557221c889dd98/library/std/src/sys/thread/unix.rs:123:17
[INFO] [stdout]   39: <unknown>
[INFO] [stdout]   40: clone
[INFO] [stdout] 
[INFO] [stdout] ---- trees::hnsw::tests::test_recall_euclidean_keep_pruned_connections stdout ----
[INFO] [stdout] [2m2026-10-06T19:26:42.701776Z[0m [32m INFO[0m [2msurrealdb_idx::trees::hnsw::tests[0m[2m:[0m Build data collection
[INFO] [stdout] [2m2026-10-06T19:26:42.701824Z[0m [32m INFO[0m [2msurrealdb::core::kvs::ds[0m[2m:[0m Starting kvs store in mem
[INFO] [stdout] [2m2026-10-06T19:26:42.797923Z[0m [32m INFO[0m [2msurrealdb::core::kvs::mem[0m[2m:[0m Storage mode: in-memory only (no persist path)
[INFO] [stdout] [2m2026-10-06T19:26:42.798463Z[0m [32m INFO[0m [2msurrealdb::core::kvs::ds[0m[2m:[0m Started kvs store in memory
[INFO] [stdout] Error: No such file or directory (os error 2)
[INFO] [stdout] 
[INFO] [stdout] Stack backtrace:
[INFO] [stdout]    0: <anyhow::Error as core::convert::From<core::io::error::Error>>::from
[INFO] [stdout]              at /opt/rustwide/cargo-home/registry/src/index.crates.io-1949cf8c6b5b557f/anyhow-1.0.104/src/backtrace.rs:10:14
[INFO] [stdout]    1: <core::result::Result<alloc::vec::Vec<(u64, surrealdb_idx::trees::vector::SharedVector)>, anyhow::Error> as core::ops::try_trait::FromResidual<core::result::Result<core::convert::Infallible, core::io::error::Error>>>::from_residual
[INFO] [stdout]              at /rustc/dfb0accb7f508ae8be965d8629557221c889dd98/library/core/src/result.rs:2193:27
[INFO] [stdout]    2: surrealdb_idx::trees::knn::tests::new_vectors_from_file::<surrealdb_idx::trees::vector::SharedVector>
[INFO] [stdout]              at ./src/trees/knn.rs:316:14
[INFO] [stdout]    3: surrealdb_idx::trees::hnsw::tests::test_recall::{closure#0}
[INFO] [stdout]              at ./src/trees/hnsw/mod.rs:2974:39
[INFO] [stdout]    4: surrealdb_idx::trees::hnsw::tests::test_recall_euclidean_keep_pruned_connections::{closure#0}
[INFO] [stdout]              at ./src/trees/hnsw/mod.rs:3089:4
[INFO] [stdout]    5: <core::pin::Pin<&mut dyn core::future::future::Future<Output = core::result::Result<(), anyhow::Error>>> as core::future::future::Future>::poll
[INFO] [stdout]              at /rustc/dfb0accb7f508ae8be965d8629557221c889dd98/library/core/src/future/future.rs:133:9
[INFO] [stdout]    6: <tokio::runtime::park::CachedParkThread>::block_on::<core::pin::Pin<&mut dyn core::future::future::Future<Output = core::result::Result<(), anyhow::Error>>>>::{closure#0}
[INFO] [stdout]              at /opt/rustwide/cargo-home/registry/src/index.crates.io-1949cf8c6b5b557f/tokio-1.52.3/src/runtime/park.rs:284:71
[INFO] [stdout]    7: tokio::task::coop::with_budget::<core::task::poll::Poll<core::result::Result<(), anyhow::Error>>, <tokio::runtime::park::CachedParkThread>::block_on<core::pin::Pin<&mut dyn core::future::future::Future<Output = core::result::Result<(), anyhow::Error>>>>::{closure#0}>
[INFO] [stdout]              at /opt/rustwide/cargo-home/registry/src/index.crates.io-1949cf8c6b5b557f/tokio-1.52.3/src/task/coop/mod.rs:167:5
[INFO] [stdout]    8: tokio::task::coop::budget::<core::task::poll::Poll<core::result::Result<(), anyhow::Error>>, <tokio::runtime::park::CachedParkThread>::block_on<core::pin::Pin<&mut dyn core::future::future::Future<Output = core::result::Result<(), anyhow::Error>>>>::{closure#0}>
[INFO] [stdout]              at /opt/rustwide/cargo-home/registry/src/index.crates.io-1949cf8c6b5b557f/tokio-1.52.3/src/task/coop/mod.rs:133:5
[INFO] [stdout]    9: <tokio::runtime::park::CachedParkThread>::block_on::<core::pin::Pin<&mut dyn core::future::future::Future<Output = core::result::Result<(), anyhow::Error>>>>
[INFO] [stdout]              at /opt/rustwide/cargo-home/registry/src/index.crates.io-1949cf8c6b5b557f/tokio-1.52.3/src/runtime/park.rs:284:31
[INFO] [stdout]   10: <tokio::runtime::context::blocking::BlockingRegionGuard>::block_on::<core::pin::Pin<&mut dyn core::future::future::Future<Output = core::result::Result<(), anyhow::Error>>>>
[INFO] [stdout]              at /opt/rustwide/cargo-home/registry/src/index.crates.io-1949cf8c6b5b557f/tokio-1.52.3/src/runtime/context/blocking.rs:66:14
[INFO] [stdout]   11: <tokio::runtime::scheduler::multi_thread::MultiThread>::block_on::<core::pin::Pin<&mut dyn core::future::future::Future<Output = core::result::Result<(), anyhow::Error>>>>::{closure#0}
[INFO] [stdout]              at /opt/rustwide/cargo-home/registry/src/index.crates.io-1949cf8c6b5b557f/tokio-1.52.3/src/runtime/scheduler/multi_thread/mod.rs:92:22
[INFO] [stdout]   12: tokio::runtime::context::runtime::enter_runtime::<<tokio::runtime::scheduler::multi_thread::MultiThread>::block_on<core::pin::Pin<&mut dyn core::future::future::Future<Output = core::result::Result<(), anyhow::Error>>>>::{closure#0}, core::result::Result<(), anyhow::Error>>
[INFO] [stdout]              at /opt/rustwide/cargo-home/registry/src/index.crates.io-1949cf8c6b5b557f/tokio-1.52.3/src/runtime/context/runtime.rs:65:16
[INFO] [stdout]   13: <tokio::runtime::scheduler::multi_thread::MultiThread>::block_on::<core::pin::Pin<&mut dyn core::future::future::Future<Output = core::result::Result<(), anyhow::Error>>>>
[INFO] [stdout]              at /opt/rustwide/cargo-home/registry/src/index.crates.io-1949cf8c6b5b557f/tokio-1.52.3/src/runtime/scheduler/multi_thread/mod.rs:91:9
[INFO] [stdout]   14: <tokio::runtime::runtime::Runtime>::block_on_inner::<core::pin::Pin<&mut dyn core::future::future::Future<Output = core::result::Result<(), anyhow::Error>>>>
[INFO] [stdout]              at /opt/rustwide/cargo-home/registry/src/index.crates.io-1949cf8c6b5b557f/tokio-1.52.3/src/runtime/runtime.rs:373:50
[INFO] [stdout]   15: <tokio::runtime::runtime::Runtime>::block_on::<core::pin::Pin<&mut dyn core::future::future::Future<Output = core::result::Result<(), anyhow::Error>>>>
[INFO] [stdout]              at /opt/rustwide/cargo-home/registry/src/index.crates.io-1949cf8c6b5b557f/tokio-1.52.3/src/runtime/runtime.rs:345:18
[INFO] [stdout]   16: surrealdb_idx::trees::hnsw::tests::test_recall_euclidean_keep_pruned_connections
[INFO] [stdout]              at ./src/trees/hnsw/mod.rs:3079:73
[INFO] [stdout]   17: surrealdb_idx::trees::hnsw::tests::test_recall_euclidean_keep_pruned_connections::{closure#0}
[INFO] [stdout]              at ./src/trees/hnsw/mod.rs:3079:62
[INFO] [stdout]   18: <surrealdb_idx::trees::hnsw::tests::test_recall_euclidean_keep_pruned_connections::{closure#0} as core::ops::function::FnOnce<()>>::call_once
[INFO] [stdout]              at /rustc/dfb0accb7f508ae8be965d8629557221c889dd98/library/core/src/ops/function.rs:250:5
[INFO] [stdout]   19: <fn() -> core::result::Result<(), alloc::string::String> as core::ops::function::FnOnce<()>>::call_once
[INFO] [stdout]              at /rustc/dfb0accb7f508ae8be965d8629557221c889dd98/library/core/src/ops/function.rs:250:5
[INFO] [stdout]   20: test::__rust_begin_short_backtrace::<core::result::Result<(), alloc::string::String>, fn() -> core::result::Result<(), alloc::string::String>>
[INFO] [stdout]              at /rustc/dfb0accb7f508ae8be965d8629557221c889dd98/library/test/src/lib.rs:733:18
[INFO] [stdout]   21: test::run_test_in_process::{closure#0}
[INFO] [stdout]              at /rustc/dfb0accb7f508ae8be965d8629557221c889dd98/library/test/src/lib.rs:756:74
[INFO] [stdout]   22: <core::panic::unwind_safe::AssertUnwindSafe<test::run_test_in_process::{closure#0}> as core::ops::function::FnOnce<()>>::call_once
[INFO] [stdout]              at /rustc/dfb0accb7f508ae8be965d8629557221c889dd98/library/core/src/panic/unwind_safe.rs:275:9
[INFO] [stdout]   23: std::panicking::catch_unwind::do_call::<core::panic::unwind_safe::AssertUnwindSafe<test::run_test_in_process::{closure#0}>, core::result::Result<(), alloc::string::String>>
[INFO] [stdout]              at /rustc/dfb0accb7f508ae8be965d8629557221c889dd98/library/std/src/panicking.rs:576:43
[INFO] [stdout]   24: std::panicking::catch_unwind::<core::result::Result<(), alloc::string::String>, core::panic::unwind_safe::AssertUnwindSafe<test::run_test_in_process::{closure#0}>>
[INFO] [stdout]              at /rustc/dfb0accb7f508ae8be965d8629557221c889dd98/library/std/src/panicking.rs:544:19
[INFO] [stdout]   25: std::panic::catch_unwind::<core::panic::unwind_safe::AssertUnwindSafe<test::run_test_in_process::{closure#0}>, core::result::Result<(), alloc::string::String>>
[INFO] [stdout]              at /rustc/dfb0accb7f508ae8be965d8629557221c889dd98/library/std/src/panic.rs:359:14
[INFO] [stdout]   26: test::run_test_in_process
[INFO] [stdout]              at /rustc/dfb0accb7f508ae8be965d8629557221c889dd98/library/test/src/lib.rs:756:27
[INFO] [stdout]   27: test::run_test::{closure#0}
[INFO] [stdout]              at /rustc/dfb0accb7f508ae8be965d8629557221c889dd98/library/test/src/lib.rs:677:43
[INFO] [stdout]   28: test::run_test::{closure#1}
[INFO] [stdout]              at /rustc/dfb0accb7f508ae8be965d8629557221c889dd98/library/test/src/lib.rs:707:41
[INFO] [stdout]   29: std::sys::backtrace::__rust_begin_short_backtrace::<test::run_test::{closure#1}, ()>
[INFO] [stdout]              at /rustc/dfb0accb7f508ae8be965d8629557221c889dd98/library/std/src/sys/backtrace.rs:166:18
[INFO] [stdout]   30: std::thread::lifecycle::spawn_unchecked::<test::run_test::{closure#1}, ()>::{closure#1}::{closure#0}
[INFO] [stdout]              at /rustc/dfb0accb7f508ae8be965d8629557221c889dd98/library/std/src/thread/lifecycle.rs:70:13
[INFO] [stdout]   31: <core::panic::unwind_safe::AssertUnwindSafe<std::thread::lifecycle::spawn_unchecked<test::run_test::{closure#1}, ()>::{closure#1}::{closure#0}> as core::ops::function::FnOnce<()>>::call_once
[INFO] [stdout]              at /rustc/dfb0accb7f508ae8be965d8629557221c889dd98/library/core/src/panic/unwind_safe.rs:275:9
[INFO] [stdout]   32: std::panicking::catch_unwind::do_call::<core::panic::unwind_safe::AssertUnwindSafe<std::thread::lifecycle::spawn_unchecked<test::run_test::{closure#1}, ()>::{closure#1}::{closure#0}>, ()>
[INFO] [stdout]              at /rustc/dfb0accb7f508ae8be965d8629557221c889dd98/library/std/src/panicking.rs:576:43
[INFO] [stdout]   33: std::panicking::catch_unwind::<(), core::panic::unwind_safe::AssertUnwindSafe<std::thread::lifecycle::spawn_unchecked<test::run_test::{closure#1}, ()>::{closure#1}::{closure#0}>>
[INFO] [stdout]              at /rustc/dfb0accb7f508ae8be965d8629557221c889dd98/library/std/src/panicking.rs:544:19
[INFO] [stdout]   34: std::panic::catch_unwind::<core::panic::unwind_safe::AssertUnwindSafe<std::thread::lifecycle::spawn_unchecked<test::run_test::{closure#1}, ()>::{closure#1}::{closure#0}>, ()>
[INFO] [stdout]              at /rustc/dfb0accb7f508ae8be965d8629557221c889dd98/library/std/src/panic.rs:359:14
[INFO] [stdout]   35: std::thread::lifecycle::spawn_unchecked::<test::run_test::{closure#1}, ()>::{closure#1}
[INFO] [stdout]              at /rustc/dfb0accb7f508ae8be965d8629557221c889dd98/library/std/src/thread/lifecycle.rs:68:26
[INFO] [stdout]   36: <std::thread::lifecycle::spawn_unchecked<test::run_test::{closure#1}, ()>::{closure#1} as core::ops::function::FnOnce<()>>::call_once::{shim:vtable#0}
[INFO] [stdout]              at /rustc/dfb0accb7f508ae8be965d8629557221c889dd98/library/core/src/ops/function.rs:250:5
[INFO] [stdout]   37: <alloc::boxed::Box<dyn core::ops::function::FnOnce<(), Output = ()> + core::marker::Send> as core::ops::function::FnOnce<()>>::call_once
[INFO] [stdout]              at /rustc/dfb0accb7f508ae8be965d8629557221c889dd98/library/alloc/src/boxed.rs:2320:9
[INFO] [stdout]   38: <std::sys::thread::unix::Thread>::new::thread_start
[INFO] [stdout]              at /rustc/dfb0accb7f508ae8be965d8629557221c889dd98/library/std/src/sys/thread/unix.rs:123:17
[INFO] [stdout]   39: <unknown>
[INFO] [stdout]   40: clone
[INFO] [stdout] 
[INFO] [stdout] 
[INFO] [stdout] failures:
[INFO] [stdout]     trees::hnsw::tests::test_recall_euclidean
[INFO] [stdout]     trees::hnsw::tests::test_recall_euclidean_full
[INFO] [stdout]     trees::hnsw::tests::test_recall_euclidean_keep_pruned_connections
[INFO] [stdout]     trees::hnsw::tests::test_recall_filtered_euclidean
[INFO] [stdout] 
[INFO] [stdout] test result: FAILED. 245 passed; 4 failed; 3 ignored; 0 measured; 0 filtered out; finished in 57.03s
[INFO] [stdout] 
[INFO] [stderr] error: test failed, to rerun pass `--lib`
[INFO] running `Command { std: "docker" "inspect" "5d535eae0c1197df51fab76d22afb8d359a606eab17700c454c61d3d79b03260", kill_on_drop: false }`
[INFO] running `Command { std: "docker" "rm" "-f" "5d535eae0c1197df51fab76d22afb8d359a606eab17700c454c61d3d79b03260", kill_on_drop: false }`
[INFO] [stdout] 5d535eae0c1197df51fab76d22afb8d359a606eab17700c454c61d3d79b03260
