[INFO] fetching crate superdev-core 0.2.0...
[INFO] testing superdev-core-0.2.0 against 1.99.0-beta.8 for beta-1.100-2
[INFO] extracting crate superdev-core 0.2.0 into /workspace/builds/worker-1-tc1/source
[INFO] started tweaking crates.io crate superdev-core 0.2.0
[INFO] removed 0 missing tests
[INFO] finished tweaking crates.io crate superdev-core 0.2.0
[INFO] tweaked toml for crates.io crate superdev-core 0.2.0 written to /workspace/builds/worker-1-tc1/source/Cargo.toml
[INFO] validating manifest of crates.io crate superdev-core 0.2.0 on toolchain 1.99.0-beta.8
[INFO] running `Command { std: CARGO_HOME="/workspace/cargo-home" RUSTUP_HOME="/workspace/rustup-home" "/workspace/cargo-home/bin/cargo" "+1.99.0-beta.8" "metadata" "--manifest-path" "Cargo.toml" "--no-deps", kill_on_drop: false }`
[INFO] crate crates.io crate superdev-core 0.2.0 already has a lockfile, it will not be regenerated
[INFO] running `Command { std: CARGO_HOME="/workspace/cargo-home" RUSTUP_HOME="/workspace/rustup-home" "/workspace/cargo-home/bin/cargo" "+1.99.0-beta.8" "fetch" "--manifest-path" "Cargo.toml", kill_on_drop: false }`
[INFO] [stderr]     Updating crates.io index
[INFO] [stderr]  Downloading crates ...
[INFO] [stderr]   Downloaded typetag-impl v0.2.23
[INFO] [stderr]   Downloaded typetag v0.2.23
[INFO] [stderr]   Downloaded cc v1.4.2
[INFO] [stderr]   Downloaded sketches-ddsketch v0.4.1
[INFO] [stderr]   Downloaded darling_macro v0.24.0
[INFO] [stderr]   Downloaded rmcp v3.1.2
[INFO] [stderr]   Downloaded rmcp-macros v3.1.2
[INFO] [stderr]   Downloaded darling v0.24.0
[INFO] [stderr]   Downloaded model2vec-rs v0.2.1
[INFO] [stderr]   Downloaded darling_core v0.24.0
[INFO] [stderr]   Downloaded pulldown-cmark v0.13.4
[INFO] [stderr]   Downloaded safetensors v0.5.3
[INFO] running `Command { std: "docker" "create" "-v" "/var/lib/crater-agent-workspace/builds/worker-1-tc1/source:/opt/rustwide/workdir:ro,Z" "-v" "/var/lib/crater-agent-workspace/builds/worker-1-tc1/target:/opt/rustwide/target:rw,Z" "-v" "/var/lib/crater-agent-workspace/cargo-home:/opt/rustwide/cargo-home:ro,Z" "-v" "/var/lib/crater-agent-workspace/rustup-home:/opt/rustwide/rustup-home:ro,Z" "-m" "1610612736" "--network" "none" "ghcr.io/rust-lang/crates-build-env/linux@sha256:3111399a4047eeb3a02b7a90e478d715f38a8c6669b5c4b49d30a17385265909" "sleep" "infinity", kill_on_drop: false }`
[INFO] [stdout] c8f9859280f5b54552450b0b1435215fc3830646f07c1b454f9a58f81164036d
[INFO] running `Command { std: "docker" "start" "c8f9859280f5b54552450b0b1435215fc3830646f07c1b454f9a58f81164036d", kill_on_drop: false }`
[INFO] running `Command { std: "docker" "inspect" "c8f9859280f5b54552450b0b1435215fc3830646f07c1b454f9a58f81164036d", kill_on_drop: false }`
[INFO] running `Command { std: "docker" "exec" "-e" "SOURCE_DIR=/opt/rustwide/workdir" "-e" "CARGO_HOME=/opt/rustwide/cargo-home" "-e" "RUSTUP_HOME=/opt/rustwide/rustup-home" "-e" "CARGO_TARGET_DIR=/opt/rustwide/target" "-w" "/opt/rustwide/workdir" "--user" "0:0" "c8f9859280f5b54552450b0b1435215fc3830646f07c1b454f9a58f81164036d" "/opt/rustwide/cargo-home/bin/cargo" "+1.99.0-beta.8" "metadata" "--no-deps" "--format-version=1", kill_on_drop: false }`
[INFO] running `Command { std: "docker" "inspect" "c8f9859280f5b54552450b0b1435215fc3830646f07c1b454f9a58f81164036d", kill_on_drop: false }`
[INFO] running `Command { std: "docker" "exec" "-e" "SOURCE_DIR=/opt/rustwide/workdir" "-e" "CARGO_HOME=/opt/rustwide/cargo-home" "-e" "RUSTUP_HOME=/opt/rustwide/rustup-home" "-e" "CARGO_TARGET_DIR=/opt/rustwide/target" "-e" "CARGO_INCREMENTAL=0" "-e" "RUST_BACKTRACE=full" "-e" "RUSTFLAGS=--cap-lints=warn" "-e" "RUSTDOCFLAGS=--cap-lints=warn" "-w" "/opt/rustwide/workdir" "--user" "0:0" "c8f9859280f5b54552450b0b1435215fc3830646f07c1b454f9a58f81164036d" "/opt/rustwide/cargo-home/bin/cargo" "+1.99.0-beta.8" "build" "--frozen" "--message-format=json", kill_on_drop: false }`
[INFO] [stderr]    Compiling syn v3.0.3
[INFO] [stderr]    Compiling syn v2.0.119
[INFO] [stderr]    Compiling serde v1.0.229
[INFO] [stderr]    Compiling find-msvc-tools v0.1.10
[INFO] [stderr]    Compiling crossbeam-utils v0.8.22
[INFO] [stderr]    Compiling serde_json v1.0.151
[INFO] [stderr]    Compiling crossbeam-epoch v0.9.20
[INFO] [stderr]    Compiling zerocopy v0.8.56
[INFO] [stderr]    Compiling smallvec v1.15.2
[INFO] [stderr]    Compiling jobserver v0.1.35
[INFO] [stderr]    Compiling crossbeam-deque v0.8.7
[INFO] [stderr]    Compiling either v1.17.0
[INFO] [stderr]    Compiling futures-channel v0.3.34
[INFO] [stderr]    Compiling getrandom v0.3.4
[INFO] [stderr]    Compiling deranged v0.5.8
[INFO] [stderr]    Compiling aho-corasick v1.1.5
[INFO] [stderr]    Compiling log v0.4.33
[INFO] [stderr]    Compiling zstd-safe v7.2.4
[INFO] [stderr]    Compiling itertools v0.14.0
[INFO] [stderr]    Compiling cc v1.4.2
[INFO] [stderr]    Compiling nom v7.1.3
[INFO] [stderr]    Compiling ownedbytes v0.9.0
[INFO] [stderr]    Compiling serde_core v1.0.229
[INFO] [stderr]    Compiling bitflags v2.13.1
[INFO] [stderr]    Compiling typeid v1.0.3
[INFO] [stderr]    Compiling ahash v0.8.12
[INFO] [stderr]    Compiling bitpacking v0.9.3
[INFO] [stderr]    Compiling getrandom v0.4.3
[INFO] [stderr]    Compiling rand_core v0.9.5
[INFO] [stderr]    Compiling matrixmultiply v0.3.11
[INFO] [stderr]    Compiling ref-cast v1.0.26
[INFO] [stderr]    Compiling erased-serde v0.4.10
[INFO] [stderr]    Compiling utf8-ranges v1.0.5
[INFO] [stderr]    Compiling bit-vec v0.8.0
[INFO] [stderr]    Compiling rustix v1.1.4
[INFO] [stderr]    Compiling console v0.15.11
[INFO] [stderr]    Compiling tantivy-fst v0.5.0
[INFO] [stderr]    Compiling bit-set v0.8.0
[INFO] [stderr]    Compiling tantivy-bitpacker v0.10.0
[INFO] [stderr]    Compiling castaway v0.2.4
[INFO] [stderr]    Compiling macro_rules_attribute-proc_macro v0.2.3
[INFO] [stderr]    Compiling typetag v0.2.23
[INFO] [stderr]    Compiling rustls v0.23.43
[INFO] [stderr]    Compiling murmurhash32 v0.3.1
[INFO] [stderr]    Compiling number_prefix v0.4.0
[INFO] [stderr]    Compiling rawpointer v0.2.1
[INFO] [stderr]    Compiling unicode-segmentation v1.13.3
[INFO] [stderr]    Compiling memchr v2.8.3
[INFO] [stderr]    Compiling indicatif v0.17.11
[INFO] [stderr]    Compiling time v0.3.55
[INFO] [stderr]    Compiling rayon-core v1.13.0
[INFO] [stderr]    Compiling clap_builder v4.6.6
[INFO] [stderr]    Compiling hashbrown v0.16.1
[INFO] [stderr]    Compiling regex-automata v0.4.18
[INFO] [stderr]    Compiling zstd-sys v2.0.16+zstd.1.5.7
[INFO] [stderr]    Compiling ring v0.17.14
[INFO] [stderr]    Compiling esaxx-rs v0.1.10
[INFO] [stderr]    Compiling rayon v1.12.0
[INFO] [stderr]    Compiling macro_rules_attribute v0.2.3
[INFO] [stderr]    Compiling uuid v1.24.0
[INFO] [stderr]    Compiling unicode-normalization-alignments v0.1.12
[INFO] [stderr]    Compiling num-complex v0.4.6
[INFO] [stderr]    Compiling ordered-float v5.3.0
[INFO] [stderr]    Compiling num-integer v0.1.46
[INFO] [stderr]    Compiling fastdivide v0.4.2
[INFO] [stderr]    Compiling winnow v1.0.4
[INFO] [stderr]    Compiling dyn-clone v1.0.20
[INFO] [stderr]    Compiling rmcp v3.1.2
[INFO] [stderr]    Compiling downcast-rs v2.0.2
[INFO] [stderr]    Compiling pulldown-cmark v0.13.4
[INFO] [stderr]    Compiling inventory v0.3.24
[INFO] [stderr]    Compiling unicode_categories v0.1.1
[INFO] [stderr]    Compiling ndarray v0.15.6
[INFO] [stderr]    Compiling tempfile v3.27.0
[INFO] [stderr]    Compiling digest v0.11.3
[INFO] [stderr]    Compiling webpki-roots v0.26.11
[INFO] [stderr]    Compiling darling_core v0.24.0
[INFO] [stderr]    Compiling serde_derive_internals v0.30.0
[INFO] [stderr]    Compiling fs4 v0.13.1
[INFO] [stderr]    Compiling flate2 v1.1.9
[INFO] [stderr]    Compiling lru v0.16.4
[INFO] [stderr]    Compiling crossbeam-channel v0.5.16
[INFO] [stderr]    Compiling measure_time v0.9.0
[INFO] [stderr]    Compiling arc-swap v1.9.2
[INFO] [stderr]    Compiling serde_spanned v1.1.1
[INFO] [stderr]    Compiling toml_datetime v1.1.1+spec-1.1.0
[INFO] [stderr]    Compiling memmap2 v0.9.11
[INFO] [stderr]    Compiling htmlescape v0.3.1
[INFO] [stderr]    Compiling levenshtein_automata v0.2.1
[INFO] [stderr]    Compiling census v0.4.2
[INFO] [stderr]    Compiling datasketches v0.2.0
[INFO] [stderr]    Compiling lz4_flex v0.13.1
[INFO] [stderr]    Compiling base64 v0.23.1
[INFO] [stderr]    Compiling oneshot v0.1.13
[INFO] [stderr]    Compiling synstructure v0.13.2
[INFO] [stderr]    Compiling darling_core v0.20.11
[INFO] [stderr]    Compiling darling_core v0.23.0
[INFO] [stderr]    Compiling prettyplease v0.2.37
[INFO] [stderr]    Compiling rayon-cond v0.4.0
[INFO] [stderr]    Compiling toml_parser v1.1.3+spec-1.1.0
[INFO] [stderr]    Compiling toml_writer v1.1.2+spec-1.1.0
[INFO] [stderr]    Compiling sha2 v0.11.0
[INFO] [stderr]    Compiling serde_derive v1.0.229
[INFO] [stderr]    Compiling displaydoc v0.2.7
[INFO] [stderr]    Compiling futures-macro v0.3.34
[INFO] [stderr]    Compiling thiserror-impl v2.0.20
[INFO] [stderr]    Compiling async-trait v0.1.92
[INFO] [stderr]    Compiling regex v1.13.1
[INFO] [stderr]    Compiling ref-cast-impl v1.0.26
[INFO] [stderr]    Compiling tokio-macros v2.7.2
[INFO] [stderr]    Compiling zerofrom-derive v0.1.7
[INFO] [stderr]    Compiling yoke-derive v0.8.2
[INFO] [stderr]    Compiling zerovec-derive v0.11.3
[INFO] [stderr]    Compiling zerocopy-derive v0.8.56
[INFO] [stderr]    Compiling futures-util v0.3.34
[INFO] [stderr]    Compiling monostate-impl v0.1.18
[INFO] [stderr]    Compiling tokio v1.53.1
[INFO] [stderr]    Compiling monostate v0.1.18
[INFO] [stderr]    Compiling tracing-attributes v0.1.31
[INFO] [stderr]    Compiling fancy-regex v0.14.0
[INFO] [stderr]    Compiling thiserror v2.0.20
[INFO] [stderr]    Compiling typetag-impl v0.2.23
[INFO] [stderr]    Compiling schemars_derive v1.2.2
[INFO] [stderr]    Compiling darling_macro v0.24.0
[INFO] [stderr]    Compiling clap_derive v4.6.4
[INFO] [stderr]    Compiling zerofrom v0.1.8
[INFO] [stderr]    Compiling yoke v0.8.3
[INFO] [stderr]    Compiling darling v0.24.0
[INFO] [stderr]    Compiling rmcp-macros v3.1.2
[INFO] [stderr]    Compiling zerovec v0.11.6
[INFO] [stderr]    Compiling zerotrie v0.2.4
[INFO] [stderr]    Compiling darling_macro v0.20.11
[INFO] [stderr]    Compiling darling v0.20.11
[INFO] [stderr]    Compiling derive_builder_core v0.20.2
[INFO] [stderr]    Compiling rustls-webpki v0.103.14
[INFO] [stderr]    Compiling toml_edit v0.25.13+spec-1.1.0
[INFO] [stderr]    Compiling tracing v0.1.44
[INFO] [stderr]    Compiling darling_macro v0.23.0
[INFO] [stderr]    Compiling tinystr v0.8.3
[INFO] [stderr]    Compiling potential_utf v0.1.5
[INFO] [stderr]    Compiling darling v0.23.0
[INFO] [stderr]    Compiling icu_collections v2.2.0
[INFO] [stderr]    Compiling bon-macros v3.9.3
[INFO] [stderr]    Compiling icu_locale_core v2.2.0
[INFO] [stderr]    Compiling clap v4.6.6
[INFO] [stderr]    Compiling futures-executor v0.3.34
[INFO] [stderr]    Compiling derive_builder_macro v0.20.2
[INFO] [stderr]    Compiling derive_builder v0.20.2
[INFO] [stderr]    Compiling futures v0.3.34
[INFO] [stderr]    Compiling tantivy-common v0.11.0
[INFO] [stderr]    Compiling chrono v0.4.45
[INFO] [stderr]    Compiling compact_str v0.9.1
[INFO] [stderr]    Compiling icu_provider v2.2.0
[INFO] [stderr]    Compiling spm_precompiled v0.1.4
[INFO] [stderr]    Compiling dary_heap v0.3.9
[INFO] [stderr]    Compiling tokio-util v0.7.19
[INFO] [stderr]    Compiling safetensors v0.5.3
[INFO] [stderr]    Compiling sketches-ddsketch v0.4.1
[INFO] [stderr]    Compiling tantivy-tokenizer-api v0.7.0
[INFO] [stderr]    Compiling tantivy-stacker v0.7.0
[INFO] [stderr]    Compiling icu_properties v2.2.0
[INFO] [stderr]    Compiling icu_normalizer v2.2.0
[INFO] [stderr]    Compiling tantivy-query-grammar v0.26.0
[INFO] [stderr]    Compiling rust-stemmers v1.2.0
[INFO] [stderr]    Compiling serde_yaml_ng v0.10.0
[INFO] [stderr]    Compiling schemars v1.2.2
[INFO] [stderr]    Compiling zstd v0.13.3
[INFO] [stderr]    Compiling tantivy-sstable v0.7.0
[INFO] [stderr]    Compiling idna_adapter v1.2.2
[INFO] [stderr]    Compiling idna v1.1.0
[INFO] [stderr]    Compiling tantivy-columnar v0.7.0
[INFO] [stderr]    Compiling url v2.5.8
[INFO] [stderr]    Compiling bon v3.9.3
[INFO] [stderr]    Compiling ppv-lite86 v0.2.21
[INFO] [stderr]    Compiling half v2.7.1
[INFO] [stderr]    Compiling rand_chacha v0.9.0
[INFO] [stderr]    Compiling ureq v2.12.1
[INFO] [stderr]    Compiling rand v0.9.5
[INFO] [stderr]    Compiling tantivy v0.26.1
[INFO] [stderr]    Compiling tokenizers v0.21.4
[INFO] [stderr]    Compiling model2vec-rs v0.2.1
[INFO] [stderr]    Compiling superdev-core v0.2.0 (/opt/rustwide/workdir)
[INFO] [stderr]     Finished `dev` profile [unoptimized + debuginfo] target(s) in 2m 00s
[INFO] running `Command { std: "docker" "inspect" "c8f9859280f5b54552450b0b1435215fc3830646f07c1b454f9a58f81164036d", kill_on_drop: false }`
[INFO] running `Command { std: "docker" "exec" "-e" "SOURCE_DIR=/opt/rustwide/workdir" "-e" "CARGO_HOME=/opt/rustwide/cargo-home" "-e" "RUSTUP_HOME=/opt/rustwide/rustup-home" "-e" "CARGO_TARGET_DIR=/opt/rustwide/target" "-e" "CARGO_INCREMENTAL=0" "-e" "RUST_BACKTRACE=full" "-e" "RUSTFLAGS=--cap-lints=warn" "-e" "RUSTDOCFLAGS=--cap-lints=warn" "-w" "/opt/rustwide/workdir" "--user" "0:0" "c8f9859280f5b54552450b0b1435215fc3830646f07c1b454f9a58f81164036d" "/opt/rustwide/cargo-home/bin/cargo" "+1.99.0-beta.8" "test" "--frozen" "--no-run" "--message-format=json", kill_on_drop: false }`
[INFO] [stderr]    Compiling rmcp v3.1.2
[INFO] [stderr]    Compiling tokio-stream v0.1.19
[INFO] [stderr]    Compiling superdev-core v0.2.0 (/opt/rustwide/workdir)
[INFO] [stderr]     Finished `test` profile [unoptimized + debuginfo] target(s) in 40.28s
[INFO] running `Command { std: "docker" "inspect" "c8f9859280f5b54552450b0b1435215fc3830646f07c1b454f9a58f81164036d", kill_on_drop: false }`
[INFO] running `Command { std: "docker" "exec" "-e" "SOURCE_DIR=/opt/rustwide/workdir" "-e" "CARGO_HOME=/opt/rustwide/cargo-home" "-e" "RUSTUP_HOME=/opt/rustwide/rustup-home" "-e" "CARGO_TARGET_DIR=/opt/rustwide/target" "-e" "CARGO_INCREMENTAL=0" "-e" "RUST_BACKTRACE=full" "-e" "RUSTFLAGS=--cap-lints=warn" "-e" "RUSTDOCFLAGS=--cap-lints=warn" "-w" "/opt/rustwide/workdir" "--user" "0:0" "c8f9859280f5b54552450b0b1435215fc3830646f07c1b454f9a58f81164036d" "/opt/rustwide/cargo-home/bin/cargo" "+1.99.0-beta.8" "test" "--frozen", kill_on_drop: false }`
[INFO] [stderr]     Finished `test` profile [unoptimized + debuginfo] target(s) in 0.40s
[INFO] [stderr]      Running unittests src/lib.rs (/opt/rustwide/target/debug/deps/superdev_core-41b1bf2f959e45ae)
[INFO] [stdout] 
[INFO] [stdout] running 245 tests
[INFO] [stdout] test aokf::concept::tests::no_frontmatter_is_a_parse_error ... ok
[INFO] [stdout] test action::tests::describe_names_the_target ... ok
[INFO] [stdout] test aokf::bundle::tests::a_missing_directory_is_an_io_error ... ok
[INFO] [stdout] test aokf::concept::tests::frontmatter_that_is_not_a_mapping_is_a_parse_error ... ok
[INFO] [stdout] test aokf::bundle::tests::hidden_directories_and_non_markdown_are_skipped ... ok
[INFO] [stdout] test aokf::bundle::tests::an_unparseable_manifest_reads_as_absent_but_reports_why ... ok
[INFO] [stdout] test aokf::concept::tests::invalid_yaml_reports_the_yaml_message ... ok
[INFO] [stdout] test aokf::bundle::tests::a_manifest_that_is_not_a_mapping_keeps_its_raw_value ... ok
[INFO] [stdout] test aokf::concept::tests::root_section_ends_before_the_first_heading ... ok
[INFO] [stdout] test aokf::concept::tests::the_body_is_kept_verbatim ... ok
[INFO] [stdout] test aokf::concept::tests::a_body_without_headings_is_all_root_section ... ok
[INFO] [stdout] test aokf::concept::tests::headings_inside_code_fences_are_not_sections ... ok
[INFO] [stdout] test aokf::concept::tests::missing_type_parses_with_empty_kind ... ok
[INFO] [stdout] test aokf::concept::tests::non_map_link_and_tag_entries_degrade ... ok
[INFO] [stdout] test aokf::concept::tests::parses_frontmatter_fields ... ok
[INFO] [stdout] test aokf::bundle::tests::loads_concepts_and_skips_reserved_files ... ok
[INFO] [stdout] test aokf::concept::tests::unterminated_frontmatter_is_a_parse_error ... ok
[INFO] [stdout] test aokf::concept::tests::a_deeper_heading_after_a_shallower_sibling_reopens_the_path ... ok
[INFO] [stdout] test aokf::embed::tests::api_embedder_names_its_model_and_short_circuits_empty_input ... ok
[INFO] [stdout] test aokf::embed::tests::cache_root_prefers_xdg_then_local_appdata_then_home ... ok
[INFO] [stdout] test aokf::concept::tests::splits_body_at_headings_with_line_ranges ... ok
[INFO] [stdout] test aokf::concept::tests::root_section_carries_frontmatter_text_and_lines ... ok
[INFO] [stdout] test aokf::embed::tests::api_config_selects_api_embedder_and_bad_provider_errors ... ok
[INFO] [stdout] test aokf::concept::tests::wrong_typed_fields_degrade_but_raw_survives ... ok
[INFO] [stdout] test aokf::embed::tests::model_cache_dir_is_revision_scoped ... ok
[INFO] [stdout] test aokf::embed::tests::unknown_provider_names_itself ... ok
[INFO] [stdout] test aokf::embed::tests::fake_embedder_is_deterministic_and_normalised ... ok
[INFO] [stdout] test aokf::bundle::tests::index_files_are_kept_with_their_text ... ok
[INFO] [stdout] test aokf::concept::tests::status_words_map_and_anything_else_is_stable ... ok
[INFO] [stdout] test aokf::embed::tests::partial_path_is_process_scoped_and_per_file ... ok
[INFO] [stdout] test aokf::concept::tests::title_resource_and_sources_are_read ... ok
[INFO] [stdout] test aokf::graph::tests::inverse_vocabulary_matches_the_spec ... ok
[INFO] [stdout] test aokf::graph::tests::a_link_without_a_rel_synthesises_relates_to ... ok
[INFO] [stdout] test aokf::embed::tests::manifest_accepts_embeddings_subtable ... ok
[INFO] [stdout] test aokf::graph::tests::an_implements_edge_shows_as_implemented_by_from_the_spec_side ... ok
[INFO] [stdout] test aokf::graph::tests::a_self_loop_appears_once_without_a_synthesised_inverse ... ok
[INFO] [stdout] test aokf::graph::tests::neighbours_include_synthesised_inverse ... ok
[INFO] [stdout] test aokf::graph::tests::edge_map_lists_declared_edges_only ... ok
[INFO] [stdout] test aokf::embed::tests::fake_embedder_separates_texts_and_keeps_input_order ... ok
[INFO] [stdout] test aokf::graph::tests::a_pair_declared_from_both_sides_is_one_hop ... ok
[INFO] [stdout] test aokf::graph::tests::targets_resolve_by_bundle_path_and_repo_path ... ok
[INFO] [stdout] test aokf::graph::tests::unresolved_targets_are_flagged_not_dropped ... ok
[INFO] [stdout] test aokf::graph::tests::unknown_id_names_candidates ... ok
[INFO] [stdout] test aokf::graph::tests::candidates_match_either_way_and_stop_at_three ... ok
[INFO] [stdout] test aokf::index::tests::fusion_maths ... ok
[INFO] [stdout] test aokf::index::tests::a_semantic_hit_joins_back_to_its_section ... ok
[INFO] [stdout] test aokf::index::tests::snippets_are_one_line_and_bounded ... ok
[INFO] [stdout] test aokf::index::tests::semantic_contributes_when_vectors_exist ... ok
[INFO] [stdout] test aokf::index::tests::filters_restrict_kinds_and_tags ... ok
[INFO] [stdout] test aokf::index::tests::deleted_file_is_removed ... ok
[INFO] [stdout] test aokf::index::tests::first_open_indexes_everything ... ok
[INFO] [stdout] test aokf::index::tests::lexical_search_finds_the_right_section ... ok
[INFO] [stdout] test aokf::mcp::tests::a_capped_incoming_group_summarises_the_rels_it_showed ... ok
[INFO] [stdout] test aokf::mcp::tests::a_long_group_is_capped_and_summarised ... ok
[INFO] [stdout] test aokf::mcp::tests::a_search_limit_is_bounded_at_both_ends ... ok
[INFO] [stdout] test aokf::mcp::tests::a_concept_renders_its_frontmatter_then_every_section ... ok
[INFO] [stdout] test aokf::mcp::tests::a_short_group_is_untouched ... ok
[INFO] [stdout] test aokf::mcp::tests::an_empty_map_says_so ... ok
[INFO] [stdout] test aokf::mcp::tests::an_unresolved_edge_without_a_rel_is_marked ... ok
[INFO] [stdout] test aokf::mcp::tests::an_unknown_id_with_no_near_miss_still_names_itself ... ok
[INFO] [stdout] test aokf::mcp::tests::a_concept_without_a_description_is_named_by_identity_alone ... ok
[INFO] [stdout] test aokf::index::tests::settled_work_is_downranked_not_dropped ... ok
[INFO] [stdout] test aokf::mcp::tests::neighbours_render_both_directions_and_say_when_there_are_none ... ok
[INFO] [stdout] test aokf::mcp::tests::the_server_debugs_without_leaking_the_embedder ... ok
[INFO] [stdout] test aokf::mcp::tests::the_root_section_answers_to_the_label_it_advertises ... ok
[INFO] [stdout] test aokf::mcp::tests::a_heading_selects_one_section_and_a_wrong_one_lists_the_rest ... ok
[INFO] [stdout] test aokf::validate::tests::a_manifest_that_is_not_a_mapping_or_will_not_parse ... ok
[INFO] [stdout] test aokf::validate::tests::clean_bundle_passes_level_2 ... ok
[INFO] [stdout] test aokf::mcp::tests::the_overview_reports_parse_failures_and_caps_the_warning_list ... ok
[INFO] [stdout] test aokf::validate::tests::duplicate_ids_fail_level_0 ... ok
[INFO] [stdout] test aokf::validate::tests::iso_8601_accepts_the_forms_a_bundle_writes ... ok
[INFO] [stdout] test aokf::validate::tests::values_render_the_way_python_does ... ok
[INFO] [stdout] test capability::tests::round_trips_names ... ok
[INFO] [stdout] test capability::tests::skills_is_the_only_many_slot ... ok
[INFO] [stdout] test component::tests::claim_keys_round_trip_through_parse ... ok
[INFO] [stdout] test aokf::validate::tests::every_check_fires_on_a_deliberately_broken_bundle ... ok
[INFO] [stdout] test aokf::validate::tests::implements_is_core_and_warns_nothing ... ok
[INFO] [stdout] test component::tests::ctx_exposes_capability_config ... ok
[INFO] [stdout] test component::tests::each_shape_reads_and_removes_its_own_entry ... ok
[INFO] [stdout] test components::aokf::tests::adoption_keeps_the_repos_own_lifecycle_skills ... ok
[INFO] [stdout] test components::aokf::tests::a_stale_hook_entry_replans_the_hook ... ok
[INFO] [stdout] test components::aokf::tests::fresh_repo_plans_every_file_with_name_substituted ... ok
[INFO] [stdout] test aokf::validate::tests::unmirrored_link_fails_only_at_level_2 ... ok
[INFO] [stdout] test components::aokf::tests::a_custom_skill_is_released_whole_and_the_hook_stays ... ok
[INFO] [stdout] test components::aokf::tests::reports_its_slot_and_provider ... ok
[INFO] [stdout] test components::aokf::tests::agents_md_is_never_planned_and_the_instructions_are ... ok
[INFO] [stdout] test aokf::index::tests::a_query_no_section_answers_in_full_falls_back_to_or ... ok
[INFO] [stdout] test components::codegraph::tests::a_version_off_the_registry_default_is_refused ... ok
[INFO] [stdout] test components::codegraph::tests::fresh_repo_plans_pin_and_init ... ok
[INFO] [stdout] test components::codegraph::tests::indexed_repo_with_pin_plans_nothing ... ok
[INFO] [stdout] test components::codegraph::tests::reports_its_slot_and_provider ... ok
[INFO] [stdout] test components::enabled::tests::enabled_rejects_an_unknown_provider ... ok
[INFO] [stdout] test components::enabled::tests::enabled_skips_disabled_capabilities ... ok
[INFO] [stdout] test components::enabled::tests::every_skills_entry_is_validated_and_resolved ... ok
[INFO] [stdout] test components::aokf::tests::ships_the_carried_skill_set_and_the_hook ... ok
[INFO] [stdout] test components::aokf::tests::plans_mcp_registration_when_missing_and_not_when_present ... ok
[INFO] [stdout] test components::item::tests::claims_cover_the_lockable_kinds_only ... ok
[INFO] [stdout] test components::aokf::tests::claude_md_gets_the_agents_import ... ok
[INFO] [stdout] test components::item::tests::each_kind_plans_when_missing_and_skips_when_satisfied ... ok
[INFO] [stdout] test components::mise::tests::composite_pins_render_without_element_comments ... ok
[INFO] [stdout] test components::mise::tests::invalid_fragment_is_a_toml_error ... ok
[INFO] [stdout] test components::mise::tests::non_table_tools_key_is_a_toml_error ... ok
[INFO] [stdout] test components::mise::tests::malformed_file_is_a_toml_error ... ok
[INFO] [stdout] test components::mise::tests::remove_pin_takes_one_key_and_leaves_the_rest ... ok
[INFO] [stdout] test components::mise::tests::set_pin_creates_tools_table_in_empty_file ... ok
[INFO] [stdout] test components::mise::tests::reads_existing_and_missing_pins ... ok
[INFO] [stdout] test components::pin::tests::a_foreign_or_missing_version_is_refused_and_the_default_returned ... ok
[INFO] [stdout] test components::pin::tests::planned_pin_diffs_and_normalises_against_the_repo ... ok
[INFO] [stdout] test components::mise::tests::set_pin_preserves_everything_else ... ok
[INFO] [stdout] test components::pin::tests::the_refusal_names_the_provenance_and_the_way_forward ... ok
[INFO] [stdout] test components::plugin::tests::components_report_their_slot_and_provider ... ok
[INFO] [stdout] test components::plugin::tests::installed_plugin_plans_nothing ... ok
[INFO] [stdout] test components::plugin::tests::missing_claude_still_plans_optional_actions ... ok
[INFO] [stdout] test components::rtk::tests::a_converged_repo_plans_nothing ... ok
[INFO] [stdout] test components::rtk::tests::a_foreign_version_is_refused ... ok
[INFO] [stdout] test components::enabled::tests::owned_matches_what_apply_locks ... ok
[INFO] [stdout] test components::rtk::tests::a_fresh_repo_plans_the_files_the_hook_and_the_install ... ok
[INFO] [stdout] test components::mise::tests::lock_key_names_the_file_and_tool ... ok
[INFO] [stdout] test components::rtk::tests::an_unreadable_mise_version_is_not_a_gate ... ok
[INFO] [stdout] test components::rtk::tests::an_old_mise_gets_the_guided_floor_error ... ok
[INFO] [stdout] test components::skillpack::tests::a_custom_skill_is_left_alone ... ok
[INFO] [stdout] test components::skillpack::tests::a_foreign_version_pin_is_rejected ... ok
[INFO] [stdout] test components::skillpack::tests::a_drifted_skill_is_rewritten_alone ... ok
[INFO] [stdout] test components::skillpack::tests::a_converged_repo_plans_nothing ... ok
[INFO] [stdout] test components::rtk::tests::owned_claims_cover_every_item ... ok
[INFO] [stdout] test components::skillpack::tests::owned_omits_custom_skills ... ok
[INFO] [stdout] test components::skillpack::tests::an_unknown_custom_name_is_ignored_by_planning ... ok
[INFO] [stdout] test components::skillpack::tests::a_fresh_repo_plans_every_skill ... ok
[INFO] [stdout] test components::aokf::tests::scaffolds_are_not_replanned_but_owned_drift_is ... ok
[INFO] [stdout] test components::skillpack::tests::adoption_keeps_the_repos_own_skills_and_ignores_identical_ones ... ok
[INFO] [stdout] test components::skillpack::tests::reports_its_slot_and_provider ... ok
[INFO] [stdout] test engine::apply::tests::a_json_key_path_through_a_non_object_fails ... ok
[INFO] [stdout] test engine::apply::tests::a_cross_entry_duplicate_write_fails_and_unwinds ... ok
[INFO] [stdout] test engine::apply::tests::a_later_failure_restores_a_removed_file ... ok
[INFO] [stdout] test components::aokf::tests::the_seeded_bundle_validates_clean_at_level_2 ... ok
[INFO] [stdout] test engine::apply::tests::applies_writes_and_updates_lock ... ok
[INFO] [stdout] test engine::apply::tests::ensure_array_element_creates_the_file_and_path_when_absent ... ok
[INFO] [stdout] test engine::apply::tests::ensure_array_element_on_a_malformed_file_fails_cleanly ... ok
[INFO] [stdout] test engine::apply::tests::ensure_array_element_rejects_a_non_array_pointer ... ok
[INFO] [stdout] test engine::apply::tests::ensure_array_element_appends_and_preserves_user_entries ... ok
[INFO] [stdout] test engine::apply::tests::failure_unwinds_earlier_writes ... ok
[INFO] [stdout] test engine::apply::tests::ensure_line_notes_appends_to_existing_files_only ... ok
[INFO] [stdout] test engine::apply::tests::each_pack_in_a_many_slot_gets_its_own_lock_record ... ok
[INFO] [stdout] test engine::apply::tests::ensure_array_element_replaces_a_stale_superdev_entry ... ok
[INFO] [stdout] test engine::apply::tests::optional_run_with_missing_program_is_skipped ... ok
[INFO] [stdout] test engine::apply::tests::malformed_mcp_json_fails_cleanly ... ok
[INFO] [stdout] test engine::apply::tests::malformed_mise_tools_key_fails_without_panicking ... ok
[INFO] [stdout] test engine::apply::tests::non_utf8_target_is_not_clobbered ... ok
[INFO] [stdout] test engine::apply::tests::remove_file_skips_the_gone_and_the_user_changed ... ok
[INFO] [stdout] test engine::apply::tests::remove_file_backs_up_journals_and_releases_the_lock_key ... ok
[INFO] [stdout] test engine::apply::tests::satisfied_scaffold_and_line_are_skipped ... ok
[INFO] [stdout] test engine::apply::tests::owned_overwrite_backs_up_and_notes_user_edits ... ok
[INFO] [stdout] test engine::apply::tests::set_json_key_merges_and_preserves_other_servers ... ok
[INFO] [stdout] test engine::apply::tests::unwritable_target_fails_the_action ... ok
[INFO] [stdout] test engine::apply::tests::remove_mise_pin_and_json_key_rewrite_only_their_entry ... ok
[INFO] [stdout] test engine::apply::tests::plan_runs_every_component ... ok
[INFO] [stdout] test engine::pins::tests::a_failed_trust_stops_the_run_and_unwinds_the_pin_edit ... ok
[INFO] [stdout] test engine::apply::tests::unwind_restores_content_runs_undo_and_reports_leftovers ... ok
[INFO] [stdout] test engine::pins::tests::groups_mise_pins_and_installs_once ... ok
[INFO] [stdout] test engine::apply::tests::set_json_key_creates_the_file_when_absent ... ok
[INFO] [stdout] test engine::pins::tests::mise_install_failure_fails_the_run ... ok
[INFO] [stdout] test engine::pins::tests::committed_pins_are_installed_before_a_run ... ok
[INFO] [stdout] test engine::tx::tests::remove_journals_the_prior_and_a_failed_undo_is_reported ... ok
[INFO] [stdout] test engine::tx::tests::backups_of_one_run_share_a_stamp_directory ... ok
[INFO] [stdout] test engine::pins::tests::install_never_names_the_repos_own_tools ... ok
[INFO] [stdout] test error::tests::every_variant_displays ... ok
[INFO] [stdout] test error::tests::error_display_is_one_line ... ok
[INFO] [stdout] test json_edit::tests::pointers_parse_navigate_and_remove ... ok
[INFO] [stdout] test lock::tests::a_0_1_0_lock_reads_unchanged ... ok
[INFO] [stdout] test lock::tests::lock_round_trips ... ok
[INFO] [stdout] test engine::pins::tests::nothing_to_install_without_runs_or_managed_pins ... ok
[INFO] [stdout] test lock::tests::missing_lock_is_default ... ok
[INFO] [stdout] test lock::tests::sha256_hex_matches_known_vector ... ok
[INFO] [stdout] test lock::tests::io_and_parse_failures_surface_the_path ... ok
[INFO] [stdout] test engine::tx::tests::unwind_replays_newest_first_and_reports_the_irreversible ... ok
[INFO] [stdout] test aokf::index::tests::unchanged_bundle_syncs_nothing ... ok
[INFO] [stdout] test lock::tests::a_many_slot_locks_one_record_per_provider ... ok
[INFO] [stdout] test engine::apply::tests::ensure_line_appends_and_creates ... ok
[INFO] [stdout] test manifest::tests::a_workflows_table_gets_the_guided_error ... ok
[INFO] [stdout] test lock::tests::owners_round_trip_and_stay_optional ... ok
[INFO] [stdout] test manifest::tests::a_duplicated_provider_is_refused ... ok
[INFO] [stdout] test manifest::tests::a_one_entry_array_behaves_as_the_single_table ... ok
[INFO] [stdout] test manifest::tests::a_single_skills_table_is_a_one_entry_set_and_keeps_its_shape ... ok
[INFO] [stdout] test manifest::tests::an_empty_entry_list_is_refused ... ok
[INFO] [stdout] test manifest::tests::custom_skills_survive_a_round_trip_and_stay_optional ... ok
[INFO] [stdout] test manifest::tests::embeddings_survive_a_round_trip_and_stay_optional ... ok
[INFO] [stdout] test manifest::tests::malformed_toml_names_the_config_path ... ok
[INFO] [stdout] test manifest::tests::multiple_skills_entries_parse_and_render_as_the_array_form ... ok
[INFO] [stdout] test manifest::tests::accessors_cover_enabled_disabled_and_per_provider_lookup ... ok
[INFO] [stdout] test manifest::tests::default_manifest_round_trips ... ok
[INFO] [stdout] test aokf::index::tests::a_change_of_vector_width_rebuilds_rather_than_failing ... ok
[INFO] [stdout] test manifest::tests::load_and_save_use_the_dot_dir ... ok
[INFO] [stdout] test manifest::tests::spec_shape_parses ... ok
[INFO] [stdout] test manifest::tests::unknown_capability_is_rejected ... ok
[INFO] [stdout] test manifest::tests::the_array_form_on_a_single_slot_is_refused ... ok
[INFO] [stdout] test manifest::tests::io_failures_surface_the_path ... ok
[INFO] [stdout] test orphan::tests::each_shape_classifies_by_disk_state ... ok
[INFO] [stdout] test pipeline::tests::a_cross_capability_claim_collision_refuses_with_the_way_out ... ok
[INFO] [stdout] test orphan::tests::an_unreadable_orphan_fails_loudly ... ok
[INFO] [stdout] test pipeline::tests::a_pack_dropped_from_the_manifest_loses_its_lock_record ... ok
[INFO] [stdout] test orphan::tests::claimed_entries_are_never_orphans ... ok
[INFO] [stdout] test orphan::tests::an_absent_pin_or_key_in_a_present_file_is_gone ... ok
[INFO] [stdout] test pipeline::tests::a_provisioning_run_is_work_to_do_but_not_drift ... ok
[INFO] [stdout] test manifest::tests::template_record_survives_a_round_trip_and_stays_optional ... ok
[INFO] [stdout] test aokf::index::tests::a_misbehaving_embedder_is_an_index_error ... ok
[INFO] [stdout] test pipeline::tests::aggregator_imports_track_the_enabled_set ... ok
[INFO] [stdout] test pipeline::tests::plannable_resets_every_locked_pin ... ok
[INFO] [stdout] test pipeline::tests::any_locked_pin_off_the_default_is_stale ... ok
[INFO] [stdout] test pipeline::tests::custom_skills_are_pruned_from_the_lock_and_reported ... ok
[INFO] [stdout] test pipeline::tests::knowledge_custom_entries_release_the_whole_directory ... ok
[INFO] [stdout] test pipeline::tests::two_packs_in_one_slot_colliding_name_both_providers ... ok
[INFO] [stdout] test registry::tests::every_codegraph_bundle_matches_the_pinned_version ... ok
[INFO] [stdout] test registry::tests::every_rtk_artefact_matches_the_pinned_version ... ok
[INFO] [stdout] test pipeline::tests::the_blueprint_line_reports_only_a_difference ... ok
[INFO] [stdout] test registry::tests::one_default_per_capability_and_lookups_resolve ... ok
[INFO] [stdout] test pipeline::tests::knowledge_custom_lines_cover_every_carried_skill ... ok
[INFO] [stdout] test aokf::index::tests::stored_vectors_round_trip_intact ... ok
[INFO] [stdout] test pipeline::tests::stamping_rewrites_only_a_stale_blueprint ... ok
[INFO] [stdout] test pipeline::tests::status_mode_plans_the_default_and_reports_behind ... ok
[INFO] [stdout] test registry::tests::skills_slot_ships_at_the_binary_version ... ok
[INFO] [stdout] test report::tests::apply_renders_notes_and_skips_without_a_revert_section ... ok
[INFO] [stdout] test report::tests::plan_labels_repo_level_entries ... ok
[INFO] [stdout] test report::tests::apply_report_shows_outcomes_and_reverts ... ok
[INFO] [stdout] test report::tests::plan_lists_changes_and_marks_ok ... ok
[INFO] [stdout] test templates::tests::plans_absent_files_with_tokenised_paths_and_keeps_existing_ones ... ok
[INFO] [stdout] test runner::tests::fake_runner_scripts_and_records ... ok
[INFO] [stdout] test templates::tests::render_substitutes_paths_and_contents_without_touching_disk ... ok
[INFO] [stdout] test aokf::index::tests::model_change_forces_full_rebuild ... ok
[INFO] [stdout] test templates::tests::shipped_templates_resolve_by_name ... ok
[INFO] [stdout] test runner::tests::system_runner_missing_program_is_command_error ... ok
[INFO] [stdout] test pipeline::tests::repo_entry_plans_the_import_line_and_the_aggregator_once ... ok
[INFO] [stdout] test templates::tests::no_template_asset_is_named_cargo_toml ... ok
[INFO] [stdout] test templates::tests::shipped_template_paths_are_disjoint_from_capability_files ... ok
[INFO] [stdout] test templates::tests::slugs_are_kebab_case_with_a_fallback ... ok
[INFO] [stdout] test runner::tests::system_runner_captures_output_and_status ... ok
[INFO] [stdout] test pipeline::tests::plan_repo_puts_the_orphan_entry_last_and_reports_released ... ok
[INFO] [stdout] test tests::version_is_semver_with_an_optional_prerelease ... ok
[INFO] [stdout] test templates::tests::substitution_is_exact_match_only ... ok
[INFO] [stdout] test templates::tests::shipped_template_contents_substitute_cleanly ... ok
[INFO] [stdout] test aokf::index::tests::an_index_from_another_schema_version_is_rebuilt ... ok
[INFO] [stdout] test pipeline::tests::knowledge_plans_the_full_carried_skill_set ... ok
[INFO] [stdout] test aokf::index::tests::edited_file_reindexes_only_that_file ... ok
[INFO] [stdout] test aokf::index::tests::gaining_an_embedder_forces_a_full_rebuild ... ok
[INFO] [stdout] test aokf::index::tests::force_rebuild_reindexes_everything ... ok
[INFO] [stdout] test aokf::index::tests::an_unusable_cache_is_rebuilt ... ok
[INFO] [stdout] 
[INFO] [stdout] test result: ok. 245 passed; 0 failed; 0 ignored; 0 measured; 0 filtered out; finished in 2.39s
[INFO] [stdout] 
[INFO] [stderr]      Running tests/mcp_tools.rs (/opt/rustwide/target/debug/deps/mcp_tools-b35830aba5b134b4)
[INFO] [stdout] 
[INFO] [stdout] running 7 tests
[INFO] [stdout] test overview_orients_and_warns ... ok
[INFO] [stdout] test graph_map_and_neighbours ... ok
[INFO] [stdout] test search_returns_locators ... ok
[INFO] [stdout] test read_of_an_unparseable_file_reports_the_parse_error ... ok
[INFO] [stdout] test an_absurd_limit_is_answered_not_aborted ... ok
[INFO] [stdout] test read_whole_and_section ... ok
[INFO] [stdout] test stale_index_refreshes_between_calls ... ok
[INFO] [stdout] 
[INFO] [stdout] test result: ok. 7 passed; 0 failed; 0 ignored; 0 measured; 0 filtered out; finished in 0.69s
[INFO] [stdout] 
[INFO] [stderr]      Running tests/validator_parity.rs (/opt/rustwide/target/debug/deps/validator_parity-dc51d555b17ffccb)
[INFO] [stdout] 
[INFO] [stdout] running 12 tests
[INFO] [stdout] test no_manifest ... ok
[INFO] [stdout] test stamped_field ... ok
[INFO] [stdout] test footnote_mismatch ... ok
[INFO] [stdout] test malformed_frontmatter ... ok
[INFO] [stdout] test bad_verified ... ok
[INFO] [stdout] test broken_links ... ok
[INFO] [stdout] test unmirrored_link ... ok
[INFO] [stdout] test missing_type ... ok
[INFO] [stdout] test duplicate_ids ... ok
[INFO] [stdout] test clean ... ok
[INFO] [stdout] test custom_rel ... ok
[INFO] [stdout] test the_live_knowledge_bundle_conforms_at_level_2 ... FAILED
[INFO] [stdout] 
[INFO] [stdout] failures:
[INFO] [stdout] 
[INFO] [stdout] ---- the_live_knowledge_bundle_conforms_at_level_2 stdout ----
[INFO] [stdout] 
[INFO] [stdout] thread 'the_live_knowledge_bundle_conforms_at_level_2' (4272) panicked at tests/validator_parity.rs:148:60:
[INFO] [stdout] called `Result::unwrap()` on an `Err` value: Io { path: "/knowledge", source: Os { code: 2, kind: NotFound, message: "No such file or directory" } }
[INFO] [stdout] stack backtrace:
[INFO] [stdout]    0:     0x5b12c1560541 - std[70759c8f55707aa4]::backtrace_rs::backtrace::libunwind::trace
[INFO] [stdout]                                at /rustc/dfb0accb7f508ae8be965d8629557221c889dd98/library/std/src/../../backtrace/src/backtrace/libunwind.rs:117:9
[INFO] [stdout]    1:     0x5b12c1560541 - std[70759c8f55707aa4]::backtrace_rs::backtrace::trace_unsynchronized::<std[70759c8f55707aa4]::sys::backtrace::_print_fmt::{closure#1}>
[INFO] [stdout]                                at /rustc/dfb0accb7f508ae8be965d8629557221c889dd98/library/std/src/../../backtrace/src/backtrace/mod.rs:66:14
[INFO] [stdout]    2:     0x5b12c1560541 - std[70759c8f55707aa4]::sys::backtrace::_print_fmt
[INFO] [stdout]                                at /rustc/dfb0accb7f508ae8be965d8629557221c889dd98/library/std/src/sys/backtrace.rs:74:9
[INFO] [stdout]    3:     0x5b12c1560541 - <<std[70759c8f55707aa4]::sys::backtrace::BacktraceLock>::print::DisplayBacktrace as core[df12db4294e9bfd3]::fmt::Display>::fmt
[INFO] [stdout]                                at /rustc/dfb0accb7f508ae8be965d8629557221c889dd98/library/std/src/sys/backtrace.rs:44:26
[INFO] [stdout]    4:     0x5b12c157667a - <core[df12db4294e9bfd3]::fmt::rt::Argument>::fmt
[INFO] [stdout]                                at /rustc/dfb0accb7f508ae8be965d8629557221c889dd98/library/core/src/fmt/rt.rs:152:76
[INFO] [stdout]    5:     0x5b12c157667a - core[df12db4294e9bfd3]::fmt::write
[INFO] [stdout]    6:     0x5b12c1564cac - core[df12db4294e9bfd3]::io::write::default_write_fmt::<alloc[2182bb758b4b3781]::vec::Vec<u8>>
[INFO] [stdout]                                at /rustc/dfb0accb7f508ae8be965d8629557221c889dd98/library/core/src/io/write.rs:402:11
[INFO] [stdout]    7:     0x5b12c1564cac - <alloc[2182bb758b4b3781]::vec::Vec<u8> as core[df12db4294e9bfd3]::io::write::Write>::write_fmt
[INFO] [stdout]                                at /rustc/dfb0accb7f508ae8be965d8629557221c889dd98/library/core/src/io/write.rs:335:13
[INFO] [stdout]    8:     0x5b12c153b986 - <std[70759c8f55707aa4]::sys::backtrace::BacktraceLock>::print
[INFO] [stdout]                                at /rustc/dfb0accb7f508ae8be965d8629557221c889dd98/library/std/src/sys/backtrace.rs:47:9
[INFO] [stdout]    9:     0x5b12c153b986 - std[70759c8f55707aa4]::panicking::default_hook::{closure#0}
[INFO] [stdout]                                at /rustc/dfb0accb7f508ae8be965d8629557221c889dd98/library/std/src/panicking.rs:292:27
[INFO] [stdout]   10:     0x5b12c1558299 - std[70759c8f55707aa4]::panicking::default_hook
[INFO] [stdout]                                at /rustc/dfb0accb7f508ae8be965d8629557221c889dd98/library/std/src/panicking.rs:316:9
[INFO] [stdout]   11:     0x5b12c138a870 - <alloc[2182bb758b4b3781]::boxed::Box<dyn for<'a, 'b> core[df12db4294e9bfd3]::ops::function::Fn<(&'a std[70759c8f55707aa4]::panic::PanicHookInfo<'b>,), Output = ()> + core[df12db4294e9bfd3]::marker::Send + core[df12db4294e9bfd3]::marker::Sync> as core[df12db4294e9bfd3]::ops::function::Fn<(&std[70759c8f55707aa4]::panic::PanicHookInfo,)>>::call
[INFO] [stdout]                                at /rustc/dfb0accb7f508ae8be965d8629557221c889dd98/library/alloc/src/boxed.rs:2334:9
[INFO] [stdout]   12:     0x5b12c138a870 - test[9d35eded1c95d3be]::test_main_inner::<test[9d35eded1c95d3be]::test_main_static::{closure#0}>::{closure#0}
[INFO] [stdout]                                at /rustc/dfb0accb7f508ae8be965d8629557221c889dd98/library/test/src/lib.rs:155:21
[INFO] [stdout]   13:     0x5b12c1558452 - <alloc[2182bb758b4b3781]::boxed::Box<dyn for<'a, 'b> core[df12db4294e9bfd3]::ops::function::Fn<(&'a std[70759c8f55707aa4]::panic::PanicHookInfo<'b>,), Output = ()> + core[df12db4294e9bfd3]::marker::Send + core[df12db4294e9bfd3]::marker::Sync> as core[df12db4294e9bfd3]::ops::function::Fn<(&std[70759c8f55707aa4]::panic::PanicHookInfo,)>>::call
[INFO] [stdout]                                at /rustc/dfb0accb7f508ae8be965d8629557221c889dd98/library/alloc/src/boxed.rs:2334:9
[INFO] [stdout]   14:     0x5b12c1558452 - std[70759c8f55707aa4]::panicking::panic_with_hook
[INFO] [stdout]                                at /rustc/dfb0accb7f508ae8be965d8629557221c889dd98/library/std/src/panicking.rs:823:13
[INFO] [stdout]   15:     0x5b12c153ba32 - std[70759c8f55707aa4]::panicking::panic_handler::{closure#0}
[INFO] [stdout]                                at /rustc/dfb0accb7f508ae8be965d8629557221c889dd98/library/std/src/panicking.rs:688:13
[INFO] [stdout]   16:     0x5b12c1534589 - std[70759c8f55707aa4]::sys::backtrace::__rust_end_short_backtrace::<std[70759c8f55707aa4]::panicking::panic_handler::{closure#0}, !>
[INFO] [stdout]                                at /rustc/dfb0accb7f508ae8be965d8629557221c889dd98/library/std/src/sys/backtrace.rs:182:18
[INFO] [stdout]   17:     0x5b12c153c62d - __rustc[8fa7c3cbc660c2b3]::rust_begin_unwind
[INFO] [stdout]                                at /rustc/dfb0accb7f508ae8be965d8629557221c889dd98/library/std/src/panicking.rs:679:5
[INFO] [stdout]   18:     0x5b12c1576e6c - core[df12db4294e9bfd3]::panicking::panic_fmt
[INFO] [stdout]                                at /rustc/dfb0accb7f508ae8be965d8629557221c889dd98/library/core/src/panicking.rs:80:14
[INFO] [stdout]   19:     0x5b12c1576bc2 - core[df12db4294e9bfd3]::result::unwrap_failed
[INFO] [stdout]                                at /rustc/dfb0accb7f508ae8be965d8629557221c889dd98/library/core/src/result.rs:1871:5
[INFO] [stdout]   20:     0x5b12c137ca83 - <core[df12db4294e9bfd3]::result::Result<superdev_core[978aad8272f02de9]::aokf::bundle::Bundle, superdev_core[978aad8272f02de9]::error::Error>>::unwrap
[INFO] [stdout]                                at /rustc/dfb0accb7f508ae8be965d8629557221c889dd98/library/core/src/result.rs:1232:23
[INFO] [stdout]   21:     0x5b12c137ca83 - validator_parity[3a514dbe5be94453]::the_live_knowledge_bundle_conforms_at_level_2
[INFO] [stdout]                                at /opt/rustwide/workdir/tests/validator_parity.rs:148:60
[INFO] [stdout]   22:     0x5b12c137b887 - validator_parity[3a514dbe5be94453]::the_live_knowledge_bundle_conforms_at_level_2::{closure#0}
[INFO] [stdout]                                at /opt/rustwide/workdir/tests/validator_parity.rs:143:51
[INFO] [stdout]   23:     0x5b12c137dae6 - <validator_parity[3a514dbe5be94453]::the_live_knowledge_bundle_conforms_at_level_2::{closure#0} as core[df12db4294e9bfd3]::ops::function::FnOnce<()>>::call_once
[INFO] [stdout]                                at /rustc/dfb0accb7f508ae8be965d8629557221c889dd98/library/core/src/ops/function.rs:250:5
[INFO] [stdout]   24:     0x5b12c137db5b - <fn() -> core[df12db4294e9bfd3]::result::Result<(), alloc[2182bb758b4b3781]::string::String> as core[df12db4294e9bfd3]::ops::function::FnOnce<()>>::call_once
[INFO] [stdout]                                at /rustc/dfb0accb7f508ae8be965d8629557221c889dd98/library/core/src/ops/function.rs:250:5
[INFO] [stdout]   25:     0x5b12c137db5b - test[9d35eded1c95d3be]::__rust_begin_short_backtrace::<core[df12db4294e9bfd3]::result::Result<(), alloc[2182bb758b4b3781]::string::String>, fn() -> core[df12db4294e9bfd3]::result::Result<(), alloc[2182bb758b4b3781]::string::String>>
[INFO] [stdout]                                at /rustc/dfb0accb7f508ae8be965d8629557221c889dd98/library/test/src/lib.rs:733:18
[INFO] [stdout]   26:     0x5b12c138b1c5 - test[9d35eded1c95d3be]::run_test_in_process::{closure#0}
[INFO] [stdout]                                at /rustc/dfb0accb7f508ae8be965d8629557221c889dd98/library/test/src/lib.rs:756:74
[INFO] [stdout]   27:     0x5b12c138b1c5 - <core[df12db4294e9bfd3]::panic::unwind_safe::AssertUnwindSafe<test[9d35eded1c95d3be]::run_test_in_process::{closure#0}> as core[df12db4294e9bfd3]::ops::function::FnOnce<()>>::call_once
[INFO] [stdout]                                at /rustc/dfb0accb7f508ae8be965d8629557221c889dd98/library/core/src/panic/unwind_safe.rs:275:9
[INFO] [stdout]   28:     0x5b12c138b1c5 - std[70759c8f55707aa4]::panicking::catch_unwind::do_call::<core[df12db4294e9bfd3]::panic::unwind_safe::AssertUnwindSafe<test[9d35eded1c95d3be]::run_test_in_process::{closure#0}>, core[df12db4294e9bfd3]::result::Result<(), alloc[2182bb758b4b3781]::string::String>>
[INFO] [stdout]                                at /rustc/dfb0accb7f508ae8be965d8629557221c889dd98/library/std/src/panicking.rs:576:43
[INFO] [stdout]   29:     0x5b12c138b1c5 - std[70759c8f55707aa4]::panicking::catch_unwind::<core[df12db4294e9bfd3]::result::Result<(), alloc[2182bb758b4b3781]::string::String>, core[df12db4294e9bfd3]::panic::unwind_safe::AssertUnwindSafe<test[9d35eded1c95d3be]::run_test_in_process::{closure#0}>>
[INFO] [stdout]                                at /rustc/dfb0accb7f508ae8be965d8629557221c889dd98/library/std/src/panicking.rs:544:19
[INFO] [stdout]   30:     0x5b12c138b1c5 - std[70759c8f55707aa4]::panic::catch_unwind::<core[df12db4294e9bfd3]::panic::unwind_safe::AssertUnwindSafe<test[9d35eded1c95d3be]::run_test_in_process::{closure#0}>, core[df12db4294e9bfd3]::result::Result<(), alloc[2182bb758b4b3781]::string::String>>
[INFO] [stdout]                                at /rustc/dfb0accb7f508ae8be965d8629557221c889dd98/library/std/src/panic.rs:359:14
[INFO] [stdout]   31:     0x5b12c138b1c5 - test[9d35eded1c95d3be]::run_test_in_process
[INFO] [stdout]                                at /rustc/dfb0accb7f508ae8be965d8629557221c889dd98/library/test/src/lib.rs:756:27
[INFO] [stdout]   32:     0x5b12c138b1c5 - test[9d35eded1c95d3be]::run_test::{closure#0}
[INFO] [stdout]                                at /rustc/dfb0accb7f508ae8be965d8629557221c889dd98/library/test/src/lib.rs:677:43
[INFO] [stdout]   33:     0x5b12c1384a84 - test[9d35eded1c95d3be]::run_test::{closure#1}
[INFO] [stdout]                                at /rustc/dfb0accb7f508ae8be965d8629557221c889dd98/library/test/src/lib.rs:707:41
[INFO] [stdout]   34:     0x5b12c1384a84 - std[70759c8f55707aa4]::sys::backtrace::__rust_begin_short_backtrace::<test[9d35eded1c95d3be]::run_test::{closure#1}, ()>
[INFO] [stdout]                                at /rustc/dfb0accb7f508ae8be965d8629557221c889dd98/library/std/src/sys/backtrace.rs:166:18
[INFO] [stdout]   35:     0x5b12c138e322 - std[70759c8f55707aa4]::thread::lifecycle::spawn_unchecked::<test[9d35eded1c95d3be]::run_test::{closure#1}, ()>::{closure#1}::{closure#0}
[INFO] [stdout]                                at /rustc/dfb0accb7f508ae8be965d8629557221c889dd98/library/std/src/thread/lifecycle.rs:70:13
[INFO] [stdout]   36:     0x5b12c138e322 - <core[df12db4294e9bfd3]::panic::unwind_safe::AssertUnwindSafe<std[70759c8f55707aa4]::thread::lifecycle::spawn_unchecked<test[9d35eded1c95d3be]::run_test::{closure#1}, ()>::{closure#1}::{closure#0}> as core[df12db4294e9bfd3]::ops::function::FnOnce<()>>::call_once
[INFO] [stdout]                                at /rustc/dfb0accb7f508ae8be965d8629557221c889dd98/library/core/src/panic/unwind_safe.rs:275:9
[INFO] [stdout]   37:     0x5b12c138e322 - std[70759c8f55707aa4]::panicking::catch_unwind::do_call::<core[df12db4294e9bfd3]::panic::unwind_safe::AssertUnwindSafe<std[70759c8f55707aa4]::thread::lifecycle::spawn_unchecked<test[9d35eded1c95d3be]::run_test::{closure#1}, ()>::{closure#1}::{closure#0}>, ()>
[INFO] [stdout]                                at /rustc/dfb0accb7f508ae8be965d8629557221c889dd98/library/std/src/panicking.rs:576:43
[INFO] [stdout]   38:     0x5b12c138e322 - std[70759c8f55707aa4]::panicking::catch_unwind::<(), core[df12db4294e9bfd3]::panic::unwind_safe::AssertUnwindSafe<std[70759c8f55707aa4]::thread::lifecycle::spawn_unchecked<test[9d35eded1c95d3be]::run_test::{closure#1}, ()>::{closure#1}::{closure#0}>>
[INFO] [stdout]                                at /rustc/dfb0accb7f508ae8be965d8629557221c889dd98/library/std/src/panicking.rs:544:19
[INFO] [stdout]   39:     0x5b12c138e322 - std[70759c8f55707aa4]::panic::catch_unwind::<core[df12db4294e9bfd3]::panic::unwind_safe::AssertUnwindSafe<std[70759c8f55707aa4]::thread::lifecycle::spawn_unchecked<test[9d35eded1c95d3be]::run_test::{closure#1}, ()>::{closure#1}::{closure#0}>, ()>
[INFO] [stdout]                                at /rustc/dfb0accb7f508ae8be965d8629557221c889dd98/library/std/src/panic.rs:359:14
[INFO] [stdout]   40:     0x5b12c138e322 - std[70759c8f55707aa4]::thread::lifecycle::spawn_unchecked::<test[9d35eded1c95d3be]::run_test::{closure#1}, ()>::{closure#1}
[INFO] [stdout]                                at /rustc/dfb0accb7f508ae8be965d8629557221c889dd98/library/std/src/thread/lifecycle.rs:68:26
[INFO] [stdout]   41:     0x5b12c138e322 - <std[70759c8f55707aa4]::thread::lifecycle::spawn_unchecked<test[9d35eded1c95d3be]::run_test::{closure#1}, ()>::{closure#1} as core[df12db4294e9bfd3]::ops::function::FnOnce<()>>::call_once::{shim:vtable#0}
[INFO] [stdout]                                at /rustc/dfb0accb7f508ae8be965d8629557221c889dd98/library/core/src/ops/function.rs:250:5
[INFO] [stdout]   42:     0x5b12c155faa9 - <alloc[2182bb758b4b3781]::boxed::Box<dyn core[df12db4294e9bfd3]::ops::function::FnOnce<(), Output = ()> + core[df12db4294e9bfd3]::marker::Send> as core[df12db4294e9bfd3]::ops::function::FnOnce<()>>::call_once
[INFO] [stdout]                                at /rustc/dfb0accb7f508ae8be965d8629557221c889dd98/library/alloc/src/boxed.rs:2320:9
[INFO] [stdout]   43:     0x5b12c155faa9 - <std[70759c8f55707aa4]::sys::thread::unix::Thread>::new::thread_start
[INFO] [stdout]                                at /rustc/dfb0accb7f508ae8be965d8629557221c889dd98/library/std/src/sys/thread/unix.rs:123:17
[INFO] [stdout]   44:     0x7b935deeadfa - <unknown>
[INFO] [stdout]   45:     0x7b935df7e3d4 - clone
[INFO] [stdout]   46:                0x0 - <unknown>
[INFO] [stdout] 
[INFO] [stdout] 
[INFO] [stdout] failures:
[INFO] [stdout]     the_live_knowledge_bundle_conforms_at_level_2
[INFO] [stdout] 
[INFO] [stdout] test result: FAILED. 11 passed; 1 failed; 0 ignored; 0 measured; 0 filtered out; finished in 0.60s
[INFO] [stdout] 
[INFO] [stderr] error: test failed, to rerun pass `--test validator_parity`
[INFO] running `Command { std: "docker" "inspect" "c8f9859280f5b54552450b0b1435215fc3830646f07c1b454f9a58f81164036d", kill_on_drop: false }`
[INFO] running `Command { std: "docker" "rm" "-f" "c8f9859280f5b54552450b0b1435215fc3830646f07c1b454f9a58f81164036d", kill_on_drop: false }`
[INFO] [stdout] c8f9859280f5b54552450b0b1435215fc3830646f07c1b454f9a58f81164036d
