[INFO] fetching crate sceptre 0.7.2...
[INFO] testing sceptre-0.7.2 against 1.99.0-beta.8 for beta-1.100-2
[INFO] extracting crate sceptre 0.7.2 into /workspace/builds/worker-7-tc1/source
[INFO] started tweaking crates.io crate sceptre 0.7.2
[INFO] removed 0 missing tests
[INFO] finished tweaking crates.io crate sceptre 0.7.2
[INFO] tweaked toml for crates.io crate sceptre 0.7.2 written to /workspace/builds/worker-7-tc1/source/Cargo.toml
[INFO] validating manifest of crates.io crate sceptre 0.7.2 on toolchain 1.99.0-beta.8
[INFO] running `Command { std: CARGO_HOME="/workspace/cargo-home" RUSTUP_HOME="/workspace/rustup-home" "/workspace/cargo-home/bin/cargo" "+1.99.0-beta.8" "metadata" "--manifest-path" "Cargo.toml" "--no-deps", kill_on_drop: false }`
[INFO] crate crates.io crate sceptre 0.7.2 already has a lockfile, it will not be regenerated
[INFO] running `Command { std: CARGO_HOME="/workspace/cargo-home" RUSTUP_HOME="/workspace/rustup-home" "/workspace/cargo-home/bin/cargo" "+1.99.0-beta.8" "fetch" "--manifest-path" "Cargo.toml", kill_on_drop: false }`
[INFO] [stderr]     Updating crates.io index
[INFO] [stderr]  Downloading crates ...
[INFO] [stderr]   Downloaded scan_fmt v0.2.6
[INFO] [stderr]   Downloaded dyn-hash v1.0.0
[INFO] [stderr]   Downloaded derive-new v0.7.0
[INFO] [stderr]   Downloaded primal-check v0.3.4
[INFO] [stderr]   Downloaded float-ord v0.3.2
[INFO] [stderr]   Downloaded inventory v0.3.24
[INFO] [stderr]   Downloaded memo-map v0.3.3
[INFO] [stderr]   Downloaded dyn-eq v0.1.3
[INFO] [stderr]   Downloaded transpose v0.2.3
[INFO] [stderr]   Downloaded typeid v1.0.3
[INFO] [stderr]   Downloaded downcast-rs v2.0.2
[INFO] [stderr]   Downloaded tract-extra v0.23.5
[INFO] [stderr]   Downloaded nom-language v0.1.0
[INFO] [stderr]   Downloaded maplit v1.0.2
[INFO] [stderr]   Downloaded xattr v1.6.1
[INFO] [stderr]   Downloaded ref-cast v1.0.27
[INFO] [stderr]   Downloaded bit-set v0.11.1
[INFO] [stderr]   Downloaded darling_macro v0.24.0
[INFO] [stderr]   Downloaded string-interner v0.20.0
[INFO] [stderr]   Downloaded tract-pulse-opl v0.23.5
[INFO] [stderr]   Downloaded bytemuck_derive v1.12.0
[INFO] [stderr]   Downloaded pastey v0.2.3
[INFO] [stderr]   Downloaded ref-cast-impl v1.0.27
[INFO] [stderr]   Downloaded tract-nnef v0.23.5
[INFO] [stderr]   Downloaded erased-serde v0.4.10
[INFO] [stderr]   Downloaded bit-vec v0.10.1
[INFO] [stderr]   Downloaded filetime v0.2.29
[INFO] [stderr]   Downloaded safetensors v0.8.0
[INFO] [stderr]   Downloaded rmcp-macros v3.1.4
[INFO] [stderr]   Downloaded strength_reduce v0.2.4
[INFO] [stderr]   Downloaded tract-onnx-opl v0.23.5
[INFO] [stderr]   Downloaded prost v0.14.4
[INFO] [stderr]   Downloaded utf8-zero v0.8.1
[INFO] [stderr]   Downloaded hmac-sha256 v1.1.14
[INFO] [stderr]   Downloaded fax v0.2.7
[INFO] [stderr]   Downloaded zerovec-derive v0.11.5
[INFO] [stderr]   Downloaded matrixmultiply v0.3.11
[INFO] [stderr]   Downloaded tract-hir v0.23.5
[INFO] [stderr]   Downloaded prost-derive v0.14.4
[INFO] [stderr]   Downloaded hybrid-array v0.4.14
[INFO] [stderr]   Downloaded tokio-retry v0.3.2
[INFO] [stderr]   Downloaded quick-error v2.0.1
[INFO] [stderr]   Downloaded byteorder-lite v0.1.0
[INFO] [stderr]   Downloaded tract-onnx v0.23.5
[INFO] [stderr]   Downloaded tract-data v0.23.5
[INFO] [stderr]   Downloaded rand_distr v0.5.1
[INFO] [stderr]   Downloaded tar v0.4.46
[INFO] [stderr]   Downloaded rand_distr v0.6.0
[INFO] [stderr]   Downloaded darling v0.24.0
[INFO] [stderr]   Downloaded ort-sys v2.0.0-rc.13
[INFO] [stderr]   Downloaded zune-core v0.5.3
[INFO] [stderr]   Downloaded gif v0.14.2
[INFO] [stderr]   Downloaded wasm-streams v0.5.0
[INFO] [stderr]   Downloaded tract-transformers v0.23.5
[INFO] [stderr]   Downloaded rand v0.9.5
[INFO] [stderr]   Downloaded cc v1.4.3
[INFO] [stderr]   Downloaded tract-pulse v0.23.5
[INFO] [stderr]   Downloaded darling_core v0.24.0
[INFO] [stderr]   Downloaded base64 v0.23.1
[INFO] [stderr]   Downloaded ureq-proto v0.6.1
[INFO] [stderr]   Downloaded rustls-webpki v0.103.14
[INFO] [stderr]   Downloaded simba v0.10.2
[INFO] [stderr]   Downloaded safe_arch v1.2.0
[INFO] [stderr]   Downloaded zune-jpeg v0.5.15
[INFO] [stderr]   Downloaded weezl v0.1.12
[INFO] [stderr]   Downloaded image-webp v0.2.4
[INFO] [stderr]   Downloaded icu_provider v2.3.0
[INFO] [stderr]   Downloaded wasip2 v1.0.4+wasi-0.2.12
[INFO] [stderr]   Downloaded ort v2.0.0-rc.13
[INFO] [stderr]   Downloaded ureq v3.4.0
[INFO] [stderr]   Downloaded imageproc v0.27.0
[INFO] [stderr]   Downloaded num-bigint v0.4.8
[INFO] [stderr]   Downloaded tiff v0.11.3
[INFO] [stderr]   Downloaded png v0.18.1
[INFO] [stderr]   Downloaded portable-atomic v1.15.0
[INFO] [stderr]   Downloaded minijinja v2.24.0
[INFO] [stderr]   Downloaded wide v1.6.1
[INFO] [stderr]   Downloaded moxcms v0.8.1
[INFO] [stderr]   Downloaded hf-hub v1.0.0
[INFO] [stderr]   Downloaded whoami v2.1.3
[INFO] [stderr]   Downloaded wasite v1.0.2
[INFO] [stderr]   Downloaded wasi v0.14.7+wasi-0.2.4
[INFO] [stderr]   Downloaded tract-core v0.23.5
[INFO] [stderr]   Downloaded ndarray v0.17.2
[INFO] [stderr]   Downloaded aws-lc-rs v1.18.0
[INFO] [stderr]   Downloaded lzma-rust2 v0.15.8
[INFO] [stderr]   Downloaded webpki-root-certs v1.0.9
[INFO] [stderr]   Downloaded objc2-system-configuration v0.3.2
[INFO] [stderr]   Downloaded dispatch2 v0.3.1
[INFO] [stderr]   Downloaded thread_local v1.1.10
[INFO] [stderr]   Downloaded tracing-appender v0.2.5
[INFO] [stderr]   Downloaded tokio_with_wasm_proc v0.8.8
[INFO] [stderr]   Downloaded windows-numerics v0.3.1
[INFO] [stderr]   Downloaded windows-future v0.3.2
[INFO] [stderr]   Downloaded more-asserts v0.3.1
[INFO] [stderr]   Downloaded git-version v0.3.9
[INFO] [stderr]   Downloaded rustfft v6.4.1
[INFO] [stderr]   Downloaded image v0.25.10
[INFO] [stderr]   Downloaded h2 v0.4.17
[INFO] [stderr]   Downloaded hf-xet v1.6.0
[INFO] [stderr]   Downloaded objc2-core-foundation v0.3.2
[INFO] [stderr]   Downloaded time-macros v0.2.32
[INFO] [stderr]   Downloaded symlink v0.1.0
[INFO] [stderr]   Downloaded crossbeam-channel v0.5.16
[INFO] [stderr]   Downloaded tokio_with_wasm v0.8.8
[INFO] [stderr]   Downloaded windows-threading v0.2.1
[INFO] [stderr]   Downloaded windows-collections v0.3.2
[INFO] [stderr]   Downloaded pin-project v1.1.13
[INFO] [stderr]   Downloaded typewit v1.15.2
[INFO] [stderr]   Downloaded linktime-proc-macro v0.2.3
[INFO] [stderr]   Downloaded twox-hash v2.1.3
[INFO] [stderr]   Downloaded rustls v0.23.43
[INFO] [stderr]   Downloaded nalgebra v0.35.0
[INFO] [stderr]   Downloaded tracing-subscriber v0.3.23
[INFO] [stderr]   Downloaded shellexpand v3.1.2
[INFO] [stderr]   Downloaded pin-project-internal v1.1.13
[INFO] [stderr]   Downloaded konst_proc_macros v0.4.1
[INFO] [stderr]   Downloaded git-version-macro v0.3.9
[INFO] [stderr]   Downloaded async-trait v0.1.92
[INFO] [stderr]   Downloaded heapify v0.2.0
[INFO] [stderr]   Downloaded serde_repr v0.1.21
[INFO] [stderr]   Downloaded ctor v1.0.13
[INFO] [stderr]   Downloaded const-str v1.1.0
[INFO] [stderr]   Downloaded safe-transmute v0.11.3
[INFO] [stderr]   Downloaded countio v0.3.0
[INFO] [stderr]   Downloaded objc2 v0.6.4
[INFO] [stderr]   Downloaded ntapi v0.4.3
[INFO] [stderr]   Downloaded os_str_bytes v6.6.1
[INFO] [stderr]   Downloaded oneshot v0.1.13
[INFO] [stderr]   Downloaded const_panic v0.2.17
[INFO] [stderr]   Downloaded humantime v2.4.0
[INFO] [stderr]   Downloaded link-section v0.19.3
[INFO] [stderr]   Downloaded colored v3.1.1
[INFO] [stderr]   Downloaded lz4_flex v0.13.1
[INFO] [stderr]   Downloaded reqwest-middleware v0.5.2
[INFO] [stderr]   Downloaded redb v3.1.3
[INFO] [stderr]   Downloaded globset v0.4.20
[INFO] [stderr]   Downloaded rmcp v3.1.4
[INFO] [stderr]   Downloaded xet-runtime v1.6.0
[INFO] [stderr]   Downloaded sysinfo v0.38.4
[INFO] [stderr]   Downloaded objc2-io-kit v0.3.2
[INFO] [stderr]   Downloaded konst v0.4.3
[INFO] [stderr]   Downloaded candle-ug v0.11.0
[INFO] [stderr]   Downloaded bstr v1.13.1
[INFO] [stderr]   Downloaded xet-core-structures v1.6.0
[INFO] [stderr]   Downloaded gearhash v0.1.3
[INFO] [stderr]   Downloaded bon v3.9.3
[INFO] [stderr]   Downloaded page_size v0.6.0
[INFO] [stderr]   Downloaded time v0.3.55
[INFO] [stderr]   Downloaded xet-client v1.6.0
[INFO] [stderr]   Downloaded bon-macros v3.9.3
[INFO] [stderr]   Downloaded criterion-plot v0.8.2
[INFO] [stderr]   Downloaded monostate v0.1.18
[INFO] [stderr]   Downloaded monostate-impl v0.1.18
[INFO] [stderr]   Downloaded criterion v0.8.2
[INFO] [stderr]   Downloaded alloca v0.4.0
[INFO] [stderr]   Downloaded rayon-cond v0.4.0
[INFO] [stderr]   Downloaded onig v6.5.3
[INFO] [stderr]   Downloaded derive_builder_macro v0.20.2
[INFO] [stderr]   Downloaded glam v0.30.10
[INFO] [stderr]   Downloaded macro_rules_attribute v0.2.3
[INFO] [stderr]   Downloaded macro_rules_attribute-proc_macro v0.2.3
[INFO] [stderr]   Downloaded derive_builder_core v0.20.2
[INFO] [stderr]   Downloaded dary_heap v0.3.9
[INFO] [stderr]   Downloaded compact_str v0.9.1
[INFO] [stderr]   Downloaded pulp-wasm-simd-flag v0.1.1
[INFO] [stderr]   Downloaded glam v0.32.1
[INFO] [stderr]   Downloaded candle-nn v0.11.0
[INFO] [stderr]   Downloaded unicode-normalization-alignments v0.1.12
[INFO] [stderr]   Downloaded derive_builder v0.20.2
[INFO] [stderr]   Downloaded gemm-common v0.19.0
[INFO] [stderr]   Downloaded reborrow v0.5.5
[INFO] [stderr]   Downloaded gemm-c64 v0.19.0
[INFO] [stderr]   Downloaded glam v0.33.5
[INFO] [stderr]   Downloaded glam v0.31.1
[INFO] [stderr]   Downloaded candle-metal-kernels v0.11.0
[INFO] [stderr]   Downloaded dyn-stack-macros v0.1.3
[INFO] [stderr]   Downloaded tract-linalg v0.23.5
[INFO] [stderr]   Downloaded pxfm v0.1.30
[INFO] [stderr]   Downloaded tokenizers v0.22.2
[INFO] [stderr]   Downloaded enum-as-inner v0.6.1
[INFO] [stderr]   Downloaded gemm-f64 v0.19.0
[INFO] [stderr]   Downloaded gemm-f16 v0.19.0
[INFO] [stderr]   Downloaded objc2-metal v0.3.2
[INFO] [stderr]   Downloaded pulp v0.22.3
[INFO] [stderr]   Downloaded dyn-stack v0.13.2
[INFO] [stderr]   Downloaded gemm-f32 v0.19.0
[INFO] [stderr]   Downloaded candle-core v0.11.0
[INFO] [stderr]   Downloaded gemm v0.19.0
[INFO] [stderr]   Downloaded raw-cpuid v11.6.0
[INFO] [stderr]   Downloaded objc2-foundation v0.3.2
[INFO] [stderr]   Downloaded sysctl v0.6.0
[INFO] [stderr]   Downloaded gemm-c32 v0.19.0
[INFO] [stderr]   Downloaded esaxx-rs v0.1.10
[INFO] [stderr]   Downloaded gemm-c32 v0.18.2
[INFO] [stderr]   Downloaded spm_precompiled v0.1.4
[INFO] [stderr]   Downloaded onig_sys v69.9.3
[INFO] [stderr]   Downloaded foreign-types-shared v0.3.1
[INFO] [stderr]   Downloaded foreign-types-macros v0.2.4
[INFO] [stderr]   Downloaded fs2 v0.4.3
[INFO] [stderr]   Downloaded yoke-derive v0.7.5
[INFO] [stderr]   Downloaded gemm-f32 v0.18.2
[INFO] [stderr]   Downloaded gemm-c64 v0.18.2
[INFO] [stderr]   Downloaded foreign-types v0.5.0
[INFO] [stderr]   Downloaded gemm-f64 v0.18.2
[INFO] [stderr]   Downloaded env_home v0.1.0
[INFO] [stderr]   Downloaded safetensors v0.4.5
[INFO] [stderr]   Downloaded gemm-common v0.18.2
[INFO] [stderr]   Downloaded ug-cuda v0.5.0
[INFO] [stderr]   Downloaded cudaforge v0.1.6
[INFO] [stderr]   Downloaded which v7.0.3
[INFO] [stderr]   Downloaded ug-metal v0.5.0
[INFO] [stderr]   Downloaded yoke v0.7.5
[INFO] [stderr]   Downloaded gemm-f16 v0.18.2
[INFO] [stderr]   Downloaded float8 v0.7.0
[INFO] [stderr]   Downloaded gemm v0.18.2
[INFO] [stderr]   Downloaded ug v0.5.0
[INFO] [stderr]   Downloaded candle-kernels v0.11.0
[INFO] [stderr]   Downloaded pulp v0.21.5
[INFO] [stderr]   Downloaded xet-data v1.6.0
[INFO] [stderr]   Downloaded winsafe v0.0.19
[INFO] [stderr]   Downloaded cudarc v0.19.9
[INFO] [stderr]   Downloaded cudarc v0.17.8
[INFO] [stderr]   Downloaded metal v0.29.0
[INFO] [stderr]   Downloaded aws-lc-sys v0.44.0
[INFO] [stderr]   Downloaded windows v0.62.2
[INFO] running `Command { std: "docker" "create" "-v" "/var/lib/crater-agent-workspace/builds/worker-7-tc1/source:/opt/rustwide/workdir:ro,Z" "-v" "/var/lib/crater-agent-workspace/builds/worker-7-tc1/target:/opt/rustwide/target:rw,Z" "-v" "/var/lib/crater-agent-workspace/cargo-home:/opt/rustwide/cargo-home:ro,Z" "-v" "/var/lib/crater-agent-workspace/rustup-home:/opt/rustwide/rustup-home:ro,Z" "-m" "1610612736" "--network" "none" "ghcr.io/rust-lang/crates-build-env/linux@sha256:3111399a4047eeb3a02b7a90e478d715f38a8c6669b5c4b49d30a17385265909" "sleep" "infinity", kill_on_drop: false }`
[INFO] [stdout] 90a444012b29bd1f46e574ae075a7ba1e626990e001e76e450571756242e443c
[INFO] running `Command { std: "docker" "start" "90a444012b29bd1f46e574ae075a7ba1e626990e001e76e450571756242e443c", kill_on_drop: false }`
[INFO] running `Command { std: "docker" "inspect" "90a444012b29bd1f46e574ae075a7ba1e626990e001e76e450571756242e443c", kill_on_drop: false }`
[INFO] running `Command { std: "docker" "exec" "-e" "SOURCE_DIR=/opt/rustwide/workdir" "-e" "CARGO_HOME=/opt/rustwide/cargo-home" "-e" "RUSTUP_HOME=/opt/rustwide/rustup-home" "-e" "CARGO_TARGET_DIR=/opt/rustwide/target" "-w" "/opt/rustwide/workdir" "--user" "0:0" "90a444012b29bd1f46e574ae075a7ba1e626990e001e76e450571756242e443c" "/opt/rustwide/cargo-home/bin/cargo" "+1.99.0-beta.8" "metadata" "--no-deps" "--format-version=1", kill_on_drop: false }`
[INFO] running `Command { std: "docker" "inspect" "90a444012b29bd1f46e574ae075a7ba1e626990e001e76e450571756242e443c", kill_on_drop: false }`
[INFO] running `Command { std: "docker" "exec" "-e" "SOURCE_DIR=/opt/rustwide/workdir" "-e" "CARGO_HOME=/opt/rustwide/cargo-home" "-e" "RUSTUP_HOME=/opt/rustwide/rustup-home" "-e" "CARGO_TARGET_DIR=/opt/rustwide/target" "-e" "CARGO_INCREMENTAL=0" "-e" "RUST_BACKTRACE=full" "-e" "RUSTFLAGS=--cap-lints=warn" "-e" "RUSTDOCFLAGS=--cap-lints=warn" "-w" "/opt/rustwide/workdir" "--user" "0:0" "90a444012b29bd1f46e574ae075a7ba1e626990e001e76e450571756242e443c" "/opt/rustwide/cargo-home/bin/cargo" "+1.99.0-beta.8" "build" "--frozen" "--message-format=json", kill_on_drop: false }`
[INFO] [stderr]    Compiling autocfg v1.5.1
[INFO] [stderr]    Compiling proc-macro2 v1.0.107
[INFO] [stderr]    Compiling quote v1.0.47
[INFO] [stderr]    Compiling libm v0.2.16
[INFO] [stderr]    Compiling unicode-ident v1.0.24
[INFO] [stderr]    Compiling simd-adler32 v0.3.10
[INFO] [stderr]    Compiling libc v0.2.189
[INFO] [stderr]    Compiling typenum v1.20.1
[INFO] [stderr]    Compiling crossbeam-utils v0.8.22
[INFO] [stderr]    Compiling bytemuck v1.25.2
[INFO] [stderr]    Compiling zerocopy v0.8.56
[INFO] [stderr]    Compiling getrandom v0.4.3
[INFO] [stderr]    Compiling crossbeam-epoch v0.9.20
[INFO] [stderr]    Compiling rand_core v0.10.1
[INFO] [stderr]    Compiling cpufeatures v0.3.0
[INFO] [stderr]    Compiling weezl v0.1.12
[INFO] [stderr]    Compiling rawpointer v0.2.1
[INFO] [stderr]    Compiling quick-error v2.0.1
[INFO] [stderr]    Compiling zune-core v0.5.3
[INFO] [stderr]    Compiling crossbeam-deque v0.8.7
[INFO] [stderr]    Compiling safe_arch v1.2.0
[INFO] [stderr]    Compiling miniz_oxide v0.8.9
[INFO] [stderr]    Compiling fdeflate v0.3.7
[INFO] [stderr]    Compiling zune-jpeg v0.5.15
[INFO] [stderr]    Compiling chacha20 v0.10.1
[INFO] [stderr]    Compiling byteorder-lite v0.1.0
[INFO] [stderr]    Compiling serde_core v1.0.229
[INFO] [stderr]    Compiling bitflags v2.13.1
[INFO] [stderr]    Compiling color_quant v1.1.0
[INFO] [stderr]    Compiling either v1.17.0
[INFO] [stderr]    Compiling pxfm v0.1.30
[INFO] [stderr]    Compiling fax v0.2.7
[INFO] [stderr]    Compiling image-webp v0.2.4
[INFO] [stderr]    Compiling gif v0.14.2
[INFO] [stderr]    Compiling wide v1.6.1
[INFO] [stderr]    Compiling num-traits v0.2.19
[INFO] [stderr]    Compiling matrixmultiply v0.3.11
[INFO] [stderr]    Compiling serde v1.0.229
[INFO] [stderr]    Compiling const-oid v0.10.2
[INFO] [stderr]    Compiling flate2 v1.1.9
[INFO] [stderr]    Compiling thiserror v2.0.20
[INFO] [stderr]    Compiling syn v2.0.119
[INFO] [stderr]    Compiling syn v3.0.3
[INFO] [stderr]    Compiling png v0.18.1
[INFO] [stderr]    Compiling hybrid-array v0.4.14
[INFO] [stderr]    Compiling itertools v0.14.0
[INFO] [stderr]    Compiling rayon-core v1.13.0
[INFO] [stderr]    Compiling pin-project-lite v0.2.17
[INFO] [stderr]    Compiling block-buffer v0.12.1
[INFO] [stderr]    Compiling crypto-common v0.2.2
[INFO] [stderr]    Compiling num_cpus v1.17.0
[INFO] [stderr]    Compiling rand v0.10.2
[INFO] [stderr]    Compiling rayon v1.12.0
[INFO] [stderr]    Compiling num-integer v0.1.47
[INFO] [stderr]    Compiling num-complex v0.4.6
[INFO] [stderr]    Compiling approx v0.5.1
[INFO] [stderr]    Compiling num-rational v0.4.2
[INFO] [stderr]    Compiling num-iter v0.1.46
[INFO] [stderr]    Compiling rand_distr v0.6.0
[INFO] [stderr]    Compiling ndarray v0.17.2
[INFO] [stderr]    Compiling digest v0.11.3
[INFO] [stderr]    Compiling num v0.4.3
[INFO] [stderr]    Compiling sha2 v0.11.0
[INFO] [stderr]    Compiling moxcms v0.8.1
[INFO] [stderr]    Compiling thiserror-impl v2.0.20
[INFO] [stderr]    Compiling serde_derive v1.0.229
[INFO] [stderr]    Compiling zerocopy-derive v0.8.56
[INFO] [stderr]    Compiling tracing-attributes v0.1.31
[INFO] [stderr]    Compiling tracing v0.1.44
[INFO] [stderr]    Compiling simba v0.10.2
[INFO] [stderr]    Compiling half v2.7.1
[INFO] [stderr]    Compiling tiff v0.11.3
[INFO] [stderr]    Compiling nalgebra v0.35.0
[INFO] [stderr]    Compiling image v0.25.10
[INFO] [stderr]    Compiling imageproc v0.27.0
[INFO] [stderr]    Compiling sceptre v0.7.2 (/opt/rustwide/workdir)
[INFO] [stderr]     Finished `dev` profile [unoptimized + debuginfo] target(s) in 1m 05s
[INFO] running `Command { std: "docker" "inspect" "90a444012b29bd1f46e574ae075a7ba1e626990e001e76e450571756242e443c", kill_on_drop: false }`
[INFO] running `Command { std: "docker" "exec" "-e" "SOURCE_DIR=/opt/rustwide/workdir" "-e" "CARGO_HOME=/opt/rustwide/cargo-home" "-e" "RUSTUP_HOME=/opt/rustwide/rustup-home" "-e" "CARGO_TARGET_DIR=/opt/rustwide/target" "-e" "CARGO_INCREMENTAL=0" "-e" "RUST_BACKTRACE=full" "-e" "RUSTFLAGS=--cap-lints=warn" "-e" "RUSTDOCFLAGS=--cap-lints=warn" "-w" "/opt/rustwide/workdir" "--user" "0:0" "90a444012b29bd1f46e574ae075a7ba1e626990e001e76e450571756242e443c" "/opt/rustwide/cargo-home/bin/cargo" "+1.99.0-beta.8" "test" "--frozen" "--no-run" "--message-format=json", kill_on_drop: false }`
[INFO] [stderr]    Compiling serde_core v1.0.229
[INFO] [stderr]    Compiling serde v1.0.229
[INFO] [stderr]    Compiling shlex v2.0.1
[INFO] [stderr]    Compiling zmij v1.0.23
[INFO] [stderr]    Compiling find-msvc-tools v0.1.11
[INFO] [stderr]    Compiling serde_json v1.0.151
[INFO] [stderr]    Compiling memchr v2.8.3
[INFO] [stderr]    Compiling plotters-backend v0.3.7
[INFO] [stderr]    Compiling clap_lex v1.1.0
[INFO] [stderr]    Compiling ciborium-io v0.2.2
[INFO] [stderr]    Compiling anstyle v1.0.14
[INFO] [stderr]    Compiling regex-automata v0.4.18
[INFO] [stderr]    Compiling itertools v0.13.0
[INFO] [stderr]    Compiling tinyvec_macros v0.1.1
[INFO] [stderr]    Compiling cast v0.3.0
[INFO] [stderr]    Compiling page_size v0.6.0
[INFO] [stderr]    Compiling oorandom v11.1.5
[INFO] [stderr]    Compiling ciborium-ll v0.2.2
[INFO] [stderr]    Compiling tinyvec v1.12.0
[INFO] [stderr]    Compiling anes v0.1.6
[INFO] [stderr]    Compiling cc v1.4.3
[INFO] [stderr]    Compiling plotters-svg v0.3.7
[INFO] [stderr]    Compiling clap_builder v4.6.6
[INFO] [stderr]    Compiling unicode-normalization v0.1.25
[INFO] [stderr]    Compiling alloca v0.4.0
[INFO] [stderr]    Compiling regex v1.13.1
[INFO] [stderr]    Compiling plotters v0.3.7
[INFO] [stderr]    Compiling criterion-plot v0.8.2
[INFO] [stderr]    Compiling clap v4.6.6
[INFO] [stderr]    Compiling ciborium v0.2.2
[INFO] [stderr]    Compiling tinytemplate v1.2.1
[INFO] [stderr]    Compiling sceptre v0.7.2 (/opt/rustwide/workdir)
[INFO] [stderr]    Compiling criterion v0.8.2
[INFO] [stderr]     Finished `test` profile [unoptimized + debuginfo] target(s) in 26.67s
[INFO] running `Command { std: "docker" "inspect" "90a444012b29bd1f46e574ae075a7ba1e626990e001e76e450571756242e443c", kill_on_drop: false }`
[INFO] running `Command { std: "docker" "exec" "-e" "SOURCE_DIR=/opt/rustwide/workdir" "-e" "CARGO_HOME=/opt/rustwide/cargo-home" "-e" "RUSTUP_HOME=/opt/rustwide/rustup-home" "-e" "CARGO_TARGET_DIR=/opt/rustwide/target" "-e" "CARGO_INCREMENTAL=0" "-e" "RUST_BACKTRACE=full" "-e" "RUSTFLAGS=--cap-lints=warn" "-e" "RUSTDOCFLAGS=--cap-lints=warn" "-w" "/opt/rustwide/workdir" "--user" "0:0" "90a444012b29bd1f46e574ae075a7ba1e626990e001e76e450571756242e443c" "/opt/rustwide/cargo-home/bin/cargo" "+1.99.0-beta.8" "test" "--frozen", kill_on_drop: false }`
[INFO] [stderr]     Finished `test` profile [unoptimized + debuginfo] target(s) in 0.26s
[INFO] [stderr]      Running unittests src/lib.rs (/opt/rustwide/target/debug/deps/sceptre-5cadcd14b34cc888)
[INFO] [stdout] 
[INFO] [stdout] running 231 tests
[INFO] [stdout] test config::concurrency::tests::budget_prefers_user_value ... ok
[INFO] [stdout] test config::detection::tests::should_default_orientation_pre_pass_to_disabled ... ok
[INFO] [stdout] test config::detection::tests::should_accept_absent_max_megapixels ... ok
[INFO] [stdout] test config::detection::tests::should_default_max_megapixels_to_none ... ok
[INFO] [stdout] test config::detection::tests::should_default_width_ths_wider_than_easyocr_to_avoid_splitting_letter_spaced_lines ... ok
[INFO] [stdout] test config::detection::tests::should_reject_nan_max_megapixels ... ok
[INFO] [stdout] test config::detection::tests::should_reject_negative_max_megapixels ... ok
[INFO] [stdout] test config::detection::tests::should_reject_unknown_fields ... ok
[INFO] [stdout] test config::detection::tests::should_reject_zero_max_megapixels ... ok
[INFO] [stdout] test config::detection::tests::should_round_trip_a_non_default_width_ths_through_json ... ok
[INFO] [stdout] test config::detection::tests::should_round_trip_max_megapixels_through_json ... ok
[INFO] [stdout] test config::detection::tests::should_reject_infinite_max_megapixels ... ok
[INFO] [stdout] test config::concurrency::tests::private_pool_uses_resolved_budget ... ok
[INFO] [stdout] test config::concurrency::tests::budget_clamps_to_one ... ok
[INFO] [stdout] test config::detection::tests::should_round_trip_orientation_fields_through_json ... ok
[INFO] [stdout] test config::model::tests::should_accept_cpu_and_auto_accelerators_on_a_cpu_only_backend ... ok
[INFO] [stdout] test config::model::tests::should_accept_every_onnx_runtime_provider_on_the_ort_backend ... ok
[INFO] [stdout] test config::model::tests::should_accept_model_paths_only_as_a_pair ... ok
[INFO] [stdout] test config::model::tests::should_default_the_accelerator_to_cpu ... ok
[INFO] [stdout] test config::model::tests::should_name_the_apple_equivalent_when_the_wrong_framework_is_requested ... ok
[INFO] [stdout] test config::model::tests::should_round_trip_every_accelerator_wire_name ... ok
[INFO] [stdout] test config::model::tests::should_run_candle_on_metal_and_cuda_but_not_on_the_onnx_runtime_providers ... ok
[INFO] [stdout] test config::recognition::tests::should_accept_filter_threshold_bounds ... ok
[INFO] [stdout] test config::recognition::tests::should_default_to_greedy_decoding_with_easyocr_beam_width ... ok
[INFO] [stdout] test config::model::tests::should_accept_every_accelerator_the_support_table_lists ... ok
[INFO] [stdout] test config::model::tests::should_reject_an_accelerator_that_belongs_to_another_backend ... ok
[INFO] [stdout] test config::model::tests::should_list_no_hardware_accelerator_that_is_really_the_cpu ... ok
[INFO] [stdout] test config::model::tests::should_reject_a_hardware_accelerator_on_a_cpu_only_backend ... ok
[INFO] [stdout] test config::concurrency::tests::budget_auto_is_sane ... ok
[INFO] [stdout] test config::recognition::tests::should_default_to_quality_corpus_filter_threshold ... ok
[INFO] [stdout] test config::recognition::tests::should_reject_a_zero_beam_width ... ok
[INFO] [stdout] test detect::craft::tests::should_run_backend_and_split_its_output ... ok
[INFO] [stdout] test detect::detector::tests::should_map_horizontal_box_to_axis_aligned_corners ... ok
[INFO] [stdout] test detect::group::tests::should_classify_steeply_slanted_box_as_free ... ok
[INFO] [stdout] test config::recognition::tests::should_reject_invalid_filter_thresholds ... ok
[INFO] [stdout] test detect::craft::tests::should_error_when_batch_extent_is_not_one ... ok
[INFO] [stdout] test detect::craft::tests::should_split_channel_first_output_into_region_and_link ... ok
[INFO] [stdout] test detect::craft::tests::should_error_when_no_channel_axis_has_extent_two ... ok
[INFO] [stdout] test detect::group::tests::should_derive_multi_box_margin_from_the_merged_extent_not_a_member_box_height ... ok
[INFO] [stdout] test detect::detector::tests::should_interleave_a_free_quad_between_horizontal_lines_by_position ... ok
[INFO] [stdout] test detect::detector::tests::should_map_free_quad_to_non_axis_aligned_region ... ok
[INFO] [stdout] test detect::detector::tests::should_drop_region_smaller_than_min_size ... ok
[INFO] [stdout] test detect::craft::tests::should_split_channel_last_output_into_region_and_link ... ok
[INFO] [stdout] test detect::detector::tests::should_sort_mixed_height_regions_by_rows_before_left_edge ... ok
[INFO] [stdout] test detect::craft::tests::should_error_when_channel_axis_is_ambiguous ... ok
[INFO] [stdout] test detect::detector::tests::should_drop_region_whose_extent_equals_min_size ... ok
[INFO] [stdout] test detect::group::tests::should_apply_margin_when_add_margin_is_positive ... ok
[INFO] [stdout] test detect::group::tests::should_classify_level_box_as_horizontal_with_correct_extents ... ok
[INFO] [stdout] test detect::group::tests::should_keep_columns_separate_at_a_realistic_two_column_gutter_ratio ... ignored, fails at the current width_ths default of 3.0 (gutter ratio 2.5 < 3.0 merges); pending the 0.5-vs-3.0 measurement, see config/detection.rs width_ths docs
[INFO] [stdout] test detect::group::tests::should_split_line_when_third_box_height_exceeds_the_height_ths_boundary ... ok
[INFO] [stdout] test detect::min_area_rect::tests::should_return_none_for_empty_points ... ok
[INFO] [stdout] test detect::group::tests::should_never_merge_boxes_across_a_gutter_sized_gap ... ok
[INFO] [stdout] test detect::group::tests::should_keep_vertically_distant_boxes_as_separate_entries ... ok
[INFO] [stdout] test detect::group::tests::should_not_merge_normal_width_word_boxes_across_a_gutter_width_gap ... ok
[INFO] [stdout] test detect::group::tests::should_merge_letter_spaced_single_character_boxes_into_one_line ... ok
[INFO] [stdout] test detect::group::tests::should_return_empty_grouped_for_no_boxes ... ok
[INFO] [stdout] test detect::min_area_rect::tests::should_fit_degenerate_rect_for_single_point ... ok
[INFO] [stdout] test detect::group::tests::should_merge_two_adjacent_same_height_boxes_on_one_line ... ok
[INFO] [stdout] test detect::group::tests::should_merge_line_of_three_and_keep_distant_line_separate ... ok
[INFO] [stdout] test detect::detector::tests::should_run_full_pipeline_and_produce_regions ... ok
[INFO] [stdout] test detect::group::tests::should_merge_line_when_third_box_height_is_within_the_height_ths_boundary ... ok
[INFO] [stdout] test detect::group::tests::should_route_near_identical_quads_to_opposite_paths_at_the_slope_boundary ... ok
[INFO] [stdout] test detect::min_area_rect::tests::should_fit_degenerate_rect_for_two_points ... ok
[INFO] [stdout] test detect::orientation::tests::should_favor_deg0_on_an_exact_tie ... ok
[INFO] [stdout] test detect::min_area_rect::tests::should_fit_exact_box_for_axis_aligned_rectangle ... ok
[INFO] [stdout] test detect::orientation::tests::should_ignore_values_at_or_below_threshold ... ok
[INFO] [stdout] test detect::orientation::tests::should_keep_deg0_when_no_rotation_clears_the_margin ... ok
[INFO] [stdout] test detect::orientation::tests::should_keep_deg0_when_the_two_scores_pick_different_rotations ... ok
[INFO] [stdout] test detect::orientation::tests::should_leave_a_free_quads_corner_order_untouched_at_deg0 ... ok
[INFO] [stdout] test detect::orientation::tests::should_not_flip_a_near_blank_page_on_noise ... ok
[INFO] [stdout] test detect::orientation::tests::should_switch_when_both_scores_agree_on_the_same_rotation ... ok
[INFO] [stdout] test detect::min_area_rect::tests::should_not_inflate_area_via_outward_corner_snap_on_tilted_rectangle ... ok
[INFO] [stdout] test detect::min_area_rect::tests::should_test_closing_hull_edge_that_imageproc_omits ... ok
[INFO] [stdout] test detect::orientation::tests::should_move_a_corner_pixel_clockwise_under_deg90 ... ok
[INFO] [stdout] test detect::postprocess::tests::should_drop_blob_below_text_threshold ... ok
[INFO] [stdout] test detect::postprocess::tests::should_drop_blob_smaller_than_min_component_area ... ok
[INFO] [stdout] test detect::orientation::tests::should_round_trip_asymmetric_quad_through_every_rotation ... ok
[INFO] [stdout] test detect::orientation::tests::should_score_higher_activation_as_higher_mass ... ok
[INFO] [stdout] test detect::orientation::tests::should_swap_dimensions_for_deg90_and_deg270 ... ok
[INFO] [stdout] test detect::orientation::tests::should_keep_deg0_when_the_link_score_agrees_but_misses_the_margin ... ok
[INFO] [stdout] test detect::orientation::tests::should_keep_deg0_when_the_link_score_refuses_the_combined_pick ... ok
[INFO] [stdout] test detect::orientation::tests::should_keep_dimensions_for_deg180 ... ok
[INFO] [stdout] test detect::orientation::tests::should_leave_dimensions_and_pixels_unchanged_at_deg0 ... ok
[INFO] [stdout] test detect::postprocess::tests::should_detect_two_separate_blobs_as_two_boxes ... ok
[INFO] [stdout] test detect::orientation::tests::should_switch_when_a_rotation_clears_the_margin ... ok
[INFO] [stdout] test detect::postprocess::tests::should_bound_segmap_to_bbox_matching_whole_map_points ... ok
[INFO] [stdout] test detect::postprocess::tests::should_error_on_mismatched_heatmap_shapes ... ok
[INFO] [stdout] test detect::postprocess::tests::should_leave_coordinates_when_inv_ratio_is_half ... ok
[INFO] [stdout] test detect::preprocess::tests::should_leave_resize_dimensions_unchanged_when_budget_is_none ... ok
[INFO] [stdout] test detect::preprocess::tests::should_reject_zero_dimension_image ... ok
[INFO] [stdout] test detect::postprocess::tests::should_match_reference_box_dilation_byte_for_byte ... ok
[INFO] [stdout] test detect::preprocess::tests::should_be_a_no_op_when_budget_exceeds_the_image ... ok
[INFO] [stdout] test detect::preprocess::tests::should_shrink_to_fit_a_restrictive_budget ... ok
[INFO] [stdout] test detect::preprocess::tests::should_truncate_fractional_target_dimensions ... ok
[INFO] [stdout] test detect::preprocess::tests::optimized_normalize_matches_reference_bitwise ... ok
[INFO] [stdout] test detect::preprocess::tests::should_compose_with_canvas_size_as_a_minimum ... ok
[INFO] [stdout] test engine::sceptre_engine::tests::resolve_language_falls_back_to_english_for_english_only_or_empty ... ok
[INFO] [stdout] test engine::sceptre_engine::tests::resolve_language_keeps_a_single_non_english_group ... ok
[INFO] [stdout] test engine::sceptre_engine::tests::resolve_language_rejects_two_distinct_non_english_groups ... ok
[INFO] [stdout] test detect::preprocess::tests::should_normalize_solid_color_to_expected_value ... ok
[INFO] [stdout] test detect::postprocess::tests::should_scale_coordinates_by_inv_ratio_times_two ... ok
[INFO] [stdout] test engine::sceptre_engine::tests::should_keep_line_equal_to_filter_threshold ... ok
[INFO] [stdout] test detect::preprocess::tests::should_keep_padded_area_within_budget_across_a_range_of_dimensions ... ok
[INFO] [stdout] test detect::preprocess::tests::should_match_per_pixel_formula_in_real_and_padding_regions ... ok
[INFO] [stdout] test detect::preprocess::tests::should_pad_output_to_multiples_of_32 ... ok
[INFO] [stdout] test detect::preprocess::tests::should_normalize_padding_region_to_normalized_zero ... ok
[INFO] [stdout] test engine::sceptre_engine::tests::resolve_language_dedupes_repeated_non_english_groups ... ok
[INFO] [stdout] test engine::sceptre_engine::tests::resolve_language_uses_the_non_english_group_for_a_mixed_set ... ok
[INFO] [stdout] test engine::sceptre_engine::tests::should_drop_line_below_filter_threshold ... ok
[INFO] [stdout] test engine::sceptre_engine::tests::should_map_corners_to_quad_in_clockwise_order ... ok
[INFO] [stdout] test engine::sceptre_engine::tests::should_keep_line_above_filter_threshold ... ok
[INFO] [stdout] test detect::postprocess::tests::should_return_single_box_covering_solid_blob ... ok
[INFO] [stdout] test engine::sceptre_engine::tests::should_pair_each_crop_with_its_recognized_text_and_quad ... ok
[INFO] [stdout] test engine::seams::tests::should_resolve_explicit_model_paths_without_cache_or_download ... ok
[INFO] [stdout] test imaging::tests::should_match_opencv_fixed_point_luma_for_known_pixel ... ok
[INFO] [stdout] test engine::seams::tests::should_reject_a_recognizer_path_without_a_detector_path ... ok
[INFO] [stdout] test imaging::tests::should_map_white_and_black_to_extremes ... ok
[INFO] [stdout] test imaging::tests::should_produce_one_luma_byte_per_pixel ... ok
[INFO] [stdout] test inference::runtime::tests::should_name_the_provisioning_mode ... ok
[INFO] [stdout] test detect::preprocess::tests::should_compute_inv_ratio_as_reciprocal_of_ratio ... ok
[INFO] [stdout] test imaging::tests::should_weight_green_above_red_above_blue ... ok
[INFO] [stdout] test inference::runtime::tests::should_not_parse_a_version_from_a_non_release_branch ... ok
[INFO] [stdout] test inference::runtime::tests::should_not_report_the_c_api_level_as_the_runtime_version ... ok
[INFO] [stdout] test inference::runtime::tests::should_parse_a_release_version_at_the_end_of_the_string ... ok
[INFO] [stdout] test inference::runtime::tests::should_parse_the_release_version_from_a_build_info_string ... ok
[INFO] [stdout] test inference::runtime::tests::should_not_claim_a_device_for_a_backend_that_is_not_compiled_in ... ok
[INFO] [stdout] test inference::tests::should_default_the_model_role_to_the_detector ... ok
[INFO] [stdout] test inference::runtime::tests::should_not_parse_a_partial_or_malformed_version ... ok
[INFO] [stdout] test inference::runtime::tests::should_serialize_runtime_info_as_json ... ok
[INFO] [stdout] test detect::preprocess::tests::should_scale_up_small_image_and_clamp_at_canvas ... ok
[INFO] [stdout] test detect::preprocess::tests::should_downscale_image_larger_than_canvas ... ok
[INFO] [stdout] test inference::tests::should_report_an_uncompiled_backend_by_name ... ok
[INFO] [stdout] test models::download::tests::hf_cache_root_derives_the_hub_subdir_from_hf_home ... ok
[INFO] [stdout] test models::download::tests::hf_cache_root_errors_when_no_home_source_is_available ... ok
[INFO] [stdout] test models::download::tests::hf_cache_root_falls_back_to_the_home_cache_layout ... ok
[INFO] [stdout] test models::download::tests::resolve_cached_prefers_a_healthy_snapshot_over_a_broken_newer_one ... ok
[INFO] [stdout] test models::download::tests::hf_cache_root_returns_the_override_verbatim ... ok
[INFO] [stdout] test models::download::tests::hf_cache_root_uses_userprofile_when_home_is_unset_on_windows ... ok
[INFO] [stdout] test models::download::tests::repo_cache_dir_name_mirrors_the_hugging_face_layout ... ok
[INFO] [stdout] test engine::tests::should_isolate_rayon_thread_budgets_between_readers ... ok
[INFO] [stdout] test engine::sceptre_engine::tests::should_crop_only_regions_that_survive_clamping ... ok
[INFO] [stdout] test models::download::tests::hf_cache_root_prefers_explicit_hub_cache_over_every_home ... ok
[INFO] [stdout] test models::download::tests::resolve_cached_finds_a_file_planted_in_a_snapshot ... ok
[INFO] [stdout] test inference::runtime::tests::should_reject_an_invalid_configuration ... ok
[INFO] [stdout] test inference::runtime::tests::should_report_a_cpu_only_backend_as_running_on_the_cpu ... ok
[INFO] [stdout] test engine::sceptre_engine::tests::should_preserve_input_order_when_cropping_regions_in_parallel ... ok
[INFO] [stdout] test models::integrity::tests::should_verify_known_sha256_digest ... ok
[INFO] [stdout] test models::provision::tests::model_descriptors_deduplicate_repeated_languages ... ok
[INFO] [stdout] test models::provision::tests::model_manifest_reports_not_cached_against_a_fresh_temp_cache_dir ... ok
[INFO] [stdout] test models::registry::tests::effective_repo_rejects_an_owner_that_would_escape_the_cache_dir ... ok
[INFO] [stdout] test models::registry::tests::effective_repo_without_override_yields_the_default_first_party_id ... ok
[INFO] [stdout] test recognize::beam::tests::should_append_a_different_non_blank_class ... ok
[INFO] [stdout] test models::integrity::tests::should_reject_an_unpinned_byte_artifact ... ok
[INFO] [stdout] test recognize::beam::tests::should_append_a_repeated_non_blank_class_without_a_separator ... ok
[INFO] [stdout] test models::provision::tests::download_models_errors_without_the_download_feature ... ok
[INFO] [stdout] test recognize::beam::tests::should_append_blank_after_a_non_blank_class ... ok
[INFO] [stdout] test engine::tests::should_reject_invalid_recognition_config_before_initialization ... ok
[INFO] [stdout] test recognize::beam::tests::should_append_same_class_across_a_separating_blank ... ok
[INFO] [stdout] test recognize::beam::tests::should_append_first_non_blank_to_empty_labeling ... ok
[INFO] [stdout] test recognize::beam::tests::should_decode_a_single_dominant_path_like_greedy ... ok
[INFO] [stdout] test models::download::tests::resolve_cached_returns_none_for_a_dangling_symlink ... ok
[INFO] [stdout] test config::detection::tests::should_accept_a_positive_finite_max_megapixels ... ok
[INFO] [stdout] test models::download::tests::resolve_cached_returns_none_for_a_zero_length_file ... ok
[INFO] [stdout] test engine::seams::tests::should_reject_a_detector_path_without_a_recognizer_path ... ok
[INFO] [stdout] test models::download::tests::resolve_cached_returns_none_when_the_file_is_absent ... ok
[INFO] [stdout] test recognize::beam::tests::should_leave_empty_labeling_unchanged_on_blank ... ok
[INFO] [stdout] test models::provision::tests::model_manifest_lists_detector_then_english_recognizer_for_default_config ... ok
[INFO] [stdout] test models::provision::tests::model_manifest_yields_one_recognizer_per_language_in_order ... ok
[INFO] [stdout] test models::registry::tests::effective_repo_prefixes_a_short_form_repo_id_with_the_owner ... ok
[INFO] [stdout] test models::registry::tests::effective_repo_with_override_swaps_only_the_owner_segment ... ok
[INFO] [stdout] test recognize::beam::tests::should_decode_deterministically_across_repeated_calls ... ok
[INFO] [stdout] test recognize::beam::tests::should_drop_a_separating_blank_between_different_classes ... ok
[INFO] [stdout] test models::download::tests::resolve_cached_returns_the_path_for_a_healthy_file ... ok
[INFO] [stdout] test recognize::beam::tests::should_return_empty_text_for_an_all_blank_input ... ok
[INFO] [stdout] test recognize::beam::tests::should_tolerate_a_beam_width_of_one ... ok
[INFO] [stdout] test recognize::beam::tests::should_use_the_same_confidence_as_greedy_decoding ... ok
[INFO] [stdout] test recognize::charset::tests::should_load_english_with_ninety_seven_classes ... ok
[INFO] [stdout] test recognize::charset::tests::should_return_none_for_out_of_range_class ... ok
[INFO] [stdout] test recognize::charset::tests::should_round_trip_class_and_character ... ok
[INFO] [stdout] test recognize::contrast::tests::should_preserve_output_length_when_stretching ... ok
[INFO] [stdout] test recognize::beam::tests::should_leave_consecutive_blanks_unchanged ... ok
[INFO] [stdout] test recognize::contrast::tests::should_return_empty_vec_for_empty_input ... ok
[INFO] [stdout] test recognize::contrast::tests::should_return_high_contrast_input_unchanged ... ok
[INFO] [stdout] test recognize::beam::tests::should_recover_a_label_that_best_path_greedy_misses ... ok
[INFO] [stdout] test recognize::beam::tests::should_respect_the_ignore_mask ... ok
[INFO] [stdout] test recognize::charset::tests::should_map_class_zero_to_blank ... ok
[INFO] [stdout] test recognize::charset::tests::should_load_every_language_with_expected_class_counts ... ok
[INFO] [stdout] test recognize::charset::tests::should_map_first_class_to_first_character ... ok
[INFO] [stdout] test recognize::contrast::tests::should_return_zeros_for_empty_input ... ok
[INFO] [stdout] test recognize::contrast::tests::should_stretch_low_contrast_input ... ok
[INFO] [stdout] test recognize::crnn::tests::should_error_when_output_is_rank_four ... ok
[INFO] [stdout] test recognize::crnn::tests::should_error_when_output_is_rank_two ... ok
[INFO] [stdout] test recognize::ctc::tests::prebuilt_ignore_mask_matches_index_decoder_bitwise ... ok
[INFO] [stdout] test recognize::ctc::tests::should_decode_two_distinct_timesteps_into_two_chars ... ok
[INFO] [stdout] test recognize::ctc::tests::should_return_empty_text_and_zero_confidence_when_all_blank ... ok
[INFO] [stdout] test recognize::crnn::tests::should_return_rank_three_output_as_array3_with_same_dims_and_values ... ok
[INFO] [stdout] test recognize::crop::tests::should_clamp_axis_aligned_corners_that_exceed_the_image ... ok
[INFO] [stdout] test recognize::crop::tests::should_copy_exact_pixels_from_nontrivial_axis_aligned_offset ... ok
[INFO] [stdout] test recognize::crop::tests::should_error_when_axis_aligned_region_is_zero_area ... ok
[INFO] [stdout] test recognize::crop::tests::should_reproduce_source_when_rectangular_quad_warped ... ok
[INFO] [stdout] test recognize::crop::tests::should_slice_expected_sub_rectangle_when_axis_aligned ... ok
[INFO] [stdout] test recognize::preprocess::tests::extremely_narrow_crop_pads_to_at_least_conv_floor ... ok
[INFO] [stdout] test recognize::ctc::tests::fused_decode_matches_reference_on_small_fixtures ... ok
[INFO] [stdout] test recognize::ctc::tests::should_collapse_repeated_argmax_into_single_char ... ok
[INFO] [stdout] test recognize::ctc::tests::should_compute_exact_custom_mean_confidence ... ok
[INFO] [stdout] test recognize::ctc::tests::should_let_ignore_change_the_decoded_character ... ok
[INFO] [stdout] test recognize::preprocess::tests::portrait_crop_resizes_to_narrow_strip_then_pads_to_floor ... ok
[INFO] [stdout] test engine::sceptre_engine::tests::should_recognize_a_rotated_pages_crop_from_the_rotated_frame_not_the_original ... ok
[INFO] [stdout] test recognize::preprocess::tests::zero_dimension_crop_is_rejected ... ok
[INFO] [stdout] test recognize::contrast::tests::should_compute_linear_interpolated_percentiles_and_contrast ... ok
[INFO] [stdout] test recognize::recognizer::tests::should_default_to_greedy_decoding ... ok
[INFO] [stdout] test recognize::recognizer::tests::should_ignore_blocklist_only_when_allowlist_is_empty ... ok
[INFO] [stdout] test recognize::recognizer::tests::should_ignore_classes_outside_the_allowlist ... ok
[INFO] [stdout] test recognize::recognizer::tests::should_reject_word_beam_search_decoder ... ok
[INFO] [stdout] test tests::version_matches_package_version ... ok
[INFO] [stdout] test recognize::recognizer::tests::should_decode_single_crop_to_expected_text ... ok
[INFO] [stdout] test recognize::preprocess::tests::solid_gray_pixel_normalizes_to_exact_value ... ok
[INFO] [stdout] test recognize::ctc::tests::fused_decode_matches_reference_bitwise ... ok
[INFO] [stdout] test types::format_tests::should_decode_newly_enabled_raster_formats ... ok
[INFO] [stdout] test recognize::recognizer::tests::should_apply_precomputed_allowlist_during_recognition ... ok
[INFO] [stdout] test recognize::recognizer::tests::should_decode_via_beam_search_when_configured ... ok
[INFO] [stdout] test recognize::recognizer::tests::should_ignore_blocklisted_classes ... ok
[INFO] [stdout] test recognize::preprocess::tests::single_crop_yields_shape_with_width_ceil_of_aspect_ratio ... ok
[INFO] [stdout] test recognize::recognizer::tests::should_replace_low_confidence_result_when_second_pass_scores_higher ... ok
[INFO] [stdout] test recognize::recognizer::tests::should_keep_first_result_when_second_pass_scores_lower ... ok
[INFO] [stdout] test recognize::recognizer::tests::should_decode_multi_region_batch_in_input_order ... ok
[INFO] [stdout] test recognize::preprocess::tests::narrow_crop_is_edge_replicated_to_max_width_not_zero ... ok
[INFO] [stdout] test recognize::preprocess::tests::tensor_matches_per_pixel_formula_exactly_including_padding ... ok
[INFO] [stdout] test recognize::preprocess::tests::wide_batch_pad_width_is_unchanged_by_the_floor ... ok
[INFO] [stdout] test recognize::preprocess::tests::optimized_fill_plane_matches_reference_bitwise ... ok
[INFO] [stdout] test detect::preprocess::tests::should_leave_prepare_with_canvas_tensor_shape_unchanged_when_budget_is_none ... ok
[INFO] [stdout] 
[INFO] [stdout] test result: ok. 230 passed; 0 failed; 1 ignored; 0 measured; 0 filtered out; finished in 20.20s
[INFO] [stdout] 
[INFO] [stderr]      Running tests/backend_agreement.rs (/opt/rustwide/target/debug/deps/backend_agreement-2bb6442d5f967447)
[INFO] [stdout] 
[INFO] [stdout] running 0 tests
[INFO] [stdout] 
[INFO] [stdout] test result: ok. 0 passed; 0 failed; 0 ignored; 0 measured; 0 filtered out; finished in 0.00s
[INFO] [stdout] 
[INFO] [stderr]      Running tests/backend_matrix.rs (/opt/rustwide/target/debug/deps/backend_matrix-6de7ee21a97c4fa9)
[INFO] [stdout] 
[INFO] [stdout] running 0 tests
[INFO] [stdout] 
[INFO] [stdout] test result: ok. 0 passed; 0 failed; 0 ignored; 0 measured; 0 filtered out; finished in 0.00s
[INFO] [stdout] 
[INFO] [stderr]      Running tests/decoder_beam_search_parity.rs (/opt/rustwide/target/debug/deps/decoder_beam_search_parity-e5e9d396ca24fe81)
[INFO] [stdout] 
[INFO] [stdout] running 35 tests
[INFO] [stdout] test helpers::tests::should_be_case_insensitive_in_word_f1 ... ok
[INFO] [stdout] test helpers::tests::should_recognize_a_placeholder_dual_golden ... ok
[INFO] [stdout] test helpers::tests::should_score_disjoint_strings_as_word_f1_zero ... ok
[INFO] [stdout] test helpers::tests::should_score_disjoint_char_f1_zero ... ok
[INFO] [stdout] test helpers::tests::should_score_identical_boxes_as_iou_one ... ok
[INFO] [stdout] test helpers::tests::should_parse_flat_golden_lines ... ok
[INFO] [stdout] test helpers::tests::should_score_identical_strings_as_word_f1_one ... ok
[INFO] [stdout] test helpers::tests::should_score_identical_cjk_as_char_f1_one ... ok
[INFO] [stdout] test helpers::tests::should_agree_with_the_shared_metric_contract_vectors ... ok
[INFO] [stdout] test helpers::tests::should_score_half_overlapping_boxes_as_iou_one_third ... ok
[INFO] [stdout] test helpers::tests::should_ignore_whitespace_in_char_f1 ... ok
[INFO] [stdout] test helpers::tests::should_score_disjoint_boxes_as_iou_zero ... ok
[INFO] [stdout] test helpers::tests::should_score_partial_overlap_word_f1 ... ok
[INFO] [stdout] test helpers::tests::should_score_near_identical_cjk_high_under_char_f1 ... ok
[INFO] [stdout] test helpers::tests::should_score_two_empty_strings_as_word_f1_one ... ok
[INFO] [stdout] test helpers::tests::should_parse_dual_golden_with_quads ... ok
[INFO] [stdout] test helpers::text_metrics::tests::should_apply_nfkc_normalization ... ok
[INFO] [stdout] test helpers::tests::should_score_one_empty_string_as_word_f1_zero ... ok
[INFO] [stdout] test helpers::text_metrics::tests::should_compute_f1_parts_precision_recall_and_harmonic_mean ... ok
[INFO] [stdout] test helpers::text_metrics::tests::should_exclude_greedy_match_pairs_below_threshold ... ok
[INFO] [stdout] test helpers::text_metrics::tests::should_expand_cjk_runs_into_overlapping_bigrams ... ok
[INFO] [stdout] test helpers::text_metrics::tests::should_keep_a_lone_cjk_character_as_a_unigram ... ok
[INFO] [stdout] test helpers::text_metrics::tests::should_not_reuse_an_index_in_greedy_match ... ok
[INFO] [stdout] test helpers::text_metrics::tests::should_keep_latin_words_whole ... ok
[INFO] [stdout] test helpers::text_metrics::tests::should_pair_greedy_matches_by_descending_similarity ... ok
[INFO] [stdout] test helpers::text_metrics::tests::should_score_f1_parts_of_both_empty_as_perfect ... ok
[INFO] [stdout] test helpers::text_metrics::tests::should_score_f1_parts_of_one_empty_as_zero ... ok
[INFO] [stdout] test helpers::text_metrics::tests::should_strip_invisible_characters ... ok
[INFO] [stdout] test helpers::text_metrics::tests::should_tokenize_empty_string_as_empty ... ok
[INFO] [stdout] test helpers::text_metrics::tests::should_score_reading_order_as_none_for_empty_text ... ok
[INFO] [stdout] test helpers::text_metrics::tests::should_treat_pipe_as_whitespace ... ok
[INFO] [stdout] test helpers::text_metrics::tests::should_split_mixed_cjk_and_latin_within_one_token ... ok
[INFO] [stdout] test helpers::text_metrics::tests::should_score_reading_order_of_fully_reversed_order ... ok
[INFO] [stdout] test helpers::text_metrics::tests::should_score_reading_order_as_none_below_the_anchor_floor ... ok
[INFO] [stdout] test helpers::text_metrics::tests::should_score_reading_order_of_identical_order_as_one ... ok
[INFO] [stdout] 
[INFO] [stdout] test result: ok. 35 passed; 0 failed; 0 ignored; 0 measured; 0 filtered out; finished in 0.00s
[INFO] [stdout] 
[INFO] [stderr]      Running tests/max_lines.rs (/opt/rustwide/target/debug/deps/max_lines-af443aae8df84e7e)
[INFO] [stdout] 
[INFO] [stdout] running 1 test
[INFO] [stdout] test no_source_file_exceeds_the_module_line_cap ... FAILED
[INFO] [stdout] 
[INFO] [stdout] failures:
[INFO] [stdout] 
[INFO] [stdout] ---- no_source_file_exceeds_the_module_line_cap stdout ----
[INFO] [stdout] 
[INFO] [stdout] thread 'no_source_file_exceeds_the_module_line_cap' (2441) panicked at tests/max_lines.rs:30:63:
[INFO] [stdout] read_dir /opt/crates: No such file or directory (os error 2)
[INFO] [stdout] stack backtrace:
[INFO] [stdout]    0:     0x612cba9c97b1 - std[70759c8f55707aa4]::backtrace_rs::backtrace::libunwind::trace
[INFO] [stdout]                                at /rustc/dfb0accb7f508ae8be965d8629557221c889dd98/library/std/src/../../backtrace/src/backtrace/libunwind.rs:117:9
[INFO] [stdout]    1:     0x612cba9c97b1 - std[70759c8f55707aa4]::backtrace_rs::backtrace::trace_unsynchronized::<std[70759c8f55707aa4]::sys::backtrace::_print_fmt::{closure#1}>
[INFO] [stdout]                                at /rustc/dfb0accb7f508ae8be965d8629557221c889dd98/library/std/src/../../backtrace/src/backtrace/mod.rs:66:14
[INFO] [stdout]    2:     0x612cba9c97b1 - std[70759c8f55707aa4]::sys::backtrace::_print_fmt
[INFO] [stdout]                                at /rustc/dfb0accb7f508ae8be965d8629557221c889dd98/library/std/src/sys/backtrace.rs:74:9
[INFO] [stdout]    3:     0x612cba9c97b1 - <<std[70759c8f55707aa4]::sys::backtrace::BacktraceLock>::print::DisplayBacktrace as core[df12db4294e9bfd3]::fmt::Display>::fmt
[INFO] [stdout]                                at /rustc/dfb0accb7f508ae8be965d8629557221c889dd98/library/std/src/sys/backtrace.rs:44:26
[INFO] [stdout]    4:     0x612cba9ddd3a - <core[df12db4294e9bfd3]::fmt::rt::Argument>::fmt
[INFO] [stdout]                                at /rustc/dfb0accb7f508ae8be965d8629557221c889dd98/library/core/src/fmt/rt.rs:152:76
[INFO] [stdout]    5:     0x612cba9ddd3a - core[df12db4294e9bfd3]::fmt::write
[INFO] [stdout]    6:     0x612cba9cdf3c - core[df12db4294e9bfd3]::io::write::default_write_fmt::<alloc[2182bb758b4b3781]::vec::Vec<u8>>
[INFO] [stdout]                                at /rustc/dfb0accb7f508ae8be965d8629557221c889dd98/library/core/src/io/write.rs:402:11
[INFO] [stdout]    7:     0x612cba9cdf3c - <alloc[2182bb758b4b3781]::vec::Vec<u8> as core[df12db4294e9bfd3]::io::write::Write>::write_fmt
[INFO] [stdout]                                at /rustc/dfb0accb7f508ae8be965d8629557221c889dd98/library/core/src/io/write.rs:335:13
[INFO] [stdout]    8:     0x612cba9a5396 - <std[70759c8f55707aa4]::sys::backtrace::BacktraceLock>::print
[INFO] [stdout]                                at /rustc/dfb0accb7f508ae8be965d8629557221c889dd98/library/std/src/sys/backtrace.rs:47:9
[INFO] [stdout]    9:     0x612cba9a5396 - std[70759c8f55707aa4]::panicking::default_hook::{closure#0}
[INFO] [stdout]                                at /rustc/dfb0accb7f508ae8be965d8629557221c889dd98/library/std/src/panicking.rs:292:27
[INFO] [stdout]   10:     0x612cba9c1999 - std[70759c8f55707aa4]::panicking::default_hook
[INFO] [stdout]                                at /rustc/dfb0accb7f508ae8be965d8629557221c889dd98/library/std/src/panicking.rs:316:9
[INFO] [stdout]   11:     0x612cba95d340 - <alloc[2182bb758b4b3781]::boxed::Box<dyn for<'a, 'b> core[df12db4294e9bfd3]::ops::function::Fn<(&'a std[70759c8f55707aa4]::panic::PanicHookInfo<'b>,), Output = ()> + core[df12db4294e9bfd3]::marker::Send + core[df12db4294e9bfd3]::marker::Sync> as core[df12db4294e9bfd3]::ops::function::Fn<(&std[70759c8f55707aa4]::panic::PanicHookInfo,)>>::call
[INFO] [stdout]                                at /rustc/dfb0accb7f508ae8be965d8629557221c889dd98/library/alloc/src/boxed.rs:2334:9
[INFO] [stdout]   12:     0x612cba95d340 - test[9d35eded1c95d3be]::test_main_inner::<test[9d35eded1c95d3be]::test_main_static::{closure#0}>::{closure#0}
[INFO] [stdout]                                at /rustc/dfb0accb7f508ae8be965d8629557221c889dd98/library/test/src/lib.rs:155:21
[INFO] [stdout]   13:     0x612cba9c1b52 - <alloc[2182bb758b4b3781]::boxed::Box<dyn for<'a, 'b> core[df12db4294e9bfd3]::ops::function::Fn<(&'a std[70759c8f55707aa4]::panic::PanicHookInfo<'b>,), Output = ()> + core[df12db4294e9bfd3]::marker::Send + core[df12db4294e9bfd3]::marker::Sync> as core[df12db4294e9bfd3]::ops::function::Fn<(&std[70759c8f55707aa4]::panic::PanicHookInfo,)>>::call
[INFO] [stdout]                                at /rustc/dfb0accb7f508ae8be965d8629557221c889dd98/library/alloc/src/boxed.rs:2334:9
[INFO] [stdout]   14:     0x612cba9c1b52 - std[70759c8f55707aa4]::panicking::panic_with_hook
[INFO] [stdout]                                at /rustc/dfb0accb7f508ae8be965d8629557221c889dd98/library/std/src/panicking.rs:823:13
[INFO] [stdout]   15:     0x612cba9a5442 - std[70759c8f55707aa4]::panicking::panic_handler::{closure#0}
[INFO] [stdout]                                at /rustc/dfb0accb7f508ae8be965d8629557221c889dd98/library/std/src/panicking.rs:688:13
[INFO] [stdout]   16:     0x612cba99df99 - std[70759c8f55707aa4]::sys::backtrace::__rust_end_short_backtrace::<std[70759c8f55707aa4]::panicking::panic_handler::{closure#0}, !>
[INFO] [stdout]                                at /rustc/dfb0accb7f508ae8be965d8629557221c889dd98/library/std/src/sys/backtrace.rs:182:18
[INFO] [stdout]   17:     0x612cba9a603d - __rustc[8fa7c3cbc660c2b3]::rust_begin_unwind
[INFO] [stdout]                                at /rustc/dfb0accb7f508ae8be965d8629557221c889dd98/library/std/src/panicking.rs:679:5
[INFO] [stdout]   18:     0x612cba9de46c - core[df12db4294e9bfd3]::panicking::panic_fmt
[INFO] [stdout]                                at /rustc/dfb0accb7f508ae8be965d8629557221c889dd98/library/core/src/panicking.rs:80:14
[INFO] [stdout]   19:     0x612cba948b51 - max_lines[159a376a879f71b9]::crate_src_dirs::{closure#0}
[INFO] [stdout]                                at /opt/rustwide/workdir/tests/max_lines.rs:30:63
[INFO] [stdout]   20:     0x612cba94b911 - <core[df12db4294e9bfd3]::result::Result<std[70759c8f55707aa4]::fs::ReadDir, core[df12db4294e9bfd3]::io::error::Error>>::unwrap_or_else::<max_lines[159a376a879f71b9]::crate_src_dirs::{closure#0}>
[INFO] [stdout]                                at /rustc/dfb0accb7f508ae8be965d8629557221c889dd98/library/core/src/result.rs:1621:23
[INFO] [stdout]   21:     0x612cba94902f - max_lines[159a376a879f71b9]::crate_src_dirs
[INFO] [stdout]                                at /opt/rustwide/workdir/tests/max_lines.rs:30:40
[INFO] [stdout]   22:     0x612cba949880 - max_lines[159a376a879f71b9]::no_source_file_exceeds_the_module_line_cap
[INFO] [stdout]                                at /opt/rustwide/workdir/tests/max_lines.rs:58:20
[INFO] [stdout]   23:     0x612cba948cb7 - max_lines[159a376a879f71b9]::no_source_file_exceeds_the_module_line_cap::{closure#0}
[INFO] [stdout]                                at /opt/rustwide/workdir/tests/max_lines.rs:56:48
[INFO] [stdout]   24:     0x612cba950496 - <max_lines[159a376a879f71b9]::no_source_file_exceeds_the_module_line_cap::{closure#0} as core[df12db4294e9bfd3]::ops::function::FnOnce<()>>::call_once
[INFO] [stdout]                                at /rustc/dfb0accb7f508ae8be965d8629557221c889dd98/library/core/src/ops/function.rs:250:5
[INFO] [stdout]   25:     0x612cba95062b - <fn() -> core[df12db4294e9bfd3]::result::Result<(), alloc[2182bb758b4b3781]::string::String> as core[df12db4294e9bfd3]::ops::function::FnOnce<()>>::call_once
[INFO] [stdout]                                at /rustc/dfb0accb7f508ae8be965d8629557221c889dd98/library/core/src/ops/function.rs:250:5
[INFO] [stdout]   26:     0x612cba95062b - test[9d35eded1c95d3be]::__rust_begin_short_backtrace::<core[df12db4294e9bfd3]::result::Result<(), alloc[2182bb758b4b3781]::string::String>, fn() -> core[df12db4294e9bfd3]::result::Result<(), alloc[2182bb758b4b3781]::string::String>>
[INFO] [stdout]                                at /rustc/dfb0accb7f508ae8be965d8629557221c889dd98/library/test/src/lib.rs:733:18
[INFO] [stdout]   27:     0x612cba95dc95 - test[9d35eded1c95d3be]::run_test_in_process::{closure#0}
[INFO] [stdout]                                at /rustc/dfb0accb7f508ae8be965d8629557221c889dd98/library/test/src/lib.rs:756:74
[INFO] [stdout]   28:     0x612cba95dc95 - <core[df12db4294e9bfd3]::panic::unwind_safe::AssertUnwindSafe<test[9d35eded1c95d3be]::run_test_in_process::{closure#0}> as core[df12db4294e9bfd3]::ops::function::FnOnce<()>>::call_once
[INFO] [stdout]                                at /rustc/dfb0accb7f508ae8be965d8629557221c889dd98/library/core/src/panic/unwind_safe.rs:275:9
[INFO] [stdout]   29:     0x612cba95dc95 - std[70759c8f55707aa4]::panicking::catch_unwind::do_call::<core[df12db4294e9bfd3]::panic::unwind_safe::AssertUnwindSafe<test[9d35eded1c95d3be]::run_test_in_process::{closure#0}>, core[df12db4294e9bfd3]::result::Result<(), alloc[2182bb758b4b3781]::string::String>>
[INFO] [stdout]                                at /rustc/dfb0accb7f508ae8be965d8629557221c889dd98/library/std/src/panicking.rs:576:43
[INFO] [stdout]   30:     0x612cba95dc95 - std[70759c8f55707aa4]::panicking::catch_unwind::<core[df12db4294e9bfd3]::result::Result<(), alloc[2182bb758b4b3781]::string::String>, core[df12db4294e9bfd3]::panic::unwind_safe::AssertUnwindSafe<test[9d35eded1c95d3be]::run_test_in_process::{closure#0}>>
[INFO] [stdout]                                at /rustc/dfb0accb7f508ae8be965d8629557221c889dd98/library/std/src/panicking.rs:544:19
[INFO] [stdout]   31:     0x612cba95dc95 - std[70759c8f55707aa4]::panic::catch_unwind::<core[df12db4294e9bfd3]::panic::unwind_safe::AssertUnwindSafe<test[9d35eded1c95d3be]::run_test_in_process::{closure#0}>, core[df12db4294e9bfd3]::result::Result<(), alloc[2182bb758b4b3781]::string::String>>
[INFO] [stdout]                                at /rustc/dfb0accb7f508ae8be965d8629557221c889dd98/library/std/src/panic.rs:359:14
[INFO] [stdout]   32:     0x612cba95dc95 - test[9d35eded1c95d3be]::run_test_in_process
[INFO] [stdout]                                at /rustc/dfb0accb7f508ae8be965d8629557221c889dd98/library/test/src/lib.rs:756:27
[INFO] [stdout]   33:     0x612cba95dc95 - test[9d35eded1c95d3be]::run_test::{closure#0}
[INFO] [stdout]                                at /rustc/dfb0accb7f508ae8be965d8629557221c889dd98/library/test/src/lib.rs:677:43
[INFO] [stdout]   34:     0x612cba957554 - test[9d35eded1c95d3be]::run_test::{closure#1}
[INFO] [stdout]                                at /rustc/dfb0accb7f508ae8be965d8629557221c889dd98/library/test/src/lib.rs:707:41
[INFO] [stdout]   35:     0x612cba957554 - std[70759c8f55707aa4]::sys::backtrace::__rust_begin_short_backtrace::<test[9d35eded1c95d3be]::run_test::{closure#1}, ()>
[INFO] [stdout]                                at /rustc/dfb0accb7f508ae8be965d8629557221c889dd98/library/std/src/sys/backtrace.rs:166:18
[INFO] [stdout]   36:     0x612cba960df2 - std[70759c8f55707aa4]::thread::lifecycle::spawn_unchecked::<test[9d35eded1c95d3be]::run_test::{closure#1}, ()>::{closure#1}::{closure#0}
[INFO] [stdout]                                at /rustc/dfb0accb7f508ae8be965d8629557221c889dd98/library/std/src/thread/lifecycle.rs:70:13
[INFO] [stdout]   37:     0x612cba960df2 - <core[df12db4294e9bfd3]::panic::unwind_safe::AssertUnwindSafe<std[70759c8f55707aa4]::thread::lifecycle::spawn_unchecked<test[9d35eded1c95d3be]::run_test::{closure#1}, ()>::{closure#1}::{closure#0}> as core[df12db4294e9bfd3]::ops::function::FnOnce<()>>::call_once
[INFO] [stdout]                                at /rustc/dfb0accb7f508ae8be965d8629557221c889dd98/library/core/src/panic/unwind_safe.rs:275:9
[INFO] [stdout]   38:     0x612cba960df2 - std[70759c8f55707aa4]::panicking::catch_unwind::do_call::<core[df12db4294e9bfd3]::panic::unwind_safe::AssertUnwindSafe<std[70759c8f55707aa4]::thread::lifecycle::spawn_unchecked<test[9d35eded1c95d3be]::run_test::{closure#1}, ()>::{closure#1}::{closure#0}>, ()>
[INFO] [stdout]                                at /rustc/dfb0accb7f508ae8be965d8629557221c889dd98/library/std/src/panicking.rs:576:43
[INFO] [stdout]   39:     0x612cba960df2 - std[70759c8f55707aa4]::panicking::catch_unwind::<(), core[df12db4294e9bfd3]::panic::unwind_safe::AssertUnwindSafe<std[70759c8f55707aa4]::thread::lifecycle::spawn_unchecked<test[9d35eded1c95d3be]::run_test::{closure#1}, ()>::{closure#1}::{closure#0}>>
[INFO] [stdout]                                at /rustc/dfb0accb7f508ae8be965d8629557221c889dd98/library/std/src/panicking.rs:544:19
[INFO] [stdout]   40:     0x612cba960df2 - std[70759c8f55707aa4]::panic::catch_unwind::<core[df12db4294e9bfd3]::panic::unwind_safe::AssertUnwindSafe<std[70759c8f55707aa4]::thread::lifecycle::spawn_unchecked<test[9d35eded1c95d3be]::run_test::{closure#1}, ()>::{closure#1}::{closure#0}>, ()>
[INFO] [stdout]                                at /rustc/dfb0accb7f508ae8be965d8629557221c889dd98/library/std/src/panic.rs:359:14
[INFO] [stdout]   41:     0x612cba960df2 - std[70759c8f55707aa4]::thread::lifecycle::spawn_unchecked::<test[9d35eded1c95d3be]::run_test::{closure#1}, ()>::{closure#1}
[INFO] [stdout]                                at /rustc/dfb0accb7f508ae8be965d8629557221c889dd98/library/std/src/thread/lifecycle.rs:68:26
[INFO] [stdout]   42:     0x612cba960df2 - <std[70759c8f55707aa4]::thread::lifecycle::spawn_unchecked<test[9d35eded1c95d3be]::run_test::{closure#1}, ()>::{closure#1} as core[df12db4294e9bfd3]::ops::function::FnOnce<()>>::call_once::{shim:vtable#0}
[INFO] [stdout]                                at /rustc/dfb0accb7f508ae8be965d8629557221c889dd98/library/core/src/ops/function.rs:250:5
[INFO] [stdout]   43:     0x612cba9c8d19 - <alloc[2182bb758b4b3781]::boxed::Box<dyn core[df12db4294e9bfd3]::ops::function::FnOnce<(), Output = ()> + core[df12db4294e9bfd3]::marker::Send> as core[df12db4294e9bfd3]::ops::function::FnOnce<()>>::call_once
[INFO] [stdout]                                at /rustc/dfb0accb7f508ae8be965d8629557221c889dd98/library/alloc/src/boxed.rs:2320:9
[INFO] [stdout]   44:     0x612cba9c8d19 - <std[70759c8f55707aa4]::sys::thread::unix::Thread>::new::thread_start
[INFO] [stdout]                                at /rustc/dfb0accb7f508ae8be965d8629557221c889dd98/library/std/src/sys/thread/unix.rs:123:17
[INFO] [stdout]   45:     0x7012d7a2adfa - <unknown>
[INFO] [stdout]   46:     0x7012d7abe3d4 - clone
[INFO] [stdout]   47:                0x0 - <unknown>
[INFO] [stdout] 
[INFO] [stdout] 
[INFO] [stdout] failures:
[INFO] [stdout]     no_source_file_exceeds_the_module_line_cap
[INFO] [stdout] 
[INFO] [stdout] test result: FAILED. 0 passed; 1 failed; 0 ignored; 0 measured; 0 filtered out; finished in 0.01s
[INFO] [stdout] 
[INFO] [stderr] error: test failed, to rerun pass `--test max_lines`
[INFO] running `Command { std: "docker" "inspect" "90a444012b29bd1f46e574ae075a7ba1e626990e001e76e450571756242e443c", kill_on_drop: false }`
[INFO] running `Command { std: "docker" "rm" "-f" "90a444012b29bd1f46e574ae075a7ba1e626990e001e76e450571756242e443c", kill_on_drop: false }`
[INFO] [stdout] 90a444012b29bd1f46e574ae075a7ba1e626990e001e76e450571756242e443c
