[INFO] fetching crate rvoip-webrtc-stack 0.3.12...
[INFO] testing rvoip-webrtc-stack-0.3.12 against 1.99.0-beta.8 for beta-1.100-2
[INFO] extracting crate rvoip-webrtc-stack 0.3.12 into /workspace/builds/worker-3-tc1/source
[INFO] started tweaking crates.io crate rvoip-webrtc-stack 0.3.12
[INFO] removed 0 missing examples
[INFO] removed 0 missing tests
[INFO] finished tweaking crates.io crate rvoip-webrtc-stack 0.3.12
[INFO] tweaked toml for crates.io crate rvoip-webrtc-stack 0.3.12 written to /workspace/builds/worker-3-tc1/source/Cargo.toml
[INFO] validating manifest of crates.io crate rvoip-webrtc-stack 0.3.12 on toolchain 1.99.0-beta.8
[INFO] running `Command { std: CARGO_HOME="/workspace/cargo-home" RUSTUP_HOME="/workspace/rustup-home" "/workspace/cargo-home/bin/cargo" "+1.99.0-beta.8" "metadata" "--manifest-path" "Cargo.toml" "--no-deps", kill_on_drop: false }`
[INFO] crate crates.io crate rvoip-webrtc-stack 0.3.12 already has a lockfile, it will not be regenerated
[INFO] running `Command { std: CARGO_HOME="/workspace/cargo-home" RUSTUP_HOME="/workspace/rustup-home" "/workspace/cargo-home/bin/cargo" "+1.99.0-beta.8" "fetch" "--manifest-path" "Cargo.toml", kill_on_drop: false }`
[INFO] [stderr]     Updating crates.io index
[INFO] [stderr]  Downloading crates ...
[INFO] [stderr]   Downloaded rtc-turn v0.20.0-alpha.1
[INFO] [stderr]   Downloaded rtc-stun v0.20.0-alpha.1
[INFO] [stderr]   Downloaded sansio v1.0.1
[INFO] [stderr]   Downloaded const-oid v0.9.6
[INFO] [stderr]   Downloaded memoffset v0.7.1
[INFO] [stderr]   Downloaded md-5 v0.10.6
[INFO] [stderr]   Downloaded sha1 v0.10.7
[INFO] [stderr]   Downloaded signature v2.2.0
[INFO] [stderr]   Downloaded ghash v0.5.1
[INFO] [stderr]   Downloaded inout v0.1.4
[INFO] [stderr]   Downloaded bytecheck_derive v0.8.2
[INFO] [stderr]   Downloaded munge v0.4.7
[INFO] [stderr]   Downloaded rtc-interceptor-derive v0.20.0-alpha.1
[INFO] [stderr]   Downloaded asn1-rs-derive v0.5.1
[INFO] [stderr]   Downloaded rend v0.5.4
[INFO] [stderr]   Downloaded munge_macro v0.4.7
[INFO] [stderr]   Downloaded block-padding v0.3.3
[INFO] [stderr]   Downloaded oid-registry v0.7.1
[INFO] [stderr]   Downloaded ptr_meta v0.3.1
[INFO] [stderr]   Downloaded ptr_meta_derive v0.3.1
[INFO] [stderr]   Downloaded defmt-parser v1.0.0
[INFO] [stderr]   Downloaded substring v1.4.5
[INFO] [stderr]   Downloaded rancor v0.1.2
[INFO] [stderr]   Downloaded bytecheck v0.8.2
[INFO] [stderr]   Downloaded data-encoding v2.11.0
[INFO] [stderr]   Downloaded ff v0.13.1
[INFO] [stderr]   Downloaded ecdsa v0.16.9
[INFO] [stderr]   Downloaded polyval v0.6.2
[INFO] [stderr]   Downloaded crc-catalog v2.5.0
[INFO] [stderr]   Downloaded rtc-datachannel v0.20.0-alpha.1
[INFO] [stderr]   Downloaded jiff-static v0.2.35
[INFO] [stderr]   Downloaded defmt-macros v1.1.1
[INFO] [stderr]   Downloaded base64ct v1.8.3
[INFO] [stderr]   Downloaded rkyv_derive v0.8.17
[INFO] [stderr]   Downloaded cbc v0.1.2
[INFO] [stderr]   Downloaded rtc-srtp v0.20.0-alpha.1
[INFO] [stderr]   Downloaded bit-vec v0.9.1
[INFO] [stderr]   Downloaded rtc-shared v0.20.0-alpha.1
[INFO] [stderr]   Downloaded rtc-media v0.20.0-alpha.1
[INFO] [stderr]   Downloaded clap_derive v4.6.4
[INFO] [stderr]   Downloaded yasna v0.6.0
[INFO] [stderr]   Downloaded rtc-sdp v0.20.0-alpha.1
[INFO] [stderr]   Downloaded rcgen v0.14.8
[INFO] [stderr]   Downloaded rtc-rtcp v0.20.0-alpha.1
[INFO] [stderr]   Downloaded rtc-ice v0.20.0-alpha.1
[INFO] [stderr]   Downloaded defmt v1.1.1
[INFO] [stderr]   Downloaded crypto-bigint v0.5.5
[INFO] [stderr]   Downloaded rtc-mdns v0.20.0-alpha.1
[INFO] [stderr]   Downloaded der v0.7.10
[INFO] [stderr]   Downloaded x509-parser v0.18.1
[INFO] [stderr]   Downloaded asn1-rs v0.7.2
[INFO] [stderr]   Downloaded rtc-rtp v0.20.0-alpha.1
[INFO] [stderr]   Downloaded rtc-sctp v0.20.0-alpha.1
[INFO] [stderr]   Downloaded rtc-interceptor v0.20.0-alpha.1
[INFO] [stderr]   Downloaded asn1-rs v0.6.2
[INFO] [stderr]   Downloaded aes v0.8.4
[INFO] [stderr]   Downloaded rtc-dtls v0.20.0-alpha.1
[INFO] [stderr]   Downloaded jiff-core v0.1.0
[INFO] [stderr]   Downloaded rkyv v0.8.17
[INFO] [stderr]   Downloaded p384 v0.13.1
[INFO] [stderr]   Downloaded rvoip-rtc v0.3.12
[INFO] [stderr]   Downloaded ccm v0.5.0
[INFO] [stderr]   Downloaded nix v0.26.4
[INFO] [stderr]   Downloaded jiff v0.2.35
[INFO] [stderr]   Downloaded rtc-signal v0.20.0-rc.4
[INFO] running `Command { std: "docker" "create" "-v" "/var/lib/crater-agent-workspace/builds/worker-3-tc1/source:/opt/rustwide/workdir:ro,Z" "-v" "/var/lib/crater-agent-workspace/builds/worker-3-tc1/target:/opt/rustwide/target:rw,Z" "-v" "/var/lib/crater-agent-workspace/cargo-home:/opt/rustwide/cargo-home:ro,Z" "-v" "/var/lib/crater-agent-workspace/rustup-home:/opt/rustwide/rustup-home:ro,Z" "-m" "1610612736" "--network" "none" "ghcr.io/rust-lang/crates-build-env/linux@sha256:3111399a4047eeb3a02b7a90e478d715f38a8c6669b5c4b49d30a17385265909" "sleep" "infinity", kill_on_drop: false }`
[INFO] [stdout] 0bca41a17c93d0368e3d94d9dd273ef2e41fac12e2d3685e4f0c1dfc67f111f6
[INFO] running `Command { std: "docker" "start" "0bca41a17c93d0368e3d94d9dd273ef2e41fac12e2d3685e4f0c1dfc67f111f6", kill_on_drop: false }`
[INFO] running `Command { std: "docker" "inspect" "0bca41a17c93d0368e3d94d9dd273ef2e41fac12e2d3685e4f0c1dfc67f111f6", kill_on_drop: false }`
[INFO] running `Command { std: "docker" "exec" "-e" "SOURCE_DIR=/opt/rustwide/workdir" "-e" "CARGO_HOME=/opt/rustwide/cargo-home" "-e" "RUSTUP_HOME=/opt/rustwide/rustup-home" "-e" "CARGO_TARGET_DIR=/opt/rustwide/target" "-w" "/opt/rustwide/workdir" "--user" "0:0" "0bca41a17c93d0368e3d94d9dd273ef2e41fac12e2d3685e4f0c1dfc67f111f6" "/opt/rustwide/cargo-home/bin/cargo" "+1.99.0-beta.8" "metadata" "--no-deps" "--format-version=1", kill_on_drop: false }`
[INFO] running `Command { std: "docker" "inspect" "0bca41a17c93d0368e3d94d9dd273ef2e41fac12e2d3685e4f0c1dfc67f111f6", kill_on_drop: false }`
[INFO] running `Command { std: "docker" "exec" "-e" "SOURCE_DIR=/opt/rustwide/workdir" "-e" "CARGO_HOME=/opt/rustwide/cargo-home" "-e" "RUSTUP_HOME=/opt/rustwide/rustup-home" "-e" "CARGO_TARGET_DIR=/opt/rustwide/target" "-e" "CARGO_INCREMENTAL=0" "-e" "RUST_BACKTRACE=full" "-e" "RUSTFLAGS=--cap-lints=warn" "-e" "RUSTDOCFLAGS=--cap-lints=warn" "-w" "/opt/rustwide/workdir" "--user" "0:0" "0bca41a17c93d0368e3d94d9dd273ef2e41fac12e2d3685e4f0c1dfc67f111f6" "/opt/rustwide/cargo-home/bin/cargo" "+1.99.0-beta.8" "build" "--frozen" "--message-format=json", kill_on_drop: false }`
[INFO] [stderr]    Compiling unicode-ident v1.0.24
[INFO] [stderr]    Compiling libc v0.2.189
[INFO] [stderr]    Compiling version_check v0.9.5
[INFO] [stderr]    Compiling typenum v1.20.1
[INFO] [stderr]    Compiling subtle v2.6.1
[INFO] [stderr]    Compiling const-oid v0.9.6
[INFO] [stderr]    Compiling memchr v2.8.3
[INFO] [stderr]    Compiling num-traits v0.2.19
[INFO] [stderr]    Compiling proc-macro2 v1.0.107
[INFO] [stderr]    Compiling cpufeatures v0.2.17
[INFO] [stderr]    Compiling time-core v0.1.9
[INFO] [stderr]    Compiling num-conv v0.2.2
[INFO] [stderr]    Compiling deranged v0.5.8
[INFO] [stderr]    Compiling generic-array v0.14.7
[INFO] [stderr]    Compiling time-macros v0.2.32
[INFO] [stderr]    Compiling minimal-lexical v0.2.1
[INFO] [stderr]    Compiling quote v1.0.47
[INFO] [stderr]    Compiling powerfmt v0.2.0
[INFO] [stderr]    Compiling nom v7.1.3
[INFO] [stderr]    Compiling syn v2.0.119
[INFO] [stderr]    Compiling syn v3.0.3
[INFO] [stderr]    Compiling base64ct v1.8.3
[INFO] [stderr]    Compiling pem-rfc7468 v0.7.0
[INFO] [stderr]    Compiling find-msvc-tools v0.1.9
[INFO] [stderr]    Compiling cc v1.3.0
[INFO] [stderr]    Compiling writeable v0.6.3
[INFO] [stderr]    Compiling litemap v0.8.2
[INFO] [stderr]    Compiling thiserror v2.0.19
[INFO] [stderr]    Compiling num-integer v0.1.46
[INFO] [stderr]    Compiling icu_normalizer_data v2.2.0
[INFO] [stderr]    Compiling time v0.3.54
[INFO] [stderr]    Compiling base16ct v0.2.0
[INFO] [stderr]    Compiling icu_properties_data v2.2.0
[INFO] [stderr]    Compiling num-bigint v0.4.8
[INFO] [stderr]    Compiling getrandom v0.3.4
[INFO] [stderr]    Compiling opaque-debug v0.3.1
[INFO] [stderr]    Compiling untrusted v0.9.0
[INFO] [stderr]    Compiling zerocopy v0.8.55
[INFO] [stderr]    Compiling getrandom v0.2.17
[INFO] [stderr]    Compiling rand_core v0.6.4
[INFO] [stderr]    Compiling ff v0.13.1
[INFO] [stderr]    Compiling smallvec v1.15.2
[INFO] [stderr]    Compiling group v0.13.0
[INFO] [stderr]    Compiling rusticata-macros v4.1.0
[INFO] [stderr]    Compiling ring v0.17.14
[INFO] [stderr]    Compiling oid-registry v0.8.1
[INFO] [stderr]    Compiling memoffset v0.7.1
[INFO] [stderr]    Compiling data-encoding v2.11.0
[INFO] [stderr]    Compiling lazy_static v1.5.0
[INFO] [stderr]    Compiling rand_core v0.9.5
[INFO] [stderr]    Compiling substring v1.4.5
[INFO] [stderr]    Compiling percent-encoding v2.3.2
[INFO] [stderr]    Compiling serde v1.0.229
[INFO] [stderr]    Compiling base64 v0.22.1
[INFO] [stderr]    Compiling form_urlencoded v1.2.2
[INFO] [stderr]    Compiling pin-utils v0.1.0
[INFO] [stderr]    Compiling pem v3.0.6
[INFO] [stderr]    Compiling nix v0.26.4
[INFO] [stderr]    Compiling yasna v0.6.0
[INFO] [stderr]    Compiling thiserror v1.0.69
[INFO] [stderr]    Compiling log v0.4.33
[INFO] [stderr]    Compiling crc-catalog v2.5.0
[INFO] [stderr]    Compiling semver v1.0.28
[INFO] [stderr]    Compiling sansio v1.0.1
[INFO] [stderr]    Compiling crc v3.4.0
[INFO] [stderr]    Compiling synstructure v0.13.2
[INFO] [stderr]    Compiling rustc_version v0.4.1
[INFO] [stderr]    Compiling oid-registry v0.7.1
[INFO] [stderr]    Compiling curve25519-dalek v4.1.3
[INFO] [stderr]    Compiling simdutf8 v0.1.5
[INFO] [stderr]    Compiling getrandom v0.4.3
[INFO] [stderr]    Compiling futures-sink v0.3.33
[INFO] [stderr]    Compiling byteorder v1.5.0
[INFO] [stderr]    Compiling futures-core v0.3.33
[INFO] [stderr]    Compiling rustls v0.23.45
[INFO] [stderr]    Compiling futures-channel v0.3.33
[INFO] [stderr]    Compiling socket2 v0.5.10
[INFO] [stderr]    Compiling futures-task v0.3.33
[INFO] [stderr]    Compiling once_cell v1.21.4
[INFO] [stderr]    Compiling thiserror-impl v2.0.19
[INFO] [stderr]    Compiling serde_derive v1.0.229
[INFO] [stderr]    Compiling futures-io v0.3.33
[INFO] [stderr]    Compiling uuid v1.24.0
[INFO] [stderr]    Compiling serde_json v1.0.151
[INFO] [stderr]    Compiling socket2 v0.6.5
[INFO] [stderr]    Compiling zeroize_derive v1.5.0
[INFO] [stderr]    Compiling displaydoc v0.2.6
[INFO] [stderr]    Compiling zerofrom-derive v0.1.7
[INFO] [stderr]    Compiling zeroize v1.9.0
[INFO] [stderr]    Compiling yoke-derive v0.8.2
[INFO] [stderr]    Compiling zerovec-derive v0.11.3
[INFO] [stderr]    Compiling asn1-rs-impl v0.2.0
[INFO] [stderr]    Compiling crypto-common v0.1.7
[INFO] [stderr]    Compiling block-buffer v0.10.4
[INFO] [stderr]    Compiling block-padding v0.3.3
[INFO] [stderr]    Compiling zerofrom v0.1.8
[INFO] [stderr]    Compiling digest v0.10.7
[INFO] [stderr]    Compiling inout v0.1.4
[INFO] [stderr]    Compiling der v0.7.10
[INFO] [stderr]    Compiling cipher v0.4.4
[INFO] [stderr]    Compiling universal-hash v0.5.1
[INFO] [stderr]    Compiling hmac v0.12.1
[INFO] [stderr]    Compiling crypto-bigint v0.5.5
[INFO] [stderr]    Compiling hkdf v0.12.4
[INFO] [stderr]    Compiling asn1-rs-derive v0.6.0
[INFO] [stderr]    Compiling rfc6979 v0.4.0
[INFO] [stderr]    Compiling signature v2.2.0
[INFO] [stderr]    Compiling yoke v0.8.3
[INFO] [stderr]    Compiling aead v0.5.2
[INFO] [stderr]    Compiling rustls-pki-types v1.15.0
[INFO] [stderr]    Compiling ctr v0.9.2
[INFO] [stderr]    Compiling zerotrie v0.2.4
[INFO] [stderr]    Compiling zerovec v0.11.6
[INFO] [stderr]    Compiling polyval v0.6.2
[INFO] [stderr]    Compiling sha2 v0.10.9
[INFO] [stderr]    Compiling ppv-lite86 v0.2.21
[INFO] [stderr]    Compiling ghash v0.5.1
[INFO] [stderr]    Compiling asn1-rs v0.7.2
[INFO] [stderr]    Compiling aes v0.8.4
[INFO] [stderr]    Compiling spki v0.7.3
[INFO] [stderr]    Compiling rand_chacha v0.9.0
[INFO] [stderr]    Compiling pkcs8 v0.10.2
[INFO] [stderr]    Compiling tinystr v0.8.3
[INFO] [stderr]    Compiling potential_utf v0.1.5
[INFO] [stderr]    Compiling sec1 v0.7.3
[INFO] [stderr]    Compiling icu_collections v2.2.0
[INFO] [stderr]    Compiling aes-gcm v0.10.3
[INFO] [stderr]    Compiling icu_locale_core v2.2.0
[INFO] [stderr]    Compiling elliptic-curve v0.13.8
[INFO] [stderr]    Compiling rand v0.9.5
[INFO] [stderr]    Compiling ptr_meta_derive v0.3.1
[INFO] [stderr]    Compiling thiserror-impl v1.0.69
[INFO] [stderr]    Compiling asn1-rs-derive v0.5.1
[INFO] [stderr]    Compiling primeorder v0.13.6
[INFO] [stderr]    Compiling ecdsa v0.16.9
[INFO] [stderr]    Compiling ptr_meta v0.3.1
[INFO] [stderr]    Compiling rancor v0.1.2
[INFO] [stderr]    Compiling bytecheck_derive v0.8.2
[INFO] [stderr]    Compiling md-5 v0.10.6
[INFO] [stderr]    Compiling munge_macro v0.4.7
[INFO] [stderr]    Compiling der-parser v10.0.0
[INFO] [stderr]    Compiling p256 v0.13.2
[INFO] [stderr]    Compiling bytecheck v0.8.2
[INFO] [stderr]    Compiling curve25519-dalek-derive v0.1.1
[INFO] [stderr]    Compiling icu_provider v2.2.0
[INFO] [stderr]    Compiling asn1-rs v0.6.2
[INFO] [stderr]    Compiling munge v0.4.7
[INFO] [stderr]    Compiling rustls-webpki v0.103.15
[INFO] [stderr]    Compiling rend v0.5.4
[INFO] [stderr]    Compiling chacha20 v0.9.1
[INFO] [stderr]    Compiling icu_properties v2.2.0
[INFO] [stderr]    Compiling icu_normalizer v2.2.0
[INFO] [stderr]    Compiling x509-parser v0.18.1
[INFO] [stderr]    Compiling poly1305 v0.8.0
[INFO] [stderr]    Compiling sha1 v0.10.7
[INFO] [stderr]    Compiling rkyv_derive v0.8.17
[INFO] [stderr]    Compiling futures-macro v0.3.33
[INFO] [stderr]    Compiling rcgen v0.14.8
[INFO] [stderr]    Compiling idna_adapter v1.2.2
[INFO] [stderr]    Compiling idna v1.1.0
[INFO] [stderr]    Compiling url v2.5.8
[INFO] [stderr]    Compiling der-parser v9.0.0
[INFO] [stderr]    Compiling x509-parser v0.16.0
[INFO] [stderr]    Compiling rtc-shared v0.20.0-alpha.1
[INFO] [stderr]    Compiling futures-util v0.3.33
[INFO] [stderr]    Compiling x25519-dalek v2.0.1
[INFO] [stderr]    Compiling chacha20poly1305 v0.10.1
[INFO] [stderr]    Compiling p384 v0.13.1
[INFO] [stderr]    Compiling ccm v0.5.0
[INFO] [stderr]    Compiling cbc v0.1.2
[INFO] [stderr]    Compiling rtc-interceptor-derive v0.20.0-alpha.1
[INFO] [stderr]    Compiling mio v1.2.2
[INFO] [stderr]    Compiling rtc-rtp v0.20.0-alpha.1
[INFO] [stderr]    Compiling rtc-rtcp v0.20.0-alpha.1
[INFO] [stderr]    Compiling rtc-stun v0.20.0-alpha.1
[INFO] [stderr]    Compiling rtc-mdns v0.20.0-alpha.1
[INFO] [stderr]    Compiling rkyv v0.8.17
[INFO] [stderr]    Compiling rtc-sctp v0.20.0-alpha.1
[INFO] [stderr]    Compiling rtc-srtp v0.20.0-alpha.1
[INFO] [stderr]    Compiling rtc-interceptor v0.20.0-alpha.1
[INFO] [stderr]    Compiling rtc-media v0.20.0-alpha.1
[INFO] [stderr]    Compiling futures-executor v0.3.33
[INFO] [stderr]    Compiling rtc-ice v0.20.0-alpha.1
[INFO] [stderr]    Compiling rtc-turn v0.20.0-alpha.1
[INFO] [stderr]    Compiling rtc-sdp v0.20.0-alpha.1
[INFO] [stderr]    Compiling hex v0.4.3
[INFO] [stderr]    Compiling unicase v2.9.0
[INFO] [stderr]    Compiling futures v0.3.33
[INFO] [stderr]    Compiling tokio v1.53.1
[INFO] [stderr]    Compiling async-trait v0.1.91
[INFO] [stderr]    Compiling rtc-datachannel v0.20.0-alpha.1
[INFO] [stderr]    Compiling rtc-dtls v0.20.0-alpha.1
[INFO] [stderr]    Compiling rvoip-rtc v0.3.12
[INFO] [stderr]    Compiling rvoip-webrtc-stack v0.3.12 (/opt/rustwide/workdir)
[INFO] [stderr]     Finished `dev` profile [unoptimized + debuginfo] target(s) in 2m 30s
[INFO] running `Command { std: "docker" "inspect" "0bca41a17c93d0368e3d94d9dd273ef2e41fac12e2d3685e4f0c1dfc67f111f6", kill_on_drop: false }`
[INFO] running `Command { std: "docker" "exec" "-e" "SOURCE_DIR=/opt/rustwide/workdir" "-e" "CARGO_HOME=/opt/rustwide/cargo-home" "-e" "RUSTUP_HOME=/opt/rustwide/rustup-home" "-e" "CARGO_TARGET_DIR=/opt/rustwide/target" "-e" "CARGO_INCREMENTAL=0" "-e" "RUST_BACKTRACE=full" "-e" "RUSTFLAGS=--cap-lints=warn" "-e" "RUSTDOCFLAGS=--cap-lints=warn" "-w" "/opt/rustwide/workdir" "--user" "0:0" "0bca41a17c93d0368e3d94d9dd273ef2e41fac12e2d3685e4f0c1dfc67f111f6" "/opt/rustwide/cargo-home/bin/cargo" "+1.99.0-beta.8" "test" "--frozen" "--no-run" "--message-format=json", kill_on_drop: false }`
[INFO] [stderr]    Compiling log v0.4.33
[INFO] [stderr]    Compiling futures-core v0.3.33
[INFO] [stderr]    Compiling futures-sink v0.3.33
[INFO] [stderr]    Compiling parking_lot_core v0.9.12
[INFO] [stderr]    Compiling errno v0.3.14
[INFO] [stderr]    Compiling rand_core v0.10.1
[INFO] [stderr]    Compiling getrandom v0.4.3
[INFO] [stderr]    Compiling tokio-macros v2.7.1
[INFO] [stderr]    Compiling utf8parse v0.2.2
[INFO] [stderr]    Compiling futures-channel v0.3.33
[INFO] [stderr]    Compiling signal-hook-registry v1.4.8
[INFO] [stderr]    Compiling anstyle-parse v1.0.0
[INFO] [stderr]    Compiling aho-corasick v1.1.4
[INFO] [stderr]    Compiling regex-syntax v0.8.11
[INFO] [stderr]    Compiling futures-util v0.3.33
[INFO] [stderr]    Compiling parking_lot v0.12.5
[INFO] [stderr]    Compiling colorchoice v1.0.5
[INFO] [stderr]    Compiling cfg_aliases v0.2.2
[INFO] [stderr]    Compiling anstyle v1.0.14
[INFO] [stderr]    Compiling anstyle-query v1.1.5
[INFO] [stderr]    Compiling is_terminal_polyfill v1.70.2
[INFO] [stderr]    Compiling indexmap v2.14.0
[INFO] [stderr]    Compiling nix v0.31.3
[INFO] [stderr]    Compiling anstream v1.0.0
[INFO] [stderr]    Compiling tokio v1.53.1
[INFO] [stderr]    Compiling uuid v1.24.0
[INFO] [stderr]    Compiling rustls v0.23.45
[INFO] [stderr]    Compiling rtc-sctp v0.20.0-alpha.1
[INFO] [stderr]    Compiling rtc-mdns v0.20.0-alpha.1
[INFO] [stderr]    Compiling anyhow v1.0.104
[INFO] [stderr]    Compiling want v0.3.1
[INFO] [stderr]    Compiling regex-automata v0.4.16
[INFO] [stderr]    Compiling rtc-ice v0.20.0-alpha.1
[INFO] [stderr]    Compiling rtc-datachannel v0.20.0-alpha.1
[INFO] [stderr]    Compiling rtc-interceptor v0.20.0-alpha.1
[INFO] [stderr]    Compiling rtc-turn v0.20.0-alpha.1
[INFO] [stderr]    Compiling strsim v0.11.1
[INFO] [stderr]    Compiling jiff-core v0.1.0
[INFO] [stderr]    Compiling clap_lex v1.1.0
[INFO] [stderr]    Compiling heck v0.5.0
[INFO] [stderr]    Compiling cpufeatures v0.3.0
[INFO] [stderr]    Compiling bitflags v2.13.1
[INFO] [stderr]    Compiling clap_derive v4.6.4
[INFO] [stderr]    Compiling chacha20 v0.10.2
[INFO] [stderr]    Compiling futures-executor v0.3.33
[INFO] [stderr]    Compiling futures v0.3.33
[INFO] [stderr]    Compiling clap_builder v4.6.2
[INFO] [stderr]    Compiling rtc-dtls v0.20.0-alpha.1
[INFO] [stderr]    Compiling regex v1.13.1
[INFO] [stderr]    Compiling env_filter v2.0.0
[INFO] [stderr]    Compiling jiff v0.2.35
[INFO] [stderr]    Compiling iana-time-zone v0.1.65
[INFO] [stderr]    Compiling chrono v0.4.45
[INFO] [stderr]    Compiling ctrlc v3.5.2
[INFO] [stderr]    Compiling rand v0.10.2
[INFO] [stderr]    Compiling tokio-util v0.7.19
[INFO] [stderr]    Compiling rvoip-rtc v0.3.12
[INFO] [stderr]    Compiling h2 v0.3.27
[INFO] [stderr]    Compiling clap v4.6.4
[INFO] [stderr]    Compiling env_logger v0.11.11
[INFO] [stderr]    Compiling hyper v0.14.32
[INFO] [stderr]    Compiling rvoip-webrtc-stack v0.3.12 (/opt/rustwide/workdir)
[INFO] [stderr]    Compiling rtc-signal v0.20.0-rc.4
[INFO] [stderr]     Finished `test` profile [unoptimized + debuginfo] target(s) in 4m 17s
[INFO] running `Command { std: "docker" "inspect" "0bca41a17c93d0368e3d94d9dd273ef2e41fac12e2d3685e4f0c1dfc67f111f6", kill_on_drop: false }`
[INFO] running `Command { std: "docker" "exec" "-e" "SOURCE_DIR=/opt/rustwide/workdir" "-e" "CARGO_HOME=/opt/rustwide/cargo-home" "-e" "RUSTUP_HOME=/opt/rustwide/rustup-home" "-e" "CARGO_TARGET_DIR=/opt/rustwide/target" "-e" "CARGO_INCREMENTAL=0" "-e" "RUST_BACKTRACE=full" "-e" "RUSTFLAGS=--cap-lints=warn" "-e" "RUSTDOCFLAGS=--cap-lints=warn" "-w" "/opt/rustwide/workdir" "--user" "0:0" "0bca41a17c93d0368e3d94d9dd273ef2e41fac12e2d3685e4f0c1dfc67f111f6" "/opt/rustwide/cargo-home/bin/cargo" "+1.99.0-beta.8" "test" "--frozen", kill_on_drop: false }`
[INFO] [stderr]     Finished `test` profile [unoptimized + debuginfo] target(s) in 0.48s
[INFO] [stderr]      Running unittests src/lib.rs (/opt/rustwide/target/debug/deps/webrtc-05022ecd6c0ce7ce)
[INFO] [stdout] 
[INFO] [stdout] running 5 tests
[INFO] [stdout] test peer_connection::udp_port_range_tests::one_to_one_nat_fails_closed_for_ambiguous_or_mixed_family_sockets ... ok
[INFO] [stdout] test peer_connection::udp_port_range_tests::bounded_udp_allocator_rejects_zero_and_reversed_ranges ... ok
[INFO] [stdout] test peer_connection::udp_port_range_tests::one_to_one_nat_preserves_port_and_records_bidirectional_route ... ok
[INFO] [stdout] test peer_connection::udp_port_range_tests::bounded_udp_allocator_is_atomic_exhaustible_and_reusable ... ok
[INFO] [stderr]      Running tests/configuration_test.rs (/opt/rustwide/target/debug/deps/configuration_test-a96f16618a271711)
[INFO] [stdout] test media_stream::track_local::static_rtp::tests::rtp_write_waits_for_temporary_driver_backpressure ... ok
[INFO] [stdout] 
[INFO] [stdout] test result: ok. 5 passed; 0 failed; 0 ignored; 0 measured; 0 filtered out; finished in 0.02s
[INFO] [stdout] 
[INFO] [stdout] 
[INFO] [stdout] running 14 tests
[INFO] [stdout] test test_all_configuration_options_combined ... ok
[INFO] [stdout] test test_combined_configuration ... ok
[INFO] [stdout] test test_ice_candidate_pool_size ... ok
[INFO] [stdout] test test_ice_servers_configuration ... ok
[INFO] [stdout] test test_media_engine_configuration ... ok
[INFO] [stdout] test test_ice_transport_policy ... ok
[INFO] [stdout] test test_certificates ... ok
[INFO] [stdout] test test_media_engine_required_for_tracks ... ok
[INFO] [stdout] test test_peer_identity ... ok
[INFO] [stdout] test test_setting_engine_replay_protection ... ok
[INFO] [stdout] test test_peer_connection_with_full_configuration ... ok
[INFO] [stdout] test test_bundle_policy ... ok
[INFO] [stdout] test test_rtcp_mux_policy ... ok
[INFO] [stdout] test test_setting_engine_ice_timeouts ... ok
[INFO] [stdout] 
[INFO] [stdout] test result: ok. 14 passed; 0 failed; 0 ignored; 0 measured; 0 filtered out; finished in 0.11s
[INFO] [stdout] 
[INFO] [stderr]      Running tests/data_channels_close_by_rtc_interop.rs (/opt/rustwide/target/debug/deps/data_channels_close_by_rtc_interop-32e02bba4ac4d4cd)
[INFO] [stdout] 
[INFO] [stdout] running 1 test
[INFO] [stdout] test test_data_channels_close_interop_by_rtc_interop ... ok
[INFO] [stdout] 
[INFO] [stdout] test result: ok. 1 passed; 0 failed; 0 ignored; 0 measured; 0 filtered out; finished in 3.26s
[INFO] [stdout] 
[INFO] [stderr]      Running tests/data_channels_close_by_webrtc_interop.rs (/opt/rustwide/target/debug/deps/data_channels_close_by_webrtc_interop-665872dc182d55fe)
[INFO] [stdout] 
[INFO] [stdout] running 1 test
[INFO] [stderr] [2026-10-06T18:15:11Z INFO  data_channels_close_by_webrtc_interop] Starting data channel close interop test: WebRTC sends and closes
[INFO] [stderr] [2026-10-06T18:15:11Z INFO  data_channels_close_by_webrtc_interop] RTC peer bound to 127.0.0.1:44983
[INFO] [stderr] [2026-10-06T18:15:11Z INFO  data_channels_close_by_webrtc_interop] Created RTC peer connection
[INFO] [stderr] [2026-10-06T18:15:11Z INFO  data_channels_close_by_webrtc_interop] RTC created data channel: test-channel
[INFO] [stderr] [2026-10-06T18:15:11Z INFO  data_channels_close_by_webrtc_interop] RTC created offer
[INFO] [stderr] [2026-10-06T18:15:11Z INFO  rtc::peer_connection::internal] signaling state changed to have-local-offer
[INFO] [stderr] [2026-10-06T18:15:11Z INFO  data_channels_close_by_webrtc_interop] RTC set local description
[INFO] [stderr] [2026-10-06T18:15:11Z INFO  data_channels_close_by_webrtc_interop] Created webrtc peer connection with binding to 127.0.0.1:0
[INFO] [stderr] [2026-10-06T18:15:11Z INFO  rtc::peer_connection::internal] signaling state changed to have-remote-offer
[INFO] [stderr] [2026-10-06T18:15:11Z INFO  rtc_ice::agent] [controlled]: Setting new connection state: Checking
[INFO] [stderr] [2026-10-06T18:15:11Z WARN  rtc_ice::agent] [controlled]: pingAllCandidates called with no candidate pairs. Connection is not possible yet.
[INFO] [stderr] [2026-10-06T18:15:11Z WARN  rtc_dtls::config] conn.remote_addr is empty, please set explicitly server_name in Config! Use default "localhost" as server_name now
[INFO] [stderr] [2026-10-06T18:15:11Z INFO  rtc::peer_connection::internal] peer connection state changed: connecting
[INFO] [stderr] [2026-10-06T18:15:11Z INFO  data_channels_close_by_webrtc_interop] WebRTC set remote description
[INFO] [stderr] [2026-10-06T18:15:11Z INFO  data_channels_close_by_webrtc_interop] WebRTC created answer
[INFO] [stderr] [2026-10-06T18:15:11Z INFO  rtc::peer_connection::internal] signaling state changed to stable
[INFO] [stderr] [2026-10-06T18:15:11Z INFO  data_channels_close_by_webrtc_interop] WebRTC set local description
[INFO] [stderr] [2026-10-06T18:15:11Z INFO  data_channels_close_by_webrtc_interop] WebRTC answer with candidates ready
[INFO] [stderr] [2026-10-06T18:15:11Z INFO  rtc::peer_connection::internal] signaling state changed to stable
[INFO] [stderr] [2026-10-06T18:15:11Z INFO  rtc_ice::agent] [controlling]: Setting new connection state: Checking
[INFO] [stderr] [2026-10-06T18:15:11Z INFO  rtc::peer_connection::internal] peer connection state changed: connecting
[INFO] [stderr] [2026-10-06T18:15:11Z INFO  data_channels_close_by_webrtc_interop] RTC set remote description
[INFO] [stderr] [2026-10-06T18:15:11Z INFO  data_channels_close_by_webrtc_interop] RTC peer connection state: connecting
[INFO] [stderr] [2026-10-06T18:15:11Z INFO  data_channels_close_by_webrtc_interop] RTC ICE connection state: checking
[INFO] [stderr] [2026-10-06T18:15:11Z INFO  rtc_ice::agent] [controlled]: Setting new connection state: Connected
[INFO] [stderr] [2026-10-06T18:15:11Z INFO  rtc_ice::agent] [controlling]: Setting new connection state: Connected
[INFO] [stderr] [2026-10-06T18:15:11Z INFO  data_channels_close_by_webrtc_interop] RTC ICE connection state: connected
[INFO] [stderr] [2026-10-06T18:15:11Z INFO  rtc::peer_connection::internal] peer connection state changed: connected
[INFO] [stderr] [2026-10-06T18:15:11Z INFO  data_channels_close_by_webrtc_interop] RTC peer connection state: connected
[INFO] [stderr] [2026-10-06T18:15:11Z INFO  data_channels_close_by_webrtc_interop] RTC peer connection connected!
[INFO] [stderr] [2026-10-06T18:15:11Z INFO  rtc::peer_connection::internal] peer connection state changed: connected
[INFO] [stderr] [2026-10-06T18:15:12Z INFO  data_channels_close_by_webrtc_interop] WebRTC peer connection connected!
[INFO] [stderr] [2026-10-06T18:15:12Z INFO  data_channels_close_by_webrtc_interop] WebRTC received data channel: test-channel
[INFO] [stderr] [2026-10-06T18:15:12Z INFO  data_channels_close_by_webrtc_interop] WebRTC data channel opened, will send 3 messages
[INFO] [stderr] [2026-10-06T18:15:12Z INFO  data_channels_close_by_webrtc_interop] RTC data channel opened: test-channel (id: 1)
[INFO] [stderr] [2026-10-06T18:15:12Z INFO  data_channels_close_by_webrtc_interop] WebRTC sending: 'Message #1'
[INFO] [stderr] [2026-10-06T18:15:12Z INFO  data_channels_close_by_webrtc_interop] RTC received message on channel 1: 'Message #1'
[INFO] [stderr] [2026-10-06T18:15:13Z INFO  data_channels_close_by_webrtc_interop] WebRTC sending: 'Message #2'
[INFO] [stderr] [2026-10-06T18:15:13Z INFO  data_channels_close_by_webrtc_interop] RTC received message on channel 1: 'Message #2'
[INFO] [stderr] [2026-10-06T18:15:13Z INFO  data_channels_close_by_webrtc_interop] WebRTC sending: 'Message #3'
[INFO] [stderr] [2026-10-06T18:15:13Z INFO  data_channels_close_by_webrtc_interop] RTC received message on channel 1: 'Message #3'
[INFO] [stderr] [2026-10-06T18:15:14Z INFO  data_channels_close_by_webrtc_interop] WebRTC finished sending, closing data channel
[INFO] [stderr] [2026-10-06T18:15:14Z INFO  data_channels_close_by_webrtc_interop] WebRTC data channel closed
[INFO] [stderr] [2026-10-06T18:15:14Z INFO  data_channels_close_by_webrtc_interop] RTC data channel 1 closed
[INFO] [stderr] [2026-10-06T18:15:14Z INFO  data_channels_close_by_webrtc_interop] ✅ Test completed successfully!
[INFO] [stderr] [2026-10-06T18:15:14Z INFO  data_channels_close_by_webrtc_interop]    RTC received 3 messages before close: ["Message #1", "Message #2", "Message #3"]
[INFO] [stderr] [2026-10-06T18:15:14Z INFO  rtc_ice::agent] [controlled]: Setting new connection state: Closed
[INFO] [stderr] [2026-10-06T18:15:14Z INFO  rtc::peer_connection::internal] peer connection state changed: closed
[INFO] [stderr] [2026-10-06T18:15:14Z INFO  rtc_ice::agent] [controlling]: Setting new connection state: Closed
[INFO] [stdout] test test_data_channel_close_by_webrtc_interop ... ok
[INFO] [stderr] [2026-10-06T18:15:14Z INFO  rtc::peer_connection::internal] peer connection state changed: closed
[INFO] [stdout] 
[INFO] [stdout] test result: ok. 1 passed; 0 failed; 0 ignored; 0 measured; 0 filtered out; finished in 2.57s
[INFO] [stdout] 
[INFO] [stderr]      Running tests/data_channels_create_interop.rs (/opt/rustwide/target/debug/deps/data_channels_create_interop-00a986f0aef4f1a2)
[INFO] [stdout] 
[INFO] [stdout] running 1 test
[INFO] [stderr]      Running tests/data_channels_interop.rs (/opt/rustwide/target/debug/deps/data_channels_interop-be498e89bd84ec2d)
[INFO] [stdout] test test_data_channels_create_rtc_to_webrtc ... ok
[INFO] [stdout] 
[INFO] [stdout] test result: ok. 1 passed; 0 failed; 0 ignored; 0 measured; 0 filtered out; finished in 1.05s
[INFO] [stdout] 
[INFO] [stdout] 
[INFO] [stdout] running 1 test
[INFO] [stdout] test test_data_channels_webrtc_to_rtc ... ok
[INFO] [stderr]      Running tests/ice_restart_by_rtc_interop.rs (/opt/rustwide/target/debug/deps/ice_restart_by_rtc_interop-961876fb390dfb3c)
[INFO] [stdout] 
[INFO] [stdout] test result: ok. 1 passed; 0 failed; 0 ignored; 0 measured; 0 filtered out; finished in 1.53s
[INFO] [stdout] 
[INFO] [stdout] 
[INFO] [stdout] running 1 test
[INFO] [stdout] test test_ice_restart_by_rtc_interop ... ok
[INFO] [stdout] 
[INFO] [stdout] test result: ok. 1 passed; 0 failed; 0 ignored; 0 measured; 0 filtered out; finished in 0.94s
[INFO] [stdout] 
[INFO] [stderr]      Running tests/ice_restart_by_webrtc_interop.rs (/opt/rustwide/target/debug/deps/ice_restart_by_webrtc_interop-69a50165d2c69a5d)
[INFO] [stdout] 
[INFO] [stdout] running 1 test
[INFO] [stdout] test test_ice_restart_by_webrtc_interop ... ok
[INFO] [stdout] 
[INFO] [stdout] test result: ok. 1 passed; 0 failed; 0 ignored; 0 measured; 0 filtered out; finished in 1.69s
[INFO] [stdout] 
[INFO] [stderr]      Running tests/ice_test.rs (/opt/rustwide/target/debug/deps/ice_test-a2a3597af90e1cce)
[INFO] [stdout] 
[INFO] [stdout] running 4 tests
[INFO] [stderr] [2026-10-06T18:15:19Z INFO  rtc::peer_connection::internal] signaling state changed to have-local-offer
[INFO] [stderr] [2026-10-06T18:15:19Z INFO  rtc::peer_connection::internal] signaling state changed to have-remote-offer
[INFO] [stderr] [2026-10-06T18:15:19Z TRACE rtc::peer_connection] start_transports: local_ice_role=controlled, remote_dtls_role=auto
[INFO] [stderr] [2026-10-06T18:15:19Z INFO  rtc::peer_connection::internal] signaling state changed to have-local-offer
[INFO] [stderr] [2026-10-06T18:15:19Z INFO  rtc::peer_connection::internal] signaling state changed to have-local-offer
[INFO] [stderr] [2026-10-06T18:15:19Z INFO  rtc::peer_connection::internal] signaling state changed to have-local-offer
[INFO] [stderr] [2026-10-06T18:15:19Z DEBUG webrtc::peer_connection::ice_gatherer] Resolving STUN server: stun.l.google.com:19302
[INFO] [stderr] [2026-10-06T18:15:19Z TRACE webrtc::peer_connection::driver] LocalIceCandidate RTCIceCandidateInit { candidate: "candidate:2693830880 1 udp 2130706431 127.0.0.1 39322 typ host", sdp_mid: Some(""), sdp_mline_index: Some(0), username_fragment: None, url: None }
[INFO] [stderr] [2026-10-06T18:15:19Z TRACE webrtc::peer_connection::driver] LocalIceCandidate RTCIceCandidateInit { candidate: "candidate:291967603 1 udp 2130706431 0.0.0.0 60633 typ host", sdp_mid: Some(""), sdp_mline_index: Some(0), username_fragment: None, url: None }
[INFO] [stderr] [2026-10-06T18:15:19Z TRACE webrtc::peer_connection::driver] LocalIceCandidate RTCIceCandidateInit { candidate: "candidate:2693830880 1 udp 2130706431 127.0.0.1 54332 typ host", sdp_mid: Some(""), sdp_mline_index: Some(0), username_fragment: None, url: None }
[INFO] [stderr] [2026-10-06T18:15:19Z DEBUG rtc_ice::agent] Started agent: isControlling? false, remoteUfrag: ERXJsvgmjOqiJkOL, remotePwd: USxuSRJfZhjaMdVtJThfWtQfnACzAlhV
[INFO] [stderr] [2026-10-06T18:15:19Z INFO  rtc_ice::agent] [controlled]: Setting new connection state: Checking
[INFO] [stderr] [2026-10-06T18:15:19Z WARN  rtc_ice::agent] [controlled]: pingAllCandidates called with no candidate pairs. Connection is not possible yet.
[INFO] [stderr] [2026-10-06T18:15:19Z TRACE webrtc::peer_connection::driver] LocalIceCandidate RTCIceCandidateInit { candidate: "candidate:2693830880 1 udp 2130706431 127.0.0.1 39322 typ host", sdp_mid: Some(""), sdp_mline_index: Some(0), username_fragment: None, url: None }
[INFO] [stderr] [2026-10-06T18:15:19Z WARN  rtc_dtls::config] conn.remote_addr is empty, please set explicitly server_name in Config! Use default "localhost" as server_name now
[INFO] [stdout] test test_restart_ice ... ok
[INFO] [stderr] [2026-10-06T18:15:19Z INFO  rtc::peer_connection::internal] peer connection state changed: connecting
[INFO] [stderr] [2026-10-06T18:15:19Z INFO  rtc::peer_connection::internal] signaling state changed to stable
[INFO] [stdout] test test_automatic_host_candidate_gathering ... ok
[INFO] [stderr] [2026-10-06T18:15:19Z ERROR webrtc::peer_connection::ice_gatherer] Failed to gather stun client: io error: failed to lookup address information: Temporary failure in name resolution
[INFO] [stderr] [2026-10-06T18:15:19Z TRACE webrtc::peer_connection::driver] LocalIceCandidate RTCIceCandidateInit { candidate: "candidate:291967603 1 udp 2130706431 0.0.0.0 56562 typ host", sdp_mid: Some(""), sdp_mline_index: Some(0), username_fragment: None, url: None }
[INFO] [stderr] [2026-10-06T18:15:19Z INFO  rtc::peer_connection::internal] signaling state changed to stable
[INFO] [stderr] [2026-10-06T18:15:19Z TRACE rtc::peer_connection] start_transports: local_ice_role=controlling, remote_dtls_role=client
[INFO] [stderr] [2026-10-06T18:15:19Z DEBUG rtc_ice::agent] Started agent: isControlling? true, remoteUfrag: ptZjWffEGryKhqDi, remotePwd: efMdzqlGjtMANyMTVxDlHqEQViqjMheq
[INFO] [stderr] [2026-10-06T18:15:19Z INFO  rtc_ice::agent] [controlling]: Setting new connection state: Checking
[INFO] [stderr] [2026-10-06T18:15:19Z WARN  rtc_ice::agent] [controlling]: pingAllCandidates called with no candidate pairs. Connection is not possible yet.
[INFO] [stderr] [2026-10-06T18:15:19Z INFO  rtc::peer_connection::internal] peer connection state changed: connecting
[INFO] [stderr] [2026-10-06T18:15:19Z TRACE rtc_ice::agent] [controlling]: pinging all 1 candidates
[INFO] [stderr] [2026-10-06T18:15:19Z TRACE rtc_ice::agent::agent_selector] [controlling]: ping_candidate
[INFO] [stderr] [2026-10-06T18:15:19Z TRACE rtc_ice::agent] [controlling]: ping STUN from udp4 host 127.0.0.1:54332 to udp4 host 192.168.1.100:54321
[INFO] [stdout] test test_add_ice_candidate ... ok
[INFO] [stdout] test test_stun_gathering_with_google_stun ... FAILED
[INFO] [stdout] 
[INFO] [stdout] failures:
[INFO] [stdout] 
[INFO] [stdout] ---- test_stun_gathering_with_google_stun stdout ----
[INFO] [stdout] ⏳ Waiting for ICE candidates...
[INFO] [stdout] ✅ Received Host candidate: 0.0.0.0 (port 56562)
[INFO] [stdout] ICE gathering state: Complete
[INFO] [stdout] ⏳ ICE Gathering Completed!...
[INFO] [stdout] 📊 Gathered 1 candidates: [Host]
[INFO] [stdout] 
[INFO] [stdout] thread 'test_stun_gathering_with_google_stun' (4688) panicked at tests/ice_test.rs:310:9:
[INFO] [stdout] Expected at least 2 candidates (host + srflx), got 1
[INFO] [stdout] stack backtrace:
[INFO] [stdout]    0:     0x5b77f6c3de01 - std[70759c8f55707aa4]::backtrace_rs::backtrace::libunwind::trace
[INFO] [stdout]                                at /rustc/dfb0accb7f508ae8be965d8629557221c889dd98/library/std/src/../../backtrace/src/backtrace/libunwind.rs:117:9
[INFO] [stdout]    1:     0x5b77f6c3de01 - std[70759c8f55707aa4]::backtrace_rs::backtrace::trace_unsynchronized::<std[70759c8f55707aa4]::sys::backtrace::_print_fmt::{closure#1}>
[INFO] [stdout]                                at /rustc/dfb0accb7f508ae8be965d8629557221c889dd98/library/std/src/../../backtrace/src/backtrace/mod.rs:66:14
[INFO] [stdout]    2:     0x5b77f6c3de01 - std[70759c8f55707aa4]::sys::backtrace::_print_fmt
[INFO] [stdout]                                at /rustc/dfb0accb7f508ae8be965d8629557221c889dd98/library/std/src/sys/backtrace.rs:74:9
[INFO] [stdout]    3:     0x5b77f6c3de01 - <<std[70759c8f55707aa4]::sys::backtrace::BacktraceLock>::print::DisplayBacktrace as core[df12db4294e9bfd3]::fmt::Display>::fmt
[INFO] [stdout]                                at /rustc/dfb0accb7f508ae8be965d8629557221c889dd98/library/std/src/sys/backtrace.rs:44:26
[INFO] [stdout]    4:     0x5b77f6c5850a - <core[df12db4294e9bfd3]::fmt::rt::Argument>::fmt
[INFO] [stdout]                                at /rustc/dfb0accb7f508ae8be965d8629557221c889dd98/library/core/src/fmt/rt.rs:152:76
[INFO] [stdout]    5:     0x5b77f6c5850a - core[df12db4294e9bfd3]::fmt::write
[INFO] [stdout]    6:     0x5b77f6c441ac - core[df12db4294e9bfd3]::io::write::default_write_fmt::<alloc[2182bb758b4b3781]::vec::Vec<u8>>
[INFO] [stdout]                                at /rustc/dfb0accb7f508ae8be965d8629557221c889dd98/library/core/src/io/write.rs:402:11
[INFO] [stdout]    7:     0x5b77f6c441ac - <alloc[2182bb758b4b3781]::vec::Vec<u8> as core[df12db4294e9bfd3]::io::write::Write>::write_fmt
[INFO] [stdout]                                at /rustc/dfb0accb7f508ae8be965d8629557221c889dd98/library/core/src/io/write.rs:335:13
[INFO] [stdout]    8:     0x5b77f6c19326 - <std[70759c8f55707aa4]::sys::backtrace::BacktraceLock>::print
[INFO] [stdout]                                at /rustc/dfb0accb7f508ae8be965d8629557221c889dd98/library/std/src/sys/backtrace.rs:47:9
[INFO] [stdout]    9:     0x5b77f6c19326 - std[70759c8f55707aa4]::panicking::default_hook::{closure#0}
[INFO] [stdout]                                at /rustc/dfb0accb7f508ae8be965d8629557221c889dd98/library/std/src/panicking.rs:292:27
[INFO] [stdout]   10:     0x5b77f6c35e19 - std[70759c8f55707aa4]::panicking::default_hook
[INFO] [stdout]                                at /rustc/dfb0accb7f508ae8be965d8629557221c889dd98/library/std/src/panicking.rs:316:9
[INFO] [stdout]   11:     0x5b77f64c7010 - <alloc[2182bb758b4b3781]::boxed::Box<dyn for<'a, 'b> core[df12db4294e9bfd3]::ops::function::Fn<(&'a std[70759c8f55707aa4]::panic::PanicHookInfo<'b>,), Output = ()> + core[df12db4294e9bfd3]::marker::Send + core[df12db4294e9bfd3]::marker::Sync> as core[df12db4294e9bfd3]::ops::function::Fn<(&std[70759c8f55707aa4]::panic::PanicHookInfo,)>>::call
[INFO] [stdout]                                at /rustc/dfb0accb7f508ae8be965d8629557221c889dd98/library/alloc/src/boxed.rs:2334:9
[INFO] [stdout]   12:     0x5b77f64c7010 - test[9d35eded1c95d3be]::test_main_inner::<test[9d35eded1c95d3be]::test_main_static::{closure#0}>::{closure#0}
[INFO] [stdout]                                at /rustc/dfb0accb7f508ae8be965d8629557221c889dd98/library/test/src/lib.rs:155:21
[INFO] [stdout]   13:     0x5b77f6c36142 - <alloc[2182bb758b4b3781]::boxed::Box<dyn for<'a, 'b> core[df12db4294e9bfd3]::ops::function::Fn<(&'a std[70759c8f55707aa4]::panic::PanicHookInfo<'b>,), Output = ()> + core[df12db4294e9bfd3]::marker::Send + core[df12db4294e9bfd3]::marker::Sync> as core[df12db4294e9bfd3]::ops::function::Fn<(&std[70759c8f55707aa4]::panic::PanicHookInfo,)>>::call
[INFO] [stdout]                                at /rustc/dfb0accb7f508ae8be965d8629557221c889dd98/library/alloc/src/boxed.rs:2334:9
[INFO] [stdout]   14:     0x5b77f6c36142 - std[70759c8f55707aa4]::panicking::panic_with_hook
[INFO] [stdout]                                at /rustc/dfb0accb7f508ae8be965d8629557221c889dd98/library/std/src/panicking.rs:823:13
[INFO] [stdout]   15:     0x5b77f6c193d2 - std[70759c8f55707aa4]::panicking::panic_handler::{closure#0}
[INFO] [stdout]                                at /rustc/dfb0accb7f508ae8be965d8629557221c889dd98/library/std/src/panicking.rs:688:13
[INFO] [stdout]   16:     0x5b77f6c12079 - std[70759c8f55707aa4]::sys::backtrace::__rust_end_short_backtrace::<std[70759c8f55707aa4]::panicking::panic_handler::{closure#0}, !>
[INFO] [stdout]                                at /rustc/dfb0accb7f508ae8be965d8629557221c889dd98/library/std/src/sys/backtrace.rs:182:18
[INFO] [stdout]   17:     0x5b77f6c1a1bd - __rustc[8fa7c3cbc660c2b3]::rust_begin_unwind
[INFO] [stdout]                                at /rustc/dfb0accb7f508ae8be965d8629557221c889dd98/library/std/src/panicking.rs:679:5
[INFO] [stdout]   18:     0x5b77f6c58ddc - core[df12db4294e9bfd3]::panicking::panic_fmt
[INFO] [stdout]                                at /rustc/dfb0accb7f508ae8be965d8629557221c889dd98/library/core/src/panicking.rs:80:14
[INFO] [stdout]   19:     0x5b77f624f11a - ice_test[aa93e92c2f83fb76]::test_stun_gathering_with_google_stun::{closure#0}
[INFO] [stdout]                                at /opt/rustwide/workdir/tests/ice_test.rs:310:9
[INFO] [stdout]   20:     0x5b77f621b5cd - <core[df12db4294e9bfd3]::pin::Pin<alloc[2182bb758b4b3781]::boxed::Box<ice_test[aa93e92c2f83fb76]::test_stun_gathering_with_google_stun::{closure#0}>> as core[df12db4294e9bfd3]::future::future::Future>::poll
[INFO] [stdout]                                at /rustc/dfb0accb7f508ae8be965d8629557221c889dd98/library/core/src/future/future.rs:133:9
[INFO] [stdout]   21:     0x5b77f6219bad - <tokio[3ea6c89ef5c3472a]::runtime::park::CachedParkThread>::block_on::<core[df12db4294e9bfd3]::pin::Pin<alloc[2182bb758b4b3781]::boxed::Box<ice_test[aa93e92c2f83fb76]::test_stun_gathering_with_google_stun::{closure#0}>>>::{closure#0}
[INFO] [stdout]                                at /opt/rustwide/cargo-home/registry/src/index.crates.io-1949cf8c6b5b557f/tokio-1.53.1/src/runtime/park.rs:284:71
[INFO] [stdout]   22:     0x5b77f621624e - tokio[3ea6c89ef5c3472a]::task::coop::with_budget::<core[df12db4294e9bfd3]::task::poll::Poll<()>, <tokio[3ea6c89ef5c3472a]::runtime::park::CachedParkThread>::block_on<core[df12db4294e9bfd3]::pin::Pin<alloc[2182bb758b4b3781]::boxed::Box<ice_test[aa93e92c2f83fb76]::test_stun_gathering_with_google_stun::{closure#0}>>>::{closure#0}>
[INFO] [stdout]                                at /opt/rustwide/cargo-home/registry/src/index.crates.io-1949cf8c6b5b557f/tokio-1.53.1/src/task/coop/mod.rs:167:5
[INFO] [stdout]   23:     0x5b77f621624e - tokio[3ea6c89ef5c3472a]::task::coop::budget::<core[df12db4294e9bfd3]::task::poll::Poll<()>, <tokio[3ea6c89ef5c3472a]::runtime::park::CachedParkThread>::block_on<core[df12db4294e9bfd3]::pin::Pin<alloc[2182bb758b4b3781]::boxed::Box<ice_test[aa93e92c2f83fb76]::test_stun_gathering_with_google_stun::{closure#0}>>>::{closure#0}>
[INFO] [stdout]                                at /opt/rustwide/cargo-home/registry/src/index.crates.io-1949cf8c6b5b557f/tokio-1.53.1/src/task/coop/mod.rs:133:5
[INFO] [stdout]   24:     0x5b77f621624e - <tokio[3ea6c89ef5c3472a]::runtime::park::CachedParkThread>::block_on::<core[df12db4294e9bfd3]::pin::Pin<alloc[2182bb758b4b3781]::boxed::Box<ice_test[aa93e92c2f83fb76]::test_stun_gathering_with_google_stun::{closure#0}>>>
[INFO] [stdout]                                at /opt/rustwide/cargo-home/registry/src/index.crates.io-1949cf8c6b5b557f/tokio-1.53.1/src/runtime/park.rs:284:31
[INFO] [stdout]   25:     0x5b77f6223f20 - <tokio[3ea6c89ef5c3472a]::runtime::context::blocking::BlockingRegionGuard>::block_on::<core[df12db4294e9bfd3]::pin::Pin<alloc[2182bb758b4b3781]::boxed::Box<ice_test[aa93e92c2f83fb76]::test_stun_gathering_with_google_stun::{closure#0}>>>
[INFO] [stdout]                                at /opt/rustwide/cargo-home/registry/src/index.crates.io-1949cf8c6b5b557f/tokio-1.53.1/src/runtime/context/blocking.rs:66:14
[INFO] [stdout]   26:     0x5b77f61e516e - <tokio[3ea6c89ef5c3472a]::runtime::scheduler::multi_thread::MultiThread>::block_on::<core[df12db4294e9bfd3]::pin::Pin<alloc[2182bb758b4b3781]::boxed::Box<ice_test[aa93e92c2f83fb76]::test_stun_gathering_with_google_stun::{closure#0}>>>::{closure#0}
[INFO] [stdout]                                at /opt/rustwide/cargo-home/registry/src/index.crates.io-1949cf8c6b5b557f/tokio-1.53.1/src/runtime/scheduler/multi_thread/mod.rs:92:22
[INFO] [stdout]   27:     0x5b77f61f602e - tokio[3ea6c89ef5c3472a]::runtime::context::runtime::enter_runtime::<<tokio[3ea6c89ef5c3472a]::runtime::scheduler::multi_thread::MultiThread>::block_on<core[df12db4294e9bfd3]::pin::Pin<alloc[2182bb758b4b3781]::boxed::Box<ice_test[aa93e92c2f83fb76]::test_stun_gathering_with_google_stun::{closure#0}>>>::{closure#0}, ()>
[INFO] [stdout]                                at /opt/rustwide/cargo-home/registry/src/index.crates.io-1949cf8c6b5b557f/tokio-1.53.1/src/runtime/context/runtime.rs:65:16
[INFO] [stdout]   28:     0x5b77f61e4b81 - <tokio[3ea6c89ef5c3472a]::runtime::scheduler::multi_thread::MultiThread>::block_on::<core[df12db4294e9bfd3]::pin::Pin<alloc[2182bb758b4b3781]::boxed::Box<ice_test[aa93e92c2f83fb76]::test_stun_gathering_with_google_stun::{closure#0}>>>
[INFO] [stdout]                                at /opt/rustwide/cargo-home/registry/src/index.crates.io-1949cf8c6b5b557f/tokio-1.53.1/src/runtime/scheduler/multi_thread/mod.rs:91:9
[INFO] [stdout]   29:     0x5b77f6247ea7 - <tokio[3ea6c89ef5c3472a]::runtime::runtime::Runtime>::block_on_inner::<core[df12db4294e9bfd3]::pin::Pin<alloc[2182bb758b4b3781]::boxed::Box<ice_test[aa93e92c2f83fb76]::test_stun_gathering_with_google_stun::{closure#0}>>>
[INFO] [stdout]                                at /opt/rustwide/cargo-home/registry/src/index.crates.io-1949cf8c6b5b557f/tokio-1.53.1/src/runtime/runtime.rs:376:50
[INFO] [stdout]   30:     0x5b77f6248f08 - <tokio[3ea6c89ef5c3472a]::runtime::runtime::Runtime>::block_on::<ice_test[aa93e92c2f83fb76]::test_stun_gathering_with_google_stun::{closure#0}>
[INFO] [stdout]                                at /opt/rustwide/cargo-home/registry/src/index.crates.io-1949cf8c6b5b557f/tokio-1.53.1/src/runtime/runtime.rs:341:18
[INFO] [stdout]   31:     0x5b77f62054ac - webrtc[617918e4dd9102e0]::runtime::tokio::block_on::<ice_test[aa93e92c2f83fb76]::test_stun_gathering_with_google_stun::{closure#0}>
[INFO] [stdout]                                at /opt/rustwide/workdir/src/runtime/tokio.rs:327:10
[INFO] [stdout]   32:     0x5b77f6251495 - ice_test[aa93e92c2f83fb76]::test_stun_gathering_with_google_stun
[INFO] [stdout]                                at /opt/rustwide/workdir/tests/ice_test.rs:250:5
[INFO] [stdout]   33:     0x5b77f6249b87 - ice_test[aa93e92c2f83fb76]::test_stun_gathering_with_google_stun::{closure#0}
[INFO] [stdout]                                at /opt/rustwide/workdir/tests/ice_test.rs:249:42
[INFO] [stdout]   34:     0x5b77f61a7ec6 - <ice_test[aa93e92c2f83fb76]::test_stun_gathering_with_google_stun::{closure#0} as core[df12db4294e9bfd3]::ops::function::FnOnce<()>>::call_once
[INFO] [stdout]                                at /rustc/dfb0accb7f508ae8be965d8629557221c889dd98/library/core/src/ops/function.rs:250:5
[INFO] [stdout]   35:     0x5b77f64ba2fb - <fn() -> core[df12db4294e9bfd3]::result::Result<(), alloc[2182bb758b4b3781]::string::String> as core[df12db4294e9bfd3]::ops::function::FnOnce<()>>::call_once
[INFO] [stdout]                                at /rustc/dfb0accb7f508ae8be965d8629557221c889dd98/library/core/src/ops/function.rs:250:5
[INFO] [stdout]   36:     0x5b77f64ba2fb - test[9d35eded1c95d3be]::__rust_begin_short_backtrace::<core[df12db4294e9bfd3]::result::Result<(), alloc[2182bb758b4b3781]::string::String>, fn() -> core[df12db4294e9bfd3]::result::Result<(), alloc[2182bb758b4b3781]::string::String>>
[INFO] [stdout]                                at /rustc/dfb0accb7f508ae8be965d8629557221c889dd98/library/test/src/lib.rs:733:18
[INFO] [stdout]   37:     0x5b77f64c7965 - test[9d35eded1c95d3be]::run_test_in_process::{closure#0}
[INFO] [stdout]                                at /rustc/dfb0accb7f508ae8be965d8629557221c889dd98/library/test/src/lib.rs:756:74
[INFO] [stdout]   38:     0x5b77f64c7965 - <core[df12db4294e9bfd3]::panic::unwind_safe::AssertUnwindSafe<test[9d35eded1c95d3be]::run_test_in_process::{closure#0}> as core[df12db4294e9bfd3]::ops::function::FnOnce<()>>::call_once
[INFO] [stdout]                                at /rustc/dfb0accb7f508ae8be965d8629557221c889dd98/library/core/src/panic/unwind_safe.rs:275:9
[INFO] [stdout]   39:     0x5b77f64c7965 - std[70759c8f55707aa4]::panicking::catch_unwind::do_call::<core[df12db4294e9bfd3]::panic::unwind_safe::AssertUnwindSafe<test[9d35eded1c95d3be]::run_test_in_process::{closure#0}>, core[df12db4294e9bfd3]::result::Result<(), alloc[2182bb758b4b3781]::string::String>>
[INFO] [stdout]                                at /rustc/dfb0accb7f508ae8be965d8629557221c889dd98/library/std/src/panicking.rs:576:43
[INFO] [stdout]   40:     0x5b77f64c7965 - std[70759c8f55707aa4]::panicking::catch_unwind::<core[df12db4294e9bfd3]::result::Result<(), alloc[2182bb758b4b3781]::string::String>, core[df12db4294e9bfd3]::panic::unwind_safe::AssertUnwindSafe<test[9d35eded1c95d3be]::run_test_in_process::{closure#0}>>
[INFO] [stdout]                                at /rustc/dfb0accb7f508ae8be965d8629557221c889dd98/library/std/src/panicking.rs:544:19
[INFO] [stdout]   41:     0x5b77f64c7965 - std[70759c8f55707aa4]::panic::catch_unwind::<core[df12db4294e9bfd3]::panic::unwind_safe::AssertUnwindSafe<test[9d35eded1c95d3be]::run_test_in_process::{closure#0}>, core[df12db4294e9bfd3]::result::Result<(), alloc[2182bb758b4b3781]::string::String>>
[INFO] [stdout]                                at /rustc/dfb0accb7f508ae8be965d8629557221c889dd98/library/std/src/panic.rs:359:14
[INFO] [stdout]   42:     0x5b77f64c7965 - test[9d35eded1c95d3be]::run_test_in_process
[INFO] [stdout]                                at /rustc/dfb0accb7f508ae8be965d8629557221c889dd98/library/test/src/lib.rs:756:27
[INFO] [stdout]   43:     0x5b77f64c7965 - test[9d35eded1c95d3be]::run_test::{closure#0}
[INFO] [stdout]                                at /rustc/dfb0accb7f508ae8be965d8629557221c889dd98/library/test/src/lib.rs:677:43
[INFO] [stdout]   44:     0x5b77f64c1224 - test[9d35eded1c95d3be]::run_test::{closure#1}
[INFO] [stdout]                                at /rustc/dfb0accb7f508ae8be965d8629557221c889dd98/library/test/src/lib.rs:707:41
[INFO] [stdout]   45:     0x5b77f64c1224 - std[70759c8f55707aa4]::sys::backtrace::__rust_begin_short_backtrace::<test[9d35eded1c95d3be]::run_test::{closure#1}, ()>
[INFO] [stdout]                                at /rustc/dfb0accb7f508ae8be965d8629557221c889dd98/library/std/src/sys/backtrace.rs:166:18
[INFO] [stdout]   46:     0x5b77f64caac2 - std[70759c8f55707aa4]::thread::lifecycle::spawn_unchecked::<test[9d35eded1c95d3be]::run_test::{closure#1}, ()>::{closure#1}::{closure#0}
[INFO] [stdout]                                at /rustc/dfb0accb7f508ae8be965d8629557221c889dd98/library/std/src/thread/lifecycle.rs:70:13
[INFO] [stdout]   47:     0x5b77f64caac2 - <core[df12db4294e9bfd3]::panic::unwind_safe::AssertUnwindSafe<std[70759c8f55707aa4]::thread::lifecycle::spawn_unchecked<test[9d35eded1c95d3be]::run_test::{closure#1}, ()>::{closure#1}::{closure#0}> as core[df12db4294e9bfd3]::ops::function::FnOnce<()>>::call_once
[INFO] [stdout]                                at /rustc/dfb0accb7f508ae8be965d8629557221c889dd98/library/core/src/panic/unwind_safe.rs:275:9
[INFO] [stdout]   48:     0x5b77f64caac2 - std[70759c8f55707aa4]::panicking::catch_unwind::do_call::<core[df12db4294e9bfd3]::panic::unwind_safe::AssertUnwindSafe<std[70759c8f55707aa4]::thread::lifecycle::spawn_unchecked<test[9d35eded1c95d3be]::run_test::{closure#1}, ()>::{closure#1}::{closure#0}>, ()>
[INFO] [stdout]                                at /rustc/dfb0accb7f508ae8be965d8629557221c889dd98/library/std/src/panicking.rs:576:43
[INFO] [stdout]   49:     0x5b77f64caac2 - std[70759c8f55707aa4]::panicking::catch_unwind::<(), core[df12db4294e9bfd3]::panic::unwind_safe::AssertUnwindSafe<std[70759c8f55707aa4]::thread::lifecycle::spawn_unchecked<test[9d35eded1c95d3be]::run_test::{closure#1}, ()>::{closure#1}::{closure#0}>>
[INFO] [stdout]                                at /rustc/dfb0accb7f508ae8be965d8629557221c889dd98/library/std/src/panicking.rs:544:19
[INFO] [stdout]   50:     0x5b77f64caac2 - std[70759c8f55707aa4]::panic::catch_unwind::<core[df12db4294e9bfd3]::panic::unwind_safe::AssertUnwindSafe<std[70759c8f55707aa4]::thread::lifecycle::spawn_unchecked<test[9d35eded1c95d3be]::run_test::{closure#1}, ()>::{closure#1}::{closure#0}>, ()>
[INFO] [stdout]                                at /rustc/dfb0accb7f508ae8be965d8629557221c889dd98/library/std/src/panic.rs:359:14
[INFO] [stdout]   51:     0x5b77f64caac2 - std[70759c8f55707aa4]::thread::lifecycle::spawn_unchecked::<test[9d35eded1c95d3be]::run_test::{closure#1}, ()>::{closure#1}
[INFO] [stdout]                                at /rustc/dfb0accb7f508ae8be965d8629557221c889dd98/library/std/src/thread/lifecycle.rs:68:26
[INFO] [stdout]   52:     0x5b77f64caac2 - <std[70759c8f55707aa4]::thread::lifecycle::spawn_unchecked<test[9d35eded1c95d3be]::run_test::{closure#1}, ()>::{closure#1} as core[df12db4294e9bfd3]::ops::function::FnOnce<()>>::call_once::{shim:vtable#0}
[INFO] [stdout]                                at /rustc/dfb0accb7f508ae8be965d8629557221c889dd98/library/core/src/ops/function.rs:250:5
[INFO] [stdout]   53:     0x5b77f6c3d1e9 - <alloc[2182bb758b4b3781]::boxed::Box<dyn core[df12db4294e9bfd3]::ops::function::FnOnce<(), Output = ()> + core[df12db4294e9bfd3]::marker::Send> as core[df12db4294e9bfd3]::ops::function::FnOnce<()>>::call_once
[INFO] [stdout]                                at /rustc/dfb0accb7f508ae8be965d8629557221c889dd98/library/alloc/src/boxed.rs:2320:9
[INFO] [stdout]   54:     0x5b77f6c3d1e9 - <std[70759c8f55707aa4]::sys::thread::unix::Thread>::new::thread_start
[INFO] [stdout]                                at /rustc/dfb0accb7f508ae8be965d8629557221c889dd98/library/std/src/sys/thread/unix.rs:123:17
[INFO] [stdout]   55:     0x73f3c0e0fdfa - <unknown>
[INFO] [stdout]   56:     0x73f3c0ea33d4 - clone
[INFO] [stdout]   57:                0x0 - <unknown>
[INFO] [stdout] 
[INFO] [stdout] 
[INFO] [stdout] failures:
[INFO] [stdout]     test_stun_gathering_with_google_stun
[INFO] [stdout] 
[INFO] [stdout] test result: FAILED. 3 passed; 1 failed; 0 ignored; 0 measured; 0 filtered out; finished in 0.43s
[INFO] [stdout] 
[INFO] [stderr] error: test failed, to rerun pass `--test ice_test`
[INFO] running `Command { std: "docker" "inspect" "0bca41a17c93d0368e3d94d9dd273ef2e41fac12e2d3685e4f0c1dfc67f111f6", kill_on_drop: false }`
[INFO] running `Command { std: "docker" "rm" "-f" "0bca41a17c93d0368e3d94d9dd273ef2e41fac12e2d3685e4f0c1dfc67f111f6", kill_on_drop: false }`
[INFO] [stdout] 0bca41a17c93d0368e3d94d9dd273ef2e41fac12e2d3685e4f0c1dfc67f111f6
