[INFO] fetching crate readcon-core 0.16.1...
[INFO] testing readcon-core-0.16.1 against 1.99.0-beta.8 for beta-1.100-2
[INFO] extracting crate readcon-core 0.16.1 into /workspace/builds/worker-4-tc1/source
[INFO] removed /workspace/builds/worker-4-tc1/source/.cargo/config.toml
[INFO] started tweaking crates.io crate readcon-core 0.16.1
[INFO] removed 0 missing examples
[INFO] removed 0 missing tests
[INFO] finished tweaking crates.io crate readcon-core 0.16.1
[INFO] tweaked toml for crates.io crate readcon-core 0.16.1 written to /workspace/builds/worker-4-tc1/source/Cargo.toml
[INFO] validating manifest of crates.io crate readcon-core 0.16.1 on toolchain 1.99.0-beta.8
[INFO] running `Command { std: CARGO_HOME="/workspace/cargo-home" RUSTUP_HOME="/workspace/rustup-home" "/workspace/cargo-home/bin/cargo" "+1.99.0-beta.8" "metadata" "--manifest-path" "Cargo.toml" "--no-deps", kill_on_drop: false }`
[INFO] crate crates.io crate readcon-core 0.16.1 already has a lockfile, it will not be regenerated
[INFO] running `Command { std: CARGO_HOME="/workspace/cargo-home" RUSTUP_HOME="/workspace/rustup-home" "/workspace/cargo-home/bin/cargo" "+1.99.0-beta.8" "fetch" "--manifest-path" "Cargo.toml", kill_on_drop: false }`
[INFO] [stderr]     Updating crates.io index
[INFO] [stderr]  Downloading crates ...
[INFO] [stderr]   Downloaded pyo3-macros v0.28.2
[INFO] [stderr]   Downloaded foldhash v0.2.0
[INFO] [stderr]   Downloaded cc v1.2.62
[INFO] [stderr]   Downloaded proc-macro2-diagnostics v0.10.1
[INFO] [stderr]   Downloaded heck v0.4.1
[INFO] [stderr]   Downloaded uuid-simd v0.8.0
[INFO] [stderr]   Downloaded borrow-or-share v0.2.4
[INFO] [stderr]   Downloaded plotters-svg v0.3.7
[INFO] [stderr]   Downloaded plotters-backend v0.3.7
[INFO] [stderr]   Downloaded ouroboros v0.18.5
[INFO] [stderr]   Downloaded outref v0.5.2
[INFO] [stderr]   Downloaded jsonschema-regex v0.46.10
[INFO] [stderr]   Downloaded num-cmp v0.1.0
[INFO] [stderr]   Downloaded aliasable v0.1.3
[INFO] [stderr]   Downloaded half v1.8.3
[INFO] [stderr]   Downloaded ucd-trie v0.1.7
[INFO] [stderr]   Downloaded vsimd v0.8.0
[INFO] [stderr]   Downloaded email_address v0.2.9
[INFO] [stderr]   Downloaded simd-adler32 v0.3.8
[INFO] [stderr]   Downloaded ciborium-ll v0.2.2
[INFO] [stderr]   Downloaded ciborium-io v0.2.2
[INFO] [stderr]   Downloaded cog v0.1.0
[INFO] [stderr]   Downloaded target-lexicon v0.13.5
[INFO] [stderr]   Downloaded pest_derive v2.8.7
[INFO] [stderr]   Downloaded pest_generator v2.8.7
[INFO] [stderr]   Downloaded which v8.0.2
[INFO] [stderr]   Downloaded bytecount v0.6.9
[INFO] [stderr]   Downloaded capnp-futures v0.20.1
[INFO] [stderr]   Downloaded pyo3-build-config v0.28.2
[INFO] [stderr]   Downloaded pest_meta v2.8.7
[INFO] [stderr]   Downloaded dlpk v0.3.0
[INFO] [stderr]   Downloaded ouroboros_macro v0.18.5
[INFO] [stderr]   Downloaded memmap2 v0.9.10
[INFO] [stderr]   Downloaded unicode-general-category v1.1.0
[INFO] [stderr]   Downloaded smallvec v1.15.2
[INFO] [stderr]   Downloaded dlpk v0.1.5
[INFO] [stderr]   Downloaded ciborium v0.2.2
[INFO] [stderr]   Downloaded chemfiles v0.10.41
[INFO] [stderr]   Downloaded capnpc v0.20.1
[INFO] [stderr]   Downloaded pyo3-macros-backend v0.28.2
[INFO] [stderr]   Downloaded portable-atomic-util v0.2.7
[INFO] [stderr]   Downloaded metatensor v0.3.0-rc2
[INFO] [stderr]   Downloaded yansi v1.0.1
[INFO] [stderr]   Downloaded referencing v0.46.10
[INFO] [stderr]   Downloaded fluent-uri v0.4.1
[INFO] [stderr]   Downloaded fast-float2 v0.2.3
[INFO] [stderr]   Downloaded half v2.7.1
[INFO] [stderr]   Downloaded rustc-serialize v0.3.25
[INFO] [stderr]   Downloaded pyo3-ffi v0.28.2
[INFO] [stderr]   Downloaded numpy v0.28.0
[INFO] [stderr]   Downloaded micromap v0.3.0
[INFO] [stderr]   Downloaded zerocopy-derive v0.8.42
[INFO] [stderr]   Downloaded capnp-rpc v0.20.3
[INFO] [stderr]   Downloaded pest v2.8.7
[INFO] [stderr]   Downloaded metatensor-sys v0.2.0-rc4
[INFO] [stderr]   Downloaded fraction v0.15.4
[INFO] [stderr]   Downloaded criterion v0.6.0
[INFO] [stderr]   Downloaded capnp v0.20.6
[INFO] [stderr]   Downloaded fancy-regex v0.18.0
[INFO] [stderr]   Downloaded plotters v0.3.7
[INFO] [stderr]   Downloaded ndarray v0.17.2
[INFO] [stderr]   Downloaded jsonschema v0.46.10
[INFO] [stderr]   Downloaded zerocopy v0.8.42
[INFO] [stderr]   Downloaded pyo3 v0.28.2
[INFO] [stderr]   Downloaded cudarc v0.13.9
[INFO] [stderr]   Downloaded chemfiles-sys v0.10.41
[INFO] running `Command { std: "docker" "create" "-v" "/var/lib/crater-agent-workspace/builds/worker-4-tc1/source:/opt/rustwide/workdir:ro,Z" "-v" "/var/lib/crater-agent-workspace/builds/worker-4-tc1/target:/opt/rustwide/target:rw,Z" "-v" "/var/lib/crater-agent-workspace/cargo-home:/opt/rustwide/cargo-home:ro,Z" "-v" "/var/lib/crater-agent-workspace/rustup-home:/opt/rustwide/rustup-home:ro,Z" "-m" "1610612736" "--network" "none" "ghcr.io/rust-lang/crates-build-env/linux@sha256:3111399a4047eeb3a02b7a90e478d715f38a8c6669b5c4b49d30a17385265909" "sleep" "infinity", kill_on_drop: false }`
[INFO] [stdout] 96ef508938a60adad46db40fa0452c8da672aba3cc370c9268ece818b5f3d07e
[INFO] running `Command { std: "docker" "start" "96ef508938a60adad46db40fa0452c8da672aba3cc370c9268ece818b5f3d07e", kill_on_drop: false }`
[INFO] running `Command { std: "docker" "inspect" "96ef508938a60adad46db40fa0452c8da672aba3cc370c9268ece818b5f3d07e", kill_on_drop: false }`
[INFO] running `Command { std: "docker" "exec" "-e" "SOURCE_DIR=/opt/rustwide/workdir" "-e" "CARGO_HOME=/opt/rustwide/cargo-home" "-e" "RUSTUP_HOME=/opt/rustwide/rustup-home" "-e" "CARGO_TARGET_DIR=/opt/rustwide/target" "-w" "/opt/rustwide/workdir" "--user" "0:0" "96ef508938a60adad46db40fa0452c8da672aba3cc370c9268ece818b5f3d07e" "/opt/rustwide/cargo-home/bin/cargo" "+1.99.0-beta.8" "metadata" "--no-deps" "--format-version=1", kill_on_drop: false }`
[INFO] running `Command { std: "docker" "inspect" "96ef508938a60adad46db40fa0452c8da672aba3cc370c9268ece818b5f3d07e", kill_on_drop: false }`
[INFO] running `Command { std: "docker" "exec" "-e" "SOURCE_DIR=/opt/rustwide/workdir" "-e" "CARGO_HOME=/opt/rustwide/cargo-home" "-e" "RUSTUP_HOME=/opt/rustwide/rustup-home" "-e" "CARGO_TARGET_DIR=/opt/rustwide/target" "-e" "CARGO_INCREMENTAL=0" "-e" "RUST_BACKTRACE=full" "-e" "RUSTFLAGS=--cap-lints=warn" "-e" "RUSTDOCFLAGS=--cap-lints=warn" "-w" "/opt/rustwide/workdir" "--user" "0:0" "96ef508938a60adad46db40fa0452c8da672aba3cc370c9268ece818b5f3d07e" "/opt/rustwide/cargo-home/bin/cargo" "+1.99.0-beta.8" "build" "--frozen" "--message-format=json", kill_on_drop: false }`
[INFO] [stderr]    Compiling num-traits v0.2.19
[INFO] [stderr]    Compiling matrixmultiply v0.3.10
[INFO] [stderr]    Compiling serde_core v1.0.228
[INFO] [stderr]    Compiling rawpointer v0.2.1
[INFO] [stderr]    Compiling libc v0.2.183
[INFO] [stderr]    Compiling crc32fast v1.5.0
[INFO] [stderr]    Compiling zmij v1.0.21
[INFO] [stderr]    Compiling serde_json v1.0.149
[INFO] [stderr]    Compiling simd-adler32 v0.3.8
[INFO] [stderr]    Compiling memchr v2.8.0
[INFO] [stderr]    Compiling itoa v1.0.17
[INFO] [stderr]    Compiling half v1.8.3
[INFO] [stderr]    Compiling readcon-core v0.16.1 (/opt/rustwide/workdir)
[INFO] [stderr]    Compiling fast-float2 v0.2.3
[INFO] [stderr]    Compiling miniz_oxide v0.8.9
[INFO] [stderr]    Compiling flate2 v1.1.9
[INFO] [stderr]    Compiling num-complex v0.4.6
[INFO] [stderr]    Compiling num-integer v0.1.46
[INFO] [stderr]    Compiling ndarray v0.17.2
[INFO] [stderr]    Compiling memmap2 v0.9.10
[INFO] [stderr]    Compiling dlpk v0.1.5
[INFO] [stdout] warning: type `mts_block_t` should have an upper camel case name
[INFO] [stdout]     --> src/ffi.rs:3725:12
[INFO] [stdout]      |
[INFO] [stdout] 3725 | pub struct mts_block_t {
[INFO] [stdout]      |            ^^^^^^^^^^^ help: convert the identifier to upper camel case: `MtsBlockT`
[INFO] [stdout]      |
[INFO] [stdout]      = note: `#[warn(non_camel_case_types)]` (part of `#[warn(nonstandard_style)]`) on by default
[INFO] [stdout] 
[INFO] [stdout] 
[INFO] [stderr]     Finished `dev` profile [unoptimized + debuginfo] target(s) in 11.67s
[INFO] running `Command { std: "docker" "inspect" "96ef508938a60adad46db40fa0452c8da672aba3cc370c9268ece818b5f3d07e", kill_on_drop: false }`
[INFO] running `Command { std: "docker" "exec" "-e" "SOURCE_DIR=/opt/rustwide/workdir" "-e" "CARGO_HOME=/opt/rustwide/cargo-home" "-e" "RUSTUP_HOME=/opt/rustwide/rustup-home" "-e" "CARGO_TARGET_DIR=/opt/rustwide/target" "-e" "CARGO_INCREMENTAL=0" "-e" "RUST_BACKTRACE=full" "-e" "RUSTFLAGS=--cap-lints=warn" "-e" "RUSTDOCFLAGS=--cap-lints=warn" "-w" "/opt/rustwide/workdir" "--user" "0:0" "96ef508938a60adad46db40fa0452c8da672aba3cc370c9268ece818b5f3d07e" "/opt/rustwide/cargo-home/bin/cargo" "+1.99.0-beta.8" "test" "--frozen" "--no-run" "--message-format=json", kill_on_drop: false }`
[INFO] [stderr]    Compiling proc-macro2 v1.0.106
[INFO] [stderr]    Compiling quote v1.0.45
[INFO] [stderr]    Compiling stable_deref_trait v1.2.1
[INFO] [stderr]    Compiling serde v1.0.228
[INFO] [stderr]    Compiling zerocopy v0.8.42
[INFO] [stderr]    Compiling litemap v0.8.2
[INFO] [stderr]    Compiling crossbeam-utils v0.8.21
[INFO] [stderr]    Compiling num-traits v0.2.19
[INFO] [stderr]    Compiling writeable v0.6.3
[INFO] [stderr]    Compiling smallvec v1.15.2
[INFO] [stderr]    Compiling icu_normalizer_data v2.2.0
[INFO] [stderr]    Compiling icu_properties_data v2.2.0
[INFO] [stderr]    Compiling utf8_iter v1.0.4
[INFO] [stderr]    Compiling serde_json v1.0.149
[INFO] [stderr]    Compiling regex-syntax v0.8.10
[INFO] [stderr]    Compiling aho-corasick v1.1.4
[INFO] [stderr]    Compiling ahash v0.8.12
[INFO] [stderr]    Compiling once_cell v1.21.4
[INFO] [stderr]    Compiling rayon-core v1.13.0
[INFO] [stderr]    Compiling ucd-trie v0.1.7
[INFO] [stderr]    Compiling parking_lot_core v0.9.12
[INFO] [stderr]    Compiling getrandom v0.3.4
[INFO] [stderr]    Compiling pest v2.8.7
[INFO] [stderr]    Compiling unicode-general-category v1.1.0
[INFO] [stderr]    Compiling clap_lex v1.1.0
[INFO] [stderr]    Compiling borrow-or-share v0.2.4
[INFO] [stderr]    Compiling plotters-backend v0.3.7
[INFO] [stderr]    Compiling bit-vec v0.8.0
[INFO] [stderr]    Compiling anstyle v1.0.14
[INFO] [stderr]    Compiling ciborium-io v0.2.2
[INFO] [stderr]    Compiling rustix v1.1.4
[INFO] [stderr]    Compiling foldhash v0.2.0
[INFO] [stderr]    Compiling getrandom v0.4.2
[INFO] [stderr]    Compiling parking_lot v0.12.5
[INFO] [stderr]    Compiling itertools v0.10.5
[INFO] [stderr]    Compiling hashbrown v0.16.1
[INFO] [stderr]    Compiling clap_builder v4.6.0
[INFO] [stderr]    Compiling vsimd v0.8.0
[INFO] [stderr]    Compiling bit-set v0.8.0
[INFO] [stderr]    Compiling plotters-svg v0.3.7
[INFO] [stderr]    Compiling outref v0.5.2
[INFO] [stderr]    Compiling percent-encoding v2.3.2
[INFO] [stderr]    Compiling crossbeam-epoch v0.9.18
[INFO] [stderr]    Compiling bitflags v2.11.0
[INFO] [stderr]    Compiling same-file v1.0.6
[INFO] [stderr]    Compiling linux-raw-sys v0.12.1
[INFO] [stderr]    Compiling micromap v0.3.0
[INFO] [stderr]    Compiling cast v0.3.0
[INFO] [stderr]    Compiling uuid-simd v0.8.0
[INFO] [stderr]    Compiling num-integer v0.1.46
[INFO] [stderr]    Compiling num-complex v0.4.6
[INFO] [stderr]    Compiling crossbeam-deque v0.8.6
[INFO] [stderr]    Compiling plotters v0.3.7
[INFO] [stderr]    Compiling walkdir v2.5.0
[INFO] [stderr]    Compiling syn v2.0.117
[INFO] [stderr]    Compiling pest_meta v2.8.7
[INFO] [stderr]    Compiling itertools v0.13.0
[INFO] [stderr]    Compiling bytecount v0.6.9
[INFO] [stderr]    Compiling num-bigint v0.4.8
[INFO] [stderr]    Compiling num-iter v0.1.45
[INFO] [stderr]    Compiling oorandom v11.1.5
[INFO] [stderr]    Compiling fastrand v2.3.0
[INFO] [stderr]    Compiling anes v0.1.6
[INFO] [stderr]    Compiling ndarray v0.17.2
[INFO] [stderr]    Compiling criterion-plot v0.5.0
[INFO] [stderr]    Compiling data-encoding v2.11.0
[INFO] [stderr]    Compiling rayon v1.11.0
[INFO] [stderr]    Compiling rustc-serialize v0.3.25
[INFO] [stderr]    Compiling num-cmp v0.1.0
[INFO] [stderr]    Compiling regex-automata v0.4.14
[INFO] [stderr]    Compiling clap v4.6.0
[INFO] [stderr]    Compiling jsonschema-regex v0.46.10
[INFO] [stderr]    Compiling tempfile v3.27.0
[INFO] [stderr]    Compiling num-rational v0.4.2
[INFO] [stderr]    Compiling num v0.4.3
[INFO] [stderr]    Compiling fraction v0.15.4
[INFO] [stderr]    Compiling cog v0.1.0
[INFO] [stderr]    Compiling synstructure v0.13.2
[INFO] [stderr]    Compiling pest_generator v2.8.7
[INFO] [stderr]    Compiling dlpk v0.1.5
[INFO] [stderr]    Compiling regex v1.12.3
[INFO] [stderr]    Compiling fancy-regex v0.18.0
[INFO] [stderr]    Compiling readcon-core v0.16.1 (/opt/rustwide/workdir)
[INFO] [stderr]    Compiling zerofrom-derive v0.1.7
[INFO] [stderr]    Compiling yoke-derive v0.8.2
[INFO] [stderr]    Compiling zerovec-derive v0.11.3
[INFO] [stderr]    Compiling displaydoc v0.2.6
[INFO] [stderr]    Compiling serde_derive v1.0.228
[INFO] [stderr]    Compiling zerocopy-derive v0.8.42
[INFO] [stderr]    Compiling ref-cast-impl v1.0.25
[INFO] [stderr]    Compiling pest_derive v2.8.7
[INFO] [stdout] warning: type `mts_block_t` should have an upper camel case name
[INFO] [stdout]     --> src/ffi.rs:3725:12
[INFO] [stdout]      |
[INFO] [stdout] 3725 | pub struct mts_block_t {
[INFO] [stdout]      |            ^^^^^^^^^^^ help: convert the identifier to upper camel case: `MtsBlockT`
[INFO] [stdout]      |
[INFO] [stdout]      = note: `#[warn(non_camel_case_types)]` (part of `#[warn(nonstandard_style)]`) on by default
[INFO] [stdout] 
[INFO] [stdout] 
[INFO] [stderr]    Compiling ref-cast v1.0.25
[INFO] [stderr]    Compiling zerofrom v0.1.8
[INFO] [stderr]    Compiling yoke v0.8.3
[INFO] [stderr]    Compiling zerovec v0.11.6
[INFO] [stderr]    Compiling zerotrie v0.2.4
[INFO] [stderr]    Compiling tinystr v0.8.3
[INFO] [stderr]    Compiling potential_utf v0.1.5
[INFO] [stderr]    Compiling icu_locale_core v2.2.0
[INFO] [stderr]    Compiling icu_collections v2.2.0
[INFO] [stderr]    Compiling icu_provider v2.2.0
[INFO] [stderr]    Compiling icu_normalizer v2.2.0
[INFO] [stderr]    Compiling icu_properties v2.2.0
[INFO] [stderr]    Compiling fluent-uri v0.4.1
[INFO] [stderr]    Compiling tinytemplate v1.2.1
[INFO] [stderr]    Compiling email_address v0.2.9
[INFO] [stderr]    Compiling idna_adapter v1.2.2
[INFO] [stderr]    Compiling idna v1.1.0
[INFO] [stderr]    Compiling half v2.7.1
[INFO] [stderr]    Compiling referencing v0.46.10
[INFO] [stderr]    Compiling ciborium-ll v0.2.2
[INFO] [stderr]    Compiling ciborium v0.2.2
[INFO] [stderr]    Compiling criterion v0.6.0
[INFO] [stderr]    Compiling jsonschema v0.46.10
[INFO] [stdout] warning: variable does not need to be mutable
[INFO] [stdout]    --> examples/cachegrind_harness.rs:158:9
[INFO] [stdout]     |
[INFO] [stdout] 158 |     let mut s = core_scenarios();
[INFO] [stdout]     |         ----^
[INFO] [stdout]     |         |
[INFO] [stdout]     |         help: remove this `mut`
[INFO] [stdout]     |
[INFO] [stdout]     = note: `#[warn(unused_mut)]` (part of `#[warn(unused)]`) on by default
[INFO] [stdout] 
[INFO] [stdout] 
[INFO] [stdout] warning: unnecessary `unsafe` block
[INFO] [stdout]    --> tests/ffi_builder_bulk.rs:455:18
[INFO] [stdout]     |
[INFO] [stdout] 430 |     unsafe {
[INFO] [stdout]     |     ------ because it's nested under this `unsafe` block
[INFO] [stdout] ...
[INFO] [stdout] 455 |         assert!((unsafe { *xyz } - buf[0]).abs() < 1e-15);
[INFO] [stdout]     |                  ^^^^^^ unnecessary `unsafe` block
[INFO] [stdout]     |
[INFO] [stdout]     = note: `#[warn(unused_unsafe)]` (part of `#[warn(unused)]`) on by default
[INFO] [stdout] 
[INFO] [stdout] 
[INFO] [stdout] warning: type `mts_block_t` should have an upper camel case name
[INFO] [stdout]     --> src/ffi.rs:3725:12
[INFO] [stdout]      |
[INFO] [stdout] 3725 | pub struct mts_block_t {
[INFO] [stdout]      |            ^^^^^^^^^^^ help: convert the identifier to upper camel case: `MtsBlockT`
[INFO] [stdout]      |
[INFO] [stdout]      = note: `#[warn(non_camel_case_types)]` (part of `#[warn(nonstandard_style)]`) on by default
[INFO] [stdout] 
[INFO] [stdout] 
[INFO] [stderr]     Finished `test` profile [unoptimized + debuginfo] target(s) in 43.71s
[INFO] running `Command { std: "docker" "inspect" "96ef508938a60adad46db40fa0452c8da672aba3cc370c9268ece818b5f3d07e", kill_on_drop: false }`
[INFO] running `Command { std: "docker" "exec" "-e" "SOURCE_DIR=/opt/rustwide/workdir" "-e" "CARGO_HOME=/opt/rustwide/cargo-home" "-e" "RUSTUP_HOME=/opt/rustwide/rustup-home" "-e" "CARGO_TARGET_DIR=/opt/rustwide/target" "-e" "CARGO_INCREMENTAL=0" "-e" "RUST_BACKTRACE=full" "-e" "RUSTFLAGS=--cap-lints=warn" "-e" "RUSTDOCFLAGS=--cap-lints=warn" "-w" "/opt/rustwide/workdir" "--user" "0:0" "96ef508938a60adad46db40fa0452c8da672aba3cc370c9268ece818b5f3d07e" "/opt/rustwide/cargo-home/bin/cargo" "+1.99.0-beta.8" "test" "--frozen", kill_on_drop: false }`
[INFO] [stderr] warning: type `mts_block_t` should have an upper camel case name
[INFO] [stderr]     --> src/ffi.rs:3725:12
[INFO] [stderr]      |
[INFO] [stderr] 3725 | pub struct mts_block_t {
[INFO] [stderr]      |            ^^^^^^^^^^^ help: convert the identifier to upper camel case: `MtsBlockT`
[INFO] [stderr]      |
[INFO] [stderr]      = note: `#[warn(non_camel_case_types)]` (part of `#[warn(nonstandard_style)]`) on by default
[INFO] [stderr] 
[INFO] [stderr] warning: `readcon-core` (lib) generated 1 warning
[INFO] [stderr] warning: variable does not need to be mutable
[INFO] [stderr]    --> examples/cachegrind_harness.rs:158:9
[INFO] [stderr]     |
[INFO] [stderr] 158 |     let mut s = core_scenarios();
[INFO] [stderr]     |         ----^
[INFO] [stderr]     |         |
[INFO] [stderr]     |         help: remove this `mut`
[INFO] [stderr]     |
[INFO] [stderr]     = note: `#[warn(unused_mut)]` (part of `#[warn(unused)]`) on by default
[INFO] [stderr] 
[INFO] [stderr] warning: `readcon-core` (example "cachegrind_harness") generated 1 warning (run `cargo fix --example "cachegrind_harness" -p readcon-core` to apply 1 suggestion)
[INFO] [stderr] warning: `readcon-core` (lib test) generated 1 warning (1 duplicate)
[INFO] [stderr] warning: unnecessary `unsafe` block
[INFO] [stderr]    --> tests/ffi_builder_bulk.rs:455:18
[INFO] [stderr]     |
[INFO] [stderr] 430 |     unsafe {
[INFO] [stderr]     |     ------ because it's nested under this `unsafe` block
[INFO] [stderr] ...
[INFO] [stderr] 455 |         assert!((unsafe { *xyz } - buf[0]).abs() < 1e-15);
[INFO] [stderr]     |                  ^^^^^^ unnecessary `unsafe` block
[INFO] [stderr]     |
[INFO] [stderr]     = note: `#[warn(unused_unsafe)]` (part of `#[warn(unused)]`) on by default
[INFO] [stderr] 
[INFO] [stderr] warning: `readcon-core` (test "ffi_builder_bulk") generated 1 warning
[INFO] [stderr]     Finished `test` profile [unoptimized + debuginfo] target(s) in 0.38s
[INFO] [stdout] 
[INFO] [stdout] running 161 tests
[INFO] [stderr]      Running unittests src/lib.rs (/opt/rustwide/target/debug/deps/readcon_core-0b38b6f0beda5683)
[INFO] [stdout] test array::tests::cuda_tagged_preserves_device_and_matching_as_dlpack ... ok
[INFO] [stdout] test array::tests::cpu_tagged_path_unchanged ... ok
[INFO] [stdout] test convert::tests::path_looks_like_con_suffixes ... ok
[INFO] [stdout] test chemfiles_selection::stub_tests::selection_stub_is_feature_disabled ... ok
[INFO] [stdout] test array::tests::allocate_non_cpu_fails_clearly ... ok
[INFO] [stdout] test array::tests::array_from_shape_reports_shape_and_dtype ... ok
[INFO] [stdout] test chemfiles_import::stub_tests::trajectory_path_stub_is_feature_disabled ... ok
[INFO] [stdout] test chemfiles_import::stub_tests::chemfiles_internal_units_are_angstrom_ps ... ok
[INFO] [stdout] test convert::tests::convert_native_con_roundtrip ... ok
[INFO] [stdout] test ffi::tests::builder_bool_fixed_functions_set_all_axes_together ... ok
[INFO] [stdout] test ffi::tests::ffi_velocities_dlpack_section_absent ... ok
[INFO] [stdout] test ffi::tests::builder_preserves_fixed_mask_for_atom_with_forces ... ok
[INFO] [stdout] test ffi::tests::builder_preserves_fixed_mask_for_atom_with_velocity ... ok
[INFO] [stdout] test ffi::tests::builder_preserves_fixed_mask_for_atom_without_velocity_or_forces ... ok
[INFO] [stdout] test ffi::tests::ffi_dlpack_null_handle_rejects ... ok
[INFO] [stdout] test array::tests::array_copy_shares_storage_via_arc ... ok
[INFO] [stdout] test ffi::tests::file_iterator_reads_gzip_when_present ... ok
[INFO] [stdout] test chemfiles_import::stub_tests::chemfiles_enabled_matches_feature ... ok
[INFO] [stdout] test array::tests::array_dlpack_export_round_trip ... ok
[INFO] [stdout] test ffi::index_proj_ffi_tests::ffi_projection_matches_index_proj ... ok
[INFO] [stdout] test ffi::tests::read_all_frames_c_abi_tiny ... ok
[INFO] [stdout] test ffi::tests::header_line_rejects_null_buffer ... ok
[INFO] [stdout] test convert::tests::convert_xyz_fails_without_chemfiles ... ok
[INFO] [stdout] test ffi::tests::pack_rcso_size_query_then_dest ... ok
[INFO] [stdout] test ffi::index_proj_ffi_tests::ffi_canonical_writer_byte_identical ... ok
[INFO] [stdout] test ffi::tests::header_line_truncates_and_terminates_buffer ... ok
[INFO] [stdout] test ffi::tests::status_message_returns_static_strings_for_all_status_values ... ok
[INFO] [stdout] test ffi::tests::builder_preserves_fixed_mask_for_atom_with_velocity_and_forces ... ok
[INFO] [stdout] test helpers::tests::hydrogen_isotopes_map_to_z_one ... ok
[INFO] [stdout] test ffi::tests::ffi_positions_dlpack_round_trip ... ok
[INFO] [stdout] test helpers::tests::known_round_trip ... ok
[INFO] [stdout] test helpers::tests::unknown_z_returns_x ... ok
[INFO] [stdout] test index_proj::tests::canonical_writer_deterministic ... ok
[INFO] [stdout] test helpers::tests::unknown_symbol_returns_zero ... ok
[INFO] [stdout] test ffi::tests::frame_optional_section_dlpack_present_and_absent ... ok
[INFO] [stdout] test index_proj::tests::projection_from_fixture ... ok
[INFO] [stdout] test ffi::tests::free_rkr_frame_ptr_array_keeps_frames ... ok
[INFO] [stdout] test ffi::tests::read_all_frames_n_threads_matches_auto ... ok
[INFO] [stdout] test parser::tests::test_bonds_metadata_round_trip_in_header ... ok
[INFO] [stdout] test index_proj::tests::finite_energy_rejects_nan ... ok
[INFO] [stdout] test index_proj::tests::projection_matches_iterator_frame_fields ... ok
[INFO] [stdout] test ffi::tests::string_iterator_yields_frames_from_buffer ... ok
[INFO] [stdout] test parser::tests::test_column_4_value_1_is_all_fixed_on_spec_1 ... ok
[INFO] [stdout] test index_proj::tests::formula_canonical_order ... ok
[INFO] [stdout] test index_proj::tests::skip_spans_seek_second_frame ... ok
[INFO] [stdout] test parser::tests::test_non_finite_cell_geometry_rejected_in_strict_mode ... ok
[INFO] [stdout] test parser::tests::test_parse_frame_header_malformed_json ... ok
[INFO] [stdout] test parser::tests::test_byte_scan_stack_parses_realistic_coord_line ... ok
[INFO] [stdout] test index_proj::tests::span_preserving_concat ... ok
[INFO] [stdout] test parser::tests::test_parse_frame_header_missing_line ... ok
[INFO] [stdout] test iterators::aos_soa_agreement_tests::iterator_vel_forces_soa_matches_aos ... ok
[INFO] [stdout] test parser::tests::test_declared_section_must_be_present ... ok
[INFO] [stdout] test parser::tests::test_parse_line_of_n_invalid_float ... ok
[INFO] [stdout] test parser::tests::test_parse_all_four_column_lines ... ok
[INFO] [stdout] test iterators::aos_soa_agreement_tests::sync_skips_pos_when_nrows_matches_keeps_force_soa ... ok
[INFO] [stdout] test parser::tests::test_parse_line_of_n_too_short ... ok
[INFO] [stdout] test parser::tests::test_parse_frame_header_invalid_natms_per_type ... ok
[INFO] [stdout] test parser::tests::test_parse_frame_header_success ... ok
[INFO] [stdout] test parser::tests::test_parse_line_of_n_too_long ... ok
[INFO] [stdout] test parser::tests::test_parse_line_of_range_f64_exact ... ok
[INFO] [stdout] test parser::tests::test_parse_frame_header_unsupported_version ... ok
[INFO] [stdout] test parser::tests::test_parse_line_of_n_success ... ok
[INFO] [stdout] test parser::tests::test_parse_single_frame_success ... ok
[INFO] [stdout] test parser::tests::test_parse_frame_header_extra_metadata_preserved ... ok
[INFO] [stdout] test parser::tests::test_parse_single_frame_missing_atom_index_defaults_sequential ... ok
[INFO] [stdout] test parser::tests::test_parse_single_frame_missing_line ... ok
[INFO] [stdout] test parser::tests::test_parse_velocity_section_present ... ok
[INFO] [stdout] test parser::tests::test_column_4_value_1_is_x_only_on_spec_2 ... ok
[INFO] [stdout] test parser::tests::test_sections_must_be_string_array_when_present ... ok
[INFO] [stdout] test parser::tests::test_parse_line_of_range_f64_stack_matches_vec_api ... ok
[INFO] [stdout] test parser::tests::test_parse_frame_header_legacy_no_json ... ok
[INFO] [stdout] test parser::tests::test_parse_line_of_range_f64_too_few ... ok
[INFO] [stdout] test parser::tests::test_parse_single_frame_too_few_columns_fails ... ok
[INFO] [stdout] test parser::tests::test_v3_valid_units_exposes_length_energy ... ok
[INFO] [stdout] test parser::tests::test_parse_velocity_section_absent ... ok
[INFO] [stdout] test parser::tests::test_validate_true_rejects_malformed_bonds ... ok
[INFO] [stdout] test parser::tests::test_parse_line_of_range_f64_too_many ... ok
[INFO] [stdout] test parser::tests::test_v3_invalid_units_rejected ... ok
[INFO] [stdout] test parser::tests::test_validate_true_rejects_non_exact_coordinate_label ... ok
[INFO] [stdout] test parser::tests::test_validate_true_rejects_reserved_metadata_type_mismatch ... ok
[INFO] [stdout] test parser::tests::test_validate_true_rejects_section_atom_id_mismatch ... ok
[INFO] [stdout] test parser::tests::test_validate_true_rejects_non_physical_cell_geometry ... ok
[INFO] [stdout] test parser::tests::test_v3_missing_units_rejected ... ok
[INFO] [stdout] test parser::tests::test_parse_frame_header_missing_spec_version ... ok
[INFO] [stdout] test parser::tests::test_validate_absent_allows_legacy_duplicate_identity_mismatch ... ok
[INFO] [stdout] test parser::tests::test_validate_true_rejects_section_symbol_mismatch ... ok
[INFO] [stdout] test parser::tests::test_validate_true_rejects_unknown_component_symbol ... ok
[INFO] [stdout] test parser::tests::test_parse_line_of_range_f64_padded ... ok
[INFO] [stdout] test parser::tests::test_validate_true_requires_sections_key ... ok
[INFO] [stdout] test rcso::tests::forces_fixture_keeps_force_block ... ok
[INFO] [stdout] test rcso::tests::rcsb_batch_holds_two_blobs ... ok
[INFO] [stdout] test rcso::tests::rejects_bad_magic ... ok
[INFO] [stdout] test rcso::tests::rejects_truncated_and_bad_fields ... ok
[INFO] [stdout] test rcso::tests::v2_minimal_roundtrip_positions ... ok
[INFO] [stdout] test rcso::tests::velocities_fixture_keeps_velocity_block ... ok
[INFO] [stdout] test storage_dtype::tests::accept_complex_and_float16_strings ... ok
[INFO] [stdout] test storage_dtype::tests::all_hosted_kinds_allocate_1d_and_dlpack ... ok
[INFO] [stdout] test storage_dtype::tests::all_hosted_kinds_allocate_2d_and_dlpack ... ok
[INFO] [stdout] test storage_dtype::tests::reject_bfloat_and_float8 ... ok
[INFO] [stdout] test parser::tests::test_validate_must_be_boolean_when_present ... ok
[INFO] [stdout] test parser::tests::test_validate_true_accepts_matching_section_identity ... ok
[INFO] [stdout] test storage_dtype::tests::storage_dtypes_json_int32_positions ... ok
[INFO] [stdout] test tests::test_spec_version_is_current ... ok
[INFO] [stdout] test parser::tests::test_validate_true_rejects_non_integer_coordinate_identity_columns ... ok
[INFO] [stdout] test storage_dtype::tests::id_array_all_integer_kinds ... ok
[INFO] [stdout] test types::tests::allocate_all_float_fields_as_f32 ... ok
[INFO] [stdout] test types::tests::bonds_absent_vs_empty_array_are_both_no_topology ... ok
[INFO] [stdout] test types::tests::builder_atom_count_tracks_pushes ... ok
[INFO] [stdout] test types::tests::builder_bulk_set_positions_from_flat ... ok
[INFO] [stdout] test types::tests::builder_set_atom_id_overrides_sequential_default ... ok
[INFO] [stdout] test tests::test_version_matches_cargo ... ok
[INFO] [stdout] test types::tests::builder_bulk_set_forces_and_energies_from_flat ... ok
[INFO] [stdout] test types::tests::builder_clear_atom_velocity_zeros_slot_keeps_section ... ok
[INFO] [stdout] test types::tests::builder_bulk_set_positions_wrong_length_errors ... ok
[INFO] [stdout] test types::tests::dlpack_atom_ids_dtype_is_uint64 ... ok
[INFO] [stdout] test types::tests::builder_index_out_of_bounds_is_loud ... ok
[INFO] [stdout] test types::tests::dlpack_positions_shape_dtype_device ... ok
[INFO] [stdout] test types::tests::builder_round_trip_after_bulk_mutation ... ok
[INFO] [stdout] test types::tests::builder_set_atom_fixed_and_mass ... ok
[INFO] [stdout] test types::tests::dlpack_velocities_absent_returns_none ... ok
[INFO] [stdout] test types::tests::builder_set_atom_id_out_of_bounds_is_loud ... ok
[INFO] [stdout] test types::tests::dlpack_velocities_present_after_declaration ... ok
[INFO] [stdout] test types::tests::clone_shares_storage_until_cow ... ok
[INFO] [stdout] test types::tests::frame_positions_as_dlpack_cuda_rejected_without_feature ... ok
[INFO] [stdout] test types::tests::project_positions_to_float32_storage_and_as_dlpack ... ok
[INFO] [stdout] test types::tests::test_builder_set_metadata_json ... ok
[INFO] [stdout] test types::tests::builder_set_atom_position_in_place ... ok
[INFO] [stdout] test types::tests::test_builder_set_metadata_json_rejects_bad_lattice ... ok
[INFO] [stdout] test types::tests::test_builder_set_metadata_json_rejects_bad_pbc ... ok
[INFO] [stdout] test types::tests::builder_set_atom_velocity_force_energy ... ok
[INFO] [stdout] test types::tests::positions_view_mut_writes_back_with_arc_cow ... ok
[INFO] [stdout] test types::tests::dlpack_masses_shape_and_values ... ok
[INFO] [stdout] test types::tests::test_atom_id_index_handles_non_sequential_ids ... ok
[INFO] [stdout] test types::tests::test_builder_basic ... ok
[INFO] [stdout] test types::tests::test_builder_groups_atoms_by_symbol ... ok
[INFO] [stdout] test types::tests::test_builder_typed_metadata_setters ... ok
[INFO] [stdout] test types::tests::test_builder_with_headers ... ok
[INFO] [stdout] test types::tests::test_build_mass_mismatch_h_vs_d_same_symbol ... ok
[INFO] [stdout] test types::tests::test_build_with_permutation_mixed_cu_h ... ok
[INFO] [stdout] test types::tests::test_x_only_is_one_under_spec_2 ... ok
[INFO] [stdout] test types::tests::test_metadata_helpers_trajectory ... ok
[INFO] [stdout] test index_proj::tests::symbol_histogram_nonempty ... ok
[INFO] [stdout] test ffi::tests::header_line_rejects_empty_buffer ... ok
[INFO] [stdout] test types::tests::test_metadata_helpers_units ... ok
[INFO] [stdout] test units::tests::angstrom_to_nm ... ok
[INFO] [stdout] test ffi::tests::frame_copy_positions_without_cframe ... ok
[INFO] [stdout] test types::tests::writer_emits_units_for_v3_frame_without_units_key ... ok
[INFO] [stdout] test units::tests::v3_units_require_length_energy ... ok
[INFO] [stdout] test types::tests::test_builder_with_velocities ... ok
[INFO] [stdout] test types::tests::test_metadata_helpers_energy ... ok
[INFO] [stdout] test types::tests::test_metadata_helpers_lattice_vectors ... ok
[INFO] [stdout] test types::tests::test_metadata_helpers_pbc ... ok
[INFO] [stdout] test types::tests::test_metadata_helpers_potential ... ok
[INFO] [stdout] test units::tests::canonicalize_aliases ... ok
[INFO] [stdout] test units::tests::ev_to_kcal_per_mol_is_metatomic ... ok
[INFO] [stdout] test units::tests::dimensional_mismatch ... ok
[INFO] [stdout] test units::tests::ev_to_mev ... ok
[INFO] [stdout] test units::tests::validate_length_energy ... ok
[INFO] [stdout] test writer::float_format_tests::matches_std_fixed_precision ... ok
[INFO] [stdout] test types::tests::typed_units_and_conversion_on_built_frame ... ok
[INFO] [stdout] test chemfiles_selection::stub_tests::multi_frame_selection_stub_is_feature_disabled ... ok
[INFO] [stdout] 
[INFO] [stdout] test result: ok. 161 passed; 0 failed; 0 ignored; 0 measured; 0 filtered out; finished in 0.05s
[INFO] [stdout] 
[INFO] [stderr]      Running unittests src/main.rs (/opt/rustwide/target/debug/deps/readcon_core-c2b6cebf878ddd96)
[INFO] [stdout] 
[INFO] [stdout] running 0 tests
[INFO] [stdout] 
[INFO] [stdout] test result: ok. 0 passed; 0 failed; 0 ignored; 0 measured; 0 filtered out; finished in 0.00s
[INFO] [stdout] 
[INFO] [stderr]      Running tests/ci_gates.rs (/opt/rustwide/target/debug/deps/ci_gates-2ce74b31c38aba52)
[INFO] [stdout] 
[INFO] [stdout] running 5 tests
[INFO] [stdout] OK: release.yml uses: lines are not mutable tags
[INFO] [stdout] OK: rpc feature has no UCX dependency
[INFO] [stdout] test rpc_feature_has_no_ucx_dependency ... OK: ci_docs.yml workflow-scope has no pages: write
[INFO] [stdout] ok
[INFO] [stdout] OK: Cargo.toml 0.20
[INFO] [stderr] ERROR: pyproject.toml does not contain version 0.20 (pattern version = "0.20")
[INFO] [stdout] OK: release.yml uses: refs are 40-char SHAs
[INFO] [stderr] ERROR: pyproject.chemfiles.toml does not contain version 0.20 (pattern version = "0.20")
[INFO] [stdout] OK: ci_docs.yml workflow-scope has no id-token: write
[INFO] [stdout] OK: ci_docs.yml deploy job has pages: write
[INFO] [stderr] ERROR: pyproject.toml does not contain version 0.20 (pattern readcon-chemfiles==0.20)
[INFO] [stdout] OK: ci_docs.yml deploy job has id-token: write
[INFO] [stdout] OK: ci_docs.yml deploy restricted to main
[INFO] [stderr] ERROR: meson.build does not contain version 0.20 (pattern version: '0.20')
[INFO] [stderr] ERROR: pixi.toml does not contain version 0.20 (pattern version = "0.20")
[INFO] [stdout] OK: coverage.yml workflow-scope has no id-token: write
[INFO] [stdout] OK: release.yml does not pipe curl into sh
[INFO] [stderr] ERROR: julia/ReadCon/Project.toml does not contain version 0.20 (pattern ^version = "0.20")
[INFO] [stderr] ERROR: fortran/ReadCon/fpm.toml does not contain version 0.20 (pattern ^version = "0.20")
[INFO] [stdout] OK: release.yml does not use matrix.install_dist.run
[INFO] [stderr] ERROR: CITATION.cff does not contain version 0.20 (pattern ^version: 0.20$)
[INFO] [stdout] OK: coverage.yml still grants id-token: write somewhere
[INFO] [stdout] OK: release.yml installs cargo-dist via the pinned script
[INFO] [stdout] OK: release.yml checksum-verifies downloaded installers
[INFO] [stderr] ERROR: codemeta.json does not contain version 0.20 (pattern "version": "0.20")
[INFO] [stdout] OK: coverage.yml OIDC is on an upload job
[INFO] [stdout] OK: docs do not teach cargo-dist-installer.sh
[INFO] [stderr] ERROR: wrap directory 'readcon-core-cxx-0.16.1' is not readcon-core-cxx-0.20
[INFO] [stdout] OK: wrap source_hash is a 64-char sha256
[INFO] [stderr] ERROR: wrap source_url 'https://github.com/lode-org/readcon-core/releases/download/v0.16.1/readcon-core-cxx-0.16.1.tar.gz' is not https://github.com/lode-org/readcon-core/releases/download/v0.20/readcon-core-cxx-0.20.tar.gz
[INFO] [stdout] OK: rustup-init pins default toolchain 1.88
[INFO] [stderr] ERROR: wrap source_filename 'readcon-core-cxx-0.16.1.tar.gz' is not readcon-core-cxx-0.20.tar.gz
[INFO] [stdout] check_release_pins: all checks passed
[INFO] [stdout] test release_workflow_pins_actions_and_verifies_installers ... ok
[INFO] [stderr] ERROR: .zenodo.json does not contain version 0.20 (pattern "version": "0.20")
[INFO] [stdout] OK: coverage.yml OIDC job is push/main gated
[INFO] [stdout] check_ci_permissions: all checks passed
[INFO] [stdout] test ci_docs_and_coverage_keep_oidc_off_pr_jobs ... ok
[INFO] [stderr] ERROR: docs/source/conf.py does not contain version 0.20 (pattern release = "0.20")
[INFO] [stderr] check_version_lockstep: FAILED
[INFO] [stdout] test language_package_versions_match_cargo ... FAILED
[INFO] [stderr] curl: (6) Could not resolve host: github.com
[INFO] [stdout] OK: GitHub Release .sha256 not published yet (tag tarball)
[INFO] [stderr] ERROR: packaging/wrapdb/readcon-core.wrap does not match wrap.in + Cargo.toml + source_hash
[INFO] [stdout] OK: docs/source/getting-started.rst documents SHA256=94df61bccfe2518a95b76041cf9042ef9f331d781ca400de2bfef5c070e1309a
[INFO] [stderr] ERROR: docs/source/getting-started.rst does not name readcon-core-cxx-0.20.tar.gz
[INFO] [stdout] OK: docs/source/bindings.rst documents SHA256=94df61bccfe2518a95b76041cf9042ef9f331d781ca400de2bfef5c070e1309a
[INFO] [stderr] ERROR: docs/source/bindings.rst does not name readcon-core-cxx-0.20.tar.gz
[INFO] [stdout] OK: docs/orgmode/getting-started.org documents SHA256=94df61bccfe2518a95b76041cf9042ef9f331d781ca400de2bfef5c070e1309a
[INFO] [stderr] ERROR: docs/orgmode/getting-started.org does not name readcon-core-cxx-0.20.tar.gz
[INFO] [stdout] OK: docs/orgmode/bindings.org documents SHA256=94df61bccfe2518a95b76041cf9042ef9f331d781ca400de2bfef5c070e1309a
[INFO] [stderr] ERROR: docs/orgmode/bindings.org does not name readcon-core-cxx-0.20.tar.gz
[INFO] [stderr] check_wrap_hash: FAILED
[INFO] [stdout] test wrap_source_hash_matches_published_cxx_tarball ... FAILED
[INFO] [stdout] 
[INFO] [stdout] failures:
[INFO] [stdout] 
[INFO] [stdout] ---- language_package_versions_match_cargo stdout ----
[INFO] [stdout] 
[INFO] [stdout] thread 'language_package_versions_match_cargo' (2967) panicked at tests/ci_gates.rs:19:5:
[INFO] [stdout] scripts/check_version_lockstep.sh failed (exit Some(1))
[INFO] [stdout] stack backtrace:
[INFO] [stdout]    0:     0x6154f41e4f71 - std[70759c8f55707aa4]::backtrace_rs::backtrace::libunwind::trace
[INFO] [stdout]                                at /rustc/dfb0accb7f508ae8be965d8629557221c889dd98/library/std/src/../../backtrace/src/backtrace/libunwind.rs:117:9
[INFO] [stdout]    1:     0x6154f41e4f71 - std[70759c8f55707aa4]::backtrace_rs::backtrace::trace_unsynchronized::<std[70759c8f55707aa4]::sys::backtrace::_print_fmt::{closure#1}>
[INFO] [stdout]                                at /rustc/dfb0accb7f508ae8be965d8629557221c889dd98/library/std/src/../../backtrace/src/backtrace/mod.rs:66:14
[INFO] [stdout]    2:     0x6154f41e4f71 - std[70759c8f55707aa4]::sys::backtrace::_print_fmt
[INFO] [stdout]                                at /rustc/dfb0accb7f508ae8be965d8629557221c889dd98/library/std/src/sys/backtrace.rs:74:9
[INFO] [stdout]    3:     0x6154f41e4f71 - <<std[70759c8f55707aa4]::sys::backtrace::BacktraceLock>::print::DisplayBacktrace as core[df12db4294e9bfd3]::fmt::Display>::fmt
[INFO] [stdout]                                at /rustc/dfb0accb7f508ae8be965d8629557221c889dd98/library/std/src/sys/backtrace.rs:44:26
[INFO] [stdout]    4:     0x6154f41f917a - <core[df12db4294e9bfd3]::fmt::rt::Argument>::fmt
[INFO] [stdout]                                at /rustc/dfb0accb7f508ae8be965d8629557221c889dd98/library/core/src/fmt/rt.rs:152:76
[INFO] [stdout]    5:     0x6154f41f917a - core[df12db4294e9bfd3]::fmt::write
[INFO] [stdout]    6:     0x6154f41e942c - core[df12db4294e9bfd3]::io::write::default_write_fmt::<alloc[2182bb758b4b3781]::vec::Vec<u8>>
[INFO] [stdout]                                at /rustc/dfb0accb7f508ae8be965d8629557221c889dd98/library/core/src/io/write.rs:402:11
[INFO] [stdout]    7:     0x6154f41e942c - <alloc[2182bb758b4b3781]::vec::Vec<u8> as core[df12db4294e9bfd3]::io::write::Write>::write_fmt
[INFO] [stdout]                                at /rustc/dfb0accb7f508ae8be965d8629557221c889dd98/library/core/src/io/write.rs:335:13
[INFO] [stdout]    8:     0x6154f41c1066 - <std[70759c8f55707aa4]::sys::backtrace::BacktraceLock>::print
[INFO] [stdout]                                at /rustc/dfb0accb7f508ae8be965d8629557221c889dd98/library/std/src/sys/backtrace.rs:47:9
[INFO] [stdout]    9:     0x6154f41c1066 - std[70759c8f55707aa4]::panicking::default_hook::{closure#0}
[INFO] [stdout]                                at /rustc/dfb0accb7f508ae8be965d8629557221c889dd98/library/std/src/panicking.rs:292:27
[INFO] [stdout]   10:     0x6154f41dd6d9 - std[70759c8f55707aa4]::panicking::default_hook
[INFO] [stdout]                                at /rustc/dfb0accb7f508ae8be965d8629557221c889dd98/library/std/src/panicking.rs:316:9
[INFO] [stdout]   11:     0x6154f4179610 - <alloc[2182bb758b4b3781]::boxed::Box<dyn for<'a, 'b> core[df12db4294e9bfd3]::ops::function::Fn<(&'a std[70759c8f55707aa4]::panic::PanicHookInfo<'b>,), Output = ()> + core[df12db4294e9bfd3]::marker::Send + core[df12db4294e9bfd3]::marker::Sync> as core[df12db4294e9bfd3]::ops::function::Fn<(&std[70759c8f55707aa4]::panic::PanicHookInfo,)>>::call
[INFO] [stdout]                                at /rustc/dfb0accb7f508ae8be965d8629557221c889dd98/library/alloc/src/boxed.rs:2334:9
[INFO] [stdout]   12:     0x6154f4179610 - test[9d35eded1c95d3be]::test_main_inner::<test[9d35eded1c95d3be]::test_main_static::{closure#0}>::{closure#0}
[INFO] [stdout]                                at /rustc/dfb0accb7f508ae8be965d8629557221c889dd98/library/test/src/lib.rs:155:21
[INFO] [stdout]   13:     0x6154f41dd892 - <alloc[2182bb758b4b3781]::boxed::Box<dyn for<'a, 'b> core[df12db4294e9bfd3]::ops::function::Fn<(&'a std[70759c8f55707aa4]::panic::PanicHookInfo<'b>,), Output = ()> + core[df12db4294e9bfd3]::marker::Send + core[df12db4294e9bfd3]::marker::Sync> as core[df12db4294e9bfd3]::ops::function::Fn<(&std[70759c8f55707aa4]::panic::PanicHookInfo,)>>::call
[INFO] [stdout]                                at /rustc/dfb0accb7f508ae8be965d8629557221c889dd98/library/alloc/src/boxed.rs:2334:9
[INFO] [stdout]   14:     0x6154f41dd892 - std[70759c8f55707aa4]::panicking::panic_with_hook
[INFO] [stdout]                                at /rustc/dfb0accb7f508ae8be965d8629557221c889dd98/library/std/src/panicking.rs:823:13
[INFO] [stdout]   15:     0x6154f41c1112 - std[70759c8f55707aa4]::panicking::panic_handler::{closure#0}
[INFO] [stdout]                                at /rustc/dfb0accb7f508ae8be965d8629557221c889dd98/library/std/src/panicking.rs:688:13
[INFO] [stdout]   16:     0x6154f41b9e99 - std[70759c8f55707aa4]::sys::backtrace::__rust_end_short_backtrace::<std[70759c8f55707aa4]::panicking::panic_handler::{closure#0}, !>
[INFO] [stdout]                                at /rustc/dfb0accb7f508ae8be965d8629557221c889dd98/library/std/src/sys/backtrace.rs:182:18
[INFO] [stdout]   17:     0x6154f41c1d0d - __rustc[8fa7c3cbc660c2b3]::rust_begin_unwind
[INFO] [stdout]                                at /rustc/dfb0accb7f508ae8be965d8629557221c889dd98/library/std/src/panicking.rs:679:5
[INFO] [stdout]   18:     0x6154f41f98ac - core[df12db4294e9bfd3]::panicking::panic_fmt
[INFO] [stdout]                                at /rustc/dfb0accb7f508ae8be965d8629557221c889dd98/library/core/src/panicking.rs:80:14
[INFO] [stdout]   19:     0x6154f4169695 - ci_gates[1f994632c09b188f]::run_gate
[INFO] [stdout]                                at /opt/rustwide/workdir/tests/ci_gates.rs:19:5
[INFO] [stdout]   20:     0x6154f4169702 - ci_gates[1f994632c09b188f]::language_package_versions_match_cargo
[INFO] [stdout]                                at /opt/rustwide/workdir/tests/ci_gates.rs:34:5
[INFO] [stdout]   21:     0x6154f4169077 - ci_gates[1f994632c09b188f]::language_package_versions_match_cargo::{closure#0}
[INFO] [stdout]                                at /opt/rustwide/workdir/tests/ci_gates.rs:33:43
[INFO] [stdout]   22:     0x6154f416c5e6 - <ci_gates[1f994632c09b188f]::language_package_versions_match_cargo::{closure#0} as core[df12db4294e9bfd3]::ops::function::FnOnce<()>>::call_once
[INFO] [stdout]                                at /rustc/dfb0accb7f508ae8be965d8629557221c889dd98/library/core/src/ops/function.rs:250:5
[INFO] [stdout]   23:     0x6154f416c8fb - <fn() -> core[df12db4294e9bfd3]::result::Result<(), alloc[2182bb758b4b3781]::string::String> as core[df12db4294e9bfd3]::ops::function::FnOnce<()>>::call_once
[INFO] [stdout]                                at /rustc/dfb0accb7f508ae8be965d8629557221c889dd98/library/core/src/ops/function.rs:250:5
[INFO] [stdout]   24:     0x6154f416c8fb - test[9d35eded1c95d3be]::__rust_begin_short_backtrace::<core[df12db4294e9bfd3]::result::Result<(), alloc[2182bb758b4b3781]::string::String>, fn() -> core[df12db4294e9bfd3]::result::Result<(), alloc[2182bb758b4b3781]::string::String>>
[INFO] [stdout]                                at /rustc/dfb0accb7f508ae8be965d8629557221c889dd98/library/test/src/lib.rs:733:18
[INFO] [stdout]   25:     0x6154f4179f65 - test[9d35eded1c95d3be]::run_test_in_process::{closure#0}
[INFO] [stdout]                                at /rustc/dfb0accb7f508ae8be965d8629557221c889dd98/library/test/src/lib.rs:756:74
[INFO] [stdout]   26:     0x6154f4179f65 - <core[df12db4294e9bfd3]::panic::unwind_safe::AssertUnwindSafe<test[9d35eded1c95d3be]::run_test_in_process::{closure#0}> as core[df12db4294e9bfd3]::ops::function::FnOnce<()>>::call_once
[INFO] [stdout]                                at /rustc/dfb0accb7f508ae8be965d8629557221c889dd98/library/core/src/panic/unwind_safe.rs:275:9
[INFO] [stdout]   27:     0x6154f4179f65 - std[70759c8f55707aa4]::panicking::catch_unwind::do_call::<core[df12db4294e9bfd3]::panic::unwind_safe::AssertUnwindSafe<test[9d35eded1c95d3be]::run_test_in_process::{closure#0}>, core[df12db4294e9bfd3]::result::Result<(), alloc[2182bb758b4b3781]::string::String>>
[INFO] [stdout]                                at /rustc/dfb0accb7f508ae8be965d8629557221c889dd98/library/std/src/panicking.rs:576:43
[INFO] [stdout]   28:     0x6154f4179f65 - std[70759c8f55707aa4]::panicking::catch_unwind::<core[df12db4294e9bfd3]::result::Result<(), alloc[2182bb758b4b3781]::string::String>, core[df12db4294e9bfd3]::panic::unwind_safe::AssertUnwindSafe<test[9d35eded1c95d3be]::run_test_in_process::{closure#0}>>
[INFO] [stdout]                                at /rustc/dfb0accb7f508ae8be965d8629557221c889dd98/library/std/src/panicking.rs:544:19
[INFO] [stdout]   29:     0x6154f4179f65 - std[70759c8f55707aa4]::panic::catch_unwind::<core[df12db4294e9bfd3]::panic::unwind_safe::AssertUnwindSafe<test[9d35eded1c95d3be]::run_test_in_process::{closure#0}>, core[df12db4294e9bfd3]::result::Result<(), alloc[2182bb758b4b3781]::string::String>>
[INFO] [stdout]                                at /rustc/dfb0accb7f508ae8be965d8629557221c889dd98/library/std/src/panic.rs:359:14
[INFO] [stdout]   30:     0x6154f4179f65 - test[9d35eded1c95d3be]::run_test_in_process
[INFO] [stdout]                                at /rustc/dfb0accb7f508ae8be965d8629557221c889dd98/library/test/src/lib.rs:756:27
[INFO] [stdout]   31:     0x6154f4179f65 - test[9d35eded1c95d3be]::run_test::{closure#0}
[INFO] [stdout]                                at /rustc/dfb0accb7f508ae8be965d8629557221c889dd98/library/test/src/lib.rs:677:43
[INFO] [stdout]   32:     0x6154f4173824 - test[9d35eded1c95d3be]::run_test::{closure#1}
[INFO] [stdout]                                at /rustc/dfb0accb7f508ae8be965d8629557221c889dd98/library/test/src/lib.rs:707:41
[INFO] [stdout]   33:     0x6154f4173824 - std[70759c8f55707aa4]::sys::backtrace::__rust_begin_short_backtrace::<test[9d35eded1c95d3be]::run_test::{closure#1}, ()>
[INFO] [stdout]                                at /rustc/dfb0accb7f508ae8be965d8629557221c889dd98/library/std/src/sys/backtrace.rs:166:18
[INFO] [stdout]   34:     0x6154f417d0c2 - std[70759c8f55707aa4]::thread::lifecycle::spawn_unchecked::<test[9d35eded1c95d3be]::run_test::{closure#1}, ()>::{closure#1}::{closure#0}
[INFO] [stdout]                                at /rustc/dfb0accb7f508ae8be965d8629557221c889dd98/library/std/src/thread/lifecycle.rs:70:13
[INFO] [stdout]   35:     0x6154f417d0c2 - <core[df12db4294e9bfd3]::panic::unwind_safe::AssertUnwindSafe<std[70759c8f55707aa4]::thread::lifecycle::spawn_unchecked<test[9d35eded1c95d3be]::run_test::{closure#1}, ()>::{closure#1}::{closure#0}> as core[df12db4294e9bfd3]::ops::function::FnOnce<()>>::call_once
[INFO] [stdout]                                at /rustc/dfb0accb7f508ae8be965d8629557221c889dd98/library/core/src/panic/unwind_safe.rs:275:9
[INFO] [stdout]   36:     0x6154f417d0c2 - std[70759c8f55707aa4]::panicking::catch_unwind::do_call::<core[df12db4294e9bfd3]::panic::unwind_safe::AssertUnwindSafe<std[70759c8f55707aa4]::thread::lifecycle::spawn_unchecked<test[9d35eded1c95d3be]::run_test::{closure#1}, ()>::{closure#1}::{closure#0}>, ()>
[INFO] [stdout]                                at /rustc/dfb0accb7f508ae8be965d8629557221c889dd98/library/std/src/panicking.rs:576:43
[INFO] [stdout]   37:     0x6154f417d0c2 - std[70759c8f55707aa4]::panicking::catch_unwind::<(), core[df12db4294e9bfd3]::panic::unwind_safe::AssertUnwindSafe<std[70759c8f55707aa4]::thread::lifecycle::spawn_unchecked<test[9d35eded1c95d3be]::run_test::{closure#1}, ()>::{closure#1}::{closure#0}>>
[INFO] [stdout]                                at /rustc/dfb0accb7f508ae8be965d8629557221c889dd98/library/std/src/panicking.rs:544:19
[INFO] [stdout]   38:     0x6154f417d0c2 - std[70759c8f55707aa4]::panic::catch_unwind::<core[df12db4294e9bfd3]::panic::unwind_safe::AssertUnwindSafe<std[70759c8f55707aa4]::thread::lifecycle::spawn_unchecked<test[9d35eded1c95d3be]::run_test::{closure#1}, ()>::{closure#1}::{closure#0}>, ()>
[INFO] [stdout]                                at /rustc/dfb0accb7f508ae8be965d8629557221c889dd98/library/std/src/panic.rs:359:14
[INFO] [stdout]   39:     0x6154f417d0c2 - std[70759c8f55707aa4]::thread::lifecycle::spawn_unchecked::<test[9d35eded1c95d3be]::run_test::{closure#1}, ()>::{closure#1}
[INFO] [stdout]                                at /rustc/dfb0accb7f508ae8be965d8629557221c889dd98/library/std/src/thread/lifecycle.rs:68:26
[INFO] [stdout]   40:     0x6154f417d0c2 - <std[70759c8f55707aa4]::thread::lifecycle::spawn_unchecked<test[9d35eded1c95d3be]::run_test::{closure#1}, ()>::{closure#1} as core[df12db4294e9bfd3]::ops::function::FnOnce<()>>::call_once::{shim:vtable#0}
[INFO] [stdout]                                at /rustc/dfb0accb7f508ae8be965d8629557221c889dd98/library/core/src/ops/function.rs:250:5
[INFO] [stdout]   41:     0x6154f41e4849 - <alloc[2182bb758b4b3781]::boxed::Box<dyn core[df12db4294e9bfd3]::ops::function::FnOnce<(), Output = ()> + core[df12db4294e9bfd3]::marker::Send> as core[df12db4294e9bfd3]::ops::function::FnOnce<()>>::call_once
[INFO] [stdout]                                at /rustc/dfb0accb7f508ae8be965d8629557221c889dd98/library/alloc/src/boxed.rs:2320:9
[INFO] [stdout]   42:     0x6154f41e4849 - <std[70759c8f55707aa4]::sys::thread::unix::Thread>::new::thread_start
[INFO] [stdout]                                at /rustc/dfb0accb7f508ae8be965d8629557221c889dd98/library/std/src/sys/thread/unix.rs:123:17
[INFO] [stdout]   43:     0x77c176d81dfa - <unknown>
[INFO] [stdout]   44:     0x77c176e153d4 - clone
[INFO] [stdout]   45:                0x0 - <unknown>
[INFO] [stdout] 
[INFO] [stdout] ---- wrap_source_hash_matches_published_cxx_tarball stdout ----
[INFO] [stdout] 
[INFO] [stdout] thread 'wrap_source_hash_matches_published_cxx_tarball' (2970) panicked at tests/ci_gates.rs:19:5:
[INFO] [stdout] scripts/check_wrap_hash.sh failed (exit Some(1))
[INFO] [stdout] stack backtrace:
[INFO] [stdout]    0:     0x6154f41e4f71 - std[70759c8f55707aa4]::backtrace_rs::backtrace::libunwind::trace
[INFO] [stdout]                                at /rustc/dfb0accb7f508ae8be965d8629557221c889dd98/library/std/src/../../backtrace/src/backtrace/libunwind.rs:117:9
[INFO] [stdout]    1:     0x6154f41e4f71 - std[70759c8f55707aa4]::backtrace_rs::backtrace::trace_unsynchronized::<std[70759c8f55707aa4]::sys::backtrace::_print_fmt::{closure#1}>
[INFO] [stdout]                                at /rustc/dfb0accb7f508ae8be965d8629557221c889dd98/library/std/src/../../backtrace/src/backtrace/mod.rs:66:14
[INFO] [stdout]    2:     0x6154f41e4f71 - std[70759c8f55707aa4]::sys::backtrace::_print_fmt
[INFO] [stdout]                                at /rustc/dfb0accb7f508ae8be965d8629557221c889dd98/library/std/src/sys/backtrace.rs:74:9
[INFO] [stdout]    3:     0x6154f41e4f71 - <<std[70759c8f55707aa4]::sys::backtrace::BacktraceLock>::print::DisplayBacktrace as core[df12db4294e9bfd3]::fmt::Display>::fmt
[INFO] [stdout]                                at /rustc/dfb0accb7f508ae8be965d8629557221c889dd98/library/std/src/sys/backtrace.rs:44:26
[INFO] [stdout]    4:     0x6154f41f917a - <core[df12db4294e9bfd3]::fmt::rt::Argument>::fmt
[INFO] [stdout]                                at /rustc/dfb0accb7f508ae8be965d8629557221c889dd98/library/core/src/fmt/rt.rs:152:76
[INFO] [stdout]    5:     0x6154f41f917a - core[df12db4294e9bfd3]::fmt::write
[INFO] [stdout]    6:     0x6154f41e942c - core[df12db4294e9bfd3]::io::write::default_write_fmt::<alloc[2182bb758b4b3781]::vec::Vec<u8>>
[INFO] [stdout]                                at /rustc/dfb0accb7f508ae8be965d8629557221c889dd98/library/core/src/io/write.rs:402:11
[INFO] [stdout]    7:     0x6154f41e942c - <alloc[2182bb758b4b3781]::vec::Vec<u8> as core[df12db4294e9bfd3]::io::write::Write>::write_fmt
[INFO] [stdout]                                at /rustc/dfb0accb7f508ae8be965d8629557221c889dd98/library/core/src/io/write.rs:335:13
[INFO] [stdout]    8:     0x6154f41c1066 - <std[70759c8f55707aa4]::sys::backtrace::BacktraceLock>::print
[INFO] [stdout]                                at /rustc/dfb0accb7f508ae8be965d8629557221c889dd98/library/std/src/sys/backtrace.rs:47:9
[INFO] [stdout]    9:     0x6154f41c1066 - std[70759c8f55707aa4]::panicking::default_hook::{closure#0}
[INFO] [stdout]                                at /rustc/dfb0accb7f508ae8be965d8629557221c889dd98/library/std/src/panicking.rs:292:27
[INFO] [stdout]   10:     0x6154f41dd6d9 - std[70759c8f55707aa4]::panicking::default_hook
[INFO] [stdout]                                at /rustc/dfb0accb7f508ae8be965d8629557221c889dd98/library/std/src/panicking.rs:316:9
[INFO] [stdout]   11:     0x6154f4179610 - <alloc[2182bb758b4b3781]::boxed::Box<dyn for<'a, 'b> core[df12db4294e9bfd3]::ops::function::Fn<(&'a std[70759c8f55707aa4]::panic::PanicHookInfo<'b>,), Output = ()> + core[df12db4294e9bfd3]::marker::Send + core[df12db4294e9bfd3]::marker::Sync> as core[df12db4294e9bfd3]::ops::function::Fn<(&std[70759c8f55707aa4]::panic::PanicHookInfo,)>>::call
[INFO] [stdout]                                at /rustc/dfb0accb7f508ae8be965d8629557221c889dd98/library/alloc/src/boxed.rs:2334:9
[INFO] [stdout]   12:     0x6154f4179610 - test[9d35eded1c95d3be]::test_main_inner::<test[9d35eded1c95d3be]::test_main_static::{closure#0}>::{closure#0}
[INFO] [stdout]                                at /rustc/dfb0accb7f508ae8be965d8629557221c889dd98/library/test/src/lib.rs:155:21
[INFO] [stdout]   13:     0x6154f41dd892 - <alloc[2182bb758b4b3781]::boxed::Box<dyn for<'a, 'b> core[df12db4294e9bfd3]::ops::function::Fn<(&'a std[70759c8f55707aa4]::panic::PanicHookInfo<'b>,), Output = ()> + core[df12db4294e9bfd3]::marker::Send + core[df12db4294e9bfd3]::marker::Sync> as core[df12db4294e9bfd3]::ops::function::Fn<(&std[70759c8f55707aa4]::panic::PanicHookInfo,)>>::call
[INFO] [stdout]                                at /rustc/dfb0accb7f508ae8be965d8629557221c889dd98/library/alloc/src/boxed.rs:2334:9
[INFO] [stdout]   14:     0x6154f41dd892 - std[70759c8f55707aa4]::panicking::panic_with_hook
[INFO] [stdout]                                at /rustc/dfb0accb7f508ae8be965d8629557221c889dd98/library/std/src/panicking.rs:823:13
[INFO] [stdout]   15:     0x6154f41c1112 - std[70759c8f55707aa4]::panicking::panic_handler::{closure#0}
[INFO] [stdout]                                at /rustc/dfb0accb7f508ae8be965d8629557221c889dd98/library/std/src/panicking.rs:688:13
[INFO] [stdout]   16:     0x6154f41b9e99 - std[70759c8f55707aa4]::sys::backtrace::__rust_end_short_backtrace::<std[70759c8f55707aa4]::panicking::panic_handler::{closure#0}, !>
[INFO] [stdout]                                at /rustc/dfb0accb7f508ae8be965d8629557221c889dd98/library/std/src/sys/backtrace.rs:182:18
[INFO] [stdout]   17:     0x6154f41c1d0d - __rustc[8fa7c3cbc660c2b3]::rust_begin_unwind
[INFO] [stdout]                                at /rustc/dfb0accb7f508ae8be965d8629557221c889dd98/library/std/src/panicking.rs:679:5
[INFO] [stdout]   18:     0x6154f41f98ac - core[df12db4294e9bfd3]::panicking::panic_fmt
[INFO] [stdout]                                at /rustc/dfb0accb7f508ae8be965d8629557221c889dd98/library/core/src/panicking.rs:80:14
[INFO] [stdout]   19:     0x6154f4169695 - ci_gates[1f994632c09b188f]::run_gate
[INFO] [stdout]                                at /opt/rustwide/workdir/tests/ci_gates.rs:19:5
[INFO] [stdout]   20:     0x6154f4169742 - ci_gates[1f994632c09b188f]::wrap_source_hash_matches_published_cxx_tarball
[INFO] [stdout]                                at /opt/rustwide/workdir/tests/ci_gates.rs:44:5
[INFO] [stdout]   21:     0x6154f41690d7 - ci_gates[1f994632c09b188f]::wrap_source_hash_matches_published_cxx_tarball::{closure#0}
[INFO] [stdout]                                at /opt/rustwide/workdir/tests/ci_gates.rs:43:52
[INFO] [stdout]   22:     0x6154f416c626 - <ci_gates[1f994632c09b188f]::wrap_source_hash_matches_published_cxx_tarball::{closure#0} as core[df12db4294e9bfd3]::ops::function::FnOnce<()>>::call_once
[INFO] [stdout]                                at /rustc/dfb0accb7f508ae8be965d8629557221c889dd98/library/core/src/ops/function.rs:250:5
[INFO] [stdout]   23:     0x6154f416c8fb - <fn() -> core[df12db4294e9bfd3]::result::Result<(), alloc[2182bb758b4b3781]::string::String> as core[df12db4294e9bfd3]::ops::function::FnOnce<()>>::call_once
[INFO] [stdout]                                at /rustc/dfb0accb7f508ae8be965d8629557221c889dd98/library/core/src/ops/function.rs:250:5
[INFO] [stdout]   24:     0x6154f416c8fb - test[9d35eded1c95d3be]::__rust_begin_short_backtrace::<core[df12db4294e9bfd3]::result::Result<(), alloc[2182bb758b4b3781]::string::String>, fn() -> core[df12db4294e9bfd3]::result::Result<(), alloc[2182bb758b4b3781]::string::String>>
[INFO] [stdout]                                at /rustc/dfb0accb7f508ae8be965d8629557221c889dd98/library/test/src/lib.rs:733:18
[INFO] [stdout]   25:     0x6154f4179f65 - test[9d35eded1c95d3be]::run_test_in_process::{closure#0}
[INFO] [stdout]                                at /rustc/dfb0accb7f508ae8be965d8629557221c889dd98/library/test/src/lib.rs:756:74
[INFO] [stdout]   26:     0x6154f4179f65 - <core[df12db4294e9bfd3]::panic::unwind_safe::AssertUnwindSafe<test[9d35eded1c95d3be]::run_test_in_process::{closure#0}> as core[df12db4294e9bfd3]::ops::function::FnOnce<()>>::call_once
[INFO] [stdout]                                at /rustc/dfb0accb7f508ae8be965d8629557221c889dd98/library/core/src/panic/unwind_safe.rs:275:9
[INFO] [stdout]   27:     0x6154f4179f65 - std[70759c8f55707aa4]::panicking::catch_unwind::do_call::<core[df12db4294e9bfd3]::panic::unwind_safe::AssertUnwindSafe<test[9d35eded1c95d3be]::run_test_in_process::{closure#0}>, core[df12db4294e9bfd3]::result::Result<(), alloc[2182bb758b4b3781]::string::String>>
[INFO] [stdout]                                at /rustc/dfb0accb7f508ae8be965d8629557221c889dd98/library/std/src/panicking.rs:576:43
[INFO] [stdout]   28:     0x6154f4179f65 - std[70759c8f55707aa4]::panicking::catch_unwind::<core[df12db4294e9bfd3]::result::Result<(), alloc[2182bb758b4b3781]::string::String>, core[df12db4294e9bfd3]::panic::unwind_safe::AssertUnwindSafe<test[9d35eded1c95d3be]::run_test_in_process::{closure#0}>>
[INFO] [stdout]                                at /rustc/dfb0accb7f508ae8be965d8629557221c889dd98/library/std/src/panicking.rs:544:19
[INFO] [stdout]   29:     0x6154f4179f65 - std[70759c8f55707aa4]::panic::catch_unwind::<core[df12db4294e9bfd3]::panic::unwind_safe::AssertUnwindSafe<test[9d35eded1c95d3be]::run_test_in_process::{closure#0}>, core[df12db4294e9bfd3]::result::Result<(), alloc[2182bb758b4b3781]::string::String>>
[INFO] [stdout]                                at /rustc/dfb0accb7f508ae8be965d8629557221c889dd98/library/std/src/panic.rs:359:14
[INFO] [stdout]   30:     0x6154f4179f65 - test[9d35eded1c95d3be]::run_test_in_process
[INFO] [stdout]                                at /rustc/dfb0accb7f508ae8be965d8629557221c889dd98/library/test/src/lib.rs:756:27
[INFO] [stdout]   31:     0x6154f4179f65 - test[9d35eded1c95d3be]::run_test::{closure#0}
[INFO] [stdout]                                at /rustc/dfb0accb7f508ae8be965d8629557221c889dd98/library/test/src/lib.rs:677:43
[INFO] [stdout]   32:     0x6154f4173824 - test[9d35eded1c95d3be]::run_test::{closure#1}
[INFO] [stdout]                                at /rustc/dfb0accb7f508ae8be965d8629557221c889dd98/library/test/src/lib.rs:707:41
[INFO] [stdout]   33:     0x6154f4173824 - std[70759c8f55707aa4]::sys::backtrace::__rust_begin_short_backtrace::<test[9d35eded1c95d3be]::run_test::{closure#1}, ()>
[INFO] [stdout]                                at /rustc/dfb0accb7f508ae8be965d8629557221c889dd98/library/std/src/sys/backtrace.rs:166:18
[INFO] [stdout]   34:     0x6154f417d0c2 - std[70759c8f55707aa4]::thread::lifecycle::spawn_unchecked::<test[9d35eded1c95d3be]::run_test::{closure#1}, ()>::{closure#1}::{closure#0}
[INFO] [stdout]                                at /rustc/dfb0accb7f508ae8be965d8629557221c889dd98/library/std/src/thread/lifecycle.rs:70:13
[INFO] [stdout]   35:     0x6154f417d0c2 - <core[df12db4294e9bfd3]::panic::unwind_safe::AssertUnwindSafe<std[70759c8f55707aa4]::thread::lifecycle::spawn_unchecked<test[9d35eded1c95d3be]::run_test::{closure#1}, ()>::{closure#1}::{closure#0}> as core[df12db4294e9bfd3]::ops::function::FnOnce<()>>::call_once
[INFO] [stdout]                                at /rustc/dfb0accb7f508ae8be965d8629557221c889dd98/library/core/src/panic/unwind_safe.rs:275:9
[INFO] [stdout]   36:     0x6154f417d0c2 - std[70759c8f55707aa4]::panicking::catch_unwind::do_call::<core[df12db4294e9bfd3]::panic::unwind_safe::AssertUnwindSafe<std[70759c8f55707aa4]::thread::lifecycle::spawn_unchecked<test[9d35eded1c95d3be]::run_test::{closure#1}, ()>::{closure#1}::{closure#0}>, ()>
[INFO] [stdout]                                at /rustc/dfb0accb7f508ae8be965d8629557221c889dd98/library/std/src/panicking.rs:576:43
[INFO] [stdout]   37:     0x6154f417d0c2 - std[70759c8f55707aa4]::panicking::catch_unwind::<(), core[df12db4294e9bfd3]::panic::unwind_safe::AssertUnwindSafe<std[70759c8f55707aa4]::thread::lifecycle::spawn_unchecked<test[9d35eded1c95d3be]::run_test::{closure#1}, ()>::{closure#1}::{closure#0}>>
[INFO] [stdout]                                at /rustc/dfb0accb7f508ae8be965d8629557221c889dd98/library/std/src/panicking.rs:544:19
[INFO] [stdout]   38:     0x6154f417d0c2 - std[70759c8f55707aa4]::panic::catch_unwind::<core[df12db4294e9bfd3]::panic::unwind_safe::AssertUnwindSafe<std[70759c8f55707aa4]::thread::lifecycle::spawn_unchecked<test[9d35eded1c95d3be]::run_test::{closure#1}, ()>::{closure#1}::{closure#0}>, ()>
[INFO] [stdout]                                at /rustc/dfb0accb7f508ae8be965d8629557221c889dd98/library/std/src/panic.rs:359:14
[INFO] [stdout]   39:     0x6154f417d0c2 - std[70759c8f55707aa4]::thread::lifecycle::spawn_unchecked::<test[9d35eded1c95d3be]::run_test::{closure#1}, ()>::{closure#1}
[INFO] [stdout]                                at /rustc/dfb0accb7f508ae8be965d8629557221c889dd98/library/std/src/thread/lifecycle.rs:68:26
[INFO] [stdout]   40:     0x6154f417d0c2 - <std[70759c8f55707aa4]::thread::lifecycle::spawn_unchecked<test[9d35eded1c95d3be]::run_test::{closure#1}, ()>::{closure#1} as core[df12db4294e9bfd3]::ops::function::FnOnce<()>>::call_once::{shim:vtable#0}
[INFO] [stdout]                                at /rustc/dfb0accb7f508ae8be965d8629557221c889dd98/library/core/src/ops/function.rs:250:5
[INFO] [stdout]   41:     0x6154f41e4849 - <alloc[2182bb758b4b3781]::boxed::Box<dyn core[df12db4294e9bfd3]::ops::function::FnOnce<(), Output = ()> + core[df12db4294e9bfd3]::marker::Send> as core[df12db4294e9bfd3]::ops::function::FnOnce<()>>::call_once
[INFO] [stdout]                                at /rustc/dfb0accb7f508ae8be965d8629557221c889dd98/library/alloc/src/boxed.rs:2320:9
[INFO] [stdout]   42:     0x6154f41e4849 - <std[70759c8f55707aa4]::sys::thread::unix::Thread>::new::thread_start
[INFO] [stdout]                                at /rustc/dfb0accb7f508ae8be965d8629557221c889dd98/library/std/src/sys/thread/unix.rs:123:17
[INFO] [stdout]   43:     0x77c176d81dfa - <unknown>
[INFO] [stdout]   44:     0x77c176e153d4 - clone
[INFO] [stdout]   45:                0x0 - <unknown>
[INFO] [stdout] 
[INFO] [stdout] 
[INFO] [stdout] failures:
[INFO] [stdout]     language_package_versions_match_cargo
[INFO] [stdout]     wrap_source_hash_matches_published_cxx_tarball
[INFO] [stdout] 
[INFO] [stdout] test result: FAILED. 3 passed; 2 failed; 0 ignored; 0 measured; 0 filtered out; finished in 0.37s
[INFO] [stdout] 
[INFO] [stderr] error: test failed, to rerun pass `--test ci_gates`
[INFO] running `Command { std: "docker" "inspect" "96ef508938a60adad46db40fa0452c8da672aba3cc370c9268ece818b5f3d07e", kill_on_drop: false }`
[INFO] running `Command { std: "docker" "rm" "-f" "96ef508938a60adad46db40fa0452c8da672aba3cc370c9268ece818b5f3d07e", kill_on_drop: false }`
[INFO] [stdout] 96ef508938a60adad46db40fa0452c8da672aba3cc370c9268ece818b5f3d07e
