[INFO] fetching crate leptos_styling 0.3.1...
[INFO] testing leptos_styling-0.3.1 against 1.99.0-beta.8 for beta-1.100-2
[INFO] extracting crate leptos_styling 0.3.1 into /workspace/builds/worker-2-tc1/source
[INFO] started tweaking crates.io crate leptos_styling 0.3.1
[INFO] finished tweaking crates.io crate leptos_styling 0.3.1
[INFO] tweaked toml for crates.io crate leptos_styling 0.3.1 written to /workspace/builds/worker-2-tc1/source/Cargo.toml
[INFO] validating manifest of crates.io crate leptos_styling 0.3.1 on toolchain 1.99.0-beta.8
[INFO] running `Command { std: CARGO_HOME="/workspace/cargo-home" RUSTUP_HOME="/workspace/rustup-home" "/workspace/cargo-home/bin/cargo" "+1.99.0-beta.8" "metadata" "--manifest-path" "Cargo.toml" "--no-deps", kill_on_drop: false }`
[INFO] crate crates.io crate leptos_styling 0.3.1 already has a lockfile, it will not be regenerated
[INFO] running `Command { std: CARGO_HOME="/workspace/cargo-home" RUSTUP_HOME="/workspace/rustup-home" "/workspace/cargo-home/bin/cargo" "+1.99.0-beta.8" "fetch" "--manifest-path" "Cargo.toml", kill_on_drop: false }`
[INFO] [stderr]     Updating crates.io index
[INFO] [stderr]     Blocking waiting for file lock on package cache
[INFO] [stderr]  Downloading crates ...
[INFO] [stderr]   Downloaded turf v0.10.1
[INFO] [stderr]   Downloaded turf_macros v0.10.1
[INFO] [stderr]   Downloaded turf_internals v0.10.1
[INFO] [stderr]   Downloaded toml_datetime v0.6.11
[INFO] [stderr]   Downloaded xxhash-rust v0.8.15
[INFO] [stderr]   Downloaded toml v0.8.23
[INFO] [stderr]   Downloaded serde_spanned v0.6.9
[INFO] [stderr]   Downloaded rustc-hash v2.1.1
[INFO] [stderr]   Downloaded wasm-bindgen-macro v0.2.106
[INFO] [stderr]   Downloaded equivalent v1.0.2
[INFO] [stderr]   Downloaded icu_collections v2.1.1
[INFO] [stderr]   Downloaded potential_utf v0.1.4
[INFO] [stderr]   Downloaded cfg-if v1.0.4
[INFO] [stderr]   Downloaded rand_core v0.6.4
[INFO] [stderr]   Downloaded quote v1.0.42
[INFO] [stderr]   Downloaded thiserror-impl v1.0.69
[INFO] [stderr]   Downloaded convert_case v0.6.0
[INFO] [stderr]   Downloaded pathdiff v0.2.3
[INFO] [stderr]   Downloaded phf_shared v0.11.3
[INFO] [stderr]   Downloaded siphasher v1.0.1
[INFO] [stderr]   Downloaded lazy_static v1.5.0
[INFO] [stderr]   Downloaded proc-macro2-diagnostics v0.10.1
[INFO] [stderr]   Downloaded precomputed-hash v0.1.1
[INFO] [stderr]   Downloaded phf_codegen v0.11.3
[INFO] [stderr]   Downloaded windows-implement v0.60.2
[INFO] [stderr]   Downloaded const-str-proc-macro v0.3.2
[INFO] [stderr]   Downloaded gloo-utils v0.2.0
[INFO] [stderr]   Downloaded cssparser-macros v0.6.1
[INFO] [stderr]   Downloaded wasm-bindgen-shared v0.2.106
[INFO] [stderr]   Downloaded windows-strings v0.5.1
[INFO] [stderr]   Downloaded iana-time-zone-haiku v0.1.2
[INFO] [stderr]   Downloaded android_system_properties v0.1.5
[INFO] [stderr]   Downloaded phf_generator v0.11.3
[INFO] [stderr]   Downloaded dtoa-short v0.3.5
[INFO] [stderr]   Downloaded windows-interface v0.59.3
[INFO] [stderr]   Downloaded thiserror v1.0.69
[INFO] [stderr]   Downloaded oorandom v11.1.5
[INFO] [stderr]   Downloaded once_cell v1.21.3
[INFO] [stderr]   Downloaded windows-core v0.62.2
[INFO] [stderr]   Downloaded cssparser-color v0.1.0
[INFO] [stderr]   Downloaded windows-result v0.4.1
[INFO] [stderr]   Downloaded version_check v0.9.5
[INFO] [stderr]   Downloaded litemap v0.8.1
[INFO] [stderr]   Downloaded toml_write v0.1.2
[INFO] [stderr]   Downloaded itoa v1.0.16
[INFO] [stderr]   Downloaded lightningcss-derive v1.0.0-alpha.43
[INFO] [stderr]   Downloaded windows-link v0.2.1
[INFO] [stderr]   Downloaded winapi-util v0.1.11
[INFO] [stderr]   Downloaded manyhow-macros v0.11.4
[INFO] [stderr]   Downloaded quote-use-macros v0.8.4
[INFO] [stderr]   Downloaded paste v1.0.15
[INFO] [stderr]   Downloaded phf v0.11.3
[INFO] [stderr]   Downloaded phf_macros v0.11.3
[INFO] [stderr]   Downloaded dtoa v1.0.10
[INFO] [stderr]   Downloaded wasi v0.11.1+wasi-snapshot-preview1
[INFO] [stderr]   Downloaded data-encoding v2.9.0
[INFO] [stderr]   Downloaded send_wrapper v0.6.0
[INFO] [stderr]   Downloaded throw_error v0.3.1
[INFO] [stderr]   Downloaded event-listener-strategy v0.5.4
[INFO] [stderr]   Downloaded const_format_proc_macros v0.2.34
[INFO] [stderr]   Downloaded ahash v0.8.12
[INFO] [stderr]   Downloaded codemap v0.1.3
[INFO] [stderr]   Downloaded wasm_split_helpers v0.2.0
[INFO] [stderr]   Downloaded cpufeatures v0.2.17
[INFO] [stderr]   Downloaded base16 v0.2.1
[INFO] [stderr]   Downloaded leptos_server v0.8.6
[INFO] [stderr]   Downloaded codee v0.3.5
[INFO] [stderr]   Downloaded toml_datetime v0.7.5+spec-1.1.0
[INFO] [stderr]   Downloaded same-file v1.0.6
[INFO] [stderr]   Downloaded or_poisoned v0.1.0
[INFO] [stderr]   Downloaded toml_edit v0.22.27
[INFO] [stderr]   Downloaded shlex v1.3.0
[INFO] [stderr]   Downloaded num_cpus v1.17.0
[INFO] [stderr]   Downloaded either v1.15.0
[INFO] [stderr]   Downloaded rustversion v1.0.22
[INFO] [stderr]   Downloaded const-str v0.3.2
[INFO] [stderr]   Downloaded futures-macro v0.3.31
[INFO] [stderr]   Downloaded drain_filter_polyfill v0.1.3
[INFO] [stderr]   Downloaded utf8_iter v1.0.4
[INFO] [stderr]   Downloaded smallvec v1.15.1
[INFO] [stderr]   Downloaded wasm-bindgen v0.2.106
[INFO] [stderr]   Downloaded iana-time-zone v0.1.64
[INFO] [stderr]   Downloaded find-msvc-tools v0.1.5
[INFO] [stderr]   Downloaded oco_ref v0.2.1
[INFO] [stderr]   Downloaded serde_spanned v1.0.4
[INFO] [stderr]   Downloaded slab v0.4.11
[INFO] [stderr]   Downloaded getrandom v0.2.16
[INFO] [stderr]   Downloaded js-sys v0.3.83
[INFO] [stderr]   Downloaded generic-array v0.14.7
[INFO] [stderr]   Downloaded rustc_version v0.4.1
[INFO] [stderr]   Downloaded const-str v0.7.1
[INFO] [stderr]   Downloaded rstml v0.12.1
[INFO] [stderr]   Downloaded quote-use v0.8.4
[INFO] [stderr]   Downloaded log v0.4.29
[INFO] [stderr]   Downloaded cssparser v0.33.0
[INFO] [stderr]   Downloaded bitflags v2.10.0
[INFO] [stderr]   Downloaded autocfg v1.5.0
[INFO] [stderr]   Downloaded core-foundation-sys v0.8.7
[INFO] [stderr]   Downloaded getrandom v0.3.4
[INFO] [stderr]   Downloaded wasm_split_macros v0.2.0
[INFO] [stderr]   Downloaded crypto-common v0.1.7
[INFO] [stderr]   Downloaded reactive_stores_macro v0.2.6
[INFO] [stderr]   Downloaded event-listener v5.4.1
[INFO] [stderr]   Downloaded form_urlencoded v1.2.2
[INFO] [stderr]   Downloaded server_fn_macro_default v0.8.5
[INFO] [stderr]   Downloaded attribute-derive-macro v0.10.5
[INFO] [stderr]   Downloaded collection_literals v1.0.3
[INFO] [stderr]   Downloaded leptos_dom v0.8.7
[INFO] [stderr]   Downloaded serde_derive v1.0.228
[INFO] [stderr]   Downloaded unicode-ident v1.0.22
[INFO] [stderr]   Downloaded serde_core v1.0.228
[INFO] [stderr]   Downloaded parcel_selectors v0.28.2
[INFO] [stderr]   Downloaded wasm-bindgen-macro-support v0.2.106
[INFO] [stderr]   Downloaded ryu v1.0.21
[INFO] [stderr]   Downloaded num-traits v0.2.19
[INFO] [stderr]   Downloaded futures-core v0.3.31
[INFO] [stderr]   Downloaded block-buffer v0.10.4
[INFO] [stderr]   Downloaded proc-macro-error-attr2 v2.0.0
[INFO] [stderr]   Downloaded parking_lot_core v0.9.12
[INFO] [stderr]   Downloaded parking_lot v0.12.5
[INFO] [stderr]   Downloaded idna_adapter v1.2.1
[INFO] [stderr]   Downloaded syn_derive v0.2.0
[INFO] [stderr]   Downloaded proc-macro-utils v0.10.0
[INFO] [stderr]   Downloaded typed-builder v0.21.2
[INFO] [stderr]   Downloaded proc-macro2 v1.0.103
[INFO] [stderr]   Downloaded rand v0.8.5
[INFO] [stderr]   Downloaded bumpalo v3.19.1
[INFO] [stderr]   Downloaded zerocopy-derive v0.8.31
[INFO] [stderr]   Downloaded grass v0.13.4
[INFO] [stderr]   Downloaded serde v1.0.228
[INFO] [stderr]   Downloaded indexmap v2.12.1
[INFO] [stderr]   Downloaded pin-project-internal v1.1.10
[INFO] [stderr]   Downloaded convert_case v0.10.0
[INFO] [stderr]   Downloaded displaydoc v0.2.5
[INFO] [stderr]   Downloaded futures-channel v0.3.31
[INFO] [stderr]   Downloaded minimal-lexical v0.2.1
[INFO] [stderr]   Downloaded futures-executor v0.3.31
[INFO] [stderr]   Downloaded next_tuple v0.1.0
[INFO] [stderr]   Downloaded memchr v2.7.6
[INFO] [stderr]   Downloaded cc v1.2.50
[INFO] [stderr]   Downloaded zerofrom v0.1.6
[INFO] [stderr]   Downloaded yoke v0.8.1
[INFO] [stderr]   Downloaded icu_provider v2.1.1
[INFO] [stderr]   Downloaded pin-project v1.1.10
[INFO] [stderr]   Downloaded leptos_hot_reload v0.8.5
[INFO] [stderr]   Downloaded walkdir v2.5.0
[INFO] [stderr]   Downloaded manyhow v0.11.4
[INFO] [stderr]   Downloaded inventory v0.3.21
[INFO] [stderr]   Downloaded unicode-segmentation v1.12.0
[INFO] [stderr]   Downloaded nom v7.1.3
[INFO] [stderr]   Downloaded sha2 v0.10.9
[INFO] [stderr]   Downloaded async-once-cell v0.5.4
[INFO] [stderr]   Downloaded wasm-bindgen-futures v0.4.56
[INFO] [stderr]   Downloaded typed-builder-macro v0.23.2
[INFO] [stderr]   Downloaded typed-builder v0.23.2
[INFO] [stderr]   Downloaded thiserror v2.0.17
[INFO] [stderr]   Downloaded semver v1.0.27
[INFO] [stderr]   Downloaded reactive_stores v0.3.1
[INFO] [stderr]   Downloaded proc-macro-error2 v2.0.1
[INFO] [stderr]   Downloaded convert_case v0.8.0
[INFO] [stderr]   Downloaded reactive_graph v0.2.12
[INFO] [stderr]   Downloaded futures-task v0.3.31
[INFO] [stderr]   Downloaded any_spawner v0.3.0
[INFO] [stderr]   Downloaded html-escape v0.2.13
[INFO] [stderr]   Downloaded utf8-width v0.1.8
[INFO] [stderr]   Downloaded const_str_slice_concat v0.1.0
[INFO] [stderr]   Downloaded percent-encoding v2.3.2
[INFO] [stderr]   Downloaded zerotrie v0.2.3
[INFO] [stderr]   Downloaded server_fn_macro v0.8.8
[INFO] [stderr]   Downloaded unicode-xid v0.2.6
[INFO] [stderr]   Downloaded gloo-net v0.6.0
[INFO] [stderr]   Downloaded leptos_macro v0.8.14
[INFO] [stderr]   Downloaded camino v1.2.2
[INFO] [stderr]   Downloaded anyhow v1.0.100
[INFO] [stderr]   Downloaded attribute-derive v0.10.5
[INFO] [stderr]   Downloaded interpolator v0.5.0
[INFO] [stderr]   Downloaded leptos_config v0.8.8
[INFO] [stderr]   Downloaded typed-builder-macro v0.21.2
[INFO] [stderr]   Downloaded toml_parser v1.0.6+spec-1.1.0
[INFO] [stderr]   Downloaded hashbrown v0.16.1
[INFO] [stderr]   Downloaded itertools v0.10.5
[INFO] [stderr]   Downloaded wasip2 v1.0.1+wasi-0.2.4
[INFO] [stderr]   Downloaded leptos_meta v0.8.5
[INFO] [stderr]   Downloaded digest v0.10.7
[INFO] [stderr]   Downloaded pin-project-lite v0.2.16
[INFO] [stderr]   Downloaded thiserror-impl v2.0.17
[INFO] [stderr]   Downloaded hydration_context v0.3.0
[INFO] [stderr]   Downloaded pin-utils v0.1.0
[INFO] [stderr]   Downloaded linear-map v1.2.0
[INFO] [stderr]   Downloaded icu_normalizer v2.1.1
[INFO] [stderr]   Downloaded uuid v1.19.0
[INFO] [stderr]   Downloaded yansi v1.0.1
[INFO] [stderr]   Downloaded config v0.15.19
[INFO] [stderr]   Downloaded wit-bindgen v0.46.0
[INFO] [stderr]   Downloaded allocator-api2 v0.2.21
[INFO] [stderr]   Downloaded wasm-streams v0.4.2
[INFO] [stderr]   Downloaded r-efi v5.3.0
[INFO] [stderr]   Downloaded serde_qs v0.15.0
[INFO] [stderr]   Downloaded base64 v0.22.1
[INFO] [stderr]   Downloaded derive-where v1.6.0
[INFO] [stderr]   Downloaded prettyplease v0.2.37
[INFO] [stderr]   Downloaded toml v0.9.10+spec-1.1.0
[INFO] [stderr]   Downloaded icu_normalizer_data v2.1.1
[INFO] [stderr]   Downloaded const_format v0.2.35
[INFO] [stderr]   Downloaded bytes v1.11.0
[INFO] [stderr]   Downloaded typenum v1.19.0
[INFO] [stderr]   Downloaded slotmap v1.1.1
[INFO] [stderr]   Downloaded concurrent-queue v2.5.0
[INFO] [stderr]   Downloaded zerovec-derive v0.11.2
[INFO] [stderr]   Downloaded lasso v0.7.3
[INFO] [stderr]   Downloaded leptos v0.8.15
[INFO] [stderr]   Downloaded icu_properties_data v2.1.2
[INFO] [stderr]   Downloaded http v1.4.0
[INFO] [stderr]   Downloaded hashbrown v0.14.5
[INFO] [stderr]   Downloaded tachys v0.2.11
[INFO] [stderr]   Downloaded synstructure v0.13.2
[INFO] [stderr]   Downloaded grass_compiler v0.13.4
[INFO] [stderr]   Downloaded writeable v0.6.2
[INFO] [stderr]   Downloaded yoke-derive v0.8.1
[INFO] [stderr]   Downloaded itertools v0.13.0
[INFO] [stderr]   Downloaded zerofrom-derive v0.1.6
[INFO] [stderr]   Downloaded regex v1.12.2
[INFO] [stderr]   Downloaded serde_json v1.0.146
[INFO] [stderr]   Downloaded aho-corasick v1.1.4
[INFO] [stderr]   Downloaded futures v0.3.31
[INFO] [stderr]   Downloaded tinystr v0.8.2
[INFO] [stderr]   Downloaded winnow v0.7.14
[INFO] [stderr]   Downloaded web-sys v0.3.83
[INFO] [stderr]   Downloaded futures-util v0.3.31
[INFO] [stderr]   Downloaded stable_deref_trait v1.2.1
[INFO] [stderr]   Downloaded syn v1.0.109
[INFO] [stderr]   Downloaded chrono v0.4.42
[INFO] [stderr]   Downloaded zerocopy v0.8.31
[INFO] [stderr]   Downloaded itertools v0.14.0
[INFO] [stderr]   Downloaded url v2.5.7
[INFO] [stderr]   Downloaded syn v2.0.111
[INFO] [stderr]   Downloaded browserslist-rs v0.17.0
[INFO] [stderr]   Downloaded dashmap v6.1.0
[INFO] [stderr]   Downloaded regex-syntax v0.8.8
[INFO] [stderr]   Downloaded idna v1.1.0
[INFO] [stderr]   Downloaded futures-sink v0.3.31
[INFO] [stderr]   Downloaded guardian v1.3.0
[INFO] [stderr]   Downloaded redox_syscall v0.5.18
[INFO] [stderr]   Downloaded regex-automata v0.4.13
[INFO] [stderr]   Downloaded libc v0.2.178
[INFO] [stderr]   Downloaded futures-io v0.3.31
[INFO] [stderr]   Downloaded server_fn v0.8.9
[INFO] [stderr]   Downloaded zerovec v0.11.5
[INFO] [stderr]   Downloaded parking v2.2.1
[INFO] [stderr]   Downloaded async-trait v0.1.89
[INFO] [stderr]   Downloaded icu_locale_core v2.1.1
[INFO] [stderr]   Downloaded async-lock v3.4.2
[INFO] [stderr]   Downloaded windows-sys v0.61.2
[INFO] [stderr]   Downloaded hermit-abi v0.5.2
[INFO] [stderr]   Downloaded icu_properties v2.1.2
[INFO] [stderr]   Downloaded lock_api v0.4.14
[INFO] [stderr]   Downloaded erased v0.1.2
[INFO] [stderr]   Downloaded either_of v0.1.6
[INFO] [stderr]   Downloaded scopeguard v1.2.0
[INFO] [stderr]   Downloaded crossbeam-utils v0.8.21
[INFO] [stderr]   Downloaded lightningcss v1.0.0-alpha.65
[INFO] running `Command { std: "docker" "create" "-v" "/var/lib/crater-agent-workspace/builds/worker-2-tc1/source:/opt/rustwide/workdir:ro,Z" "-v" "/var/lib/crater-agent-workspace/builds/worker-2-tc1/target:/opt/rustwide/target:rw,Z" "-v" "/var/lib/crater-agent-workspace/cargo-home:/opt/rustwide/cargo-home:ro,Z" "-v" "/var/lib/crater-agent-workspace/rustup-home:/opt/rustwide/rustup-home:ro,Z" "-m" "1610612736" "--network" "none" "ghcr.io/rust-lang/crates-build-env/linux@sha256:3111399a4047eeb3a02b7a90e478d715f38a8c6669b5c4b49d30a17385265909" "sleep" "infinity", kill_on_drop: false }`
[INFO] [stdout] 041a31a193e53af29a48b801556169fac02d7471ec79f5ab3173d43aefbe6e72
[INFO] running `Command { std: "docker" "start" "041a31a193e53af29a48b801556169fac02d7471ec79f5ab3173d43aefbe6e72", kill_on_drop: false }`
[INFO] running `Command { std: "docker" "inspect" "041a31a193e53af29a48b801556169fac02d7471ec79f5ab3173d43aefbe6e72", kill_on_drop: false }`
[INFO] running `Command { std: "docker" "exec" "-e" "SOURCE_DIR=/opt/rustwide/workdir" "-e" "CARGO_HOME=/opt/rustwide/cargo-home" "-e" "RUSTUP_HOME=/opt/rustwide/rustup-home" "-e" "CARGO_TARGET_DIR=/opt/rustwide/target" "-w" "/opt/rustwide/workdir" "--user" "0:0" "041a31a193e53af29a48b801556169fac02d7471ec79f5ab3173d43aefbe6e72" "/opt/rustwide/cargo-home/bin/cargo" "+1.99.0-beta.8" "metadata" "--no-deps" "--format-version=1", kill_on_drop: false }`
[INFO] running `Command { std: "docker" "inspect" "041a31a193e53af29a48b801556169fac02d7471ec79f5ab3173d43aefbe6e72", kill_on_drop: false }`
[INFO] running `Command { std: "docker" "exec" "-e" "SOURCE_DIR=/opt/rustwide/workdir" "-e" "CARGO_HOME=/opt/rustwide/cargo-home" "-e" "RUSTUP_HOME=/opt/rustwide/rustup-home" "-e" "CARGO_TARGET_DIR=/opt/rustwide/target" "-e" "CARGO_INCREMENTAL=0" "-e" "RUST_BACKTRACE=full" "-e" "RUSTFLAGS=--cap-lints=warn" "-e" "RUSTDOCFLAGS=--cap-lints=warn" "-w" "/opt/rustwide/workdir" "--user" "0:0" "041a31a193e53af29a48b801556169fac02d7471ec79f5ab3173d43aefbe6e72" "/opt/rustwide/cargo-home/bin/cargo" "+1.99.0-beta.8" "build" "--frozen" "--message-format=json", kill_on_drop: false }`
[INFO] [stderr]    Compiling unicode-ident v1.0.22
[INFO] [stderr]    Compiling proc-macro2 v1.0.103
[INFO] [stderr]    Compiling quote v1.0.42
[INFO] [stderr]    Compiling version_check v0.9.5
[INFO] [stderr]    Compiling cfg-if v1.0.4
[INFO] [stderr]    Compiling libc v0.2.178
[INFO] [stderr]    Compiling once_cell v1.21.3
[INFO] [stderr]    Compiling serde_core v1.0.228
[INFO] [stderr]    Compiling semver v1.0.27
[INFO] [stderr]    Compiling memchr v2.7.6
[INFO] [stderr]    Compiling equivalent v1.0.2
[INFO] [stderr]    Compiling wasm-bindgen-shared v0.2.106
[INFO] [stderr]    Compiling hashbrown v0.16.1
[INFO] [stderr]    Compiling rustc_version v0.4.1
[INFO] [stderr]    Compiling unicode-segmentation v1.12.0
[INFO] [stderr]    Compiling thiserror v2.0.17
[INFO] [stderr]    Compiling serde v1.0.228
[INFO] [stderr]    Compiling rustversion v1.0.22
[INFO] [stderr]    Compiling smallvec v1.15.1
[INFO] [stderr]    Compiling pin-project-lite v0.2.16
[INFO] [stderr]    Compiling syn v2.0.111
[INFO] [stderr]    Compiling bumpalo v3.19.1
[INFO] [stderr]    Compiling itoa v1.0.16
[INFO] [stderr]    Compiling futures-core v0.3.31
[INFO] [stderr]    Compiling stable_deref_trait v1.2.1
[INFO] [stderr]    Compiling rand_core v0.6.4
[INFO] [stderr]    Compiling futures-sink v0.3.31
[INFO] [stderr]    Compiling getrandom v0.3.4
[INFO] [stderr]    Compiling wasm-bindgen v0.2.106
[INFO] [stderr]    Compiling siphasher v1.0.1
[INFO] [stderr]    Compiling parking_lot_core v0.9.12
[INFO] [stderr]    Compiling futures-channel v0.3.31
[INFO] [stderr]    Compiling rand v0.8.5
[INFO] [stderr]    Compiling serde_json v1.0.146
[INFO] [stderr]    Compiling crossbeam-utils v0.8.21
[INFO] [stderr]    Compiling phf_shared v0.11.3
[INFO] [stderr]    Compiling proc-macro-error-attr2 v2.0.0
[INFO] [stderr]    Compiling slab v0.4.11
[INFO] [stderr]    Compiling futures-io v0.3.31
[INFO] [stderr]    Compiling ryu v1.0.21
[INFO] [stderr]    Compiling pin-utils v0.1.0
[INFO] [stderr]    Compiling futures-task v0.3.31
[INFO] [stderr]    Compiling paste v1.0.15
[INFO] [stderr]    Compiling scopeguard v1.2.0
[INFO] [stderr]    Compiling phf_generator v0.11.3
[INFO] [stderr]    Compiling lock_api v0.4.14
[INFO] [stderr]    Compiling num_cpus v1.17.0
[INFO] [stderr]    Compiling rustc-hash v2.1.1
[INFO] [stderr]    Compiling zerocopy v0.8.31
[INFO] [stderr]    Compiling thiserror v1.0.69
[INFO] [stderr]    Compiling convert_case v0.8.0
[INFO] [stderr]    Compiling indexmap v2.12.1
[INFO] [stderr]    Compiling ahash v0.8.12
[INFO] [stderr]    Compiling either v1.15.0
[INFO] [stderr]    Compiling writeable v0.6.2
[INFO] [stderr]    Compiling typenum v1.19.0
[INFO] [stderr]    Compiling litemap v0.8.1
[INFO] [stderr]    Compiling winnow v0.7.14
[INFO] [stderr]    Compiling concurrent-queue v2.5.0
[INFO] [stderr]    Compiling generic-array v0.14.7
[INFO] [stderr]    Compiling proc-macro2-diagnostics v0.10.1
[INFO] [stderr]    Compiling parking v2.2.1
[INFO] [stderr]    Compiling xxhash-rust v0.8.15
[INFO] [stderr]    Compiling icu_properties_data v2.1.2
[INFO] [stderr]    Compiling regex-syntax v0.8.8
[INFO] [stderr]    Compiling icu_normalizer_data v2.1.1
[INFO] [stderr]    Compiling event-listener v5.4.1
[INFO] [stderr]    Compiling throw_error v0.3.1
[INFO] [stderr]    Compiling proc-macro-utils v0.10.0
[INFO] [stderr]    Compiling convert_case v0.6.0
[INFO] [stderr]    Compiling slotmap v1.1.1
[INFO] [stderr]    Compiling yansi v1.0.1
[INFO] [stderr]    Compiling unicode-xid v0.2.6
[INFO] [stderr]    Compiling syn v1.0.109
[INFO] [stderr]    Compiling autocfg v1.5.0
[INFO] [stderr]    Compiling const_format_proc_macros v0.2.34
[INFO] [stderr]    Compiling num-traits v0.2.19
[INFO] [stderr]    Compiling event-listener-strategy v0.5.4
[INFO] [stderr]    Compiling send_wrapper v0.6.0
[INFO] [stderr]    Compiling reactive_graph v0.2.12
[INFO] [stderr]    Compiling server_fn_macro v0.8.8
[INFO] [stderr]    Compiling pathdiff v0.2.3
[INFO] [stderr]    Compiling synstructure v0.13.2
[INFO] [stderr]    Compiling wasm-bindgen-macro-support v0.2.106
[INFO] [stderr]    Compiling proc-macro-error2 v2.0.1
[INFO] [stderr]    Compiling or_poisoned v0.1.0
[INFO] [stderr]    Compiling hashbrown v0.14.5
[INFO] [stderr]    Compiling dtoa v1.0.10
[INFO] [stderr]    Compiling const_format v0.2.35
[INFO] [stderr]    Compiling dtoa-short v0.3.5
[INFO] [stderr]    Compiling async-lock v3.4.2
[INFO] [stderr]    Compiling dashmap v6.1.0
[INFO] [stderr]    Compiling phf_codegen v0.11.3
[INFO] [stderr]    Compiling anyhow v1.0.100
[INFO] [stderr]    Compiling percent-encoding v2.3.2
[INFO] [stderr]    Compiling guardian v1.3.0
[INFO] [stderr]    Compiling allocator-api2 v0.2.21
[INFO] [stderr]    Compiling utf8-width v0.1.8
[INFO] [stderr]    Compiling camino v1.2.2
[INFO] [stderr]    Compiling itertools v0.14.0
[INFO] [stderr]    Compiling html-escape v0.2.13
[INFO] [stderr]    Compiling parcel_selectors v0.28.2
[INFO] [stderr]    Compiling crypto-common v0.1.7
[INFO] [stderr]    Compiling block-buffer v0.10.4
[INFO] [stderr]    Compiling manyhow-macros v0.11.4
[INFO] [stderr]    Compiling serde_derive v1.0.228
[INFO] [stderr]    Compiling thiserror-impl v2.0.17
[INFO] [stderr]    Compiling zerofrom-derive v0.1.6
[INFO] [stderr]    Compiling yoke-derive v0.8.1
[INFO] [stderr]    Compiling zerovec-derive v0.11.2
[INFO] [stderr]    Compiling futures-macro v0.3.31
[INFO] [stderr]    Compiling displaydoc v0.2.5
[INFO] [stderr]    Compiling wasm-bindgen-macro v0.2.106
[INFO] [stderr]    Compiling zerofrom v0.1.6
[INFO] [stderr]    Compiling yoke v0.8.1
[INFO] [stderr]    Compiling thiserror-impl v1.0.69
[INFO] [stderr]    Compiling phf_macros v0.11.3
[INFO] [stderr]    Compiling zerotrie v0.2.3
[INFO] [stderr]    Compiling zerovec v0.11.5
[INFO] [stderr]    Compiling derive-where v1.6.0
[INFO] [stderr]    Compiling futures-util v0.3.31
[INFO] [stderr]    Compiling syn_derive v0.2.0
[INFO] [stderr]    Compiling phf v0.11.3
[INFO] [stderr]    Compiling js-sys v0.3.83
[INFO] [stderr]    Compiling cssparser-macros v0.6.1
[INFO] [stderr]    Compiling tinystr v0.8.2
[INFO] [stderr]    Compiling potential_utf v0.1.4
[INFO] [stderr]    Compiling icu_collections v2.1.1
[INFO] [stderr]    Compiling cssparser v0.33.0
[INFO] [stderr]    Compiling icu_locale_core v2.1.1
[INFO] [stderr]    Compiling quote-use-macros v0.8.4
[INFO] [stderr]    Compiling reactive_stores_macro v0.2.6
[INFO] [stderr]    Compiling pin-project-internal v1.1.10
[INFO] [stderr]    Compiling parking_lot v0.12.5
[INFO] [stderr]    Compiling tachys v0.2.11
[INFO] [stderr]    Compiling prettyplease v0.2.37
[INFO] [stderr]    Compiling utf8_iter v1.0.4
[INFO] [stderr]    Compiling bytes v1.11.0
[INFO] [stderr]    Compiling icu_provider v2.1.1
[INFO] [stderr]    Compiling iana-time-zone v0.1.64
[INFO] [stderr]    Compiling icu_normalizer v2.1.1
[INFO] [stderr]    Compiling icu_properties v2.1.2
[INFO] [stderr]    Compiling same-file v1.0.6
[INFO] [stderr]    Compiling minimal-lexical v0.2.1
[INFO] [stderr]    Compiling pin-project v1.1.10
[INFO] [stderr]    Compiling walkdir v2.5.0
[INFO] [stderr]    Compiling nom v7.1.3
[INFO] [stderr]    Compiling oco_ref v0.2.1
[INFO] [stderr]    Compiling serde_spanned v0.6.9
[INFO] [stderr]    Compiling toml_datetime v0.6.11
[INFO] [stderr]    Compiling http v1.4.0
[INFO] [stderr]    Compiling chrono v0.4.42
[INFO] [stderr]    Compiling quote-use v0.8.4
[INFO] [stderr]    Compiling const-str-proc-macro v0.3.2
[INFO] [stderr]    Compiling manyhow v0.11.4
[INFO] [stderr]    Compiling futures-executor v0.3.31
[INFO] [stderr]    Compiling idna_adapter v1.2.1
[INFO] [stderr]    Compiling idna v1.1.0
[INFO] [stderr]    Compiling futures v0.3.31
[INFO] [stderr]    Compiling hydration_context v0.3.0
[INFO] [stderr]    Compiling lasso v0.7.3
[INFO] [stderr]    Compiling async-trait v0.1.89
[INFO] [stderr]    Compiling wasm-bindgen-futures v0.4.56
[INFO] [stderr]    Compiling web-sys v0.3.83
[INFO] [stderr]    Compiling any_spawner v0.3.0
[INFO] [stderr]    Compiling digest v0.10.7
[INFO] [stderr]    Compiling form_urlencoded v1.2.2
[INFO] [stderr]    Compiling toml_parser v1.0.6+spec-1.1.0
[INFO] [stderr]    Compiling aho-corasick v1.1.4
[INFO] [stderr]    Compiling itertools v0.13.0
[INFO] [stderr]    Compiling either_of v0.1.6
[INFO] [stderr]    Compiling serde_spanned v1.0.4
[INFO] [stderr]    Compiling toml_datetime v0.7.5+spec-1.1.0
[INFO] [stderr]    Compiling reactive_stores v0.3.1
[INFO] [stderr]    Compiling server_fn v0.8.9
[INFO] [stderr]    Compiling erased v0.1.2
[INFO] [stderr]    Compiling collection_literals v1.0.3
[INFO] [stderr]    Compiling next_tuple v0.1.0
[INFO] [stderr]    Compiling const_str_slice_concat v0.1.0
[INFO] [stderr]    Compiling bitflags v2.10.0
[INFO] [stderr]    Compiling interpolator v0.5.0
[INFO] [stderr]    Compiling log v0.4.29
[INFO] [stderr]    Compiling linear-map v1.2.0
[INFO] [stderr]    Compiling cpufeatures v0.2.17
[INFO] [stderr]    Compiling drain_filter_polyfill v0.1.3
[INFO] [stderr]    Compiling precomputed-hash v0.1.1
[INFO] [stderr]    Compiling toml_write v0.1.2
[INFO] [stderr]    Compiling codemap v0.1.3
[INFO] [stderr]    Compiling sha2 v0.10.9
[INFO] [stderr]    Compiling toml_edit v0.22.27
[INFO] [stderr]    Compiling grass_compiler v0.13.4
[INFO] [stderr]    Compiling attribute-derive-macro v0.10.5
[INFO] [stderr]    Compiling browserslist-rs v0.17.0
[INFO] [stderr]    Compiling regex-automata v0.4.13
[INFO] [stderr]    Compiling toml v0.9.10+spec-1.1.0
[INFO] [stderr]    Compiling rstml v0.12.1
[INFO] [stderr]    Compiling url v2.5.7
[INFO] [stderr]    Compiling const-str v0.3.2
[INFO] [stderr]    Compiling serde_qs v0.15.0
[INFO] [stderr]    Compiling cssparser-color v0.1.0
[INFO] [stderr]    Compiling lightningcss-derive v1.0.0-alpha.43
[INFO] [stderr]    Compiling server_fn_macro_default v0.8.5
[INFO] [stderr]    Compiling typed-builder-macro v0.21.2
[INFO] [stderr]    Compiling itertools v0.10.5
[INFO] [stderr]    Compiling getrandom v0.2.16
[INFO] [stderr]    Compiling leptos_macro v0.8.14
[INFO] [stderr]    Compiling lazy_static v1.5.0
[INFO] [stderr]    Compiling data-encoding v2.9.0
[INFO] [stderr]    Compiling const-str v0.7.1
[INFO] [stderr]    Compiling base64 v0.22.1
[INFO] [stderr]    Compiling base16 v0.2.1
[INFO] [stderr]    Compiling wasm_split_macros v0.2.0
[INFO] [stderr]    Compiling leptos_hot_reload v0.8.5
[INFO] [stderr]    Compiling regex v1.12.2
[INFO] [stderr]    Compiling typed-builder v0.21.2
[INFO] [stderr]    Compiling toml v0.8.23
[INFO] [stderr]    Compiling config v0.15.19
[INFO] [stderr]    Compiling attribute-derive v0.10.5
[INFO] [stderr]    Compiling codee v0.3.5
[INFO] [stderr]    Compiling typed-builder-macro v0.23.2
[INFO] [stderr]    Compiling uuid v1.19.0
[INFO] [stderr]    Compiling convert_case v0.10.0
[INFO] [stderr]    Compiling leptos v0.8.15
[INFO] [stderr]    Compiling async-once-cell v0.5.4
[INFO] [stderr]    Compiling oorandom v11.1.5
[INFO] [stderr]    Compiling leptos_config v0.8.8
[INFO] [stderr]    Compiling wasm_split_helpers v0.2.0
[INFO] [stderr]    Compiling grass v0.13.4
[INFO] [stderr]    Compiling typed-builder v0.23.2
[INFO] [stderr]    Compiling lightningcss v1.0.0-alpha.65
[INFO] [stderr]    Compiling gloo-utils v0.2.0
[INFO] [stderr]    Compiling gloo-net v0.6.0
[INFO] [stderr]    Compiling wasm-streams v0.4.2
[INFO] [stderr]    Compiling leptos_dom v0.8.7
[INFO] [stderr]    Compiling leptos_server v0.8.6
[INFO] [stderr]    Compiling turf_internals v0.10.1
[INFO] [stderr]    Compiling leptos_meta v0.8.5
[INFO] [stderr]    Compiling turf_macros v0.10.1
[INFO] [stderr]    Compiling turf v0.10.1
[INFO] [stderr]    Compiling leptos_styling v0.3.1 (/opt/rustwide/workdir)
[INFO] [stdout] warning: unused import: `leptos::config::LeptosOptions`
[INFO] [stdout]  --> src/lib.rs:7:5
[INFO] [stdout]   |
[INFO] [stdout] 7 | use leptos::config::LeptosOptions;
[INFO] [stdout]   |     ^^^^^^^^^^^^^^^^^^^^^^^^^^^^^
[INFO] [stdout]   |
[INFO] [stdout]   = note: `#[warn(unused_imports)]` (part of `#[warn(unused)]`) on by default
[INFO] [stdout] 
[INFO] [stdout] 
[INFO] [stdout] warning: unused imports: `ops::Deref` and `path::Path`
[INFO] [stdout]  --> src/lib.rs:8:11
[INFO] [stdout]   |
[INFO] [stdout] 8 | use std::{ops::Deref, path::Path};
[INFO] [stdout]   |           ^^^^^^^^^^  ^^^^^^^^^^
[INFO] [stdout] 
[INFO] [stdout] 
[INFO] [stdout] warning: unused import: `crate::StyleSheet`
[INFO] [stdout]  --> src/component.rs:1:5
[INFO] [stdout]   |
[INFO] [stdout] 1 | use crate::StyleSheet;
[INFO] [stdout]   |     ^^^^^^^^^^^^^^^^^
[INFO] [stdout] 
[INFO] [stdout] 
[INFO] [stdout] warning: unused import: `leptos::logging::log`
[INFO] [stdout]  --> src/component.rs:2:5
[INFO] [stdout]   |
[INFO] [stdout] 2 | use leptos::logging::log;
[INFO] [stdout]   |     ^^^^^^^^^^^^^^^^^^^^
[INFO] [stdout] 
[INFO] [stdout] 
[INFO] [stderr]     Finished `dev` profile [unoptimized + debuginfo] target(s) in 3m 38s
[INFO] [stderr] warning: the following packages contain code that will be rejected by a future version of Rust: proc-macro-error2 v2.0.1
[INFO] [stderr] note: to see what the problems were, use the option `--future-incompat-report`, or run `cargo report future-incompatibilities --id 1`
[INFO] running `Command { std: "docker" "inspect" "041a31a193e53af29a48b801556169fac02d7471ec79f5ab3173d43aefbe6e72", kill_on_drop: false }`
[INFO] running `Command { std: "docker" "exec" "-e" "SOURCE_DIR=/opt/rustwide/workdir" "-e" "CARGO_HOME=/opt/rustwide/cargo-home" "-e" "RUSTUP_HOME=/opt/rustwide/rustup-home" "-e" "CARGO_TARGET_DIR=/opt/rustwide/target" "-e" "CARGO_INCREMENTAL=0" "-e" "RUST_BACKTRACE=full" "-e" "RUSTFLAGS=--cap-lints=warn" "-e" "RUSTDOCFLAGS=--cap-lints=warn" "-w" "/opt/rustwide/workdir" "--user" "0:0" "041a31a193e53af29a48b801556169fac02d7471ec79f5ab3173d43aefbe6e72" "/opt/rustwide/cargo-home/bin/cargo" "+1.99.0-beta.8" "test" "--frozen" "--no-run" "--message-format=json", kill_on_drop: false }`
[INFO] [stdout] warning: unused import: `leptos::config::LeptosOptions`
[INFO] [stdout]  --> src/lib.rs:7:5
[INFO] [stdout]   |
[INFO] [stdout] 7 | use leptos::config::LeptosOptions;
[INFO] [stdout]   |     ^^^^^^^^^^^^^^^^^^^^^^^^^^^^^
[INFO] [stdout]   |
[INFO] [stdout]   = note: `#[warn(unused_imports)]` (part of `#[warn(unused)]`) on by default
[INFO] [stdout] 
[INFO] [stdout] 
[INFO] [stdout] warning: unused imports: `ops::Deref` and `path::Path`
[INFO] [stdout]  --> src/lib.rs:8:11
[INFO] [stdout]   |
[INFO] [stdout] 8 | use std::{ops::Deref, path::Path};
[INFO] [stdout]   |           ^^^^^^^^^^  ^^^^^^^^^^
[INFO] [stdout] 
[INFO] [stdout] 
[INFO] [stdout] warning: unused import: `crate::StyleSheet`
[INFO] [stdout]  --> src/component.rs:1:5
[INFO] [stdout]   |
[INFO] [stdout] 1 | use crate::StyleSheet;
[INFO] [stdout]   |     ^^^^^^^^^^^^^^^^^
[INFO] [stdout] 
[INFO] [stdout] 
[INFO] [stderr]    Compiling leptos_styling v0.3.1 (/opt/rustwide/workdir)
[INFO] [stdout] warning: unused import: `leptos::logging::log`
[INFO] [stdout]  --> src/component.rs:2:5
[INFO] [stdout]   |
[INFO] [stdout] 2 | use leptos::logging::log;
[INFO] [stdout]   |     ^^^^^^^^^^^^^^^^^^^^
[INFO] [stdout] 
[INFO] [stdout] 
[INFO] [stdout] warning: unused import: `leptos::config::LeptosOptions`
[INFO] [stdout]  --> src/lib.rs:7:5
[INFO] [stdout]   |
[INFO] [stdout] 7 | use leptos::config::LeptosOptions;
[INFO] [stdout]   |     ^^^^^^^^^^^^^^^^^^^^^^^^^^^^^
[INFO] [stdout]   |
[INFO] [stdout]   = note: `#[warn(unused_imports)]` (part of `#[warn(unused)]`) on by default
[INFO] [stdout] 
[INFO] [stdout] 
[INFO] [stdout] warning: unused imports: `ops::Deref` and `path::Path`
[INFO] [stdout]  --> src/lib.rs:8:11
[INFO] [stdout]   |
[INFO] [stdout] 8 | use std::{ops::Deref, path::Path};
[INFO] [stdout]   |           ^^^^^^^^^^  ^^^^^^^^^^
[INFO] [stdout] 
[INFO] [stdout] 
[INFO] [stdout] warning: unused import: `crate::StyleSheet`
[INFO] [stdout]  --> src/component.rs:1:5
[INFO] [stdout]   |
[INFO] [stdout] 1 | use crate::StyleSheet;
[INFO] [stdout]   |     ^^^^^^^^^^^^^^^^^
[INFO] [stdout] 
[INFO] [stdout] 
[INFO] [stdout] warning: unused import: `leptos::logging::log`
[INFO] [stdout]  --> src/component.rs:2:5
[INFO] [stdout]   |
[INFO] [stdout] 2 | use leptos::logging::log;
[INFO] [stdout]   |     ^^^^^^^^^^^^^^^^^^^^
[INFO] [stdout] 
[INFO] [stdout] 
[INFO] [stderr]     Finished `test` profile [unoptimized + debuginfo] target(s) in 1.55s
[INFO] [stderr] warning: the following packages contain code that will be rejected by a future version of Rust: proc-macro-error2 v2.0.1
[INFO] [stderr] note: to see what the problems were, use the option `--future-incompat-report`, or run `cargo report future-incompatibilities --id 1`
[INFO] running `Command { std: "docker" "inspect" "041a31a193e53af29a48b801556169fac02d7471ec79f5ab3173d43aefbe6e72", kill_on_drop: false }`
[INFO] running `Command { std: "docker" "exec" "-e" "SOURCE_DIR=/opt/rustwide/workdir" "-e" "CARGO_HOME=/opt/rustwide/cargo-home" "-e" "RUSTUP_HOME=/opt/rustwide/rustup-home" "-e" "CARGO_TARGET_DIR=/opt/rustwide/target" "-e" "CARGO_INCREMENTAL=0" "-e" "RUST_BACKTRACE=full" "-e" "RUSTFLAGS=--cap-lints=warn" "-e" "RUSTDOCFLAGS=--cap-lints=warn" "-w" "/opt/rustwide/workdir" "--user" "0:0" "041a31a193e53af29a48b801556169fac02d7471ec79f5ab3173d43aefbe6e72" "/opt/rustwide/cargo-home/bin/cargo" "+1.99.0-beta.8" "test" "--frozen", kill_on_drop: false }`
[INFO] [stderr] warning: unused import: `leptos::config::LeptosOptions`
[INFO] [stderr]  --> src/lib.rs:7:5
[INFO] [stderr]   |
[INFO] [stderr] 7 | use leptos::config::LeptosOptions;
[INFO] [stderr]   |     ^^^^^^^^^^^^^^^^^^^^^^^^^^^^^
[INFO] [stderr]   |
[INFO] [stderr]   = note: `#[warn(unused_imports)]` (part of `#[warn(unused)]`) on by default
[INFO] [stderr] 
[INFO] [stderr] warning: unused imports: `ops::Deref` and `path::Path`
[INFO] [stderr]  --> src/lib.rs:8:11
[INFO] [stderr]   |
[INFO] [stderr] 8 | use std::{ops::Deref, path::Path};
[INFO] [stderr]   |           ^^^^^^^^^^  ^^^^^^^^^^
[INFO] [stderr] 
[INFO] [stderr] warning: unused import: `crate::StyleSheet`
[INFO] [stderr]  --> src/component.rs:1:5
[INFO] [stderr]   |
[INFO] [stderr] 1 | use crate::StyleSheet;
[INFO] [stderr]   |     ^^^^^^^^^^^^^^^^^
[INFO] [stderr] 
[INFO] [stderr] warning: unused import: `leptos::logging::log`
[INFO] [stderr]  --> src/component.rs:2:5
[INFO] [stderr]   |
[INFO] [stderr] 2 | use leptos::logging::log;
[INFO] [stderr]   |     ^^^^^^^^^^^^^^^^^^^^
[INFO] [stderr] 
[INFO] [stderr] warning: `leptos_styling` (lib) generated 4 warnings (run `cargo fix --lib -p leptos_styling` to apply 4 suggestions)
[INFO] [stderr] warning: `leptos_styling` (lib test) generated 4 warnings (4 duplicates)
[INFO] [stderr]     Finished `test` profile [unoptimized + debuginfo] target(s) in 0.24s
[INFO] [stderr] warning: the following packages contain code that will be rejected by a future version of Rust: proc-macro-error2 v2.0.1
[INFO] [stderr] note: to see what the problems were, use the option `--future-incompat-report`, or run `cargo report future-incompatibilities --id 1`
[INFO] [stderr]      Running unittests src/lib.rs (/opt/rustwide/target/debug/deps/leptos_styling-8c7bff2f5a389011)
[INFO] [stdout] 
[INFO] [stdout] running 0 tests
[INFO] [stdout] 
[INFO] [stdout] test result: ok. 0 passed; 0 failed; 0 ignored; 0 measured; 0 filtered out; finished in 0.00s
[INFO] [stdout] 
[INFO] [stderr]    Doc-tests leptos_styling
[INFO] [stdout] 
[INFO] [stdout] running 5 tests
[INFO] [stdout] test src/lib.rs - (line 37) ... FAILED
[INFO] [stdout] test src/lib.rs - (line 108) ... FAILED
[INFO] [stdout] test src/lib.rs - (line 56) ... FAILED
[INFO] [stdout] test src/lib.rs - (line 89) ... FAILED
[INFO] [stdout] test src/lib.rs - (line 72) ... ok
[INFO] [stderr] error: doctest failed, to rerun pass `--doc`
[INFO] [stdout] 
[INFO] [stdout] failures:
[INFO] [stdout] 
[INFO] [stdout] ---- src/lib.rs - (line 37) stdout ----
[INFO] [stdout] error: Error: error resolving path '/opt/rustwide/workdir/src/green_button.css' - No such file or directory (os error 2)
[INFO] [stdout]        Caused by:
[INFO] [stdout]            No such file or directory (os error 2)
[INFO] [stdout]   --> src/lib.rs:43:1
[INFO] [stdout]    |
[INFO] [stdout] 43 | style_sheet!(green_button, "src/green_button.css", "green_button");
[INFO] [stdout]    | ^^^^^^^^^^^^^^^^^^^^^^^^^^^^^^^^^^^^^^^^^^^^^^^^^^^^^^^^^^^^^^^^^^
[INFO] [stdout]    |
[INFO] [stdout]    = note: this error originates in the macro `$crate::style_sheet_inner` which comes from the expansion of the macro `style_sheet` (in Nightly builds, run with -Z macro-backtrace for more info)
[INFO] [stdout] 
[INFO] [stdout] error[E0428]: the name `style_sheet_generated` is defined multiple times
[INFO] [stdout]   --> src/lib.rs:46:1
[INFO] [stdout]    |
[INFO] [stdout] 43 |   style_sheet!(green_button, "src/green_button.css", "green_button");
[INFO] [stdout]    |   ------------------------------------------------------------------ previous definition of the module `style_sheet_generated` here
[INFO] [stdout] ...
[INFO] [stdout] 46 | / inline_style_sheet! {red_button, "red_button",
[INFO] [stdout] 47 | |     .button {
[INFO] [stdout] 48 | |         background-color: red;
[INFO] [stdout] 49 | |         padding: 8px 16px;
[INFO] [stdout] ...  |
[INFO] [stdout] 52 | | }
[INFO] [stdout]    | |_^ `style_sheet_generated` redefined here
[INFO] [stdout]    |
[INFO] [stdout]    = note: `style_sheet_generated` must be defined only once in the type namespace of this block
[INFO] [stdout]    = note: this error originates in the macro `inline_style_sheet` (in Nightly builds, run with -Z macro-backtrace for more info)
[INFO] [stdout] 
[INFO] [stdout] error: aborting due to 2 previous errors
[INFO] [stdout] 
[INFO] [stdout] For more information about this error, try `rustc --explain E0428`.
[INFO] [stdout] Couldn't compile the test.
[INFO] [stdout] ---- src/lib.rs - (line 108) stdout ----
[INFO] [stdout] error: cannot find attribute `component` in this scope
[INFO] [stdout]    --> src/lib.rs:109:3
[INFO] [stdout]     |
[INFO] [stdout] 109 | #[component]
[INFO] [stdout]     |   ^^^^^^^^^
[INFO] [stdout] 
[INFO] [stdout] error: cannot find macro `view` in this scope
[INFO] [stdout]    --> src/lib.rs:113:5
[INFO] [stdout]     |
[INFO] [stdout] 113 |     view! {
[INFO] [stdout]     |     ^^^^
[INFO] [stdout] 
[INFO] [stdout] error[E0405]: cannot find trait `IntoView` in this scope
[INFO] [stdout]    --> src/lib.rs:110:22
[INFO] [stdout]     |
[INFO] [stdout] 110 | pub fn App() -> impl IntoView {
[INFO] [stdout]     |                      ^^^^^^^^ not found in this scope
[INFO] [stdout] 
[INFO] [stdout] error[E0425]: cannot find function `provide_meta_context` in this scope
[INFO] [stdout]    --> src/lib.rs:111:5
[INFO] [stdout]     |
[INFO] [stdout] 111 |     provide_meta_context();
[INFO] [stdout]     |     ^^^^^^^^^^^^^^^^^^^^ not found in this scope
[INFO] [stdout] 
[INFO] [stdout] error: aborting due to 4 previous errors
[INFO] [stdout] 
[INFO] [stdout] Some errors have detailed explanations: E0405, E0425.
[INFO] [stdout] For more information about an error, try `rustc --explain E0405`.
[INFO] [stdout] Couldn't compile the test.
[INFO] [stdout] ---- src/lib.rs - (line 56) stdout ----
[INFO] [stdout] error: cannot find attribute `component` in this scope
[INFO] [stdout]   --> src/lib.rs:57:3
[INFO] [stdout]    |
[INFO] [stdout] 57 | #[component]
[INFO] [stdout]    |   ^^^^^^^^^
[INFO] [stdout] 
[INFO] [stdout] error: cannot find macro `view` in this scope
[INFO] [stdout]   --> src/lib.rs:59:5
[INFO] [stdout]    |
[INFO] [stdout] 59 |     view! {
[INFO] [stdout]    |     ^^^^
[INFO] [stdout] 
[INFO] [stdout] error[E0405]: cannot find trait `IntoView` in this scope
[INFO] [stdout]   --> src/lib.rs:58:28
[INFO] [stdout]    |
[INFO] [stdout] 58 | pub fn MyButtons() -> impl IntoView {
[INFO] [stdout]    |                            ^^^^^^^^ not found in this scope
[INFO] [stdout] 
[INFO] [stdout] error: aborting due to 3 previous errors
[INFO] [stdout] 
[INFO] [stdout] For more information about this error, try `rustc --explain E0405`.
[INFO] [stdout] Couldn't compile the test.
[INFO] [stdout] ---- src/lib.rs - (line 89) stdout ----
[INFO] [stdout] error: cannot find macro `view` in this scope
[INFO] [stdout]   --> src/lib.rs:99:13
[INFO] [stdout]    |
[INFO] [stdout] 99 |             view! { <App/> }
[INFO] [stdout]    |             ^^^^
[INFO] [stdout] 
[INFO] [stdout] error[E0425]: cannot find value `routes` in this scope
[INFO] [stdout]   --> src/lib.rs:97:41
[INFO] [stdout]    |
[INFO] [stdout] 97 |         .leptos_routes(&leptos_options, routes, move || {
[INFO] [stdout]    |                                         ^^^^^^ not found in this scope
[INFO] [stdout] 
[INFO] [stdout] error[E0425]: cannot find function `get_configuration` in this scope
[INFO] [stdout]   --> src/lib.rs:91:26
[INFO] [stdout]    |
[INFO] [stdout] 91 |     let leptos_options = get_configuration(None).unwrap().leptos_options;
[INFO] [stdout]    |                          ^^^^^^^^^^^^^^^^^ not found in this scope
[INFO] [stdout] 
[INFO] [stdout] error[E0425]: cannot find function `generate_style_sheets` in this scope
[INFO] [stdout]   --> src/lib.rs:94:5
[INFO] [stdout]    |
[INFO] [stdout] 94 |     generate_style_sheets(leptos_options.clone());
[INFO] [stdout]    |     ^^^^^^^^^^^^^^^^^^^^^ not found in this scope
[INFO] [stdout] 
[INFO] [stdout] error[E0433]: cannot find type `Router` in this scope
[INFO] [stdout]   --> src/lib.rs:96:15
[INFO] [stdout]    |
[INFO] [stdout] 96 |     let app = Router::new()
[INFO] [stdout]    |               ^^^^^^ use of undeclared type `Router`
[INFO] [stdout] 
[INFO] [stdout] error[E0425]: cannot find function `provide_meta_context` in this scope
[INFO] [stdout]   --> src/lib.rs:98:13
[INFO] [stdout]    |
[INFO] [stdout] 98 |             provide_meta_context();
[INFO] [stdout]    |             ^^^^^^^^^^^^^^^^^^^^ not found in this scope
[INFO] [stdout] 
[INFO] [stdout] error[E0752]: `main` function is not allowed to be `async`
[INFO] [stdout]   --> src/lib.rs:90:1
[INFO] [stdout]    |
[INFO] [stdout] 90 | async fn main() {
[INFO] [stdout]    | ^^^^^^^^^^^^^^^ `main` function is not allowed to be `async`
[INFO] [stdout] 
[INFO] [stdout] error: aborting due to 7 previous errors
[INFO] [stdout] 
[INFO] [stdout] Some errors have detailed explanations: E0425, E0433, E0752.
[INFO] [stdout] For more information about an error, try `rustc --explain E0425`.
[INFO] [stdout] Couldn't compile the test.
[INFO] [stdout] 
[INFO] [stdout] failures:
[INFO] [stdout]     src/lib.rs - (line 108)
[INFO] [stdout]     src/lib.rs - (line 37)
[INFO] [stdout]     src/lib.rs - (line 56)
[INFO] [stdout]     src/lib.rs - (line 89)
[INFO] [stdout] 
[INFO] [stdout] test result: FAILED. 1 passed; 4 failed; 0 ignored; 0 measured; 0 filtered out; finished in 0.74s
[INFO] [stdout] 
[INFO] [stdout] all doctests ran in 0.99s; merged doctests compilation took 0.25s
[INFO] running `Command { std: "docker" "inspect" "041a31a193e53af29a48b801556169fac02d7471ec79f5ab3173d43aefbe6e72", kill_on_drop: false }`
[INFO] running `Command { std: "docker" "rm" "-f" "041a31a193e53af29a48b801556169fac02d7471ec79f5ab3173d43aefbe6e72", kill_on_drop: false }`
[INFO] [stdout] 041a31a193e53af29a48b801556169fac02d7471ec79f5ab3173d43aefbe6e72
