[INFO] fetching crate fyrox-ui 1.0.1...
[INFO] testing fyrox-ui-1.0.1 against 1.99.0-beta.8 for beta-1.100-2
[INFO] extracting crate fyrox-ui 1.0.1 into /workspace/builds/worker-2-tc1/source
[INFO] started tweaking crates.io crate fyrox-ui 1.0.1
[INFO] finished tweaking crates.io crate fyrox-ui 1.0.1
[INFO] tweaked toml for crates.io crate fyrox-ui 1.0.1 written to /workspace/builds/worker-2-tc1/source/Cargo.toml
[INFO] validating manifest of crates.io crate fyrox-ui 1.0.1 on toolchain 1.99.0-beta.8
[INFO] running `Command { std: CARGO_HOME="/workspace/cargo-home" RUSTUP_HOME="/workspace/rustup-home" "/workspace/cargo-home/bin/cargo" "+1.99.0-beta.8" "metadata" "--manifest-path" "Cargo.toml" "--no-deps", kill_on_drop: false }`
[INFO] crate crates.io crate fyrox-ui 1.0.1 already has a lockfile, it will not be regenerated
[INFO] running `Command { std: CARGO_HOME="/workspace/cargo-home" RUSTUP_HOME="/workspace/rustup-home" "/workspace/cargo-home/bin/cargo" "+1.99.0-beta.8" "fetch" "--manifest-path" "Cargo.toml", kill_on_drop: false }`
[INFO] [stderr]     Blocking waiting for file lock on package cache
[INFO] [stderr]     Updating crates.io index
[INFO] [stderr]     Blocking waiting for file lock on package cache
[INFO] [stderr]  Downloading crates ...
[INFO] [stderr]   Downloaded uuid v1.18.0
[INFO] [stderr]   Downloaded unicode-ident v1.0.18
[INFO] [stderr]   Downloaded adler2 v2.0.1
[INFO] [stderr]   Downloaded windows-targets v0.53.3
[INFO] [stderr]   Downloaded windows-link v0.1.3
[INFO] [stderr]   Downloaded kqueue-sys v1.0.4
[INFO] [stderr]   Downloaded simd-adler32 v0.3.7
[INFO] [stderr]   Downloaded heck v0.5.0
[INFO] [stderr]   Downloaded inotify v0.11.0
[INFO] [stderr]   Downloaded zune-core v0.4.12
[INFO] [stderr]   Downloaded byteorder-lite v0.1.0
[INFO] [stderr]   Downloaded rawpointer v0.2.1
[INFO] [stderr]   Downloaded core-foundation-sys v0.8.7
[INFO] [stderr]   Downloaded proc-macro2 v1.0.101
[INFO] [stderr]   Downloaded wasi v0.11.1+wasi-snapshot-preview1
[INFO] [stderr]   Downloaded wasm-bindgen-futures v0.4.50
[INFO] [stderr]   Downloaded strum_macros v0.27.2
[INFO] [stderr]   Downloaded log v0.4.27
[INFO] [stderr]   Downloaded nalgebra-macros v0.3.0
[INFO] [stderr]   Downloaded fsevent-sys v4.1.0
[INFO] [stderr]   Downloaded approx v0.5.1
[INFO] [stderr]   Downloaded rustversion v1.0.22
[INFO] [stderr]   Downloaded once_cell v1.21.3
[INFO] [stderr]   Downloaded serde_derive v1.0.228
[INFO] [stderr]   Downloaded rayon-core v1.13.0
[INFO] [stderr]   Downloaded strum v0.27.2
[INFO] [stderr]   Downloaded winapi-util v0.1.10
[INFO] [stderr]   Downloaded bitflags v1.3.2
[INFO] [stderr]   Downloaded inotify-sys v0.1.5
[INFO] [stderr]   Downloaded weezl v0.1.10
[INFO] [stderr]   Downloaded flate2 v1.1.2
[INFO] [stderr]   Downloaded miniz_oxide v0.8.9
[INFO] [stderr]   Downloaded crc32fast v1.5.0
[INFO] [stderr]   Downloaded fdeflate v0.3.7
[INFO] [stderr]   Downloaded autocfg v1.5.0
[INFO] [stderr]   Downloaded color_quant v1.1.0
[INFO] [stderr]   Downloaded fyrox-resource v1.0.1
[INFO] [stderr]   Downloaded parking_lot_core v0.9.11
[INFO] [stderr]   Downloaded smallvec v1.15.1
[INFO] [stderr]   Downloaded lock_api v0.4.13
[INFO] [stderr]   Downloaded simba v0.9.1
[INFO] [stderr]   Downloaded num-rational v0.4.2
[INFO] [stderr]   Downloaded wayland-csd-frame v0.3.0
[INFO] [stderr]   Downloaded calloop-wayland-source v0.3.0
[INFO] [stderr]   Downloaded concurrent-queue v2.5.0
[INFO] [stderr]   Downloaded bumpalo v3.19.0
[INFO] [stderr]   Downloaded cfg-if v1.0.3
[INFO] [stderr]   Downloaded getrandom v0.3.3
[INFO] [stderr]   Downloaded notify-types v2.0.0
[INFO] [stderr]   Downloaded kqueue v1.1.1
[INFO] [stderr]   Downloaded bitflags v2.9.3
[INFO] [stderr]   Downloaded fyrox-texture v1.0.1
[INFO] [stderr]   Downloaded tbc v0.3.0
[INFO] [stderr]   Downloaded zune-jpeg v0.4.20
[INFO] [stderr]   Downloaded gif v0.13.3
[INFO] [stderr]   Downloaded bytemuck v1.23.2
[INFO] [stderr]   Downloaded getrandom v0.2.16
[INFO] [stderr]   Downloaded ppv-lite86 v0.2.21
[INFO] [stderr]   Downloaded zerocopy-derive v0.8.26
[INFO] [stderr]   Downloaded parking_lot v0.12.4
[INFO] [stderr]   Downloaded safe_arch v0.7.4
[INFO] [stderr]   Downloaded downcast-rs v1.2.1
[INFO] [stderr]   Downloaded wayland-cursor v0.31.11
[INFO] [stderr]   Downloaded polling v3.10.0
[INFO] [stderr]   Downloaded r-efi v5.3.0
[INFO] [stderr]   Downloaded crossbeam-utils v0.8.21
[INFO] [stderr]   Downloaded crossbeam-deque v0.8.6
[INFO] [stderr]   Downloaded crossbeam-epoch v0.9.18
[INFO] [stderr]   Downloaded notify v8.2.0
[INFO] [stderr]   Downloaded mio v1.0.4
[INFO] [stderr]   Downloaded bytemuck_derive v1.10.1
[INFO] [stderr]   Downloaded redox_syscall v0.5.17
[INFO] [stderr]   Downloaded memoffset v0.9.1
[INFO] [stderr]   Downloaded instant v0.1.13
[INFO] [stderr]   Downloaded darling_macro v0.14.4
[INFO] [stderr]   Downloaded wayland-backend v0.3.11
[INFO] [stderr]   Downloaded libloading v0.8.8
[INFO] [stderr]   Downloaded scoped-tls v1.0.1
[INFO] [stderr]   Downloaded serde_core v1.0.228
[INFO] [stderr]   Downloaded wit-bindgen v0.45.0
[INFO] [stderr]   Downloaded ntapi v0.4.1
[INFO] [stderr]   Downloaded typenum v1.18.0
[INFO] [stderr]   Downloaded wide v0.7.33
[INFO] [stderr]   Downloaded matrixmultiply v0.3.10
[INFO] [stderr]   Downloaded dlib v0.5.2
[INFO] [stderr]   Downloaded wayland-scanner v0.31.7
[INFO] [stderr]   Downloaded fyrox-core v1.0.1
[INFO] [stderr]   Downloaded fyrox-core-derive v1.0.1
[INFO] [stderr]   Downloaded option-ext v0.2.0
[INFO] [stderr]   Downloaded copypasta v0.10.2
[INFO] [stderr]   Downloaded calloop v0.13.0
[INFO] [stderr]   Downloaded error-code v3.3.2
[INFO] [stderr]   Downloaded serde v1.0.228
[INFO] [stderr]   Downloaded png v0.17.16
[INFO] [stderr]   Downloaded ron v0.11.0
[INFO] [stderr]   Downloaded rectutils v0.5.0
[INFO] [stderr]   Downloaded arrayvec v0.7.6
[INFO] [stderr]   Downloaded fxhash v0.2.1
[INFO] [stderr]   Downloaded darling v0.14.4
[INFO] [stderr]   Downloaded strsim v0.10.0
[INFO] [stderr]   Downloaded ident_case v1.0.1
[INFO] [stderr]   Downloaded proc-macro-crate v3.3.0
[INFO] [stderr]   Downloaded toml_datetime v0.6.11
[INFO] [stderr]   Downloaded equivalent v1.0.2
[INFO] [stderr]   Downloaded jni-sys v0.3.0
[INFO] [stderr]   Downloaded ndk-context v0.1.1
[INFO] [stderr]   Downloaded windows-targets v0.42.2
[INFO] [stderr]   Downloaded document-features v0.2.11
[INFO] [stderr]   Downloaded enum-primitive-derive v0.2.2
[INFO] [stderr]   Downloaded foldhash v0.1.5
[INFO] [stderr]   Downloaded directories v5.0.1
[INFO] [stderr]   Downloaded redox_users v0.4.6
[INFO] [stderr]   Downloaded libredox v0.1.9
[INFO] [stderr]   Downloaded x11-clipboard v0.9.3
[INFO] [stderr]   Downloaded gethostname v0.4.3
[INFO] [stderr]   Downloaded glam v0.18.0
[INFO] [stderr]   Downloaded futures-executor v0.3.31
[INFO] [stderr]   Downloaded cesu8 v1.1.0
[INFO] [stderr]   Downloaded jobserver v0.1.34
[INFO] [stderr]   Downloaded android-properties v0.2.2
[INFO] [stderr]   Downloaded ddsfile v0.5.2
[INFO] [stderr]   Downloaded fyrox-graphics v1.0.1
[INFO] [stderr]   Downloaded fyrox-graph v1.0.1
[INFO] [stderr]   Downloaded dirs-sys v0.4.1
[INFO] [stderr]   Downloaded errno v0.3.13
[INFO] [stderr]   Downloaded smithay-clipboard v0.7.2
[INFO] [stderr]   Downloaded smithay-client-toolkit v0.19.2
[INFO] [stderr]   Downloaded wayland-client v0.31.11
[INFO] [stderr]   Downloaded objc2-encode v4.1.0
[INFO] [stderr]   Downloaded objc-sys v0.3.5
[INFO] [stderr]   Downloaded block2 v0.5.1
[INFO] [stderr]   Downloaded objc2-quartz-core v0.2.2
[INFO] [stderr]   Downloaded objc2-metal v0.2.2
[INFO] [stderr]   Downloaded objc2-core-data v0.2.2
[INFO] [stderr]   Downloaded clipboard-win v5.4.1
[INFO] [stderr]   Downloaded wasi v0.14.3+wasi-0.2.4
[INFO] [stderr]   Downloaded glam v0.20.5
[INFO] [stderr]   Downloaded glam v0.19.0
[INFO] [stderr]   Downloaded fyrox-math v1.0.1
[INFO] [stderr]   Downloaded futures v0.3.31
[INFO] [stderr]   Downloaded pin-project-lite v0.2.16
[INFO] [stderr]   Downloaded futures-macro v0.3.31
[INFO] [stderr]   Downloaded bincode v1.3.3
[INFO] [stderr]   Downloaded num_enum v0.7.4
[INFO] [stderr]   Downloaded num_enum_derive v0.7.4
[INFO] [stderr]   Downloaded litrs v0.4.2
[INFO] [stderr]   Downloaded fyrox-material v1.0.1
[INFO] [stderr]   Downloaded wayland-sys v0.31.7
[INFO] [stderr]   Downloaded xcursor v0.3.10
[INFO] [stderr]   Downloaded objc2-core-image v0.2.2
[INFO] [stderr]   Downloaded sysinfo v0.29.11
[INFO] [stderr]   Downloaded rayon v1.11.0
[INFO] [stderr]   Downloaded darling_core v0.14.4
[INFO] [stderr]   Downloaded slab v0.4.11
[INFO] [stderr]   Downloaded pkg-config v0.3.32
[INFO] [stderr]   Downloaded glam v0.22.0
[INFO] [stderr]   Downloaded memchr v2.7.5
[INFO] [stderr]   Downloaded toml_edit v0.22.27
[INFO] [stderr]   Downloaded fyrox-animation v1.0.1
[INFO] [stderr]   Downloaded allocator-api2 v0.2.21
[INFO] [stderr]   Downloaded wayland-protocols-wlr v0.3.9
[INFO] [stderr]   Downloaded zerocopy v0.8.26
[INFO] [stderr]   Downloaded glam v0.23.0
[INFO] [stderr]   Downloaded glam v0.21.3
[INFO] [stderr]   Downloaded glam v0.17.3
[INFO] [stderr]   Downloaded glam v0.14.0
[INFO] [stderr]   Downloaded ndk v0.9.0
[INFO] [stderr]   Downloaded image v0.25.6
[INFO] [stderr]   Downloaded indexmap v2.11.4
[INFO] [stderr]   Downloaded jni v0.21.1
[INFO] [stderr]   Downloaded cc v1.2.34
[INFO] [stderr]   Downloaded xkeysym v0.2.1
[INFO] [stderr]   Downloaded glam v0.16.0
[INFO] [stderr]   Downloaded glam v0.15.2
[INFO] [stderr]   Downloaded hashbrown v0.16.0
[INFO] [stderr]   Downloaded combine v4.6.7
[INFO] [stderr]   Downloaded hashbrown v0.15.5
[INFO] [stderr]   Downloaded syn v2.0.106
[INFO] [stderr]   Downloaded glam v0.24.2
[INFO] [stderr]   Downloaded objc2 v0.5.2
[INFO] [stderr]   Downloaded glam v0.25.0
[INFO] [stderr]   Downloaded fast_image_resize v5.2.1
[INFO] [stderr]   Downloaded regex v1.11.2
[INFO] [stderr]   Downloaded fontdue v0.9.3
[INFO] [stderr]   Downloaded quick-xml v0.37.5
[INFO] [stderr]   Downloaded wayland-protocols v0.32.9
[INFO] [stderr]   Downloaded winnow v0.7.13
[INFO] [stderr]   Downloaded ttf-parser v0.21.1
[INFO] [stderr]   Downloaded objc2-foundation v0.2.2
[INFO] [stderr]   Downloaded nalgebra v0.34.0
[INFO] [stderr]   Downloaded x11rb v0.13.1
[INFO] [stderr]   Downloaded glam v0.27.0
[INFO] [stderr]   Downloaded android-activity v0.6.0
[INFO] [stderr]   Downloaded glam v0.28.0
[INFO] [stderr]   Downloaded objc2-app-kit v0.2.2
[INFO] [stderr]   Downloaded ndk-sys v0.6.0+11769913
[INFO] [stderr]   Downloaded glam v0.29.3
[INFO] [stderr]   Downloaded regex-syntax v0.8.6
[INFO] [stderr]   Downloaded windows_aarch64_gnullvm v0.42.2
[INFO] [stderr]   Downloaded rustix v1.0.8
[INFO] [stderr]   Downloaded cursor-icon v1.2.0
[INFO] [stderr]   Downloaded windows_x86_64_gnullvm v0.42.2
[INFO] [stderr]   Downloaded rustix v0.38.44
[INFO] [stderr]   Downloaded web-sys v0.3.77
[INFO] [stderr]   Downloaded spade v2.15.0
[INFO] [stderr]   Downloaded robust v1.2.0
[INFO] [stderr]   Downloaded jpeg-decoder v0.3.2
[INFO] [stderr]   Downloaded x11rb-protocol v0.13.1
[INFO] [stderr]   Downloaded glam v0.30.5
[INFO] [stderr]   Downloaded libc v0.2.175
[INFO] [stderr]   Downloaded regex-automata v0.4.10
[INFO] [stderr]   Downloaded windows_x86_64_msvc v0.42.2
[INFO] [stderr]   Downloaded windows_aarch64_msvc v0.42.2
[INFO] [stderr]   Downloaded windows_x86_64_gnu v0.42.2
[INFO] [stderr]   Downloaded windows_i686_msvc v0.42.2
[INFO] [stderr]   Downloaded windows_i686_gnu v0.42.2
[INFO] [stderr]   Downloaded tiff v0.9.1
[INFO] [stderr]   Downloaded memmap2 v0.9.8
[INFO] [stderr]   Downloaded linux-raw-sys v0.9.4
[INFO] [stderr]   Downloaded windows-sys v0.60.2
[INFO] [stderr]   Downloaded linux-raw-sys v0.4.15
[INFO] [stderr]   Downloaded windows-sys v0.45.0
[INFO] running `Command { std: "docker" "create" "-v" "/var/lib/crater-agent-workspace/builds/worker-2-tc1/source:/opt/rustwide/workdir:ro,Z" "-v" "/var/lib/crater-agent-workspace/builds/worker-2-tc1/target:/opt/rustwide/target:rw,Z" "-v" "/var/lib/crater-agent-workspace/cargo-home:/opt/rustwide/cargo-home:ro,Z" "-v" "/var/lib/crater-agent-workspace/rustup-home:/opt/rustwide/rustup-home:ro,Z" "-m" "1610612736" "--network" "none" "ghcr.io/rust-lang/crates-build-env/linux@sha256:3111399a4047eeb3a02b7a90e478d715f38a8c6669b5c4b49d30a17385265909" "sleep" "infinity", kill_on_drop: false }`
[INFO] [stdout] 8b1eb21222a13738c085379e9b5be8ba2df933c6d43b1c0f4701394be8207ad2
[INFO] running `Command { std: "docker" "start" "8b1eb21222a13738c085379e9b5be8ba2df933c6d43b1c0f4701394be8207ad2", kill_on_drop: false }`
[INFO] running `Command { std: "docker" "inspect" "8b1eb21222a13738c085379e9b5be8ba2df933c6d43b1c0f4701394be8207ad2", kill_on_drop: false }`
[INFO] running `Command { std: "docker" "exec" "-e" "SOURCE_DIR=/opt/rustwide/workdir" "-e" "CARGO_HOME=/opt/rustwide/cargo-home" "-e" "RUSTUP_HOME=/opt/rustwide/rustup-home" "-e" "CARGO_TARGET_DIR=/opt/rustwide/target" "-w" "/opt/rustwide/workdir" "--user" "0:0" "8b1eb21222a13738c085379e9b5be8ba2df933c6d43b1c0f4701394be8207ad2" "/opt/rustwide/cargo-home/bin/cargo" "+1.99.0-beta.8" "metadata" "--no-deps" "--format-version=1", kill_on_drop: false }`
[INFO] running `Command { std: "docker" "inspect" "8b1eb21222a13738c085379e9b5be8ba2df933c6d43b1c0f4701394be8207ad2", kill_on_drop: false }`
[INFO] running `Command { std: "docker" "exec" "-e" "SOURCE_DIR=/opt/rustwide/workdir" "-e" "CARGO_HOME=/opt/rustwide/cargo-home" "-e" "RUSTUP_HOME=/opt/rustwide/rustup-home" "-e" "CARGO_TARGET_DIR=/opt/rustwide/target" "-e" "CARGO_INCREMENTAL=0" "-e" "RUST_BACKTRACE=full" "-e" "RUSTFLAGS=--cap-lints=warn" "-e" "RUSTDOCFLAGS=--cap-lints=warn" "-w" "/opt/rustwide/workdir" "--user" "0:0" "8b1eb21222a13738c085379e9b5be8ba2df933c6d43b1c0f4701394be8207ad2" "/opt/rustwide/cargo-home/bin/cargo" "+1.99.0-beta.8" "build" "--frozen" "--message-format=json", kill_on_drop: false }`
[INFO] [stderr]    Compiling proc-macro2 v1.0.101
[INFO] [stderr]    Compiling unicode-ident v1.0.18
[INFO] [stderr]    Compiling cfg-if v1.0.3
[INFO] [stderr]    Compiling serde_core v1.0.228
[INFO] [stderr]    Compiling serde v1.0.228
[INFO] [stderr]    Compiling autocfg v1.5.0
[INFO] [stderr]    Compiling libc v0.2.175
[INFO] [stderr]    Compiling memchr v2.7.5
[INFO] [stderr]    Compiling log v0.4.27
[INFO] [stderr]    Compiling smallvec v1.15.1
[INFO] [stderr]    Compiling once_cell v1.21.3
[INFO] [stderr]    Compiling syn v1.0.109
[INFO] [stderr]    Compiling slab v0.4.11
[INFO] [stderr]    Compiling rustix v1.0.8
[INFO] [stderr]    Compiling num-traits v0.2.19
[INFO] [stderr]    Compiling linux-raw-sys v0.9.4
[INFO] [stderr]    Compiling pkg-config v0.3.32
[INFO] [stderr]    Compiling shlex v1.3.0
[INFO] [stderr]    Compiling paste v1.0.15
[INFO] [stderr]    Compiling cc v1.2.34
[INFO] [stderr]    Compiling matrixmultiply v0.3.10
[INFO] [stderr]    Compiling wayland-sys v0.31.7
[INFO] [stderr]    Compiling libloading v0.8.8
[INFO] [stderr]    Compiling quote v1.0.40
[INFO] [stderr]    Compiling zerocopy v0.8.26
[INFO] [stderr]    Compiling typenum v1.18.0
[INFO] [stderr]    Compiling syn v2.0.106
[INFO] [stderr]    Compiling crossbeam-utils v0.8.21
[INFO] [stderr]    Compiling dlib v0.5.2
[INFO] [stderr]    Compiling num-integer v0.1.46
[INFO] [stderr]    Compiling approx v0.5.1
[INFO] [stderr]    Compiling getrandom v0.3.3
[INFO] [stderr]    Compiling strsim v0.10.0
[INFO] [stderr]    Compiling fnv v1.0.7
[INFO] [stderr]    Compiling futures-sink v0.3.31
[INFO] [stderr]    Compiling ident_case v1.0.1
[INFO] [stderr]    Compiling futures-core v0.3.31
[INFO] [stderr]    Compiling rawpointer v0.2.1
[INFO] [stderr]    Compiling futures-channel v0.3.31
[INFO] [stderr]    Compiling num-rational v0.4.2
[INFO] [stderr]    Compiling wayland-backend v0.3.11
[INFO] [stderr]    Compiling getrandom v0.2.16
[INFO] [stderr]    Compiling lock_api v0.4.13
[INFO] [stderr]    Compiling pin-project-lite v0.2.16
[INFO] [stderr]    Compiling scoped-tls v1.0.1
[INFO] [stderr]    Compiling byteorder v1.5.0
[INFO] [stderr]    Compiling futures-task v0.3.31
[INFO] [stderr]    Compiling parking_lot_core v0.9.11
[INFO] [stderr]    Compiling glam v0.30.5
[INFO] [stderr]    Compiling downcast-rs v1.2.1
[INFO] [stderr]    Compiling futures-io v0.3.31
[INFO] [stderr]    Compiling pin-utils v0.1.0
[INFO] [stderr]    Compiling thiserror v1.0.69
[INFO] [stderr]    Compiling rand_core v0.6.4
[INFO] [stderr]    Compiling crossbeam-epoch v0.9.18
[INFO] [stderr]    Compiling num_cpus v1.17.0
[INFO] [stderr]    Compiling inotify-sys v0.1.5
[INFO] [stderr]    Compiling quick-xml v0.37.5
[INFO] [stderr]    Compiling memoffset v0.9.1
[INFO] [stderr]    Compiling rayon-core v1.13.0
[INFO] [stderr]    Compiling scopeguard v1.2.0
[INFO] [stderr]    Compiling same-file v1.0.6
[INFO] [stderr]    Compiling unicode-segmentation v1.12.0
[INFO] [stderr]    Compiling rustix v0.38.44
[INFO] [stderr]    Compiling arrayvec v0.7.6
[INFO] [stderr]    Compiling wayland-client v0.31.11
[INFO] [stderr]    Compiling walkdir v2.5.0
[INFO] [stderr]    Compiling convert_case v0.6.0
[INFO] [stderr]    Compiling crossbeam-deque v0.8.6
[INFO] [stderr]    Compiling fxhash v0.2.1
[INFO] [stderr]    Compiling wayland-scanner v0.31.7
[INFO] [stderr]    Compiling mio v1.0.4
[INFO] [stderr]    Compiling notify-types v2.0.0
[INFO] [stderr]    Compiling linux-raw-sys v0.4.15
[INFO] [stderr]    Compiling base64 v0.22.1
[INFO] [stderr]    Compiling ppv-lite86 v0.2.21
[INFO] [stderr]    Compiling simd-adler32 v0.3.7
[INFO] [stderr]    Compiling heck v0.5.0
[INFO] [stderr]    Compiling crc32fast v1.5.0
[INFO] [stderr]    Compiling parking_lot v0.12.4
[INFO] [stderr]    Compiling rand_chacha v0.3.1
[INFO] [stderr]    Compiling darling_core v0.14.4
[INFO] [stderr]    Compiling rand v0.8.5
[INFO] [stderr]    Compiling instant v0.1.13
[INFO] [stderr]    Compiling adler2 v2.0.1
[INFO] [stderr]    Compiling strum v0.27.2
[INFO] [stderr]    Compiling either v1.15.0
[INFO] [stderr]    Compiling miniz_oxide v0.8.9
[INFO] [stderr]    Compiling rayon v1.11.0
[INFO] [stderr]    Compiling weezl v0.1.10
[INFO] [stderr]    Compiling serde_derive v1.0.228
[INFO] [stderr]    Compiling bytemuck_derive v1.10.1
[INFO] [stderr]    Compiling nalgebra-macros v0.3.0
[INFO] [stderr]    Compiling futures-macro v0.3.31
[INFO] [stderr]    Compiling thiserror-impl v1.0.69
[INFO] [stderr]    Compiling strum_macros v0.27.2
[INFO] [stderr]    Compiling futures-util v0.3.31
[INFO] [stderr]    Compiling bytemuck v1.23.2
[INFO] [stderr]    Compiling safe_arch v0.7.4
[INFO] [stderr]    Compiling darling_macro v0.14.4
[INFO] [stderr]    Compiling wide v0.7.33
[INFO] [stderr]    Compiling darling v0.14.4
[INFO] [stderr]    Compiling fyrox-core-derive v1.0.1
[INFO] [stderr]    Compiling flate2 v1.1.2
[INFO] [stderr]    Compiling fdeflate v0.3.7
[INFO] [stderr]    Compiling litrs v0.4.2
[INFO] [stderr]    Compiling smithay-client-toolkit v0.19.2
[INFO] [stderr]    Compiling equivalent v1.0.2
[INFO] [stderr]    Compiling cursor-icon v1.2.0
[INFO] [stderr]    Compiling jpeg-decoder v0.3.2
[INFO] [stderr]    Compiling allocator-api2 v0.2.21
[INFO] [stderr]    Compiling zune-core v0.4.12
[INFO] [stderr]    Compiling foldhash v0.1.5
[INFO] [stderr]    Compiling bitflags v1.3.2
[INFO] [stderr]    Compiling xcursor v0.3.10
[INFO] [stderr]    Compiling color_quant v1.1.0
[INFO] [stderr]    Compiling document-features v0.2.11
[INFO] [stderr]    Compiling gif v0.13.3
[INFO] [stderr]    Compiling png v0.17.16
[INFO] [stderr]    Compiling hashbrown v0.15.5
[INFO] [stderr]    Compiling tiff v0.9.1
[INFO] [stderr]    Compiling bitflags v2.9.3
[INFO] [stderr]    Compiling num-complex v0.4.6
[INFO] [stderr]    Compiling inotify v0.11.0
[INFO] [stderr]    Compiling uuid v1.18.0
[INFO] [stderr]    Compiling futures-executor v0.3.31
[INFO] [stderr]    Compiling notify v8.2.0
[INFO] [stderr]    Compiling simba v0.9.1
[INFO] [stderr]    Compiling bincode v1.3.3
[INFO] [stderr]    Compiling futures v0.3.31
[INFO] [stderr]    Compiling ron v0.11.0
[INFO] [stderr]    Compiling zune-jpeg v0.4.20
[INFO] [stderr]    Compiling enum-primitive-derive v0.2.2
[INFO] [stderr]    Compiling memmap2 v0.9.8
[INFO] [stderr]    Compiling aho-corasick v1.1.3
[INFO] [stderr]    Compiling x11rb-protocol v0.13.1
[INFO] [stderr]    Compiling byteorder-lite v0.1.0
[INFO] [stderr]    Compiling regex-syntax v0.8.6
[INFO] [stderr]    Compiling xkeysym v0.2.1
[INFO] [stderr]    Compiling image v0.25.6
[INFO] [stderr]    Compiling ddsfile v0.5.2
[INFO] [stderr]    Compiling fast_image_resize v5.2.1
[INFO] [stderr]    Compiling option-ext v0.2.0
[INFO] [stderr]    Compiling robust v1.2.0
[INFO] [stderr]    Compiling regex-automata v0.4.10
[INFO] [stderr]    Compiling tbc v0.3.0
[INFO] [stderr]    Compiling nalgebra v0.34.0
[INFO] [stderr]    Compiling polling v3.10.0
[INFO] [stderr]    Compiling calloop v0.13.0
[INFO] [stderr]    Compiling wayland-csd-frame v0.3.0
[INFO] [stderr]    Compiling spade v2.15.0
[INFO] [stderr]    Compiling dirs-sys v0.4.1
[INFO] [stderr]    Compiling ttf-parser v0.21.1
[INFO] [stderr]    Compiling wayland-protocols v0.32.9
[INFO] [stderr]    Compiling wayland-cursor v0.31.11
[INFO] [stderr]    Compiling calloop-wayland-source v0.3.0
[INFO] [stderr]    Compiling x11rb v0.13.1
[INFO] [stderr]    Compiling regex v1.11.2
[INFO] [stderr]    Compiling fontdue v0.9.3
[INFO] [stderr]    Compiling directories v5.0.1
[INFO] [stderr]    Compiling sysinfo v0.29.11
[INFO] [stderr]    Compiling x11-clipboard v0.9.3
[INFO] [stderr]    Compiling wayland-protocols-wlr v0.3.9
[INFO] [stderr]    Compiling smithay-clipboard v0.7.2
[INFO] [stderr]    Compiling rectutils v0.5.0
[INFO] [stderr]    Compiling fyrox-math v1.0.1
[INFO] [stderr]    Compiling copypasta v0.10.2
[INFO] [stderr]    Compiling fyrox-core v1.0.1
[INFO] [stderr]    Compiling fyrox-resource v1.0.1
[INFO] [stderr]    Compiling fyrox-graphics v1.0.1
[INFO] [stderr]    Compiling fyrox-texture v1.0.1
[INFO] [stderr]    Compiling fyrox-graph v1.0.1
[INFO] [stderr]    Compiling fyrox-animation v1.0.1
[INFO] [stderr]    Compiling fyrox-material v1.0.1
[INFO] [stderr]    Compiling fyrox-ui v1.0.1 (/opt/rustwide/workdir)
[INFO] [stdout] warning: use of deprecated constant `std::f32::INFINITY`: replaced by the `INFINITY` associated constant on `f32`
[INFO] [stdout]    --> src/dock/tile.rs:301:72
[INFO] [stdout]     |
[INFO] [stdout] 301 |         ui.measure_node(self.tabs, Vector2::new(available_size.x, f32::INFINITY));
[INFO] [stdout]     |                                                                        ^^^^^^^^
[INFO] [stdout]     |
[INFO] [stdout]     = note: `#[warn(deprecated)]` on by default
[INFO] [stdout] 
[INFO] [stdout] 
[INFO] [stdout] warning: use of deprecated constant `std::f32::NAN`: replaced by the `NAN` associated constant on `f32`
[INFO] [stdout]     --> src/dock/tile.rs:1056:36
[INFO] [stdout]      |
[INFO] [stdout] 1056 |         send_size(ui, window, f32::NAN, f32::NAN);
[INFO] [stdout]      |                                    ^^^
[INFO] [stdout] 
[INFO] [stdout] 
[INFO] [stdout] warning: use of deprecated constant `std::f32::NAN`: replaced by the `NAN` associated constant on `f32`
[INFO] [stdout]     --> src/dock/tile.rs:1056:46
[INFO] [stdout]      |
[INFO] [stdout] 1056 |         send_size(ui, window, f32::NAN, f32::NAN);
[INFO] [stdout]      |                                              ^^^
[INFO] [stdout] 
[INFO] [stdout] 
[INFO] [stdout] warning: use of deprecated constant `std::f32::NAN`: replaced by the `NAN` associated constant on `f32`
[INFO] [stdout]     --> src/dock/tile.rs:1076:18
[INFO] [stdout]      |
[INFO] [stdout] 1076 |             f32::NAN
[INFO] [stdout]      |                  ^^^
[INFO] [stdout] 
[INFO] [stdout] 
[INFO] [stdout] warning: use of deprecated constant `std::f32::INFINITY`: replaced by the `INFINITY` associated constant on `f32`
[INFO] [stdout]     --> src/dock/tile.rs:1108:60
[INFO] [stdout]      |
[INFO] [stdout] 1108 |         let mut size = Vector2::new(available_size.x, f32::INFINITY);
[INFO] [stdout]      |                                                            ^^^^^^^^
[INFO] [stdout] 
[INFO] [stdout] 
[INFO] [stdout] warning: use of deprecated constant `std::f32::NAN`: replaced by the `NAN` associated constant on `f32`
[INFO] [stdout]     --> src/dock/tile.rs:1311:67
[INFO] [stdout]      |
[INFO] [stdout] 1311 |                     window.width.set_value_and_mark_modified(f32::NAN);
[INFO] [stdout]      |                                                                   ^^^
[INFO] [stdout] 
[INFO] [stdout] 
[INFO] [stdout] warning: use of deprecated constant `std::f32::NAN`: replaced by the `NAN` associated constant on `f32`
[INFO] [stdout]     --> src/dock/tile.rs:1312:68
[INFO] [stdout]      |
[INFO] [stdout] 1312 |                     window.height.set_value_and_mark_modified(f32::NAN);
[INFO] [stdout]      |                                                                    ^^^
[INFO] [stdout] 
[INFO] [stdout] 
[INFO] [stdout] warning: use of deprecated constant `std::f32::NAN`: replaced by the `NAN` associated constant on `f32`
[INFO] [stdout]     --> src/dock/tile.rs:1319:67
[INFO] [stdout]      |
[INFO] [stdout] 1319 |                     window.width.set_value_and_mark_modified(f32::NAN);
[INFO] [stdout]      |                                                                   ^^^
[INFO] [stdout] 
[INFO] [stdout] 
[INFO] [stdout] warning: use of deprecated constant `std::f32::NAN`: replaced by the `NAN` associated constant on `f32`
[INFO] [stdout]     --> src/dock/tile.rs:1320:68
[INFO] [stdout]      |
[INFO] [stdout] 1320 |                     window.height.set_value_and_mark_modified(f32::NAN);
[INFO] [stdout]      |                                                                    ^^^
[INFO] [stdout] 
[INFO] [stdout] 
[INFO] [stdout] warning: use of deprecated constant `std::f32::INFINITY`: replaced by the `INFINITY` associated constant on `f32`
[INFO] [stdout]    --> src/grid.rs:326:32
[INFO] [stdout]     |
[INFO] [stdout] 326 |         SizeMode::Auto => f32::INFINITY,
[INFO] [stdout]     |                                ^^^^^^^^
[INFO] [stdout] 
[INFO] [stdout] 
[INFO] [stdout] warning: use of deprecated constant `std::f32::INFINITY`: replaced by the `INFINITY` associated constant on `f32`
[INFO] [stdout]    --> src/grid.rs:592:72
[INFO] [stdout]     |
[INFO] [stdout] 592 |             self.measure_group_width(&groups[1], ui, Vector2::new(f32::INFINITY, f32::INFINITY));
[INFO] [stdout]     |                                                                        ^^^^^^^^
[INFO] [stdout] 
[INFO] [stdout] 
[INFO] [stdout] warning: use of deprecated constant `std::f32::INFINITY`: replaced by the `INFINITY` associated constant on `f32`
[INFO] [stdout]    --> src/grid.rs:592:87
[INFO] [stdout]     |
[INFO] [stdout] 592 |             self.measure_group_width(&groups[1], ui, Vector2::new(f32::INFINITY, f32::INFINITY));
[INFO] [stdout]     |                                                                                       ^^^^^^^^
[INFO] [stdout] 
[INFO] [stdout] 
[INFO] [stdout] warning: use of deprecated constant `std::f32::INFINITY`: replaced by the `INFINITY` associated constant on `f32`
[INFO] [stdout]    --> src/wrap_panel.rs:136:62
[INFO] [stdout]     |
[INFO] [stdout] 136 |             ui.measure_node(*child_handle, Vector2::new(f32::INFINITY, f32::INFINITY));
[INFO] [stdout]     |                                                              ^^^^^^^^
[INFO] [stdout] 
[INFO] [stdout] 
[INFO] [stdout] warning: use of deprecated constant `std::f32::INFINITY`: replaced by the `INFINITY` associated constant on `f32`
[INFO] [stdout]    --> src/wrap_panel.rs:136:77
[INFO] [stdout]     |
[INFO] [stdout] 136 |             ui.measure_node(*child_handle, Vector2::new(f32::INFINITY, f32::INFINITY));
[INFO] [stdout]     |                                                                             ^^^^^^^^
[INFO] [stdout] 
[INFO] [stdout] 
[INFO] [stderr]     Finished `dev` profile [unoptimized + debuginfo] target(s) in 4m 14s
[INFO] running `Command { std: "docker" "inspect" "8b1eb21222a13738c085379e9b5be8ba2df933c6d43b1c0f4701394be8207ad2", kill_on_drop: false }`
[INFO] running `Command { std: "docker" "exec" "-e" "SOURCE_DIR=/opt/rustwide/workdir" "-e" "CARGO_HOME=/opt/rustwide/cargo-home" "-e" "RUSTUP_HOME=/opt/rustwide/rustup-home" "-e" "CARGO_TARGET_DIR=/opt/rustwide/target" "-e" "CARGO_INCREMENTAL=0" "-e" "RUST_BACKTRACE=full" "-e" "RUSTFLAGS=--cap-lints=warn" "-e" "RUSTDOCFLAGS=--cap-lints=warn" "-w" "/opt/rustwide/workdir" "--user" "0:0" "8b1eb21222a13738c085379e9b5be8ba2df933c6d43b1c0f4701394be8207ad2" "/opt/rustwide/cargo-home/bin/cargo" "+1.99.0-beta.8" "test" "--frozen" "--no-run" "--message-format=json", kill_on_drop: false }`
[INFO] [stdout] warning: use of deprecated constant `std::f32::INFINITY`: replaced by the `INFINITY` associated constant on `f32`
[INFO] [stdout]    --> src/dock/tile.rs:301:72
[INFO] [stdout]     |
[INFO] [stdout] 301 |         ui.measure_node(self.tabs, Vector2::new(available_size.x, f32::INFINITY));
[INFO] [stdout]     |                                                                        ^^^^^^^^
[INFO] [stdout]     |
[INFO] [stdout]     = note: `#[warn(deprecated)]` on by default
[INFO] [stdout] 
[INFO] [stdout] 
[INFO] [stdout] warning: use of deprecated constant `std::f32::NAN`: replaced by the `NAN` associated constant on `f32`
[INFO] [stdout]     --> src/dock/tile.rs:1056:36
[INFO] [stdout]      |
[INFO] [stdout] 1056 |         send_size(ui, window, f32::NAN, f32::NAN);
[INFO] [stdout]      |                                    ^^^
[INFO] [stdout] 
[INFO] [stdout] 
[INFO] [stdout] warning: use of deprecated constant `std::f32::NAN`: replaced by the `NAN` associated constant on `f32`
[INFO] [stdout]     --> src/dock/tile.rs:1056:46
[INFO] [stdout]      |
[INFO] [stdout] 1056 |         send_size(ui, window, f32::NAN, f32::NAN);
[INFO] [stdout]      |                                              ^^^
[INFO] [stdout] 
[INFO] [stdout] 
[INFO] [stdout] warning: use of deprecated constant `std::f32::NAN`: replaced by the `NAN` associated constant on `f32`
[INFO] [stdout]     --> src/dock/tile.rs:1076:18
[INFO] [stdout]      |
[INFO] [stdout] 1076 |             f32::NAN
[INFO] [stdout]      |                  ^^^
[INFO] [stdout] 
[INFO] [stdout] 
[INFO] [stdout] warning: use of deprecated constant `std::f32::INFINITY`: replaced by the `INFINITY` associated constant on `f32`
[INFO] [stdout]     --> src/dock/tile.rs:1108:60
[INFO] [stdout]      |
[INFO] [stdout] 1108 |         let mut size = Vector2::new(available_size.x, f32::INFINITY);
[INFO] [stdout]      |                                                            ^^^^^^^^
[INFO] [stdout] 
[INFO] [stdout] 
[INFO] [stdout] warning: use of deprecated constant `std::f32::NAN`: replaced by the `NAN` associated constant on `f32`
[INFO] [stdout]     --> src/dock/tile.rs:1311:67
[INFO] [stdout]      |
[INFO] [stdout] 1311 |                     window.width.set_value_and_mark_modified(f32::NAN);
[INFO] [stdout]      |                                                                   ^^^
[INFO] [stdout] 
[INFO] [stdout] 
[INFO] [stdout] warning: use of deprecated constant `std::f32::NAN`: replaced by the `NAN` associated constant on `f32`
[INFO] [stdout]     --> src/dock/tile.rs:1312:68
[INFO] [stdout]      |
[INFO] [stdout] 1312 |                     window.height.set_value_and_mark_modified(f32::NAN);
[INFO] [stdout]      |                                                                    ^^^
[INFO] [stdout] 
[INFO] [stdout] 
[INFO] [stdout] warning: use of deprecated constant `std::f32::NAN`: replaced by the `NAN` associated constant on `f32`
[INFO] [stdout]     --> src/dock/tile.rs:1319:67
[INFO] [stdout]      |
[INFO] [stdout] 1319 |                     window.width.set_value_and_mark_modified(f32::NAN);
[INFO] [stdout]      |                                                                   ^^^
[INFO] [stdout] 
[INFO] [stdout] 
[INFO] [stdout] warning: use of deprecated constant `std::f32::NAN`: replaced by the `NAN` associated constant on `f32`
[INFO] [stdout]     --> src/dock/tile.rs:1320:68
[INFO] [stdout]      |
[INFO] [stdout] 1320 |                     window.height.set_value_and_mark_modified(f32::NAN);
[INFO] [stdout]      |                                                                    ^^^
[INFO] [stdout] 
[INFO] [stdout] 
[INFO] [stdout] warning: use of deprecated constant `std::f32::INFINITY`: replaced by the `INFINITY` associated constant on `f32`
[INFO] [stdout]    --> src/grid.rs:326:32
[INFO] [stdout]     |
[INFO] [stdout] 326 |         SizeMode::Auto => f32::INFINITY,
[INFO] [stdout]     |                                ^^^^^^^^
[INFO] [stdout] 
[INFO] [stdout] 
[INFO] [stderr]    Compiling fyrox-ui v1.0.1 (/opt/rustwide/workdir)
[INFO] [stdout] warning: use of deprecated constant `std::f32::INFINITY`: replaced by the `INFINITY` associated constant on `f32`
[INFO] [stdout]    --> src/grid.rs:592:72
[INFO] [stdout]     |
[INFO] [stdout] 592 |             self.measure_group_width(&groups[1], ui, Vector2::new(f32::INFINITY, f32::INFINITY));
[INFO] [stdout]     |                                                                        ^^^^^^^^
[INFO] [stdout] 
[INFO] [stdout] 
[INFO] [stdout] warning: use of deprecated constant `std::f32::INFINITY`: replaced by the `INFINITY` associated constant on `f32`
[INFO] [stdout]    --> src/grid.rs:592:87
[INFO] [stdout]     |
[INFO] [stdout] 592 |             self.measure_group_width(&groups[1], ui, Vector2::new(f32::INFINITY, f32::INFINITY));
[INFO] [stdout]     |                                                                                       ^^^^^^^^
[INFO] [stdout] 
[INFO] [stdout] 
[INFO] [stdout] warning: use of deprecated constant `std::f32::INFINITY`: replaced by the `INFINITY` associated constant on `f32`
[INFO] [stdout]    --> src/wrap_panel.rs:136:62
[INFO] [stdout]     |
[INFO] [stdout] 136 |             ui.measure_node(*child_handle, Vector2::new(f32::INFINITY, f32::INFINITY));
[INFO] [stdout]     |                                                              ^^^^^^^^
[INFO] [stdout] 
[INFO] [stdout] 
[INFO] [stdout] warning: use of deprecated constant `std::f32::INFINITY`: replaced by the `INFINITY` associated constant on `f32`
[INFO] [stdout]    --> src/wrap_panel.rs:136:77
[INFO] [stdout]     |
[INFO] [stdout] 136 |             ui.measure_node(*child_handle, Vector2::new(f32::INFINITY, f32::INFINITY));
[INFO] [stdout]     |                                                                             ^^^^^^^^
[INFO] [stdout] 
[INFO] [stdout] 
[INFO] [stdout] warning: use of deprecated constant `std::f32::INFINITY`: replaced by the `INFINITY` associated constant on `f32`
[INFO] [stdout]    --> src/dock/tile.rs:301:72
[INFO] [stdout]     |
[INFO] [stdout] 301 |         ui.measure_node(self.tabs, Vector2::new(available_size.x, f32::INFINITY));
[INFO] [stdout]     |                                                                        ^^^^^^^^
[INFO] [stdout]     |
[INFO] [stdout]     = note: `#[warn(deprecated)]` on by default
[INFO] [stdout] 
[INFO] [stdout] 
[INFO] [stdout] warning: use of deprecated constant `std::f32::NAN`: replaced by the `NAN` associated constant on `f32`
[INFO] [stdout]     --> src/dock/tile.rs:1056:36
[INFO] [stdout]      |
[INFO] [stdout] 1056 |         send_size(ui, window, f32::NAN, f32::NAN);
[INFO] [stdout]      |                                    ^^^
[INFO] [stdout] 
[INFO] [stdout] 
[INFO] [stdout] warning: use of deprecated constant `std::f32::NAN`: replaced by the `NAN` associated constant on `f32`
[INFO] [stdout]     --> src/dock/tile.rs:1056:46
[INFO] [stdout]      |
[INFO] [stdout] 1056 |         send_size(ui, window, f32::NAN, f32::NAN);
[INFO] [stdout]      |                                              ^^^
[INFO] [stdout] 
[INFO] [stdout] 
[INFO] [stdout] warning: use of deprecated constant `std::f32::NAN`: replaced by the `NAN` associated constant on `f32`
[INFO] [stdout]     --> src/dock/tile.rs:1076:18
[INFO] [stdout]      |
[INFO] [stdout] 1076 |             f32::NAN
[INFO] [stdout]      |                  ^^^
[INFO] [stdout] 
[INFO] [stdout] 
[INFO] [stdout] warning: use of deprecated constant `std::f32::INFINITY`: replaced by the `INFINITY` associated constant on `f32`
[INFO] [stdout]     --> src/dock/tile.rs:1108:60
[INFO] [stdout]      |
[INFO] [stdout] 1108 |         let mut size = Vector2::new(available_size.x, f32::INFINITY);
[INFO] [stdout]      |                                                            ^^^^^^^^
[INFO] [stdout] 
[INFO] [stdout] 
[INFO] [stdout] warning: use of deprecated constant `std::f32::NAN`: replaced by the `NAN` associated constant on `f32`
[INFO] [stdout]     --> src/dock/tile.rs:1311:67
[INFO] [stdout]      |
[INFO] [stdout] 1311 |                     window.width.set_value_and_mark_modified(f32::NAN);
[INFO] [stdout]      |                                                                   ^^^
[INFO] [stdout] 
[INFO] [stdout] 
[INFO] [stdout] warning: use of deprecated constant `std::f32::NAN`: replaced by the `NAN` associated constant on `f32`
[INFO] [stdout]     --> src/dock/tile.rs:1312:68
[INFO] [stdout]      |
[INFO] [stdout] 1312 |                     window.height.set_value_and_mark_modified(f32::NAN);
[INFO] [stdout]      |                                                                    ^^^
[INFO] [stdout] 
[INFO] [stdout] 
[INFO] [stdout] warning: use of deprecated constant `std::f32::NAN`: replaced by the `NAN` associated constant on `f32`
[INFO] [stdout]     --> src/dock/tile.rs:1319:67
[INFO] [stdout]      |
[INFO] [stdout] 1319 |                     window.width.set_value_and_mark_modified(f32::NAN);
[INFO] [stdout]      |                                                                   ^^^
[INFO] [stdout] 
[INFO] [stdout] 
[INFO] [stdout] warning: use of deprecated constant `std::f32::NAN`: replaced by the `NAN` associated constant on `f32`
[INFO] [stdout]     --> src/dock/tile.rs:1320:68
[INFO] [stdout]      |
[INFO] [stdout] 1320 |                     window.height.set_value_and_mark_modified(f32::NAN);
[INFO] [stdout]      |                                                                    ^^^
[INFO] [stdout] 
[INFO] [stdout] 
[INFO] [stdout] warning: use of deprecated constant `std::f32::INFINITY`: replaced by the `INFINITY` associated constant on `f32`
[INFO] [stdout]    --> src/grid.rs:326:32
[INFO] [stdout]     |
[INFO] [stdout] 326 |         SizeMode::Auto => f32::INFINITY,
[INFO] [stdout]     |                                ^^^^^^^^
[INFO] [stdout] 
[INFO] [stdout] 
[INFO] [stdout] warning: use of deprecated constant `std::f32::INFINITY`: replaced by the `INFINITY` associated constant on `f32`
[INFO] [stdout]    --> src/grid.rs:592:72
[INFO] [stdout]     |
[INFO] [stdout] 592 |             self.measure_group_width(&groups[1], ui, Vector2::new(f32::INFINITY, f32::INFINITY));
[INFO] [stdout]     |                                                                        ^^^^^^^^
[INFO] [stdout] 
[INFO] [stdout] 
[INFO] [stdout] warning: use of deprecated constant `std::f32::INFINITY`: replaced by the `INFINITY` associated constant on `f32`
[INFO] [stdout]    --> src/grid.rs:592:87
[INFO] [stdout]     |
[INFO] [stdout] 592 |             self.measure_group_width(&groups[1], ui, Vector2::new(f32::INFINITY, f32::INFINITY));
[INFO] [stdout]     |                                                                                       ^^^^^^^^
[INFO] [stdout] 
[INFO] [stdout] 
[INFO] [stdout] warning: use of deprecated constant `std::f32::INFINITY`: replaced by the `INFINITY` associated constant on `f32`
[INFO] [stdout]    --> src/wrap_panel.rs:136:62
[INFO] [stdout]     |
[INFO] [stdout] 136 |             ui.measure_node(*child_handle, Vector2::new(f32::INFINITY, f32::INFINITY));
[INFO] [stdout]     |                                                              ^^^^^^^^
[INFO] [stdout] 
[INFO] [stdout] 
[INFO] [stdout] warning: use of deprecated constant `std::f32::INFINITY`: replaced by the `INFINITY` associated constant on `f32`
[INFO] [stdout]    --> src/wrap_panel.rs:136:77
[INFO] [stdout]     |
[INFO] [stdout] 136 |             ui.measure_node(*child_handle, Vector2::new(f32::INFINITY, f32::INFINITY));
[INFO] [stdout]     |                                                                             ^^^^^^^^
[INFO] [stdout] 
[INFO] [stdout] 
[INFO] [stderr]     Finished `test` profile [unoptimized + debuginfo] target(s) in 58.82s
[INFO] running `Command { std: "docker" "inspect" "8b1eb21222a13738c085379e9b5be8ba2df933c6d43b1c0f4701394be8207ad2", kill_on_drop: false }`
[INFO] running `Command { std: "docker" "exec" "-e" "SOURCE_DIR=/opt/rustwide/workdir" "-e" "CARGO_HOME=/opt/rustwide/cargo-home" "-e" "RUSTUP_HOME=/opt/rustwide/rustup-home" "-e" "CARGO_TARGET_DIR=/opt/rustwide/target" "-e" "CARGO_INCREMENTAL=0" "-e" "RUST_BACKTRACE=full" "-e" "RUSTFLAGS=--cap-lints=warn" "-e" "RUSTDOCFLAGS=--cap-lints=warn" "-w" "/opt/rustwide/workdir" "--user" "0:0" "8b1eb21222a13738c085379e9b5be8ba2df933c6d43b1c0f4701394be8207ad2" "/opt/rustwide/cargo-home/bin/cargo" "+1.99.0-beta.8" "test" "--frozen", kill_on_drop: false }`
[INFO] [stderr] warning: use of deprecated constant `std::f32::INFINITY`: replaced by the `INFINITY` associated constant on `f32`
[INFO] [stderr]    --> src/dock/tile.rs:301:72
[INFO] [stderr]     |
[INFO] [stderr] 301 |         ui.measure_node(self.tabs, Vector2::new(available_size.x, f32::INFINITY));
[INFO] [stderr]     |                                                                        ^^^^^^^^
[INFO] [stderr]     |
[INFO] [stderr]     = note: `#[warn(deprecated)]` on by default
[INFO] [stderr] 
[INFO] [stderr] warning: use of deprecated constant `std::f32::NAN`: replaced by the `NAN` associated constant on `f32`
[INFO] [stderr]     --> src/dock/tile.rs:1056:36
[INFO] [stderr]      |
[INFO] [stderr] 1056 |         send_size(ui, window, f32::NAN, f32::NAN);
[INFO] [stderr]      |                                    ^^^
[INFO] [stderr] 
[INFO] [stderr] warning: use of deprecated constant `std::f32::NAN`: replaced by the `NAN` associated constant on `f32`
[INFO] [stderr]     --> src/dock/tile.rs:1056:46
[INFO] [stderr]      |
[INFO] [stderr] 1056 |         send_size(ui, window, f32::NAN, f32::NAN);
[INFO] [stderr]      |                                              ^^^
[INFO] [stderr] 
[INFO] [stderr] warning: use of deprecated constant `std::f32::NAN`: replaced by the `NAN` associated constant on `f32`
[INFO] [stderr]     --> src/dock/tile.rs:1076:18
[INFO] [stderr]      |
[INFO] [stderr] 1076 |             f32::NAN
[INFO] [stderr]      |                  ^^^
[INFO] [stderr] 
[INFO] [stderr] warning: use of deprecated constant `std::f32::INFINITY`: replaced by the `INFINITY` associated constant on `f32`
[INFO] [stderr]     --> src/dock/tile.rs:1108:60
[INFO] [stderr]      |
[INFO] [stderr] 1108 |         let mut size = Vector2::new(available_size.x, f32::INFINITY);
[INFO] [stderr]      |                                                            ^^^^^^^^
[INFO] [stderr] 
[INFO] [stderr] warning: use of deprecated constant `std::f32::NAN`: replaced by the `NAN` associated constant on `f32`
[INFO] [stderr]     --> src/dock/tile.rs:1311:67
[INFO] [stderr]      |
[INFO] [stderr] 1311 |                     window.width.set_value_and_mark_modified(f32::NAN);
[INFO] [stderr]      |                                                                   ^^^
[INFO] [stderr] 
[INFO] [stderr] warning: use of deprecated constant `std::f32::NAN`: replaced by the `NAN` associated constant on `f32`
[INFO] [stderr]     --> src/dock/tile.rs:1312:68
[INFO] [stderr]      |
[INFO] [stderr] 1312 |                     window.height.set_value_and_mark_modified(f32::NAN);
[INFO] [stderr]      |                                                                    ^^^
[INFO] [stderr] 
[INFO] [stderr] warning: use of deprecated constant `std::f32::NAN`: replaced by the `NAN` associated constant on `f32`
[INFO] [stderr]     --> src/dock/tile.rs:1319:67
[INFO] [stderr]      |
[INFO] [stderr] 1319 |                     window.width.set_value_and_mark_modified(f32::NAN);
[INFO] [stderr]      |                                                                   ^^^
[INFO] [stderr] 
[INFO] [stderr] warning: use of deprecated constant `std::f32::NAN`: replaced by the `NAN` associated constant on `f32`
[INFO] [stderr]     --> src/dock/tile.rs:1320:68
[INFO] [stderr]      |
[INFO] [stderr] 1320 |                     window.height.set_value_and_mark_modified(f32::NAN);
[INFO] [stderr]      |                                                                    ^^^
[INFO] [stderr] 
[INFO] [stderr] warning: use of deprecated constant `std::f32::INFINITY`: replaced by the `INFINITY` associated constant on `f32`
[INFO] [stderr]    --> src/grid.rs:326:32
[INFO] [stderr]     |
[INFO] [stderr] 326 |         SizeMode::Auto => f32::INFINITY,
[INFO] [stderr]     |                                ^^^^^^^^
[INFO] [stderr] 
[INFO] [stderr] warning: use of deprecated constant `std::f32::INFINITY`: replaced by the `INFINITY` associated constant on `f32`
[INFO] [stderr]    --> src/grid.rs:592:72
[INFO] [stderr]     |
[INFO] [stderr] 592 |             self.measure_group_width(&groups[1], ui, Vector2::new(f32::INFINITY, f32::INFINITY));
[INFO] [stderr]     |                                                                        ^^^^^^^^
[INFO] [stderr] 
[INFO] [stderr] warning: use of deprecated constant `std::f32::INFINITY`: replaced by the `INFINITY` associated constant on `f32`
[INFO] [stderr]    --> src/grid.rs:592:87
[INFO] [stderr]     |
[INFO] [stderr] 592 |             self.measure_group_width(&groups[1], ui, Vector2::new(f32::INFINITY, f32::INFINITY));
[INFO] [stderr]     |                                                                                       ^^^^^^^^
[INFO] [stderr] 
[INFO] [stderr] warning: use of deprecated constant `std::f32::INFINITY`: replaced by the `INFINITY` associated constant on `f32`
[INFO] [stderr]    --> src/wrap_panel.rs:136:62
[INFO] [stderr]     |
[INFO] [stderr] 136 |             ui.measure_node(*child_handle, Vector2::new(f32::INFINITY, f32::INFINITY));
[INFO] [stderr]     |                                                              ^^^^^^^^
[INFO] [stderr] 
[INFO] [stderr] warning: use of deprecated constant `std::f32::INFINITY`: replaced by the `INFINITY` associated constant on `f32`
[INFO] [stderr]    --> src/wrap_panel.rs:136:77
[INFO] [stderr]     |
[INFO] [stderr] 136 |             ui.measure_node(*child_handle, Vector2::new(f32::INFINITY, f32::INFINITY));
[INFO] [stderr]     |                                                                             ^^^^^^^^
[INFO] [stderr] 
[INFO] [stderr] warning: `fyrox-ui` (lib) generated 14 warnings
[INFO] [stderr] warning: `fyrox-ui` (lib test) generated 14 warnings (14 duplicates)
[INFO] [stderr]     Finished `test` profile [unoptimized + debuginfo] target(s) in 0.33s
[INFO] [stderr]      Running unittests src/lib.rs (/opt/rustwide/target/debug/deps/fyrox_ui-baad6c1ccabef926)
[INFO] [stdout] 
[INFO] [stdout] running 80 tests
[INFO] [stdout] test bit::test::test_byte_width ... ok
[INFO] [stdout] test bbcode::test::test_example2 ... ok
[INFO] [stdout] test bbcode::test::test_nesting ... ok
[INFO] [stdout] test bbcode::test::test_formatted ... ok
[INFO] [stdout] test bbcode::test::test_example ... ok
[INFO] [stdout] test bbcode::test::test_built_in_font ... ok
[INFO] [stdout] test animation::test::test_deletion ... ok
[INFO] [stdout] test border::test::test_deletion ... ok
[INFO] [stdout] test absm::test::test_deletion ... ok
[INFO] [stdout] test canvas::test::test_deletion ... ok
[INFO] [stdout] test decorator::test::test_deletion ... ok
[INFO] [stdout] test button::test::test_deletion ... ok
[INFO] [stdout] test dock::test::test_deletion ... ok
[INFO] [stdout] test check_box::test::check_box ... ok
[INFO] [stdout] test dropdown_menu::test::test_deletion ... ok
[INFO] [stdout] test expander::test::test_deletion ... ok
[INFO] [stdout] test dropdown_list::test::test_deletion ... ok
[INFO] [stdout] test check_box::test::test_deletion ... ok
[INFO] [stdout] test dock::tile::test::test_deletion ... ok
[INFO] [stdout] test bit::test::test_deletion ... ok
[INFO] [stdout] test file_browser::test::test_find_tree ... ok
[INFO] [stdout] [ERROR]: Unable to rebuild FS tree for foo/bar/baz path! Reason: No such file or directory (os error 2)
[INFO] [stdout] [ERROR]: Operation failed! Reason: No path was found.
[INFO] [stdout] test curve::test::test_curve_editor_deletion ... ok
[INFO] [stdout] test file_browser::test::test_fs_tree_invalid_path ... ok
[INFO] [stdout] test color::gradient::test::test_deletion ... ok
[INFO] [stdout] test formatted_text::textwrapper::tests::new_line_letter ... ok
[INFO] [stdout] test formatted_text::textwrapper::tests::new_line_word ... ok
[INFO] [stdout] test formatted_text::textwrapper::tests::one_line_letter ... ok
[INFO] [stdout] test formatted_text::textwrapper::tests::one_line_no_wrap ... ok
[INFO] [stdout] test formatted_text::textwrapper::tests::one_line_word ... ok
[INFO] [stdout] test formatted_text::textwrapper::tests::two_line_letter ... ok
[INFO] [stdout] test formatted_text::textwrapper::tests::two_line_no_wrap ... ok
[INFO] [stdout] test formatted_text::textwrapper::tests::two_line_word ... ok
[INFO] [stdout] test grid::test::test_deletion ... ok
[INFO] [stdout] test image::test::test_deletion ... ok
[INFO] [stdout] test inspector::test::test_deletion ... ok
[INFO] [stdout] test key::test::test_deletion ... ok
[INFO] [stdout] test list_view::test::test_deletion ... ok
[INFO] [stdout] test matrix::test::test_deletion ... ok
[INFO] [stdout] test menu::test::test_deletion ... ok
[INFO] [stdout] test color::test::test_deletion ... ok
[INFO] [stdout] test messagebox::test::test_deletion ... ok
[INFO] [stdout] test navigation::test::test_deletion ... ok
[INFO] [stdout] test nine_patch::test::test_deletion ... ok
[INFO] [stdout] test numeric::test::test_deletion ... ok
[INFO] [stdout] test numeric::test::test_saturating_add ... ok
[INFO] [stdout] test numeric::test::test_saturating_sub ... ok
[INFO] [stdout] test path::test::test_deletion ... ok
[INFO] [stdout] test menu::test::test_menu_interaction ... ok
[INFO] [stdout] test popup::test::test_deletion ... ok
[INFO] [stdout] test progress_bar::test::test_deletion ... ok
[INFO] [stdout] test range::test::test_deletion ... ok
[INFO] [stdout] test screen::test::test_deletion ... ok
[INFO] [stdout] test rect::test::test_deletion ... ok
[INFO] [stdout] test scroll_panel::test::test_deletion ... ok
[INFO] [stdout] test scroll_bar::test::test_deletion ... ok
[INFO] [stdout] test searchbar::test::test_deletion ... ok
[INFO] [stdout] test selector::test::test_deletion ... ok
[INFO] [stdout] test stack_panel::test::test_deletion ... ok
[INFO] [stdout] test scroll_viewer::test::test_deletion ... ok
[INFO] [stdout] test style::test::test_style ... ok
[INFO] [stdout] test test_inner::center ... ok
[INFO] [stdout] test tab_control::test::test_deletion ... ok
[INFO] [stdout] test test_inner::test_transform_size ... ok
[INFO] [stdout] test text::test::test_deletion ... ok
[INFO] [stdout] test text_box::test::test_deletion ... ok
[INFO] [stdout] test thumb::test::test_deletion ... ok
[INFO] [stdout] test test_inner::test_keyboard_focus ... ok
[INFO] [stdout] test toggle::test::test_deletion ... ok
[INFO] [stdout] test tree::test::test_deletion ... ok
[INFO] [stdout] test uuid::test::test_deletion ... ok
[INFO] [stdout] test vector_image::test::test_deletion ... ok
[INFO] [stdout] test file_browser::test::test_dir_fetching ... FAILED
[INFO] [stdout] test file_browser::test::test_fs_tree_with_root ... FAILED
[INFO] [stdout] test wrap_panel::test::test_deletion ... ok
[INFO] [stdout] test window::test::test_deletion ... ok
[INFO] [stdout] test file_browser::test::test_fs_tree_with_root_and_empty_tree ... FAILED
[INFO] [stdout] test vec::test::test_deletion ... ok
[INFO] [stdout] test file_browser::test::test_fs_tree_without_root ... FAILED
[INFO] [stdout] test file_browser::test::test_deletion ... ok
[INFO] [stdout] test file_browser::selector::test::test_deletion ... ok
[INFO] [stdout] 
[INFO] [stdout] failures:
[INFO] [stdout] 
[INFO] [stdout] ---- file_browser::test::test_dir_fetching stdout ----
[INFO] [stdout] 
[INFO] [stdout] thread 'file_browser::test::test_dir_fetching' (2642) panicked at src/file_browser/test.rs:42:35:
[INFO] [stdout] called `Result::unwrap()` on an `Err` value: Os { code: 30, kind: ReadOnlyFilesystem, message: "Read-only file system" }
[INFO] [stdout] stack backtrace:
[INFO] [stdout]    0:     0x5622928facc1 - std[70759c8f55707aa4]::backtrace_rs::backtrace::libunwind::trace
[INFO] [stdout]                                at /rustc/dfb0accb7f508ae8be965d8629557221c889dd98/library/std/src/../../backtrace/src/backtrace/libunwind.rs:117:9
[INFO] [stdout]    1:     0x5622928facc1 - std[70759c8f55707aa4]::backtrace_rs::backtrace::trace_unsynchronized::<std[70759c8f55707aa4]::sys::backtrace::_print_fmt::{closure#1}>
[INFO] [stdout]                                at /rustc/dfb0accb7f508ae8be965d8629557221c889dd98/library/std/src/../../backtrace/src/backtrace/mod.rs:66:14
[INFO] [stdout]    2:     0x5622928facc1 - std[70759c8f55707aa4]::sys::backtrace::_print_fmt
[INFO] [stdout]                                at /rustc/dfb0accb7f508ae8be965d8629557221c889dd98/library/std/src/sys/backtrace.rs:74:9
[INFO] [stdout]    3:     0x5622928facc1 - <<std[70759c8f55707aa4]::sys::backtrace::BacktraceLock>::print::DisplayBacktrace as core[df12db4294e9bfd3]::fmt::Display>::fmt
[INFO] [stdout]                                at /rustc/dfb0accb7f508ae8be965d8629557221c889dd98/library/std/src/sys/backtrace.rs:44:26
[INFO] [stdout]    4:     0x562292913f5a - <core[df12db4294e9bfd3]::fmt::rt::Argument>::fmt
[INFO] [stdout]                                at /rustc/dfb0accb7f508ae8be965d8629557221c889dd98/library/core/src/fmt/rt.rs:152:76
[INFO] [stdout]    5:     0x562292913f5a - core[df12db4294e9bfd3]::fmt::write
[INFO] [stdout]    6:     0x5622928ff91c - core[df12db4294e9bfd3]::io::write::default_write_fmt::<alloc[2182bb758b4b3781]::vec::Vec<u8>>
[INFO] [stdout]                                at /rustc/dfb0accb7f508ae8be965d8629557221c889dd98/library/core/src/io/write.rs:402:11
[INFO] [stdout]    7:     0x5622928ff91c - <alloc[2182bb758b4b3781]::vec::Vec<u8> as core[df12db4294e9bfd3]::io::write::Write>::write_fmt
[INFO] [stdout]                                at /rustc/dfb0accb7f508ae8be965d8629557221c889dd98/library/core/src/io/write.rs:335:13
[INFO] [stdout]    8:     0x5622928d3cd6 - <std[70759c8f55707aa4]::sys::backtrace::BacktraceLock>::print
[INFO] [stdout]                                at /rustc/dfb0accb7f508ae8be965d8629557221c889dd98/library/std/src/sys/backtrace.rs:47:9
[INFO] [stdout]    9:     0x5622928d3cd6 - std[70759c8f55707aa4]::panicking::default_hook::{closure#0}
[INFO] [stdout]                                at /rustc/dfb0accb7f508ae8be965d8629557221c889dd98/library/std/src/panicking.rs:292:27
[INFO] [stdout]   10:     0x5622928f1829 - std[70759c8f55707aa4]::panicking::default_hook
[INFO] [stdout]                                at /rustc/dfb0accb7f508ae8be965d8629557221c889dd98/library/std/src/panicking.rs:316:9
[INFO] [stdout]   11:     0x5622913c96a0 - <alloc[2182bb758b4b3781]::boxed::Box<dyn for<'a, 'b> core[df12db4294e9bfd3]::ops::function::Fn<(&'a std[70759c8f55707aa4]::panic::PanicHookInfo<'b>,), Output = ()> + core[df12db4294e9bfd3]::marker::Send + core[df12db4294e9bfd3]::marker::Sync> as core[df12db4294e9bfd3]::ops::function::Fn<(&std[70759c8f55707aa4]::panic::PanicHookInfo,)>>::call
[INFO] [stdout]                                at /rustc/dfb0accb7f508ae8be965d8629557221c889dd98/library/alloc/src/boxed.rs:2334:9
[INFO] [stdout]   12:     0x5622913c96a0 - test[9d35eded1c95d3be]::test_main_inner::<test[9d35eded1c95d3be]::test_main_static::{closure#0}>::{closure#0}
[INFO] [stdout]                                at /rustc/dfb0accb7f508ae8be965d8629557221c889dd98/library/test/src/lib.rs:155:21
[INFO] [stdout]   13:     0x5622928f1b52 - <alloc[2182bb758b4b3781]::boxed::Box<dyn for<'a, 'b> core[df12db4294e9bfd3]::ops::function::Fn<(&'a std[70759c8f55707aa4]::panic::PanicHookInfo<'b>,), Output = ()> + core[df12db4294e9bfd3]::marker::Send + core[df12db4294e9bfd3]::marker::Sync> as core[df12db4294e9bfd3]::ops::function::Fn<(&std[70759c8f55707aa4]::panic::PanicHookInfo,)>>::call
[INFO] [stdout]                                at /rustc/dfb0accb7f508ae8be965d8629557221c889dd98/library/alloc/src/boxed.rs:2334:9
[INFO] [stdout]   14:     0x5622928f1b52 - std[70759c8f55707aa4]::panicking::panic_with_hook
[INFO] [stdout]                                at /rustc/dfb0accb7f508ae8be965d8629557221c889dd98/library/std/src/panicking.rs:823:13
[INFO] [stdout]   15:     0x5622928d3d82 - std[70759c8f55707aa4]::panicking::panic_handler::{closure#0}
[INFO] [stdout]                                at /rustc/dfb0accb7f508ae8be965d8629557221c889dd98/library/std/src/panicking.rs:688:13
[INFO] [stdout]   16:     0x5622928cc869 - std[70759c8f55707aa4]::sys::backtrace::__rust_end_short_backtrace::<std[70759c8f55707aa4]::panicking::panic_handler::{closure#0}, !>
[INFO] [stdout]                                at /rustc/dfb0accb7f508ae8be965d8629557221c889dd98/library/std/src/sys/backtrace.rs:182:18
[INFO] [stdout]   17:     0x5622928d4b6d - __rustc[8fa7c3cbc660c2b3]::rust_begin_unwind
[INFO] [stdout]                                at /rustc/dfb0accb7f508ae8be965d8629557221c889dd98/library/std/src/panicking.rs:679:5
[INFO] [stdout]   18:     0x5622929147fc - core[df12db4294e9bfd3]::panicking::panic_fmt
[INFO] [stdout]                                at /rustc/dfb0accb7f508ae8be965d8629557221c889dd98/library/core/src/panicking.rs:80:14
[INFO] [stdout]   19:     0x562292914552 - core[df12db4294e9bfd3]::result::unwrap_failed
[INFO] [stdout]                                at /rustc/dfb0accb7f508ae8be965d8629557221c889dd98/library/core/src/result.rs:1871:5
[INFO] [stdout]   20:     0x562291260417 - <core[df12db4294e9bfd3]::result::Result<(), core[df12db4294e9bfd3]::io::error::Error>>::unwrap
[INFO] [stdout]                                at /rustc/dfb0accb7f508ae8be965d8629557221c889dd98/library/core/src/result.rs:1232:23
[INFO] [stdout]   21:     0x562291260417 - fyrox_ui[f5491b0e4d00f00d]::file_browser::test::create_dir::<&std[70759c8f55707aa4]::path::Path>
[INFO] [stdout]                                at /opt/rustwide/workdir/src/file_browser/test.rs:42:35
[INFO] [stdout]   22:     0x56229126068e - fyrox_ui[f5491b0e4d00f00d]::file_browser::test::clean_or_create::<&std[70759c8f55707aa4]::path::Path>
[INFO] [stdout]                                at /opt/rustwide/workdir/src/file_browser/test.rs:70:5
[INFO] [stdout]   23:     0x562291279a3d - fyrox_ui[f5491b0e4d00f00d]::file_browser::test::test_dir_fetching
[INFO] [stdout]                                at /opt/rustwide/workdir/src/file_browser/test.rs:160:5
[INFO] [stdout]   24:     0x56229126da07 - fyrox_ui[f5491b0e4d00f00d]::file_browser::test::test_dir_fetching::{closure#0}
[INFO] [stdout]                                at /opt/rustwide/workdir/src/file_browser/test.rs:158:23
[INFO] [stdout]   25:     0x5622908da6b6 - <fyrox_ui[f5491b0e4d00f00d]::file_browser::test::test_dir_fetching::{closure#0} as core[df12db4294e9bfd3]::ops::function::FnOnce<()>>::call_once
[INFO] [stdout]                                at /rustc/dfb0accb7f508ae8be965d8629557221c889dd98/library/core/src/ops/function.rs:250:5
[INFO] [stdout]   26:     0x5622913bc98b - <fn() -> core[df12db4294e9bfd3]::result::Result<(), alloc[2182bb758b4b3781]::string::String> as core[df12db4294e9bfd3]::ops::function::FnOnce<()>>::call_once
[INFO] [stdout]                                at /rustc/dfb0accb7f508ae8be965d8629557221c889dd98/library/core/src/ops/function.rs:250:5
[INFO] [stdout]   27:     0x5622913bc98b - test[9d35eded1c95d3be]::__rust_begin_short_backtrace::<core[df12db4294e9bfd3]::result::Result<(), alloc[2182bb758b4b3781]::string::String>, fn() -> core[df12db4294e9bfd3]::result::Result<(), alloc[2182bb758b4b3781]::string::String>>
[INFO] [stdout]                                at /rustc/dfb0accb7f508ae8be965d8629557221c889dd98/library/test/src/lib.rs:733:18
[INFO] [stdout]   28:     0x5622913c9ff5 - test[9d35eded1c95d3be]::run_test_in_process::{closure#0}
[INFO] [stdout]                                at /rustc/dfb0accb7f508ae8be965d8629557221c889dd98/library/test/src/lib.rs:756:74
[INFO] [stdout]   29:     0x5622913c9ff5 - <core[df12db4294e9bfd3]::panic::unwind_safe::AssertUnwindSafe<test[9d35eded1c95d3be]::run_test_in_process::{closure#0}> as core[df12db4294e9bfd3]::ops::function::FnOnce<()>>::call_once
[INFO] [stdout]                                at /rustc/dfb0accb7f508ae8be965d8629557221c889dd98/library/core/src/panic/unwind_safe.rs:275:9
[INFO] [stdout]   30:     0x5622913c9ff5 - std[70759c8f55707aa4]::panicking::catch_unwind::do_call::<core[df12db4294e9bfd3]::panic::unwind_safe::AssertUnwindSafe<test[9d35eded1c95d3be]::run_test_in_process::{closure#0}>, core[df12db4294e9bfd3]::result::Result<(), alloc[2182bb758b4b3781]::string::String>>
[INFO] [stdout]                                at /rustc/dfb0accb7f508ae8be965d8629557221c889dd98/library/std/src/panicking.rs:576:43
[INFO] [stdout]   31:     0x5622913c9ff5 - std[70759c8f55707aa4]::panicking::catch_unwind::<core[df12db4294e9bfd3]::result::Result<(), alloc[2182bb758b4b3781]::string::String>, core[df12db4294e9bfd3]::panic::unwind_safe::AssertUnwindSafe<test[9d35eded1c95d3be]::run_test_in_process::{closure#0}>>
[INFO] [stdout]                                at /rustc/dfb0accb7f508ae8be965d8629557221c889dd98/library/std/src/panicking.rs:544:19
[INFO] [stdout]   32:     0x5622913c9ff5 - std[70759c8f55707aa4]::panic::catch_unwind::<core[df12db4294e9bfd3]::panic::unwind_safe::AssertUnwindSafe<test[9d35eded1c95d3be]::run_test_in_process::{closure#0}>, core[df12db4294e9bfd3]::result::Result<(), alloc[2182bb758b4b3781]::string::String>>
[INFO] [stdout]                                at /rustc/dfb0accb7f508ae8be965d8629557221c889dd98/library/std/src/panic.rs:359:14
[INFO] [stdout]   33:     0x5622913c9ff5 - test[9d35eded1c95d3be]::run_test_in_process
[INFO] [stdout]                                at /rustc/dfb0accb7f508ae8be965d8629557221c889dd98/library/test/src/lib.rs:756:27
[INFO] [stdout]   34:     0x5622913c9ff5 - test[9d35eded1c95d3be]::run_test::{closure#0}
[INFO] [stdout]                                at /rustc/dfb0accb7f508ae8be965d8629557221c889dd98/library/test/src/lib.rs:677:43
[INFO] [stdout]   35:     0x5622913c38b4 - test[9d35eded1c95d3be]::run_test::{closure#1}
[INFO] [stdout]                                at /rustc/dfb0accb7f508ae8be965d8629557221c889dd98/library/test/src/lib.rs:707:41
[INFO] [stdout]   36:     0x5622913c38b4 - std[70759c8f55707aa4]::sys::backtrace::__rust_begin_short_backtrace::<test[9d35eded1c95d3be]::run_test::{closure#1}, ()>
[INFO] [stdout]                                at /rustc/dfb0accb7f508ae8be965d8629557221c889dd98/library/std/src/sys/backtrace.rs:166:18
[INFO] [stdout]   37:     0x5622913cd152 - std[70759c8f55707aa4]::thread::lifecycle::spawn_unchecked::<test[9d35eded1c95d3be]::run_test::{closure#1}, ()>::{closure#1}::{closure#0}
[INFO] [stdout]                                at /rustc/dfb0accb7f508ae8be965d8629557221c889dd98/library/std/src/thread/lifecycle.rs:70:13
[INFO] [stdout]   38:     0x5622913cd152 - <core[df12db4294e9bfd3]::panic::unwind_safe::AssertUnwindSafe<std[70759c8f55707aa4]::thread::lifecycle::spawn_unchecked<test[9d35eded1c95d3be]::run_test::{closure#1}, ()>::{closure#1}::{closure#0}> as core[df12db4294e9bfd3]::ops::function::FnOnce<()>>::call_once
[INFO] [stdout]                                at /rustc/dfb0accb7f508ae8be965d8629557221c889dd98/library/core/src/panic/unwind_safe.rs:275:9
[INFO] [stdout]   39:     0x5622913cd152 - std[70759c8f55707aa4]::panicking::catch_unwind::do_call::<core[df12db4294e9bfd3]::panic::unwind_safe::AssertUnwindSafe<std[70759c8f55707aa4]::thread::lifecycle::spawn_unchecked<test[9d35eded1c95d3be]::run_test::{closure#1}, ()>::{closure#1}::{closure#0}>, ()>
[INFO] [stdout]                                at /rustc/dfb0accb7f508ae8be965d8629557221c889dd98/library/std/src/panicking.rs:576:43
[INFO] [stdout]   40:     0x5622913cd152 - std[70759c8f55707aa4]::panicking::catch_unwind::<(), core[df12db4294e9bfd3]::panic::unwind_safe::AssertUnwindSafe<std[70759c8f55707aa4]::thread::lifecycle::spawn_unchecked<test[9d35eded1c95d3be]::run_test::{closure#1}, ()>::{closure#1}::{closure#0}>>
[INFO] [stdout]                                at /rustc/dfb0accb7f508ae8be965d8629557221c889dd98/library/std/src/panicking.rs:544:19
[INFO] [stdout]   41:     0x5622913cd152 - std[70759c8f55707aa4]::panic::catch_unwind::<core[df12db4294e9bfd3]::panic::unwind_safe::AssertUnwindSafe<std[70759c8f55707aa4]::thread::lifecycle::spawn_unchecked<test[9d35eded1c95d3be]::run_test::{closure#1}, ()>::{closure#1}::{closure#0}>, ()>
[INFO] [stdout]                                at /rustc/dfb0accb7f508ae8be965d8629557221c889dd98/library/std/src/panic.rs:359:14
[INFO] [stdout]   42:     0x5622913cd152 - std[70759c8f55707aa4]::thread::lifecycle::spawn_unchecked::<test[9d35eded1c95d3be]::run_test::{closure#1}, ()>::{closure#1}
[INFO] [stdout]                                at /rustc/dfb0accb7f508ae8be965d8629557221c889dd98/library/std/src/thread/lifecycle.rs:68:26
[INFO] [stdout]   43:     0x5622913cd152 - <std[70759c8f55707aa4]::thread::lifecycle::spawn_unchecked<test[9d35eded1c95d3be]::run_test::{closure#1}, ()>::{closure#1} as core[df12db4294e9bfd3]::ops::function::FnOnce<()>>::call_once::{shim:vtable#0}
[INFO] [stdout]                                at /rustc/dfb0accb7f508ae8be965d8629557221c889dd98/library/core/src/ops/function.rs:250:5
[INFO] [stdout]   44:     0x5622928fa039 - <alloc[2182bb758b4b3781]::boxed::Box<dyn core[df12db4294e9bfd3]::ops::function::FnOnce<(), Output = ()> + core[df12db4294e9bfd3]::marker::Send> as core[df12db4294e9bfd3]::ops::function::FnOnce<()>>::call_once
[INFO] [stdout]                                at /rustc/dfb0accb7f508ae8be965d8629557221c889dd98/library/alloc/src/boxed.rs:2320:9
[INFO] [stdout]   45:     0x5622928fa039 - <std[70759c8f55707aa4]::sys::thread::unix::Thread>::new::thread_start
[INFO] [stdout]                                at /rustc/dfb0accb7f508ae8be965d8629557221c889dd98/library/std/src/sys/thread/unix.rs:123:17
[INFO] [stdout]   46:     0x746d56483dfa - <unknown>
[INFO] [stdout]   47:     0x746d565173d4 - clone
[INFO] [stdout]   48:                0x0 - <unknown>
[INFO] [stdout] 
[INFO] [stdout] ---- file_browser::test::test_fs_tree_with_root stdout ----
[INFO] [stdout] 
[INFO] [stdout] thread 'file_browser::test::test_fs_tree_with_root' (2645) panicked at src/file_browser/test.rs:42:35:
[INFO] [stdout] called `Result::unwrap()` on an `Err` value: Os { code: 30, kind: ReadOnlyFilesystem, message: "Read-only file system" }
[INFO] [stdout] stack backtrace:
[INFO] [stdout]    0:     0x5622928facc1 - std[70759c8f55707aa4]::backtrace_rs::backtrace::libunwind::trace
[INFO] [stdout]                                at /rustc/dfb0accb7f508ae8be965d8629557221c889dd98/library/std/src/../../backtrace/src/backtrace/libunwind.rs:117:9
[INFO] [stdout]    1:     0x5622928facc1 - std[70759c8f55707aa4]::backtrace_rs::backtrace::trace_unsynchronized::<std[70759c8f55707aa4]::sys::backtrace::_print_fmt::{closure#1}>
[INFO] [stdout]                                at /rustc/dfb0accb7f508ae8be965d8629557221c889dd98/library/std/src/../../backtrace/src/backtrace/mod.rs:66:14
[INFO] [stdout]    2:     0x5622928facc1 - std[70759c8f55707aa4]::sys::backtrace::_print_fmt
[INFO] [stdout]                                at /rustc/dfb0accb7f508ae8be965d8629557221c889dd98/library/std/src/sys/backtrace.rs:74:9
[INFO] [stdout]    3:     0x5622928facc1 - <<std[70759c8f55707aa4]::sys::backtrace::BacktraceLock>::print::DisplayBacktrace as core[df12db4294e9bfd3]::fmt::Display>::fmt
[INFO] [stdout]                                at /rustc/dfb0accb7f508ae8be965d8629557221c889dd98/library/std/src/sys/backtrace.rs:44:26
[INFO] [stdout]    4:     0x562292913f5a - <core[df12db4294e9bfd3]::fmt::rt::Argument>::fmt
[INFO] [stdout]                                at /rustc/dfb0accb7f508ae8be965d8629557221c889dd98/library/core/src/fmt/rt.rs:152:76
[INFO] [stdout]    5:     0x562292913f5a - core[df12db4294e9bfd3]::fmt::write
[INFO] [stdout]    6:     0x5622928ff91c - core[df12db4294e9bfd3]::io::write::default_write_fmt::<alloc[2182bb758b4b3781]::vec::Vec<u8>>
[INFO] [stdout]                                at /rustc/dfb0accb7f508ae8be965d8629557221c889dd98/library/core/src/io/write.rs:402:11
[INFO] [stdout]    7:     0x5622928ff91c - <alloc[2182bb758b4b3781]::vec::Vec<u8> as core[df12db4294e9bfd3]::io::write::Write>::write_fmt
[INFO] [stdout]                                at /rustc/dfb0accb7f508ae8be965d8629557221c889dd98/library/core/src/io/write.rs:335:13
[INFO] [stdout]    8:     0x5622928d3cd6 - <std[70759c8f55707aa4]::sys::backtrace::BacktraceLock>::print
[INFO] [stdout]                                at /rustc/dfb0accb7f508ae8be965d8629557221c889dd98/library/std/src/sys/backtrace.rs:47:9
[INFO] [stdout]    9:     0x5622928d3cd6 - std[70759c8f55707aa4]::panicking::default_hook::{closure#0}
[INFO] [stdout]                                at /rustc/dfb0accb7f508ae8be965d8629557221c889dd98/library/std/src/panicking.rs:292:27
[INFO] [stdout]   10:     0x5622928f1829 - std[70759c8f55707aa4]::panicking::default_hook
[INFO] [stdout]                                at /rustc/dfb0accb7f508ae8be965d8629557221c889dd98/library/std/src/panicking.rs:316:9
[INFO] [stdout]   11:     0x5622913c96a0 - <alloc[2182bb758b4b3781]::boxed::Box<dyn for<'a, 'b> core[df12db4294e9bfd3]::ops::function::Fn<(&'a std[70759c8f55707aa4]::panic::PanicHookInfo<'b>,), Output = ()> + core[df12db4294e9bfd3]::marker::Send + core[df12db4294e9bfd3]::marker::Sync> as core[df12db4294e9bfd3]::ops::function::Fn<(&std[70759c8f55707aa4]::panic::PanicHookInfo,)>>::call
[INFO] [stdout]                                at /rustc/dfb0accb7f508ae8be965d8629557221c889dd98/library/alloc/src/boxed.rs:2334:9
[INFO] [stdout]   12:     0x5622913c96a0 - test[9d35eded1c95d3be]::test_main_inner::<test[9d35eded1c95d3be]::test_main_static::{closure#0}>::{closure#0}
[INFO] [stdout]                                at /rustc/dfb0accb7f508ae8be965d8629557221c889dd98/library/test/src/lib.rs:155:21
[INFO] [stdout]   13:     0x5622928f1b52 - <alloc[2182bb758b4b3781]::boxed::Box<dyn for<'a, 'b> core[df12db4294e9bfd3]::ops::function::Fn<(&'a std[70759c8f55707aa4]::panic::PanicHookInfo<'b>,), Output = ()> + core[df12db4294e9bfd3]::marker::Send + core[df12db4294e9bfd3]::marker::Sync> as core[df12db4294e9bfd3]::ops::function::Fn<(&std[70759c8f55707aa4]::panic::PanicHookInfo,)>>::call
[INFO] [stdout]                                at /rustc/dfb0accb7f508ae8be965d8629557221c889dd98/library/alloc/src/boxed.rs:2334:9
[INFO] [stdout]   14:     0x5622928f1b52 - std[70759c8f55707aa4]::panicking::panic_with_hook
[INFO] [stdout]                                at /rustc/dfb0accb7f508ae8be965d8629557221c889dd98/library/std/src/panicking.rs:823:13
[INFO] [stdout]   15:     0x5622928d3d82 - std[70759c8f55707aa4]::panicking::panic_handler::{closure#0}
[INFO] [stdout]                                at /rustc/dfb0accb7f508ae8be965d8629557221c889dd98/library/std/src/panicking.rs:688:13
[INFO] [stdout]   16:     0x5622928cc869 - std[70759c8f55707aa4]::sys::backtrace::__rust_end_short_backtrace::<std[70759c8f55707aa4]::panicking::panic_handler::{closure#0}, !>
[INFO] [stdout]                                at /rustc/dfb0accb7f508ae8be965d8629557221c889dd98/library/std/src/sys/backtrace.rs:182:18
[INFO] [stdout]   17:     0x5622928d4b6d - __rustc[8fa7c3cbc660c2b3]::rust_begin_unwind
[INFO] [stdout]                                at /rustc/dfb0accb7f508ae8be965d8629557221c889dd98/library/std/src/panicking.rs:679:5
[INFO] [stdout]   18:     0x5622929147fc - core[df12db4294e9bfd3]::panicking::panic_fmt
[INFO] [stdout]                                at /rustc/dfb0accb7f508ae8be965d8629557221c889dd98/library/core/src/panicking.rs:80:14
[INFO] [stdout]   19:     0x562292914552 - core[df12db4294e9bfd3]::result::unwrap_failed
[INFO] [stdout]                                at /rustc/dfb0accb7f508ae8be965d8629557221c889dd98/library/core/src/result.rs:1871:5
[INFO] [stdout]   20:     0x562291260417 - <core[df12db4294e9bfd3]::result::Result<(), core[df12db4294e9bfd3]::io::error::Error>>::unwrap
[INFO] [stdout]                                at /rustc/dfb0accb7f508ae8be965d8629557221c889dd98/library/core/src/result.rs:1232:23
[INFO] [stdout]   21:     0x562291260417 - fyrox_ui[f5491b0e4d00f00d]::file_browser::test::create_dir::<&std[70759c8f55707aa4]::path::Path>
[INFO] [stdout]                                at /opt/rustwide/workdir/src/file_browser/test.rs:42:35
[INFO] [stdout]   22:     0x56229126068e - fyrox_ui[f5491b0e4d00f00d]::file_browser::test::clean_or_create::<&std[70759c8f55707aa4]::path::Path>
[INFO] [stdout]                                at /opt/rustwide/workdir/src/file_browser/test.rs:70:5
[INFO] [stdout]   23:     0x562291278a12 - fyrox_ui[f5491b0e4d00f00d]::file_browser::test::write_test_tree
[INFO] [stdout]                                at /opt/rustwide/workdir/src/file_browser/test.rs:83:5
[INFO] [stdout]   24:     0x56229127a8d0 - fyrox_ui[f5491b0e4d00f00d]::file_browser::test::test_fs_tree_with_root
[INFO] [stdout]                                at /opt/rustwide/workdir/src/file_browser/test.rs:190:17
[INFO] [stdout]   25:     0x56229126da37 - fyrox_ui[f5491b0e4d00f00d]::file_browser::test::test_fs_tree_with_root::{closure#0}
[INFO] [stdout]                                at /opt/rustwide/workdir/src/file_browser/test.rs:188:28
[INFO] [stdout]   26:     0x5622908da6d6 - <fyrox_ui[f5491b0e4d00f00d]::file_browser::test::test_fs_tree_with_root::{closure#0} as core[df12db4294e9bfd3]::ops::function::FnOnce<()>>::call_once
[INFO] [stdout]                                at /rustc/dfb0accb7f508ae8be965d8629557221c889dd98/library/core/src/ops/function.rs:250:5
[INFO] [stdout]   27:     0x5622913bc98b - <fn() -> core[df12db4294e9bfd3]::result::Result<(), alloc[2182bb758b4b3781]::string::String> as core[df12db4294e9bfd3]::ops::function::FnOnce<()>>::call_once
[INFO] [stdout]                                at /rustc/dfb0accb7f508ae8be965d8629557221c889dd98/library/core/src/ops/function.rs:250:5
[INFO] [stdout]   28:     0x5622913bc98b - test[9d35eded1c95d3be]::__rust_begin_short_backtrace::<core[df12db4294e9bfd3]::result::Result<(), alloc[2182bb758b4b3781]::string::String>, fn() -> core[df12db4294e9bfd3]::result::Result<(), alloc[2182bb758b4b3781]::string::String>>
[INFO] [stdout]                                at /rustc/dfb0accb7f508ae8be965d8629557221c889dd98/library/test/src/lib.rs:733:18
[INFO] [stdout]   29:     0x5622913c9ff5 - test[9d35eded1c95d3be]::run_test_in_process::{closure#0}
[INFO] [stdout]                                at /rustc/dfb0accb7f508ae8be965d8629557221c889dd98/library/test/src/lib.rs:756:74
[INFO] [stdout]   30:     0x5622913c9ff5 - <core[df12db4294e9bfd3]::panic::unwind_safe::AssertUnwindSafe<test[9d35eded1c95d3be]::run_test_in_process::{closure#0}> as core[df12db4294e9bfd3]::ops::function::FnOnce<()>>::call_once
[INFO] [stdout]                                at /rustc/dfb0accb7f508ae8be965d8629557221c889dd98/library/core/src/panic/unwind_safe.rs:275:9
[INFO] [stdout]   31:     0x5622913c9ff5 - std[70759c8f55707aa4]::panicking::catch_unwind::do_call::<core[df12db4294e9bfd3]::panic::unwind_safe::AssertUnwindSafe<test[9d35eded1c95d3be]::run_test_in_process::{closure#0}>, core[df12db4294e9bfd3]::result::Result<(), alloc[2182bb758b4b3781]::string::String>>
[INFO] [stdout]                                at /rustc/dfb0accb7f508ae8be965d8629557221c889dd98/library/std/src/panicking.rs:576:43
[INFO] [stdout]   32:     0x5622913c9ff5 - std[70759c8f55707aa4]::panicking::catch_unwind::<core[df12db4294e9bfd3]::result::Result<(), alloc[2182bb758b4b3781]::string::String>, core[df12db4294e9bfd3]::panic::unwind_safe::AssertUnwindSafe<test[9d35eded1c95d3be]::run_test_in_process::{closure#0}>>
[INFO] [stdout]                                at /rustc/dfb0accb7f508ae8be965d8629557221c889dd98/library/std/src/panicking.rs:544:19
[INFO] [stdout]   33:     0x5622913c9ff5 - std[70759c8f55707aa4]::panic::catch_unwind::<core[df12db4294e9bfd3]::panic::unwind_safe::AssertUnwindSafe<test[9d35eded1c95d3be]::run_test_in_process::{closure#0}>, core[df12db4294e9bfd3]::result::Result<(), alloc[2182bb758b4b3781]::string::String>>
[INFO] [stdout]                                at /rustc/dfb0accb7f508ae8be965d8629557221c889dd98/library/std/src/panic.rs:359:14
[INFO] [stdout]   34:     0x5622913c9ff5 - test[9d35eded1c95d3be]::run_test_in_process
[INFO] [stdout]                                at /rustc/dfb0accb7f508ae8be965d8629557221c889dd98/library/test/src/lib.rs:756:27
[INFO] [stdout]   35:     0x5622913c9ff5 - test[9d35eded1c95d3be]::run_test::{closure#0}
[INFO] [stdout]                                at /rustc/dfb0accb7f508ae8be965d8629557221c889dd98/library/test/src/lib.rs:677:43
[INFO] [stdout]   36:     0x5622913c38b4 - test[9d35eded1c95d3be]::run_test::{closure#1}
[INFO] [stdout]                                at /rustc/dfb0accb7f508ae8be965d8629557221c889dd98/library/test/src/lib.rs:707:41
[INFO] [stdout]   37:     0x5622913c38b4 - std[70759c8f55707aa4]::sys::backtrace::__rust_begin_short_backtrace::<test[9d35eded1c95d3be]::run_test::{closure#1}, ()>
[INFO] [stdout]                                at /rustc/dfb0accb7f508ae8be965d8629557221c889dd98/library/std/src/sys/backtrace.rs:166:18
[INFO] [stdout]   38:     0x5622913cd152 - std[70759c8f55707aa4]::thread::lifecycle::spawn_unchecked::<test[9d35eded1c95d3be]::run_test::{closure#1}, ()>::{closure#1}::{closure#0}
[INFO] [stdout]                                at /rustc/dfb0accb7f508ae8be965d8629557221c889dd98/library/std/src/thread/lifecycle.rs:70:13
[INFO] [stdout]   39:     0x5622913cd152 - <core[df12db4294e9bfd3]::panic::unwind_safe::AssertUnwindSafe<std[70759c8f55707aa4]::thread::lifecycle::spawn_unchecked<test[9d35eded1c95d3be]::run_test::{closure#1}, ()>::{closure#1}::{closure#0}> as core[df12db4294e9bfd3]::ops::function::FnOnce<()>>::call_once
[INFO] [stdout]                                at /rustc/dfb0accb7f508ae8be965d8629557221c889dd98/library/core/src/panic/unwind_safe.rs:275:9
[INFO] [stdout]   40:     0x5622913cd152 - std[70759c8f55707aa4]::panicking::catch_unwind::do_call::<core[df12db4294e9bfd3]::panic::unwind_safe::AssertUnwindSafe<std[70759c8f55707aa4]::thread::lifecycle::spawn_unchecked<test[9d35eded1c95d3be]::run_test::{closure#1}, ()>::{closure#1}::{closure#0}>, ()>
[INFO] [stdout]                                at /rustc/dfb0accb7f508ae8be965d8629557221c889dd98/library/std/src/panicking.rs:576:43
[INFO] [stdout]   41:     0x5622913cd152 - std[70759c8f55707aa4]::panicking::catch_unwind::<(), core[df12db4294e9bfd3]::panic::unwind_safe::AssertUnwindSafe<std[70759c8f55707aa4]::thread::lifecycle::spawn_unchecked<test[9d35eded1c95d3be]::run_test::{closure#1}, ()>::{closure#1}::{closure#0}>>
[INFO] [stdout]                                at /rustc/dfb0accb7f508ae8be965d8629557221c889dd98/library/std/src/panicking.rs:544:19
[INFO] [stdout]   42:     0x5622913cd152 - std[70759c8f55707aa4]::panic::catch_unwind::<core[df12db4294e9bfd3]::panic::unwind_safe::AssertUnwindSafe<std[70759c8f55707aa4]::thread::lifecycle::spawn_unchecked<test[9d35eded1c95d3be]::run_test::{closure#1}, ()>::{closure#1}::{closure#0}>, ()>
[INFO] [stdout]                                at /rustc/dfb0accb7f508ae8be965d8629557221c889dd98/library/std/src/panic.rs:359:14
[INFO] [stdout]   43:     0x5622913cd152 - std[70759c8f55707aa4]::thread::lifecycle::spawn_unchecked::<test[9d35eded1c95d3be]::run_test::{closure#1}, ()>::{closure#1}
[INFO] [stdout]                                at /rustc/dfb0accb7f508ae8be965d8629557221c889dd98/library/std/src/thread/lifecycle.rs:68:26
[INFO] [stdout]   44:     0x5622913cd152 - <std[70759c8f55707aa4]::thread::lifecycle::spawn_unchecked<test[9d35eded1c95d3be]::run_test::{closure#1}, ()>::{closure#1} as core[df12db4294e9bfd3]::ops::function::FnOnce<()>>::call_once::{shim:vtable#0}
[INFO] [stdout]                                at /rustc/dfb0accb7f508ae8be965d8629557221c889dd98/library/core/src/ops/function.rs:250:5
[INFO] [stdout]   45:     0x5622928fa039 - <alloc[2182bb758b4b3781]::boxed::Box<dyn core[df12db4294e9bfd3]::ops::function::FnOnce<(), Output = ()> + core[df12db4294e9bfd3]::marker::Send> as core[df12db4294e9bfd3]::ops::function::FnOnce<()>>::call_once
[INFO] [stdout]                                at /rustc/dfb0accb7f508ae8be965d8629557221c889dd98/library/alloc/src/boxed.rs:2320:9
[INFO] [stdout]   46:     0x5622928fa039 - <std[70759c8f55707aa4]::sys::thread::unix::Thread>::new::thread_start
[INFO] [stdout]                                at /rustc/dfb0accb7f508ae8be965d8629557221c889dd98/library/std/src/sys/thread/unix.rs:123:17
[INFO] [stdout]   47:     0x746d56483dfa - <unknown>
[INFO] [stdout]   48:     0x746d565173d4 - clone
[INFO] [stdout]   49:                0x0 - <unknown>
[INFO] [stdout] 
[INFO] [stdout] ---- file_browser::test::test_fs_tree_with_root_and_empty_tree stdout ----
[INFO] [stdout] 
[INFO] [stdout] thread 'file_browser::test::test_fs_tree_with_root_and_empty_tree' (2647) panicked at src/file_browser/test.rs:42:35:
[INFO] [stdout] called `Result::unwrap()` on an `Err` value: Os { code: 30, kind: ReadOnlyFilesystem, message: "Read-only file system" }
[INFO] [stdout] stack backtrace:
[INFO] [stdout]    0:     0x5622928facc1 - std[70759c8f55707aa4]::backtrace_rs::backtrace::libunwind::trace
[INFO] [stdout]                                at /rustc/dfb0accb7f508ae8be965d8629557221c889dd98/library/std/src/../../backtrace/src/backtrace/libunwind.rs:117:9
[INFO] [stdout]    1:     0x5622928facc1 - std[70759c8f55707aa4]::backtrace_rs::backtrace::trace_unsynchronized::<std[70759c8f55707aa4]::sys::backtrace::_print_fmt::{closure#1}>
[INFO] [stdout]                                at /rustc/dfb0accb7f508ae8be965d8629557221c889dd98/library/std/src/../../backtrace/src/backtrace/mod.rs:66:14
[INFO] [stdout]    2:     0x5622928facc1 - std[70759c8f55707aa4]::sys::backtrace::_print_fmt
[INFO] [stdout]                                at /rustc/dfb0accb7f508ae8be965d8629557221c889dd98/library/std/src/sys/backtrace.rs:74:9
[INFO] [stdout]    3:     0x5622928facc1 - <<std[70759c8f55707aa4]::sys::backtrace::BacktraceLock>::print::DisplayBacktrace as core[df12db4294e9bfd3]::fmt::Display>::fmt
[INFO] [stdout]                                at /rustc/dfb0accb7f508ae8be965d8629557221c889dd98/library/std/src/sys/backtrace.rs:44:26
[INFO] [stdout]    4:     0x562292913f5a - <core[df12db4294e9bfd3]::fmt::rt::Argument>::fmt
[INFO] [stdout]                                at /rustc/dfb0accb7f508ae8be965d8629557221c889dd98/library/core/src/fmt/rt.rs:152:76
[INFO] [stdout]    5:     0x562292913f5a - core[df12db4294e9bfd3]::fmt::write
[INFO] [stdout]    6:     0x5622928ff91c - core[df12db4294e9bfd3]::io::write::default_write_fmt::<alloc[2182bb758b4b3781]::vec::Vec<u8>>
[INFO] [stdout]                                at /rustc/dfb0accb7f508ae8be965d8629557221c889dd98/library/core/src/io/write.rs:402:11
[INFO] [stdout]    7:     0x5622928ff91c - <alloc[2182bb758b4b3781]::vec::Vec<u8> as core[df12db4294e9bfd3]::io::write::Write>::write_fmt
[INFO] [stdout]                                at /rustc/dfb0accb7f508ae8be965d8629557221c889dd98/library/core/src/io/write.rs:335:13
[INFO] [stdout]    8:     0x5622928d3cd6 - <std[70759c8f55707aa4]::sys::backtrace::BacktraceLock>::print
[INFO] [stdout]                                at /rustc/dfb0accb7f508ae8be965d8629557221c889dd98/library/std/src/sys/backtrace.rs:47:9
[INFO] [stdout]    9:     0x5622928d3cd6 - std[70759c8f55707aa4]::panicking::default_hook::{closure#0}
[INFO] [stdout]                                at /rustc/dfb0accb7f508ae8be965d8629557221c889dd98/library/std/src/panicking.rs:292:27
[INFO] [stdout]   10:     0x5622928f1829 - std[70759c8f55707aa4]::panicking::default_hook
[INFO] [stdout]                                at /rustc/dfb0accb7f508ae8be965d8629557221c889dd98/library/std/src/panicking.rs:316:9
[INFO] [stdout]   11:     0x5622913c96a0 - <alloc[2182bb758b4b3781]::boxed::Box<dyn for<'a, 'b> core[df12db4294e9bfd3]::ops::function::Fn<(&'a std[70759c8f55707aa4]::panic::PanicHookInfo<'b>,), Output = ()> + core[df12db4294e9bfd3]::marker::Send + core[df12db4294e9bfd3]::marker::Sync> as core[df12db4294e9bfd3]::ops::function::Fn<(&std[70759c8f55707aa4]::panic::PanicHookInfo,)>>::call
[INFO] [stdout]                                at /rustc/dfb0accb7f508ae8be965d8629557221c889dd98/library/alloc/src/boxed.rs:2334:9
[INFO] [stdout]   12:     0x5622913c96a0 - test[9d35eded1c95d3be]::test_main_inner::<test[9d35eded1c95d3be]::test_main_static::{closure#0}>::{closure#0}
[INFO] [stdout]                                at /rustc/dfb0accb7f508ae8be965d8629557221c889dd98/library/test/src/lib.rs:155:21
[INFO] [stdout]   13:     0x5622928f1b52 - <alloc[2182bb758b4b3781]::boxed::Box<dyn for<'a, 'b> core[df12db4294e9bfd3]::ops::function::Fn<(&'a std[70759c8f55707aa4]::panic::PanicHookInfo<'b>,), Output = ()> + core[df12db4294e9bfd3]::marker::Send + core[df12db4294e9bfd3]::marker::Sync> as core[df12db4294e9bfd3]::ops::function::Fn<(&std[70759c8f55707aa4]::panic::PanicHookInfo,)>>::call
[INFO] [stdout]                                at /rustc/dfb0accb7f508ae8be965d8629557221c889dd98/library/alloc/src/boxed.rs:2334:9
[INFO] [stdout]   14:     0x5622928f1b52 - std[70759c8f55707aa4]::panicking::panic_with_hook
[INFO] [stdout]                                at /rustc/dfb0accb7f508ae8be965d8629557221c889dd98/library/std/src/panicking.rs:823:13
[INFO] [stdout]   15:     0x5622928d3d82 - std[70759c8f55707aa4]::panicking::panic_handler::{closure#0}
[INFO] [stdout]                                at /rustc/dfb0accb7f508ae8be965d8629557221c889dd98/library/std/src/panicking.rs:688:13
[INFO] [stdout]   16:     0x5622928cc869 - std[70759c8f55707aa4]::sys::backtrace::__rust_end_short_backtrace::<std[70759c8f55707aa4]::panicking::panic_handler::{closure#0}, !>
[INFO] [stdout]                                at /rustc/dfb0accb7f508ae8be965d8629557221c889dd98/library/std/src/sys/backtrace.rs:182:18
[INFO] [stdout]   17:     0x5622928d4b6d - __rustc[8fa7c3cbc660c2b3]::rust_begin_unwind
[INFO] [stdout]                                at /rustc/dfb0accb7f508ae8be965d8629557221c889dd98/library/std/src/panicking.rs:679:5
[INFO] [stdout]   18:     0x5622929147fc - core[df12db4294e9bfd3]::panicking::panic_fmt
[INFO] [stdout]                                at /rustc/dfb0accb7f508ae8be965d8629557221c889dd98/library/core/src/panicking.rs:80:14
[INFO] [stdout]   19:     0x562292914552 - core[df12db4294e9bfd3]::result::unwrap_failed
[INFO] [stdout]                                at /rustc/dfb0accb7f508ae8be965d8629557221c889dd98/library/core/src/result.rs:1871:5
[INFO] [stdout]   20:     0x5622912604b0 - <core[df12db4294e9bfd3]::result::Result<(), core[df12db4294e9bfd3]::io::error::Error>>::unwrap
[INFO] [stdout]                                at /rustc/dfb0accb7f508ae8be965d8629557221c889dd98/library/core/src/result.rs:1232:23
[INFO] [stdout]   21:     0x5622912604b0 - fyrox_ui[f5491b0e4d00f00d]::file_browser::test::create_dir::<&std[70759c8f55707aa4]::path::PathBuf>
[INFO] [stdout]                                at /opt/rustwide/workdir/src/file_browser/test.rs:42:35
[INFO] [stdout]   22:     0x562291260794 - fyrox_ui[f5491b0e4d00f00d]::file_browser::test::clean_or_create::<&std[70759c8f55707aa4]::path::PathBuf>
[INFO] [stdout]                                at /opt/rustwide/workdir/src/file_browser/test.rs:70:5
[INFO] [stdout]   23:     0x56229127c1a0 - fyrox_ui[f5491b0e4d00f00d]::file_browser::test::test_fs_tree_with_root_and_empty_tree
[INFO] [stdout]                                at /opt/rustwide/workdir/src/file_browser/test.rs:211:5
[INFO] [stdout]   24:     0x56229126dac7 - fyrox_ui[f5491b0e4d00f00d]::file_browser::test::test_fs_tree_with_root_and_empty_tree::{closure#0}
[INFO] [stdout]                                at /opt/rustwide/workdir/src/file_browser/test.rs:209:43
[INFO] [stdout]   25:     0x5622908da736 - <fyrox_ui[f5491b0e4d00f00d]::file_browser::test::test_fs_tree_with_root_and_empty_tree::{closure#0} as core[df12db4294e9bfd3]::ops::function::FnOnce<()>>::call_once
[INFO] [stdout]                                at /rustc/dfb0accb7f508ae8be965d8629557221c889dd98/library/core/src/ops/function.rs:250:5
[INFO] [stdout]   26:     0x5622913bc98b - <fn() -> core[df12db4294e9bfd3]::result::Result<(), alloc[2182bb758b4b3781]::string::String> as core[df12db4294e9bfd3]::ops::function::FnOnce<()>>::call_once
[INFO] [stdout]                                at /rustc/dfb0accb7f508ae8be965d8629557221c889dd98/library/core/src/ops/function.rs:250:5
[INFO] [stdout]   27:     0x5622913bc98b - test[9d35eded1c95d3be]::__rust_begin_short_backtrace::<core[df12db4294e9bfd3]::result::Result<(), alloc[2182bb758b4b3781]::string::String>, fn() -> core[df12db4294e9bfd3]::result::Result<(), alloc[2182bb758b4b3781]::string::String>>
[INFO] [stdout]                                at /rustc/dfb0accb7f508ae8be965d8629557221c889dd98/library/test/src/lib.rs:733:18
[INFO] [stdout]   28:     0x5622913c9ff5 - test[9d35eded1c95d3be]::run_test_in_process::{closure#0}
[INFO] [stdout]                                at /rustc/dfb0accb7f508ae8be965d8629557221c889dd98/library/test/src/lib.rs:756:74
[INFO] [stdout]   29:     0x5622913c9ff5 - <core[df12db4294e9bfd3]::panic::unwind_safe::AssertUnwindSafe<test[9d35eded1c95d3be]::run_test_in_process::{closure#0}> as core[df12db4294e9bfd3]::ops::function::FnOnce<()>>::call_once
[INFO] [stdout]                                at /rustc/dfb0accb7f508ae8be965d8629557221c889dd98/library/core/src/panic/unwind_safe.rs:275:9
[INFO] [stdout]   30:     0x5622913c9ff5 - std[70759c8f55707aa4]::panicking::catch_unwind::do_call::<core[df12db4294e9bfd3]::panic::unwind_safe::AssertUnwindSafe<test[9d35eded1c95d3be]::run_test_in_process::{closure#0}>, core[df12db4294e9bfd3]::result::Result<(), alloc[2182bb758b4b3781]::string::String>>
[INFO] [stdout]                                at /rustc/dfb0accb7f508ae8be965d8629557221c889dd98/library/std/src/panicking.rs:576:43
[INFO] [stdout]   31:     0x5622913c9ff5 - std[70759c8f55707aa4]::panicking::catch_unwind::<core[df12db4294e9bfd3]::result::Result<(), alloc[2182bb758b4b3781]::string::String>, core[df12db4294e9bfd3]::panic::unwind_safe::AssertUnwindSafe<test[9d35eded1c95d3be]::run_test_in_process::{closure#0}>>
[INFO] [stdout]                                at /rustc/dfb0accb7f508ae8be965d8629557221c889dd98/library/std/src/panicking.rs:544:19
[INFO] [stdout]   32:     0x5622913c9ff5 - std[70759c8f55707aa4]::panic::catch_unwind::<core[df12db4294e9bfd3]::panic::unwind_safe::AssertUnwindSafe<test[9d35eded1c95d3be]::run_test_in_process::{closure#0}>, core[df12db4294e9bfd3]::result::Result<(), alloc[2182bb758b4b3781]::string::String>>
[INFO] [stdout]                                at /rustc/dfb0accb7f508ae8be965d8629557221c889dd98/library/std/src/panic.rs:359:14
[INFO] [stdout]   33:     0x5622913c9ff5 - test[9d35eded1c95d3be]::run_test_in_process
[INFO] [stdout]                                at /rustc/dfb0accb7f508ae8be965d8629557221c889dd98/library/test/src/lib.rs:756:27
[INFO] [stdout]   34:     0x5622913c9ff5 - test[9d35eded1c95d3be]::run_test::{closure#0}
[INFO] [stdout]                                at /rustc/dfb0accb7f508ae8be965d8629557221c889dd98/library/test/src/lib.rs:677:43
[INFO] [stdout]   35:     0x5622913c38b4 - test[9d35eded1c95d3be]::run_test::{closure#1}
[INFO] [stdout]                                at /rustc/dfb0accb7f508ae8be965d8629557221c889dd98/library/test/src/lib.rs:707:41
[INFO] [stdout]   36:     0x5622913c38b4 - std[70759c8f55707aa4]::sys::backtrace::__rust_begin_short_backtrace::<test[9d35eded1c95d3be]::run_test::{closure#1}, ()>
[INFO] [stdout]                                at /rustc/dfb0accb7f508ae8be965d8629557221c889dd98/library/std/src/sys/backtrace.rs:166:18
[INFO] [stdout]   37:     0x5622913cd152 - std[70759c8f55707aa4]::thread::lifecycle::spawn_unchecked::<test[9d35eded1c95d3be]::run_test::{closure#1}, ()>::{closure#1}::{closure#0}
[INFO] [stdout]                                at /rustc/dfb0accb7f508ae8be965d8629557221c889dd98/library/std/src/thread/lifecycle.rs:70:13
[INFO] [stdout]   38:     0x5622913cd152 - <core[df12db4294e9bfd3]::panic::unwind_safe::AssertUnwindSafe<std[70759c8f55707aa4]::thread::lifecycle::spawn_unchecked<test[9d35eded1c95d3be]::run_test::{closure#1}, ()>::{closure#1}::{closure#0}> as core[df12db4294e9bfd3]::ops::function::FnOnce<()>>::call_once
[INFO] [stdout]                                at /rustc/dfb0accb7f508ae8be965d8629557221c889dd98/library/core/src/panic/unwind_safe.rs:275:9
[INFO] [stdout]   39:     0x5622913cd152 - std[70759c8f55707aa4]::panicking::catch_unwind::do_call::<core[df12db4294e9bfd3]::panic::unwind_safe::AssertUnwindSafe<std[70759c8f55707aa4]::thread::lifecycle::spawn_unchecked<test[9d35eded1c95d3be]::run_test::{closure#1}, ()>::{closure#1}::{closure#0}>, ()>
[INFO] [stdout]                                at /rustc/dfb0accb7f508ae8be965d8629557221c889dd98/library/std/src/panicking.rs:576:43
[INFO] [stdout]   40:     0x5622913cd152 - std[70759c8f55707aa4]::panicking::catch_unwind::<(), core[df12db4294e9bfd3]::panic::unwind_safe::AssertUnwindSafe<std[70759c8f55707aa4]::thread::lifecycle::spawn_unchecked<test[9d35eded1c95d3be]::run_test::{closure#1}, ()>::{closure#1}::{closure#0}>>
[INFO] [stdout]                                at /rustc/dfb0accb7f508ae8be965d8629557221c889dd98/library/std/src/panicking.rs:544:19
[INFO] [stdout]   41:     0x5622913cd152 - std[70759c8f55707aa4]::panic::catch_unwind::<core[df12db4294e9bfd3]::panic::unwind_safe::AssertUnwindSafe<std[70759c8f55707aa4]::thread::lifecycle::spawn_unchecked<test[9d35eded1c95d3be]::run_test::{closure#1}, ()>::{closure#1}::{closure#0}>, ()>
[INFO] [stdout]                                at /rustc/dfb0accb7f508ae8be965d8629557221c889dd98/library/std/src/panic.rs:359:14
[INFO] [stdout]   42:     0x5622913cd152 - std[70759c8f55707aa4]::thread::lifecycle::spawn_unchecked::<test[9d35eded1c95d3be]::run_test::{closure#1}, ()>::{closure#1}
[INFO] [stdout]                                at /rustc/dfb0accb7f508ae8be965d8629557221c889dd98/library/std/src/thread/lifecycle.rs:68:26
[INFO] [stdout]   43:     0x5622913cd152 - <std[70759c8f55707aa4]::thread::lifecycle::spawn_unchecked<test[9d35eded1c95d3be]::run_test::{closure#1}, ()>::{closure#1} as core[df12db4294e9bfd3]::ops::function::FnOnce<()>>::call_once::{shim:vtable#0}
[INFO] [stdout]                                at /rustc/dfb0accb7f508ae8be965d8629557221c889dd98/library/core/src/ops/function.rs:250:5
[INFO] [stdout]   44:     0x5622928fa039 - <alloc[2182bb758b4b3781]::boxed::Box<dyn core[df12db4294e9bfd3]::ops::function::FnOnce<(), Output = ()> + core[df12db4294e9bfd3]::marker::Send> as core[df12db4294e9bfd3]::ops::function::FnOnce<()>>::call_once
[INFO] [stdout]                                at /rustc/dfb0accb7f508ae8be965d8629557221c889dd98/library/alloc/src/boxed.rs:2320:9
[INFO] [stdout]   45:     0x5622928fa039 - <std[70759c8f55707aa4]::sys::thread::unix::Thread>::new::thread_start
[INFO] [stdout]                                at /rustc/dfb0accb7f508ae8be965d8629557221c889dd98/library/std/src/sys/thread/unix.rs:123:17
[INFO] [stdout]   46:     0x746d56483dfa - <unknown>
[INFO] [stdout]   47:     0x746d565173d4 - clone
[INFO] [stdout]   48:                0x0 - <unknown>
[INFO] [stdout] 
[INFO] [stdout] ---- file_browser::test::test_fs_tree_without_root stdout ----
[INFO] [stdout] 
[INFO] [stdout] thread 'file_browser::test::test_fs_tree_without_root' (2648) panicked at src/file_browser/test.rs:42:35:
[INFO] [stdout] called `Result::unwrap()` on an `Err` value: Os { code: 30, kind: ReadOnlyFilesystem, message: "Read-only file system" }
[INFO] [stdout] stack backtrace:
[INFO] [stdout]    0:     0x5622928facc1 - std[70759c8f55707aa4]::backtrace_rs::backtrace::libunwind::trace
[INFO] [stdout]                                at /rustc/dfb0accb7f508ae8be965d8629557221c889dd98/library/std/src/../../backtrace/src/backtrace/libunwind.rs:117:9
[INFO] [stdout]    1:     0x5622928facc1 - std[70759c8f55707aa4]::backtrace_rs::backtrace::trace_unsynchronized::<std[70759c8f55707aa4]::sys::backtrace::_print_fmt::{closure#1}>
[INFO] [stdout]                                at /rustc/dfb0accb7f508ae8be965d8629557221c889dd98/library/std/src/../../backtrace/src/backtrace/mod.rs:66:14
[INFO] [stdout]    2:     0x5622928facc1 - std[70759c8f55707aa4]::sys::backtrace::_print_fmt
[INFO] [stdout]                                at /rustc/dfb0accb7f508ae8be965d8629557221c889dd98/library/std/src/sys/backtrace.rs:74:9
[INFO] [stdout]    3:     0x5622928facc1 - <<std[70759c8f55707aa4]::sys::backtrace::BacktraceLock>::print::DisplayBacktrace as core[df12db4294e9bfd3]::fmt::Display>::fmt
[INFO] [stdout]                                at /rustc/dfb0accb7f508ae8be965d8629557221c889dd98/library/std/src/sys/backtrace.rs:44:26
[INFO] [stdout]    4:     0x562292913f5a - <core[df12db4294e9bfd3]::fmt::rt::Argument>::fmt
[INFO] [stdout]                                at /rustc/dfb0accb7f508ae8be965d8629557221c889dd98/library/core/src/fmt/rt.rs:152:76
[INFO] [stdout]    5:     0x562292913f5a - core[df12db4294e9bfd3]::fmt::write
[INFO] [stdout]    6:     0x5622928ff91c - core[df12db4294e9bfd3]::io::write::default_write_fmt::<alloc[2182bb758b4b3781]::vec::Vec<u8>>
[INFO] [stdout]                                at /rustc/dfb0accb7f508ae8be965d8629557221c889dd98/library/core/src/io/write.rs:402:11
[INFO] [stdout]    7:     0x5622928ff91c - <alloc[2182bb758b4b3781]::vec::Vec<u8> as core[df12db4294e9bfd3]::io::write::Write>::write_fmt
[INFO] [stdout]                                at /rustc/dfb0accb7f508ae8be965d8629557221c889dd98/library/core/src/io/write.rs:335:13
[INFO] [stdout]    8:     0x5622928d3cd6 - <std[70759c8f55707aa4]::sys::backtrace::BacktraceLock>::print
[INFO] [stdout]                                at /rustc/dfb0accb7f508ae8be965d8629557221c889dd98/library/std/src/sys/backtrace.rs:47:9
[INFO] [stdout]    9:     0x5622928d3cd6 - std[70759c8f55707aa4]::panicking::default_hook::{closure#0}
[INFO] [stdout]                                at /rustc/dfb0accb7f508ae8be965d8629557221c889dd98/library/std/src/panicking.rs:292:27
[INFO] [stdout]   10:     0x5622928f1829 - std[70759c8f55707aa4]::panicking::default_hook
[INFO] [stdout]                                at /rustc/dfb0accb7f508ae8be965d8629557221c889dd98/library/std/src/panicking.rs:316:9
[INFO] [stdout]   11:     0x5622913c96a0 - <alloc[2182bb758b4b3781]::boxed::Box<dyn for<'a, 'b> core[df12db4294e9bfd3]::ops::function::Fn<(&'a std[70759c8f55707aa4]::panic::PanicHookInfo<'b>,), Output = ()> + core[df12db4294e9bfd3]::marker::Send + core[df12db4294e9bfd3]::marker::Sync> as core[df12db4294e9bfd3]::ops::function::Fn<(&std[70759c8f55707aa4]::panic::PanicHookInfo,)>>::call
[INFO] [stdout]                                at /rustc/dfb0accb7f508ae8be965d8629557221c889dd98/library/alloc/src/boxed.rs:2334:9
[INFO] [stdout]   12:     0x5622913c96a0 - test[9d35eded1c95d3be]::test_main_inner::<test[9d35eded1c95d3be]::test_main_static::{closure#0}>::{closure#0}
[INFO] [stdout]                                at /rustc/dfb0accb7f508ae8be965d8629557221c889dd98/library/test/src/lib.rs:155:21
[INFO] [stdout]   13:     0x5622928f1b52 - <alloc[2182bb758b4b3781]::boxed::Box<dyn for<'a, 'b> core[df12db4294e9bfd3]::ops::function::Fn<(&'a std[70759c8f55707aa4]::panic::PanicHookInfo<'b>,), Output = ()> + core[df12db4294e9bfd3]::marker::Send + core[df12db4294e9bfd3]::marker::Sync> as core[df12db4294e9bfd3]::ops::function::Fn<(&std[70759c8f55707aa4]::panic::PanicHookInfo,)>>::call
[INFO] [stdout]                                at /rustc/dfb0accb7f508ae8be965d8629557221c889dd98/library/alloc/src/boxed.rs:2334:9
[INFO] [stdout]   14:     0x5622928f1b52 - std[70759c8f55707aa4]::panicking::panic_with_hook
[INFO] [stdout]                                at /rustc/dfb0accb7f508ae8be965d8629557221c889dd98/library/std/src/panicking.rs:823:13
[INFO] [stdout]   15:     0x5622928d3d82 - std[70759c8f55707aa4]::panicking::panic_handler::{closure#0}
[INFO] [stdout]                                at /rustc/dfb0accb7f508ae8be965d8629557221c889dd98/library/std/src/panicking.rs:688:13
[INFO] [stdout]   16:     0x5622928cc869 - std[70759c8f55707aa4]::sys::backtrace::__rust_end_short_backtrace::<std[70759c8f55707aa4]::panicking::panic_handler::{closure#0}, !>
[INFO] [stdout]                                at /rustc/dfb0accb7f508ae8be965d8629557221c889dd98/library/std/src/sys/backtrace.rs:182:18
[INFO] [stdout]   17:     0x5622928d4b6d - __rustc[8fa7c3cbc660c2b3]::rust_begin_unwind
[INFO] [stdout]                                at /rustc/dfb0accb7f508ae8be965d8629557221c889dd98/library/std/src/panicking.rs:679:5
[INFO] [stdout]   18:     0x5622929147fc - core[df12db4294e9bfd3]::panicking::panic_fmt
[INFO] [stdout]                                at /rustc/dfb0accb7f508ae8be965d8629557221c889dd98/library/core/src/panicking.rs:80:14
[INFO] [stdout]   19:     0x562292914552 - core[df12db4294e9bfd3]::result::unwrap_failed
[INFO] [stdout]                                at /rustc/dfb0accb7f508ae8be965d8629557221c889dd98/library/core/src/result.rs:1871:5
[INFO] [stdout]   20:     0x562291260417 - <core[df12db4294e9bfd3]::result::Result<(), core[df12db4294e9bfd3]::io::error::Error>>::unwrap
[INFO] [stdout]                                at /rustc/dfb0accb7f508ae8be965d8629557221c889dd98/library/core/src/result.rs:1232:23
[INFO] [stdout]   21:     0x562291260417 - fyrox_ui[f5491b0e4d00f00d]::file_browser::test::create_dir::<&std[70759c8f55707aa4]::path::Path>
[INFO] [stdout]                                at /opt/rustwide/workdir/src/file_browser/test.rs:42:35
[INFO] [stdout]   22:     0x56229126068e - fyrox_ui[f5491b0e4d00f00d]::file_browser::test::clean_or_create::<&std[70759c8f55707aa4]::path::Path>
[INFO] [stdout]                                at /opt/rustwide/workdir/src/file_browser/test.rs:70:5
[INFO] [stdout]   23:     0x562291278a12 - fyrox_ui[f5491b0e4d00f00d]::file_browser::test::write_test_tree
[INFO] [stdout]                                at /opt/rustwide/workdir/src/file_browser/test.rs:83:5
[INFO] [stdout]   24:     0x56229127b41b - fyrox_ui[f5491b0e4d00f00d]::file_browser::test::test_fs_tree_without_root
[INFO] [stdout]                                at /opt/rustwide/workdir/src/file_browser/test.rs:229:17
[INFO] [stdout]   25:     0x56229126da97 - fyrox_ui[f5491b0e4d00f00d]::file_browser::test::test_fs_tree_without_root::{closure#0}
[INFO] [stdout]                                at /opt/rustwide/workdir/src/file_browser/test.rs:227:31
[INFO] [stdout]   26:     0x5622908da716 - <fyrox_ui[f5491b0e4d00f00d]::file_browser::test::test_fs_tree_without_root::{closure#0} as core[df12db4294e9bfd3]::ops::function::FnOnce<()>>::call_once
[INFO] [stdout]                                at /rustc/dfb0accb7f508ae8be965d8629557221c889dd98/library/core/src/ops/function.rs:250:5
[INFO] [stdout]   27:     0x5622913bc98b - <fn() -> core[df12db4294e9bfd3]::result::Result<(), alloc[2182bb758b4b3781]::string::String> as core[df12db4294e9bfd3]::ops::function::FnOnce<()>>::call_once
[INFO] [stdout]                                at /rustc/dfb0accb7f508ae8be965d8629557221c889dd98/library/core/src/ops/function.rs:250:5
[INFO] [stdout]   28:     0x5622913bc98b - test[9d35eded1c95d3be]::__rust_begin_short_backtrace::<core[df12db4294e9bfd3]::result::Result<(), alloc[2182bb758b4b3781]::string::String>, fn() -> core[df12db4294e9bfd3]::result::Result<(), alloc[2182bb758b4b3781]::string::String>>
[INFO] [stdout]                                at /rustc/dfb0accb7f508ae8be965d8629557221c889dd98/library/test/src/lib.rs:733:18
[INFO] [stdout]   29:     0x5622913c9ff5 - test[9d35eded1c95d3be]::run_test_in_process::{closure#0}
[INFO] [stdout]                                at /rustc/dfb0accb7f508ae8be965d8629557221c889dd98/library/test/src/lib.rs:756:74
[INFO] [stdout]   30:     0x5622913c9ff5 - <core[df12db4294e9bfd3]::panic::unwind_safe::AssertUnwindSafe<test[9d35eded1c95d3be]::run_test_in_process::{closure#0}> as core[df12db4294e9bfd3]::ops::function::FnOnce<()>>::call_once
[INFO] [stdout]                                at /rustc/dfb0accb7f508ae8be965d8629557221c889dd98/library/core/src/panic/unwind_safe.rs:275:9
[INFO] [stdout]   31:     0x5622913c9ff5 - std[70759c8f55707aa4]::panicking::catch_unwind::do_call::<core[df12db4294e9bfd3]::panic::unwind_safe::AssertUnwindSafe<test[9d35eded1c95d3be]::run_test_in_process::{closure#0}>, core[df12db4294e9bfd3]::result::Result<(), alloc[2182bb758b4b3781]::string::String>>
[INFO] [stdout]                                at /rustc/dfb0accb7f508ae8be965d8629557221c889dd98/library/std/src/panicking.rs:576:43
[INFO] [stdout]   32:     0x5622913c9ff5 - std[70759c8f55707aa4]::panicking::catch_unwind::<core[df12db4294e9bfd3]::result::Result<(), alloc[2182bb758b4b3781]::string::String>, core[df12db4294e9bfd3]::panic::unwind_safe::AssertUnwindSafe<test[9d35eded1c95d3be]::run_test_in_process::{closure#0}>>
[INFO] [stdout]                                at /rustc/dfb0accb7f508ae8be965d8629557221c889dd98/library/std/src/panicking.rs:544:19
[INFO] [stdout]   33:     0x5622913c9ff5 - std[70759c8f55707aa4]::panic::catch_unwind::<core[df12db4294e9bfd3]::panic::unwind_safe::AssertUnwindSafe<test[9d35eded1c95d3be]::run_test_in_process::{closure#0}>, core[df12db4294e9bfd3]::result::Result<(), alloc[2182bb758b4b3781]::string::String>>
[INFO] [stdout]                                at /rustc/dfb0accb7f508ae8be965d8629557221c889dd98/library/std/src/panic.rs:359:14
[INFO] [stdout]   34:     0x5622913c9ff5 - test[9d35eded1c95d3be]::run_test_in_process
[INFO] [stdout]                                at /rustc/dfb0accb7f508ae8be965d8629557221c889dd98/library/test/src/lib.rs:756:27
[INFO] [stdout]   35:     0x5622913c9ff5 - test[9d35eded1c95d3be]::run_test::{closure#0}
[INFO] [stdout]                                at /rustc/dfb0accb7f508ae8be965d8629557221c889dd98/library/test/src/lib.rs:677:43
[INFO] [stdout]   36:     0x5622913c38b4 - test[9d35eded1c95d3be]::run_test::{closure#1}
[INFO] [stdout]                                at /rustc/dfb0accb7f508ae8be965d8629557221c889dd98/library/test/src/lib.rs:707:41
[INFO] [stdout]   37:     0x5622913c38b4 - std[70759c8f55707aa4]::sys::backtrace::__rust_begin_short_backtrace::<test[9d35eded1c95d3be]::run_test::{closure#1}, ()>
[INFO] [stdout]                                at /rustc/dfb0accb7f508ae8be965d8629557221c889dd98/library/std/src/sys/backtrace.rs:166:18
[INFO] [stdout]   38:     0x5622913cd152 - std[70759c8f55707aa4]::thread::lifecycle::spawn_unchecked::<test[9d35eded1c95d3be]::run_test::{closure#1}, ()>::{closure#1}::{closure#0}
[INFO] [stdout]                                at /rustc/dfb0accb7f508ae8be965d8629557221c889dd98/library/std/src/thread/lifecycle.rs:70:13
[INFO] [stdout]   39:     0x5622913cd152 - <core[df12db4294e9bfd3]::panic::unwind_safe::AssertUnwindSafe<std[70759c8f55707aa4]::thread::lifecycle::spawn_unchecked<test[9d35eded1c95d3be]::run_test::{closure#1}, ()>::{closure#1}::{closure#0}> as core[df12db4294e9bfd3]::ops::function::FnOnce<()>>::call_once
[INFO] [stdout]                                at /rustc/dfb0accb7f508ae8be965d8629557221c889dd98/library/core/src/panic/unwind_safe.rs:275:9
[INFO] [stdout]   40:     0x5622913cd152 - std[70759c8f55707aa4]::panicking::catch_unwind::do_call::<core[df12db4294e9bfd3]::panic::unwind_safe::AssertUnwindSafe<std[70759c8f55707aa4]::thread::lifecycle::spawn_unchecked<test[9d35eded1c95d3be]::run_test::{closure#1}, ()>::{closure#1}::{closure#0}>, ()>
[INFO] [stdout]                                at /rustc/dfb0accb7f508ae8be965d8629557221c889dd98/library/std/src/panicking.rs:576:43
[INFO] [stdout]   41:     0x5622913cd152 - std[70759c8f55707aa4]::panicking::catch_unwind::<(), core[df12db4294e9bfd3]::panic::unwind_safe::AssertUnwindSafe<std[70759c8f55707aa4]::thread::lifecycle::spawn_unchecked<test[9d35eded1c95d3be]::run_test::{closure#1}, ()>::{closure#1}::{closure#0}>>
[INFO] [stdout]                                at /rustc/dfb0accb7f508ae8be965d8629557221c889dd98/library/std/src/panicking.rs:544:19
[INFO] [stdout]   42:     0x5622913cd152 - std[70759c8f55707aa4]::panic::catch_unwind::<core[df12db4294e9bfd3]::panic::unwind_safe::AssertUnwindSafe<std[70759c8f55707aa4]::thread::lifecycle::spawn_unchecked<test[9d35eded1c95d3be]::run_test::{closure#1}, ()>::{closure#1}::{closure#0}>, ()>
[INFO] [stdout]                                at /rustc/dfb0accb7f508ae8be965d8629557221c889dd98/library/std/src/panic.rs:359:14
[INFO] [stdout]   43:     0x5622913cd152 - std[70759c8f55707aa4]::thread::lifecycle::spawn_unchecked::<test[9d35eded1c95d3be]::run_test::{closure#1}, ()>::{closure#1}
[INFO] [stdout]                                at /rustc/dfb0accb7f508ae8be965d8629557221c889dd98/library/std/src/thread/lifecycle.rs:68:26
[INFO] [stdout]   44:     0x5622913cd152 - <std[70759c8f55707aa4]::thread::lifecycle::spawn_unchecked<test[9d35eded1c95d3be]::run_test::{closure#1}, ()>::{closure#1} as core[df12db4294e9bfd3]::ops::function::FnOnce<()>>::call_once::{shim:vtable#0}
[INFO] [stdout]                                at /rustc/dfb0accb7f508ae8be965d8629557221c889dd98/library/core/src/ops/function.rs:250:5
[INFO] [stdout]   45:     0x5622928fa039 - <alloc[2182bb758b4b3781]::boxed::Box<dyn core[df12db4294e9bfd3]::ops::function::FnOnce<(), Output = ()> + core[df12db4294e9bfd3]::marker::Send> as core[df12db4294e9bfd3]::ops::function::FnOnce<()>>::call_once
[INFO] [stdout]                                at /rustc/dfb0accb7f508ae8be965d8629557221c889dd98/library/alloc/src/boxed.rs:2320:9
[INFO] [stdout]   46:     0x5622928fa039 - <std[70759c8f55707aa4]::sys::thread::unix::Thread>::new::thread_start
[INFO] [stdout]                                at /rustc/dfb0accb7f508ae8be965d8629557221c889dd98/library/std/src/sys/thread/unix.rs:123:17
[INFO] [stdout]   47:     0x746d56483dfa - <unknown>
[INFO] [stdout]   48:     0x746d565173d4 - clone
[INFO] [stdout]   49:                0x0 - <unknown>
[INFO] [stdout] 
[INFO] [stdout] 
[INFO] [stdout] failures:
[INFO] [stdout]     file_browser::test::test_dir_fetching
[INFO] [stdout]     file_browser::test::test_fs_tree_with_root
[INFO] [stdout]     file_browser::test::test_fs_tree_with_root_and_empty_tree
[INFO] [stdout]     file_browser::test::test_fs_tree_without_root
[INFO] [stdout] 
[INFO] [stdout] test result: FAILED. 76 passed; 4 failed; 0 ignored; 0 measured; 0 filtered out; finished in 0.63s
[INFO] [stdout] 
[INFO] [stderr] error: test failed, to rerun pass `--lib`
[INFO] running `Command { std: "docker" "inspect" "8b1eb21222a13738c085379e9b5be8ba2df933c6d43b1c0f4701394be8207ad2", kill_on_drop: false }`
[INFO] running `Command { std: "docker" "rm" "-f" "8b1eb21222a13738c085379e9b5be8ba2df933c6d43b1c0f4701394be8207ad2", kill_on_drop: false }`
[INFO] [stdout] 8b1eb21222a13738c085379e9b5be8ba2df933c6d43b1c0f4701394be8207ad2
