[INFO] fetching crate adrift 0.0.11...
[INFO] testing adrift-0.0.11 against 1.100.0-beta.1 for beta-1.100-2
[INFO] extracting crate adrift 0.0.11 into /workspace/builds/worker-5-tc2/source
[INFO] started tweaking crates.io crate adrift 0.0.11
[INFO] finished tweaking crates.io crate adrift 0.0.11
[INFO] tweaked toml for crates.io crate adrift 0.0.11 written to /workspace/builds/worker-5-tc2/source/Cargo.toml
[INFO] validating manifest of crates.io crate adrift 0.0.11 on toolchain 1.100.0-beta.1
[INFO] running `Command { std: CARGO_HOME="/workspace/cargo-home" RUSTUP_HOME="/workspace/rustup-home" "/workspace/cargo-home/bin/cargo" "+1.100.0-beta.1" "metadata" "--manifest-path" "Cargo.toml" "--no-deps", kill_on_drop: false }`
[INFO] running `Command { std: CARGO_HOME="/workspace/cargo-home" RUSTUP_HOME="/workspace/rustup-home" "/workspace/cargo-home/bin/cargo" "+1.100.0-beta.1" "generate-lockfile" "--manifest-path" "Cargo.toml", kill_on_drop: false }`
[INFO] [stderr]     Blocking waiting for file lock on package cache
[INFO] [stderr]     Updating crates.io index
[INFO] [stderr]     Blocking waiting for file lock on package cache
[ERROR] error running command: no output for 300 seconds
[INFO] testing adrift-0.0.11 against 1.100.0-beta.1 for beta-1.100-2
[INFO] extracting crate adrift 0.0.11 into /workspace/builds/worker-5-tc2/source
[INFO] started tweaking crates.io crate adrift 0.0.11
[INFO] finished tweaking crates.io crate adrift 0.0.11
[INFO] tweaked toml for crates.io crate adrift 0.0.11 written to /workspace/builds/worker-5-tc2/source/Cargo.toml
[INFO] validating manifest of crates.io crate adrift 0.0.11 on toolchain 1.100.0-beta.1
[INFO] running `Command { std: CARGO_HOME="/workspace/cargo-home" RUSTUP_HOME="/workspace/rustup-home" "/workspace/cargo-home/bin/cargo" "+1.100.0-beta.1" "metadata" "--manifest-path" "Cargo.toml" "--no-deps", kill_on_drop: false }`
[INFO] running `Command { std: CARGO_HOME="/workspace/cargo-home" RUSTUP_HOME="/workspace/rustup-home" "/workspace/cargo-home/bin/cargo" "+1.100.0-beta.1" "generate-lockfile" "--manifest-path" "Cargo.toml", kill_on_drop: false }`
[INFO] [stderr]     Blocking waiting for file lock on package cache
[INFO] [stderr]     Updating crates.io index
[INFO] [stderr]     Blocking waiting for file lock on package cache
[ERROR] error running command: no output for 300 seconds
[INFO] testing adrift-0.0.11 against 1.100.0-beta.1 for beta-1.100-2
[INFO] extracting crate adrift 0.0.11 into /workspace/builds/worker-5-tc2/source
[INFO] started tweaking crates.io crate adrift 0.0.11
[INFO] finished tweaking crates.io crate adrift 0.0.11
[INFO] tweaked toml for crates.io crate adrift 0.0.11 written to /workspace/builds/worker-5-tc2/source/Cargo.toml
[INFO] validating manifest of crates.io crate adrift 0.0.11 on toolchain 1.100.0-beta.1
[INFO] running `Command { std: CARGO_HOME="/workspace/cargo-home" RUSTUP_HOME="/workspace/rustup-home" "/workspace/cargo-home/bin/cargo" "+1.100.0-beta.1" "metadata" "--manifest-path" "Cargo.toml" "--no-deps", kill_on_drop: false }`
[INFO] running `Command { std: CARGO_HOME="/workspace/cargo-home" RUSTUP_HOME="/workspace/rustup-home" "/workspace/cargo-home/bin/cargo" "+1.100.0-beta.1" "generate-lockfile" "--manifest-path" "Cargo.toml", kill_on_drop: false }`
[INFO] [stderr]     Blocking waiting for file lock on package cache
[INFO] [stderr]     Updating crates.io index
[INFO] [stderr]     Blocking waiting for file lock on package cache
[ERROR] error running command: no output for 300 seconds
[INFO] testing adrift-0.0.11 against 1.100.0-beta.1 for beta-1.100-2
[INFO] extracting crate adrift 0.0.11 into /workspace/builds/worker-5-tc2/source
[INFO] started tweaking crates.io crate adrift 0.0.11
[INFO] finished tweaking crates.io crate adrift 0.0.11
[INFO] tweaked toml for crates.io crate adrift 0.0.11 written to /workspace/builds/worker-5-tc2/source/Cargo.toml
[INFO] validating manifest of crates.io crate adrift 0.0.11 on toolchain 1.100.0-beta.1
[INFO] running `Command { std: CARGO_HOME="/workspace/cargo-home" RUSTUP_HOME="/workspace/rustup-home" "/workspace/cargo-home/bin/cargo" "+1.100.0-beta.1" "metadata" "--manifest-path" "Cargo.toml" "--no-deps", kill_on_drop: false }`
[INFO] running `Command { std: CARGO_HOME="/workspace/cargo-home" RUSTUP_HOME="/workspace/rustup-home" "/workspace/cargo-home/bin/cargo" "+1.100.0-beta.1" "generate-lockfile" "--manifest-path" "Cargo.toml", kill_on_drop: false }`
[INFO] [stderr]     Blocking waiting for file lock on package cache
[INFO] [stderr]     Updating crates.io index
[INFO] [stderr]     Blocking waiting for file lock on package cache
[ERROR] error running command: no output for 300 seconds
[INFO] testing adrift-0.0.11 against 1.100.0-beta.1 for beta-1.100-2
[INFO] extracting crate adrift 0.0.11 into /workspace/builds/worker-5-tc2/source
[INFO] started tweaking crates.io crate adrift 0.0.11
[INFO] finished tweaking crates.io crate adrift 0.0.11
[INFO] tweaked toml for crates.io crate adrift 0.0.11 written to /workspace/builds/worker-5-tc2/source/Cargo.toml
[INFO] validating manifest of crates.io crate adrift 0.0.11 on toolchain 1.100.0-beta.1
[INFO] running `Command { std: CARGO_HOME="/workspace/cargo-home" RUSTUP_HOME="/workspace/rustup-home" "/workspace/cargo-home/bin/cargo" "+1.100.0-beta.1" "metadata" "--manifest-path" "Cargo.toml" "--no-deps", kill_on_drop: false }`
[INFO] running `Command { std: CARGO_HOME="/workspace/cargo-home" RUSTUP_HOME="/workspace/rustup-home" "/workspace/cargo-home/bin/cargo" "+1.100.0-beta.1" "generate-lockfile" "--manifest-path" "Cargo.toml", kill_on_drop: false }`
[INFO] [stderr]     Blocking waiting for file lock on package cache
[INFO] [stderr]     Updating crates.io index
[INFO] [stderr]     Blocking waiting for file lock on package cache
[INFO] [stderr]      Locking 358 packages to highest compatible versions
[INFO] [stderr]       Adding generic-array v0.14.7 (available: v0.14.9)
[INFO] running `Command { std: CARGO_HOME="/workspace/cargo-home" RUSTUP_HOME="/workspace/rustup-home" "/workspace/cargo-home/bin/cargo" "+1.100.0-beta.1" "fetch" "--manifest-path" "Cargo.toml", kill_on_drop: false }`
[INFO] [stderr]     Blocking waiting for file lock on package cache
[INFO] [stderr]     Blocking waiting for file lock on package cache
[INFO] [stderr]  Downloading crates ...
[INFO] [stderr]   Downloaded adrift_macros v0.0.11
[INFO] [stderr]   Downloaded tracing-serde v0.2.0
[INFO] [stderr]   Downloaded glob v0.3.4
[INFO] [stderr]   Downloaded adrift_core v0.0.11
[INFO] [stderr]   Downloaded silhouette v0.1.0
[INFO] [stderr]   Downloaded humansize v2.1.3
[INFO] [stderr]   Downloaded slug v0.1.6
[INFO] [stderr]   Downloaded globwalk v0.9.1
[INFO] [stderr]   Downloaded is-terminal v0.4.17
[INFO] [stderr]   Downloaded siphasher v1.0.4
[INFO] [stderr]   Downloaded chrono-tz-build v0.3.0
[INFO] [stderr]   Downloaded globset v0.4.20
[INFO] [stderr]   Downloaded crossbeam-deque v0.8.8
[INFO] [stderr]   Downloaded ref-cast-impl v1.0.27
[INFO] [stderr]   Downloaded rocket_dyn_templates v0.1.0
[INFO] [stderr]   Downloaded ref-cast v1.0.27
[INFO] [stderr]   Downloaded ignore v0.4.33
[INFO] [stderr]   Downloaded kqueue v1.2.1
[INFO] [stderr]   Downloaded tera v1.20.1
[INFO] [stderr]   Downloaded notify v6.1.1
[INFO] [stderr]   Downloaded inotify v0.9.6
[INFO] [stderr]   Downloaded inotify-sys v0.1.8
[INFO] [stderr]   Downloaded kqueue-sys v1.1.2
[INFO] [stderr]   Downloaded bstr v1.13.1
[INFO] [stderr]   Downloaded job_queue v0.0.19
[INFO] [stderr]   Downloaded typetag-impl v0.2.23
[INFO] [stderr]   Downloaded normpath v1.5.2
[INFO] [stderr]   Downloaded typetag v0.2.23
[INFO] [stderr]   Downloaded chrono-tz v0.9.0
[INFO] running `Command { std: "docker" "create" "-v" "/var/lib/crater-agent-workspace/builds/worker-5-tc2/source:/opt/rustwide/workdir:ro,Z" "-v" "/var/lib/crater-agent-workspace/builds/worker-5-tc2/target:/opt/rustwide/target:rw,Z" "-v" "/var/lib/crater-agent-workspace/cargo-home:/opt/rustwide/cargo-home:ro,Z" "-v" "/var/lib/crater-agent-workspace/rustup-home:/opt/rustwide/rustup-home:ro,Z" "-m" "1610612736" "--network" "none" "ghcr.io/rust-lang/crates-build-env/linux@sha256:3111399a4047eeb3a02b7a90e478d715f38a8c6669b5c4b49d30a17385265909" "sleep" "infinity", kill_on_drop: false }`
[INFO] [stdout] 504d8ec2cb7bcfed1087ce1259610c4545382f76114dee3f6be618f70fb0c2b5
[INFO] running `Command { std: "docker" "start" "504d8ec2cb7bcfed1087ce1259610c4545382f76114dee3f6be618f70fb0c2b5", kill_on_drop: false }`
[INFO] running `Command { std: "docker" "inspect" "504d8ec2cb7bcfed1087ce1259610c4545382f76114dee3f6be618f70fb0c2b5", kill_on_drop: false }`
[INFO] running `Command { std: "docker" "exec" "-e" "SOURCE_DIR=/opt/rustwide/workdir" "-e" "CARGO_HOME=/opt/rustwide/cargo-home" "-e" "RUSTUP_HOME=/opt/rustwide/rustup-home" "-e" "CARGO_TARGET_DIR=/opt/rustwide/target" "-w" "/opt/rustwide/workdir" "--user" "0:0" "504d8ec2cb7bcfed1087ce1259610c4545382f76114dee3f6be618f70fb0c2b5" "/opt/rustwide/cargo-home/bin/cargo" "+1.100.0-beta.1" "metadata" "--no-deps" "--format-version=1", kill_on_drop: false }`
[INFO] running `Command { std: "docker" "inspect" "504d8ec2cb7bcfed1087ce1259610c4545382f76114dee3f6be618f70fb0c2b5", kill_on_drop: false }`
[INFO] running `Command { std: "docker" "exec" "-e" "SOURCE_DIR=/opt/rustwide/workdir" "-e" "CARGO_HOME=/opt/rustwide/cargo-home" "-e" "RUSTUP_HOME=/opt/rustwide/rustup-home" "-e" "CARGO_TARGET_DIR=/opt/rustwide/target" "-e" "CARGO_INCREMENTAL=0" "-e" "RUST_BACKTRACE=full" "-e" "RUSTFLAGS=--cap-lints=warn" "-e" "RUSTDOCFLAGS=--cap-lints=warn" "-w" "/opt/rustwide/workdir" "--user" "0:0" "504d8ec2cb7bcfed1087ce1259610c4545382f76114dee3f6be618f70fb0c2b5" "/opt/rustwide/cargo-home/bin/cargo" "+1.100.0-beta.1" "build" "--frozen" "--message-format=json", kill_on_drop: false }`
[INFO] [stderr]    Compiling smallvec v1.16.2
[INFO] [stderr]    Compiling libm v0.2.16
[INFO] [stderr]    Compiling log v0.4.34
[INFO] [stderr]    Compiling futures-sink v0.3.34
[INFO] [stderr]    Compiling num-traits v0.2.19
[INFO] [stderr]    Compiling const-oid v0.9.6
[INFO] [stderr]    Compiling tracing-core v0.1.36
[INFO] [stderr]    Compiling syn v3.0.6
[INFO] [stderr]    Compiling syn v2.0.119
[INFO] [stderr]    Compiling indexmap v2.14.2
[INFO] [stderr]    Compiling spin v0.9.9
[INFO] [stderr]    Compiling crypto-common v0.1.7
[INFO] [stderr]    Compiling bitflags v2.13.2
[INFO] [stderr]    Compiling rand v0.8.8
[INFO] [stderr]    Compiling aho-corasick v1.1.5
[INFO] [stderr]    Compiling siphasher v1.0.4
[INFO] [stderr]    Compiling parking_lot_core v0.9.12
[INFO] [stderr]    Compiling futures-channel v0.3.34
[INFO] [stderr]    Compiling regex-syntax v0.8.11
[INFO] [stderr]    Compiling digest v0.10.7
[INFO] [stderr]    Compiling lazy_static v1.5.1
[INFO] [stderr]    Compiling base64ct v1.8.3
[INFO] [stderr]    Compiling is-terminal v0.4.17
[INFO] [stderr]    Compiling proc-macro2-diagnostics v0.10.1
[INFO] [stderr]    Compiling getrandom v0.4.3
[INFO] [stderr]    Compiling yansi v1.0.1
[INFO] [stderr]    Compiling pem-rfc7468 v0.7.0
[INFO] [stderr]    Compiling num-bigint-dig v0.8.6
[INFO] [stderr]    Compiling futures-util v0.3.34
[INFO] [stderr]    Compiling phf_shared v0.11.3
[INFO] [stderr]    Compiling parking_lot v0.12.5
[INFO] [stderr]    Compiling rustix v1.1.5
[INFO] [stderr]    Compiling linux-raw-sys v0.12.1
[INFO] [stderr]    Compiling unicode-segmentation v1.13.3
[INFO] [stderr]    Compiling der v0.7.10
[INFO] [stderr]    Compiling hmac v0.12.1
[INFO] [stderr]    Compiling futures-intrusive v0.5.0
[INFO] [stderr]    Compiling pkg-config v0.3.34
[INFO] [stderr]    Compiling fastrand v2.5.0
[INFO] [stderr]    Compiling phf_generator v0.11.3
[INFO] [stderr]    Compiling hkdf v0.12.4
[INFO] [stderr]    Compiling sha2 v0.10.9
[INFO] [stderr]    Compiling md-5 v0.10.6
[INFO] [stderr]    Compiling signature v2.2.0
[INFO] [stderr]    Compiling base64 v0.21.7
[INFO] [stderr]    Compiling rustversion v1.0.23
[INFO] [stderr]    Compiling http v0.2.12
[INFO] [stderr]    Compiling phf_codegen v0.11.3
[INFO] [stderr]    Compiling phf v0.11.3
[INFO] [stderr]    Compiling uncased v0.9.10
[INFO] [stderr]    Compiling num-conv v0.2.2
[INFO] [stderr]    Compiling crossbeam-epoch v0.9.21
[INFO] [stderr]    Compiling time-core v0.1.9
[INFO] [stderr]    Compiling libsqlite3-sys v0.27.0
[INFO] [stderr]    Compiling sha1 v0.10.7
[INFO] [stderr]    Compiling flume v0.11.1
[INFO] [stderr]    Compiling cookie v0.18.2
[INFO] [stderr]    Compiling time-macros v0.2.32
[INFO] [stderr]    Compiling ref-cast v1.0.27
[INFO] [stderr]    Compiling ucd-trie v0.1.7
[INFO] [stderr]    Compiling deranged v0.5.8
[INFO] [stderr]    Compiling powerfmt v0.2.1
[INFO] [stderr]    Compiling crossbeam-deque v0.8.8
[INFO] [stderr]    Compiling urlencoding v2.1.3
[INFO] [stderr]    Compiling inlinable_string v0.1.15
[INFO] [stderr]    Compiling want v0.3.2
[INFO] [stderr]    Compiling encoding_rs v0.8.42
[INFO] [stderr]    Compiling pest v2.9.2
[INFO] [stderr]    Compiling http-body v0.4.6
[INFO] [stderr]    Compiling regex-automata v0.4.18
[INFO] [stderr]    Compiling spki v0.7.3
[INFO] [stderr]    Compiling atoi v2.0.0
[INFO] [stderr]    Compiling num-integer v0.1.47
[INFO] [stderr]    Compiling pkcs8 v0.10.2
[INFO] [stderr]    Compiling socket2 v0.5.10
[INFO] [stderr]    Compiling bstr v1.13.1
[INFO] [stderr]    Compiling winnow v0.7.15
[INFO] [stderr]    Compiling time v0.3.55
[INFO] [stderr]    Compiling pkcs1 v0.7.5
[INFO] [stderr]    Compiling chrono v0.4.45
[INFO] [stderr]    Compiling num-iter v0.1.46
[INFO] [stderr] error: could not compile `syn` (lib)
[INFO] [stderr] 
[INFO] [stderr] Caused by:
[INFO] [stderr]   process didn't exit successfully: `/opt/rustwide/rustup-home/toolchains/1.100.0-beta.1-x86_64-unknown-linux-gnu/bin/rustc --crate-name syn --edition=2021 /opt/rustwide/cargo-home/registry/src/index.crates.io-1949cf8c6b5b557f/syn-3.0.6/src/lib.rs --error-format=json --json=diagnostic-rendered-ansi,artifacts,future-incompat,unused-externs-silent --crate-type lib --emit=dep-info,metadata,link -C embed-bitcode=no --cfg 'feature="clone-impls"' --cfg 'feature="default"' --cfg 'feature="derive"' --cfg 'feature="extra-traits"' --cfg 'feature="fold"' --cfg 'feature="full"' --cfg 'feature="parsing"' --cfg 'feature="printing"' --cfg 'feature="proc-macro"' --cfg 'feature="visit"' --cfg 'feature="visit-mut"' --check-cfg 'cfg(docsrs,test)' --check-cfg 'cfg(feature, values("clone-impls", "default", "derive", "extra-traits", "fold", "full", "parsing", "printing", "proc-macro", "test", "visit", "visit-mut"))' -C metadata=3f69b356b7a36f08 -C extra-filename=-6cd91ae8e062f563 --out-dir /opt/rustwide/target/debug/build/syn/6cd91ae8e062f563/out -L dependency=/opt/rustwide/target/debug/build/proc-macro2/9777a2717d7b7d19/out -L dependency=/opt/rustwide/target/debug/build/unicode-ident/7d090ccf0d71aea6/out --extern proc_macro2=/opt/rustwide/target/debug/build/proc-macro2/9777a2717d7b7d19/out/libproc_macro2-9777a2717d7b7d19.rmeta --extern quote=/opt/rustwide/target/debug/build/quote/12eb74adb1fe7137/out/libquote-12eb74adb1fe7137.rmeta --extern unicode_ident=/opt/rustwide/target/debug/build/unicode-ident/7d090ccf0d71aea6/out/libunicode_ident-7d090ccf0d71aea6.rmeta --cap-lints allow --cap-lints=warn --force-warn=unused_crate_dependencies` (signal: 9, SIGKILL: kill)
[INFO] [stderr] warning: build failed, waiting for other jobs to finish...
[INFO] [stderr] error: could not compile `syn` (lib)
[INFO] [stderr] 
[INFO] [stderr] Caused by:
[INFO] [stderr]   process didn't exit successfully: `/opt/rustwide/rustup-home/toolchains/1.100.0-beta.1-x86_64-unknown-linux-gnu/bin/rustc --crate-name syn --edition=2021 /opt/rustwide/cargo-home/registry/src/index.crates.io-1949cf8c6b5b557f/syn-2.0.119/src/lib.rs --error-format=json --json=diagnostic-rendered-ansi,artifacts,future-incompat,unused-externs-silent --crate-type lib --emit=dep-info,metadata,link -C embed-bitcode=no --cfg 'feature="clone-impls"' --cfg 'feature="default"' --cfg 'feature="derive"' --cfg 'feature="extra-traits"' --cfg 'feature="full"' --cfg 'feature="parsing"' --cfg 'feature="printing"' --cfg 'feature="proc-macro"' --cfg 'feature="visit"' --cfg 'feature="visit-mut"' --check-cfg 'cfg(docsrs,test)' --check-cfg 'cfg(feature, values("clone-impls", "default", "derive", "extra-traits", "fold", "full", "parsing", "printing", "proc-macro", "test", "visit", "visit-mut"))' -C metadata=6ad824d2e865a901 -C extra-filename=-af05cc66180cdc5f --out-dir /opt/rustwide/target/debug/build/syn/af05cc66180cdc5f/out -L dependency=/opt/rustwide/target/debug/build/proc-macro2/9777a2717d7b7d19/out -L dependency=/opt/rustwide/target/debug/build/unicode-ident/7d090ccf0d71aea6/out --extern proc_macro2=/opt/rustwide/target/debug/build/proc-macro2/9777a2717d7b7d19/out/libproc_macro2-9777a2717d7b7d19.rmeta --extern quote=/opt/rustwide/target/debug/build/quote/12eb74adb1fe7137/out/libquote-12eb74adb1fe7137.rmeta --extern unicode_ident=/opt/rustwide/target/debug/build/unicode-ident/7d090ccf0d71aea6/out/libunicode_ident-7d090ccf0d71aea6.rmeta --cap-lints allow --cap-lints=warn --force-warn=unused_crate_dependencies` (signal: 9, SIGKILL: kill)
[INFO] running `Command { std: "docker" "inspect" "504d8ec2cb7bcfed1087ce1259610c4545382f76114dee3f6be618f70fb0c2b5", kill_on_drop: false }`
[INFO] running `Command { std: "docker" "rm" "-f" "504d8ec2cb7bcfed1087ce1259610c4545382f76114dee3f6be618f70fb0c2b5", kill_on_drop: false }`
[INFO] [stdout] 504d8ec2cb7bcfed1087ce1259610c4545382f76114dee3f6be618f70fb0c2b5
