[INFO] cloning repository https://github.com/vsvictor/DataWorker
[INFO] running `Command { std: "git" "-c" "credential.helper=" "-c" "credential.helper=/workspace/cargo-home/bin/git-credential-null" "clone" "--bare" "https://github.com/vsvictor/DataWorker" "/workspace/cache/git-repos/https%3A%2F%2Fgithub.com%2Fvsvictor%2FDataWorker", kill_on_drop: false }`
[INFO] [stderr] Cloning into bare repository '/workspace/cache/git-repos/https%3A%2F%2Fgithub.com%2Fvsvictor%2FDataWorker'...
[INFO] running `Command { std: "git" "rev-parse" "HEAD", kill_on_drop: false }`
[INFO] [stdout] 612aaf631d71ee64aeec0efc4d967ea70b7fe5f4
[INFO] testing vsvictor/DataWorker against 1.100.0-beta.1 for beta-1.100-2
[INFO] running `Command { std: "git" "clone" "/workspace/cache/git-repos/https%3A%2F%2Fgithub.com%2Fvsvictor%2FDataWorker" "/workspace/builds/worker-7-tc2/source", kill_on_drop: false }`
[INFO] [stderr] Cloning into '/workspace/builds/worker-7-tc2/source'...
[INFO] [stderr] done.
[INFO] [stderr] Updating files:  84% (3042/3581)
Updating files:  85% (3044/3581)
Updating files:  86% (3080/3581)
Updating files:  87% (3116/3581)
Updating files:  88% (3152/3581)
Updating files:  89% (3188/3581)
Updating files:  90% (3223/3581)
Updating files:  91% (3259/3581)
Updating files:  92% (3295/3581)
Updating files:  92% (3320/3581)
Updating files:  93% (3331/3581)
Updating files:  94% (3367/3581)
Updating files:  95% (3402/3581)
Updating files:  96% (3438/3581)
Updating files:  97% (3474/3581)
Updating files:  98% (3510/3581)
Updating files:  99% (3546/3581)
Updating files: 100% (3581/3581)
Updating files: 100% (3581/3581), done.
[INFO] started tweaking git repo https://github.com/vsvictor/DataWorker
[INFO] finished tweaking git repo https://github.com/vsvictor/DataWorker
[INFO] tweaked toml for git repo https://github.com/vsvictor/DataWorker written to /workspace/builds/worker-7-tc2/source/Cargo.toml
[INFO] validating manifest of git repo https://github.com/vsvictor/DataWorker on toolchain 1.100.0-beta.1
[INFO] running `Command { std: CARGO_HOME="/workspace/cargo-home" RUSTUP_HOME="/workspace/rustup-home" "/workspace/cargo-home/bin/cargo" "+1.100.0-beta.1" "metadata" "--manifest-path" "Cargo.toml" "--no-deps", kill_on_drop: false }`
[INFO] crate git repo https://github.com/vsvictor/DataWorker already has a lockfile, it will not be regenerated
[INFO] running `Command { std: CARGO_HOME="/workspace/cargo-home" RUSTUP_HOME="/workspace/rustup-home" "/workspace/cargo-home/bin/cargo" "+1.100.0-beta.1" "fetch" "--manifest-path" "Cargo.toml", kill_on_drop: false }`
[INFO] [stderr] warning: unused workspace dependency `config`
[INFO] [stderr]   --> Cargo.toml:10:1
[INFO] [stderr]    |
[INFO] [stderr] 10 | config = "0.14"
[INFO] [stderr]    | ^^^^^^
[INFO] [stderr]    |
[INFO] [stderr]    = note: `cargo::unused_workspace_dependencies` is set to `warn` by default
[INFO] [stderr] help: consider removing the workspace dependency `config`
[INFO] [stderr] warning: unused workspace dependency `dotenvy`
[INFO] [stderr]   --> Cargo.toml:11:1
[INFO] [stderr]    |
[INFO] [stderr] 11 | dotenvy = "0.15"
[INFO] [stderr]    | ^^^^^^^
[INFO] [stderr]    |
[INFO] [stderr] help: consider removing the workspace dependency `dotenvy`
[INFO] [stderr] warning: workspace (manifest) generated 2 warnings
[INFO] [stderr]     Blocking waiting for file lock on package cache
[INFO] [stderr]     Blocking waiting for file lock on package cache
[ERROR] error running command: no output for 300 seconds
[INFO] testing vsvictor/DataWorker against 1.100.0-beta.1 for beta-1.100-2
[INFO] running `Command { std: "git" "clone" "/workspace/cache/git-repos/https%3A%2F%2Fgithub.com%2Fvsvictor%2FDataWorker" "/workspace/builds/worker-7-tc2/source", kill_on_drop: false }`
[INFO] [stderr] Cloning into '/workspace/builds/worker-7-tc2/source'...
[INFO] [stderr] done.
[INFO] [stderr] Updating files:  85% (3050/3581)
Updating files:  86% (3080/3581)
Updating files:  87% (3116/3581)
Updating files:  88% (3152/3581)
Updating files:  89% (3188/3581)
Updating files:  90% (3223/3581)
Updating files:  91% (3259/3581)
Updating files:  92% (3295/3581)
Updating files:  93% (3331/3581)
Updating files:  93% (3342/3581)
Updating files:  94% (3367/3581)
Updating files:  95% (3402/3581)
Updating files:  96% (3438/3581)
Updating files:  97% (3474/3581)
Updating files:  98% (3510/3581)
Updating files:  99% (3546/3581)
Updating files: 100% (3581/3581)
Updating files: 100% (3581/3581), done.
[INFO] started tweaking git repo https://github.com/vsvictor/DataWorker
[INFO] finished tweaking git repo https://github.com/vsvictor/DataWorker
[INFO] tweaked toml for git repo https://github.com/vsvictor/DataWorker written to /workspace/builds/worker-7-tc2/source/Cargo.toml
[INFO] validating manifest of git repo https://github.com/vsvictor/DataWorker on toolchain 1.100.0-beta.1
[INFO] running `Command { std: CARGO_HOME="/workspace/cargo-home" RUSTUP_HOME="/workspace/rustup-home" "/workspace/cargo-home/bin/cargo" "+1.100.0-beta.1" "metadata" "--manifest-path" "Cargo.toml" "--no-deps", kill_on_drop: false }`
[INFO] crate git repo https://github.com/vsvictor/DataWorker already has a lockfile, it will not be regenerated
[INFO] running `Command { std: CARGO_HOME="/workspace/cargo-home" RUSTUP_HOME="/workspace/rustup-home" "/workspace/cargo-home/bin/cargo" "+1.100.0-beta.1" "fetch" "--manifest-path" "Cargo.toml", kill_on_drop: false }`
[INFO] [stderr] warning: unused workspace dependency `config`
[INFO] [stderr]   --> Cargo.toml:10:1
[INFO] [stderr]    |
[INFO] [stderr] 10 | config = "0.14"
[INFO] [stderr]    | ^^^^^^
[INFO] [stderr]    |
[INFO] [stderr]    = note: `cargo::unused_workspace_dependencies` is set to `warn` by default
[INFO] [stderr] help: consider removing the workspace dependency `config`
[INFO] [stderr] warning: unused workspace dependency `dotenvy`
[INFO] [stderr]   --> Cargo.toml:11:1
[INFO] [stderr]    |
[INFO] [stderr] 11 | dotenvy = "0.15"
[INFO] [stderr]    | ^^^^^^^
[INFO] [stderr]    |
[INFO] [stderr] help: consider removing the workspace dependency `dotenvy`
[INFO] [stderr] warning: workspace (manifest) generated 2 warnings
[INFO] [stderr]     Blocking waiting for file lock on package cache
[ERROR] error running command: no output for 300 seconds
[INFO] testing vsvictor/DataWorker against 1.100.0-beta.1 for beta-1.100-2
[INFO] running `Command { std: "git" "clone" "/workspace/cache/git-repos/https%3A%2F%2Fgithub.com%2Fvsvictor%2FDataWorker" "/workspace/builds/worker-7-tc2/source", kill_on_drop: false }`
[INFO] [stderr] Cloning into '/workspace/builds/worker-7-tc2/source'...
[INFO] [stderr] done.
[INFO] [stderr] Updating files:  85% (3057/3581)
Updating files:  86% (3080/3581)
Updating files:  87% (3116/3581)
Updating files:  88% (3152/3581)
Updating files:  89% (3188/3581)
Updating files:  90% (3223/3581)
Updating files:  91% (3259/3581)
Updating files:  92% (3295/3581)
Updating files:  93% (3331/3581)
Updating files:  93% (3352/3581)
Updating files:  94% (3367/3581)
Updating files:  95% (3402/3581)
Updating files:  96% (3438/3581)
Updating files:  97% (3474/3581)
Updating files:  98% (3510/3581)
Updating files:  99% (3546/3581)
Updating files: 100% (3581/3581)
Updating files: 100% (3581/3581), done.
[INFO] started tweaking git repo https://github.com/vsvictor/DataWorker
[INFO] finished tweaking git repo https://github.com/vsvictor/DataWorker
[INFO] tweaked toml for git repo https://github.com/vsvictor/DataWorker written to /workspace/builds/worker-7-tc2/source/Cargo.toml
[INFO] validating manifest of git repo https://github.com/vsvictor/DataWorker on toolchain 1.100.0-beta.1
[INFO] running `Command { std: CARGO_HOME="/workspace/cargo-home" RUSTUP_HOME="/workspace/rustup-home" "/workspace/cargo-home/bin/cargo" "+1.100.0-beta.1" "metadata" "--manifest-path" "Cargo.toml" "--no-deps", kill_on_drop: false }`
[INFO] crate git repo https://github.com/vsvictor/DataWorker already has a lockfile, it will not be regenerated
[INFO] running `Command { std: CARGO_HOME="/workspace/cargo-home" RUSTUP_HOME="/workspace/rustup-home" "/workspace/cargo-home/bin/cargo" "+1.100.0-beta.1" "fetch" "--manifest-path" "Cargo.toml", kill_on_drop: false }`
[INFO] [stderr] warning: unused workspace dependency `config`
[INFO] [stderr]   --> Cargo.toml:10:1
[INFO] [stderr]    |
[INFO] [stderr] 10 | config = "0.14"
[INFO] [stderr]    | ^^^^^^
[INFO] [stderr]    |
[INFO] [stderr]    = note: `cargo::unused_workspace_dependencies` is set to `warn` by default
[INFO] [stderr] help: consider removing the workspace dependency `config`
[INFO] [stderr] warning: unused workspace dependency `dotenvy`
[INFO] [stderr]   --> Cargo.toml:11:1
[INFO] [stderr]    |
[INFO] [stderr] 11 | dotenvy = "0.15"
[INFO] [stderr]    | ^^^^^^^
[INFO] [stderr]    |
[INFO] [stderr] help: consider removing the workspace dependency `dotenvy`
[INFO] [stderr] warning: workspace (manifest) generated 2 warnings
[INFO] [stderr]     Blocking waiting for file lock on package cache
[INFO] [stderr]     Blocking waiting for file lock on package cache
[ERROR] error running command: no output for 300 seconds
[INFO] testing vsvictor/DataWorker against 1.100.0-beta.1 for beta-1.100-2
[INFO] running `Command { std: "git" "clone" "/workspace/cache/git-repos/https%3A%2F%2Fgithub.com%2Fvsvictor%2FDataWorker" "/workspace/builds/worker-7-tc2/source", kill_on_drop: false }`
[INFO] [stderr] Cloning into '/workspace/builds/worker-7-tc2/source'...
[INFO] [stderr] done.
[INFO] [stderr] Updating files:  85% (3059/3581)
Updating files:  86% (3080/3581)
Updating files:  87% (3116/3581)
Updating files:  88% (3152/3581)
Updating files:  89% (3188/3581)
Updating files:  90% (3223/3581)
Updating files:  91% (3259/3581)
Updating files:  92% (3295/3581)
Updating files:  93% (3331/3581)
Updating files:  93% (3344/3581)
Updating files:  94% (3367/3581)
Updating files:  95% (3402/3581)
Updating files:  96% (3438/3581)
Updating files:  97% (3474/3581)
Updating files:  98% (3510/3581)
Updating files:  99% (3546/3581)
Updating files: 100% (3581/3581)
Updating files: 100% (3581/3581), done.
[INFO] started tweaking git repo https://github.com/vsvictor/DataWorker
[INFO] finished tweaking git repo https://github.com/vsvictor/DataWorker
[INFO] tweaked toml for git repo https://github.com/vsvictor/DataWorker written to /workspace/builds/worker-7-tc2/source/Cargo.toml
[INFO] validating manifest of git repo https://github.com/vsvictor/DataWorker on toolchain 1.100.0-beta.1
[INFO] running `Command { std: CARGO_HOME="/workspace/cargo-home" RUSTUP_HOME="/workspace/rustup-home" "/workspace/cargo-home/bin/cargo" "+1.100.0-beta.1" "metadata" "--manifest-path" "Cargo.toml" "--no-deps", kill_on_drop: false }`
[INFO] crate git repo https://github.com/vsvictor/DataWorker already has a lockfile, it will not be regenerated
[INFO] running `Command { std: CARGO_HOME="/workspace/cargo-home" RUSTUP_HOME="/workspace/rustup-home" "/workspace/cargo-home/bin/cargo" "+1.100.0-beta.1" "fetch" "--manifest-path" "Cargo.toml", kill_on_drop: false }`
[INFO] [stderr] warning: unused workspace dependency `config`
[INFO] [stderr]   --> Cargo.toml:10:1
[INFO] [stderr]    |
[INFO] [stderr] 10 | config = "0.14"
[INFO] [stderr]    | ^^^^^^
[INFO] [stderr]    |
[INFO] [stderr]    = note: `cargo::unused_workspace_dependencies` is set to `warn` by default
[INFO] [stderr] help: consider removing the workspace dependency `config`
[INFO] [stderr] warning: unused workspace dependency `dotenvy`
[INFO] [stderr]   --> Cargo.toml:11:1
[INFO] [stderr]    |
[INFO] [stderr] 11 | dotenvy = "0.15"
[INFO] [stderr]    | ^^^^^^^
[INFO] [stderr]    |
[INFO] [stderr] help: consider removing the workspace dependency `dotenvy`
[INFO] [stderr] warning: workspace (manifest) generated 2 warnings
[INFO] [stderr]     Blocking waiting for file lock on package cache
[INFO] [stderr]     Blocking waiting for file lock on package cache
[INFO] [stderr]  Downloading crates ...
[INFO] [stderr]   Downloaded rustc_version_runtime v0.3.0
[INFO] [stderr]   Downloaded macro_magic_core_macros v0.5.1
[INFO] [stderr]   Downloaded take_mut v0.2.2
[INFO] [stderr]   Downloaded mongodb-internal-macros v3.5.2
[INFO] [stderr]   Downloaded macro_magic_macros v0.5.1
[INFO] [stderr]   Downloaded macro_magic_core v0.5.1
[INFO] [stderr]   Downloaded arc-swap v1.9.0
[INFO] [stderr]   Downloaded typed-builder-macro v0.22.0
[INFO] [stderr]   Downloaded macro_magic v0.5.1
[INFO] [stderr]   Downloaded mongocrypt v0.3.2
[INFO] [stderr]   Downloaded typed-builder v0.22.0
[INFO] [stderr]   Downloaded derive-syn-parse v0.2.0
[INFO] [stderr]   Downloaded mongocrypt-sys v0.1.5+1.15.1
[INFO] [stderr]   Downloaded rdkafka v0.36.2
[INFO] [stderr]   Downloaded bson v2.15.0
[INFO] [stderr]   Downloaded aws-lc-rs v1.16.2
[INFO] [stderr]   Downloaded mongodb v3.5.2
[INFO] [stderr]   Downloaded libz-sys v1.1.25
[INFO] [stderr]   Downloaded webpki-root-certs v1.0.6
[INFO] [stderr]   Downloaded rdkafka-sys v4.10.0+2.12.1
[INFO] [stderr]   Downloaded aws-lc-sys v0.39.0
[INFO] [stderr]   Downloaded jsonwebtoken v9.3.1
[INFO] running `Command { std: "docker" "create" "-v" "/var/lib/crater-agent-workspace/builds/worker-7-tc2/source:/opt/rustwide/workdir:ro,Z" "-v" "/var/lib/crater-agent-workspace/builds/worker-7-tc2/target:/opt/rustwide/target:rw,Z" "-v" "/var/lib/crater-agent-workspace/cargo-home:/opt/rustwide/cargo-home:ro,Z" "-v" "/var/lib/crater-agent-workspace/rustup-home:/opt/rustwide/rustup-home:ro,Z" "-m" "1610612736" "--network" "none" "ghcr.io/rust-lang/crates-build-env/linux@sha256:3111399a4047eeb3a02b7a90e478d715f38a8c6669b5c4b49d30a17385265909" "sleep" "infinity", kill_on_drop: false }`
[INFO] [stdout] 954fbd0c34f750ae40297fb6d7cb32fec2f708ad2be69659388df78ef10110ba
[INFO] running `Command { std: "docker" "start" "954fbd0c34f750ae40297fb6d7cb32fec2f708ad2be69659388df78ef10110ba", kill_on_drop: false }`
[INFO] running `Command { std: "docker" "inspect" "954fbd0c34f750ae40297fb6d7cb32fec2f708ad2be69659388df78ef10110ba", kill_on_drop: false }`
[INFO] running `Command { std: "docker" "exec" "-e" "SOURCE_DIR=/opt/rustwide/workdir" "-e" "CARGO_HOME=/opt/rustwide/cargo-home" "-e" "RUSTUP_HOME=/opt/rustwide/rustup-home" "-e" "CARGO_TARGET_DIR=/opt/rustwide/target" "-w" "/opt/rustwide/workdir" "--user" "0:0" "954fbd0c34f750ae40297fb6d7cb32fec2f708ad2be69659388df78ef10110ba" "/opt/rustwide/cargo-home/bin/cargo" "+1.100.0-beta.1" "metadata" "--no-deps" "--format-version=1", kill_on_drop: false }`
[INFO] running `Command { std: "docker" "inspect" "954fbd0c34f750ae40297fb6d7cb32fec2f708ad2be69659388df78ef10110ba", kill_on_drop: false }`
[INFO] running `Command { std: "docker" "exec" "-e" "SOURCE_DIR=/opt/rustwide/workdir" "-e" "CARGO_HOME=/opt/rustwide/cargo-home" "-e" "RUSTUP_HOME=/opt/rustwide/rustup-home" "-e" "CARGO_TARGET_DIR=/opt/rustwide/target" "-e" "CARGO_INCREMENTAL=0" "-e" "RUST_BACKTRACE=full" "-e" "RUSTFLAGS=--cap-lints=warn" "-e" "RUSTDOCFLAGS=--cap-lints=warn" "-w" "/opt/rustwide/workdir" "--user" "0:0" "954fbd0c34f750ae40297fb6d7cb32fec2f708ad2be69659388df78ef10110ba" "/opt/rustwide/cargo-home/bin/cargo" "+1.100.0-beta.1" "build" "--frozen" "--message-format=json", kill_on_drop: false }`
[INFO] [stderr] warning: unused workspace dependency `config`
[INFO] [stderr]   --> Cargo.toml:10:1
[INFO] [stderr]    |
[INFO] [stderr] 10 | config = "0.14"
[INFO] [stderr]    | ^^^^^^
[INFO] [stderr]    |
[INFO] [stderr]    = note: `cargo::unused_workspace_dependencies` is set to `warn` by default
[INFO] [stderr] help: consider removing the workspace dependency `config`
[INFO] [stderr] warning: unused workspace dependency `dotenvy`
[INFO] [stderr]   --> Cargo.toml:11:1
[INFO] [stderr]    |
[INFO] [stderr] 11 | dotenvy = "0.15"
[INFO] [stderr]    | ^^^^^^^
[INFO] [stderr]    |
[INFO] [stderr] help: consider removing the workspace dependency `dotenvy`
[INFO] [stderr] warning: workspace (manifest) generated 2 warnings
[INFO] [stderr]    Compiling portable-atomic v1.13.1
[INFO] [stderr]    Compiling critical-section v1.2.0
[INFO] [stderr]    Compiling tokio-macros v2.6.1
[INFO] [stderr]    Compiling futures-io v0.3.32
[INFO] [stderr]    Compiling zerocopy v0.8.47
[INFO] [stderr]    Compiling zerofrom-derive v0.1.6
[INFO] [stderr]    Compiling yoke-derive v0.8.1
[INFO] [stderr]    Compiling zerovec-derive v0.11.2
[INFO] [stderr]    Compiling jobserver v0.1.34
[INFO] [stderr]    Compiling parking_lot_core v0.9.12
[INFO] [stderr]    Compiling errno v0.3.14
[INFO] [stderr]    Compiling socket2 v0.6.3
[INFO] [stderr]    Compiling mio v1.1.1
[INFO] [stderr]    Compiling getrandom v0.2.17
[INFO] [stderr]    Compiling zeroize v1.8.2
[INFO] [stderr]    Compiling getrandom v0.3.4
[INFO] [stderr]    Compiling litemap v0.8.1
[INFO] [stderr]    Compiling signal-hook-registry v1.4.8
[INFO] [stderr]    Compiling cc v1.2.57
[INFO] [stderr]    Compiling futures-util v0.3.32
[INFO] [stderr]    Compiling rustls-pki-types v1.14.0
[INFO] [stderr]    Compiling writeable v0.6.2
[INFO] [stderr]    Compiling parking_lot v0.12.5
[INFO] [stderr]    Compiling icu_properties_data v2.1.2
[INFO] [stderr]    Compiling aws-lc-rs v1.16.2
[INFO] [stderr]    Compiling icu_normalizer_data v2.1.1
[INFO] [stderr]    Compiling crunchy v0.2.4
[INFO] [stderr]    Compiling rand_core v0.9.5
[INFO] [stderr]    Compiling serde v1.0.228
[INFO] [stderr]    Compiling tiny-keccak v2.0.2
[INFO] [stderr]    Compiling tinyvec_macros v0.1.1
[INFO] [stderr]    Compiling serde_json v1.0.149
[INFO] [stderr]    Compiling tokio v1.50.0
[INFO] [stderr]    Compiling tinyvec v1.11.0
[INFO] [stderr]    Compiling digest v0.10.7
[INFO] [stderr]    Compiling bitflags v2.11.0
[INFO] [stderr]    Compiling once_cell v1.21.4
[INFO] [stderr]    Compiling rustls v0.23.37
[INFO] [stderr]    Compiling num-traits v0.2.19
[INFO] [stderr]    Compiling const-random-macro v0.1.16
[INFO] [stderr]    Compiling macro_magic_core_macros v0.5.1
[INFO] [stderr]    Compiling derive-syn-parse v0.2.0
[INFO] [stderr]    Compiling powerfmt v0.2.0
[INFO] [stderr]    Compiling num-conv v0.2.0
[INFO] [stderr]    Compiling time-core v0.1.8
[INFO] [stderr]    Compiling const-random v0.1.18
[INFO] [stderr]    Compiling deranged v0.5.8
[INFO] [stderr]    Compiling uuid v1.22.0
[INFO] [stderr]    Compiling time-macros v0.2.27
[INFO] [stderr]    Compiling radium v0.7.0
[INFO] [stderr]    Compiling winnow v1.0.0
[INFO] [stderr]    Compiling rustc_version v0.4.1
[INFO] [stderr]    Compiling quinn-udp v0.5.14
[INFO] [stderr]    Compiling rustls-native-certs v0.8.3
[INFO] [stderr]    Compiling tracing-core v0.1.36
[INFO] [stderr]    Compiling zerofrom v0.1.6
[INFO] [stderr]    Compiling yoke v0.8.1
[INFO] [stderr]    Compiling cmake v0.1.57
[INFO] [stderr]    Compiling zerovec v0.11.5
[INFO] [stderr]    Compiling zerotrie v0.2.3
[INFO] [stderr]    Compiling macro_magic_core v0.5.1
[INFO] [stderr]    Compiling tracing v0.1.44
[INFO] [stderr]    Compiling rand_core v0.6.4
[INFO] [stderr]    Compiling siphasher v1.0.2
[INFO] [stderr]    Compiling unicode-segmentation v1.12.0
[INFO] [stderr]    Compiling toml_datetime v1.0.1+spec-1.1.0
[INFO] [stderr]    Compiling tap v1.0.1
[INFO] [stderr]    Compiling enum-as-inner v0.6.1
[INFO] [stderr]    Compiling rustc_version_runtime v0.3.0
[INFO] [stderr]    Compiling wyz v0.5.1
[INFO] [stderr]    Compiling macro_magic_macros v0.5.1
[INFO] [stderr]    Compiling crossbeam-epoch v0.9.18
[INFO] [stderr]    Compiling tinystr v0.8.2
[INFO] [stderr]    Compiling potential_utf v0.1.4
[INFO] [stderr]    Compiling crossbeam-channel v0.5.15
[INFO] [stderr]    Compiling icu_locale_core v2.1.1
[INFO] [stderr]    Compiling icu_collections v2.1.1
[INFO] [stderr]    Compiling convert_case v0.10.0
[INFO] [stderr]    Compiling quinn v0.11.9
[INFO] [stderr]    Compiling lru-slab v0.1.2
[INFO] [stderr]    Compiling rustc-hash v2.1.1
[INFO] [stderr]    Compiling funty v2.0.0
[INFO] [stderr]    Compiling aws-lc-sys v0.39.0
[INFO] [stderr]    Compiling ring v0.17.14
[INFO] [stderr]    Compiling openssl-sys v0.9.112
[INFO] [stderr]    Compiling libz-sys v1.1.25
[INFO] [stderr]    Compiling regex-syntax v0.8.10
[INFO] [stderr]    Compiling tagptr v0.2.0
[INFO] [stderr]    Compiling data-encoding v2.10.0
[INFO] [stderr]    Compiling toml_parser v1.0.10+spec-1.1.0
[INFO] [stderr]    Compiling unicode-xid v0.2.6
[INFO] [stderr]    Compiling moka v0.12.15
[INFO] [stderr]    Compiling macro_magic v0.5.1
[INFO] [stderr]    Compiling derive_more-impl v2.1.1
[INFO] [stderr]    Compiling serde_with_macros v3.18.0
[INFO] [stderr]    Compiling unicode-normalization v0.1.25
[INFO] [stderr]    Compiling time v0.3.47
[INFO] [stderr]    Compiling icu_provider v2.1.1
[INFO] [stderr]    Compiling toml_edit v0.25.5+spec-1.1.0
[INFO] [stderr]    Compiling bitvec v1.0.1
[INFO] [stderr]    Compiling icu_properties v2.1.2
[INFO] [stderr]    Compiling icu_normalizer v2.1.1
[INFO] [stderr]    Compiling futures-executor v0.3.32
[INFO] [stderr]    Compiling serde_bytes v0.11.19
[INFO] [stderr]    Compiling regex-automata v0.4.14
[INFO] [stderr]    Compiling proc-macro-crate v3.5.0
[INFO] [stderr]    Compiling futures v0.3.32
[INFO] [stderr]    Compiling typed-builder-macro v0.22.0
[INFO] [stderr]    Compiling unicode-properties v0.1.4
[INFO] [stderr]    Compiling resolv-conf v0.7.6
[INFO] [stderr]    Compiling unicode-bidi v0.3.18
[INFO] [stderr]    Compiling serde_with v3.18.0
[INFO] [stderr]    Compiling num_enum_derive v0.7.6
[INFO] [stderr]    Compiling mongodb-internal-macros v3.5.2
[INFO] [stderr]    Compiling derive_more v2.1.1
[INFO] [stderr]    Compiling ppv-lite86 v0.2.21
[INFO] [stderr]    Compiling ahash v0.8.12
[INFO] [stderr]    Compiling idna_adapter v1.2.1
[INFO] [stderr]    Compiling stringprep v0.1.5
[INFO] [stderr]    Compiling idna v1.1.0
[INFO] [stderr]    Compiling sha2 v0.10.9
[INFO] [stderr]    Compiling rand_chacha v0.9.0
[INFO] [stderr]    Compiling rand_chacha v0.3.1
[INFO] [stderr]    Compiling sha1 v0.10.6
[INFO] [stderr]    Compiling rand v0.9.2
[INFO] [stderr]    Compiling url v2.5.8
[INFO] [stderr]    Compiling tracing-serde v0.2.0
[INFO] [stderr]    Compiling tracing-log v0.2.0
[INFO] [stderr]    Compiling hmac v0.12.1
[INFO] [stderr]    Compiling pbkdf2 v0.12.2
[INFO] [stderr]    Compiling md-5 v0.10.6
[INFO] [stderr]    Compiling webpki-roots v1.0.6
[INFO] [stderr]    Compiling rdkafka-sys v4.10.0+2.12.1
[INFO] [stderr]    Compiling typed-builder v0.22.0
[INFO] [stderr]    Compiling fastbloom v0.14.1
[INFO] [stderr]    Compiling bson v2.15.0
[INFO] [stderr]    Compiling derive-where v1.6.1
[INFO] [stderr]    Compiling openssl v0.10.76
[INFO] [stderr]    Compiling take_mut v0.2.2
[INFO] [stderr]    Compiling chrono v0.4.44
[INFO] [stderr]    Compiling num_enum v0.7.6
[INFO] [stderr]    Compiling rand v0.8.5
[INFO] [stderr]    Compiling serde_urlencoded v0.7.1
[INFO] [stderr]    Compiling tokio-util v0.7.18
[INFO] [stderr]    Compiling tower v0.5.3
[INFO] [stderr]    Compiling h3 v0.0.8
[INFO] [stderr]    Compiling rustls-pemfile v2.2.0
[INFO] [stderr]    Compiling hickory-proto v0.25.2
[INFO] [stderr]    Compiling matchers v0.2.0
[INFO] [stderr]    Compiling tracing-subscriber v0.3.23
[INFO] [stderr]    Compiling h2 v0.4.13
[INFO] [stderr]    Compiling openssl-macros v0.1.1
[INFO] [stderr]    Compiling native-tls v0.2.18
[INFO] [stderr]    Compiling axum-core v0.4.5
[INFO] [stderr]    Compiling num-integer v0.1.46
[INFO] [stderr]    Compiling serde_path_to_error v0.1.20
[INFO] [stderr]    Compiling axum-macros v0.4.2
[INFO] [stderr]    Compiling num-bigint v0.4.6
[INFO] [stderr]    Compiling tokio-retry v0.3.0
[INFO] [stderr]    Compiling combine v4.6.7
[INFO] [stderr]    Compiling tower-http v0.5.2
[INFO] [stderr] error: could not compile `tokio` (lib)
[INFO] [stderr] 
[INFO] [stderr] Caused by:
[INFO] [stderr]   process didn't exit successfully: `/opt/rustwide/rustup-home/toolchains/1.100.0-beta.1-x86_64-unknown-linux-gnu/bin/rustc --crate-name tokio --edition=2021 /opt/rustwide/cargo-home/registry/src/index.crates.io-1949cf8c6b5b557f/tokio-1.50.0/src/lib.rs --error-format=json --json=diagnostic-rendered-ansi,artifacts,future-incompat,unused-externs-silent --crate-type lib --emit=dep-info,metadata,link -C embed-bitcode=no -C debuginfo=2 --cfg 'feature="bytes"' --cfg 'feature="default"' --cfg 'feature="fs"' --cfg 'feature="full"' --cfg 'feature="io-std"' --cfg 'feature="io-util"' --cfg 'feature="libc"' --cfg 'feature="macros"' --cfg 'feature="mio"' --cfg 'feature="net"' --cfg 'feature="parking_lot"' --cfg 'feature="process"' --cfg 'feature="rt"' --cfg 'feature="rt-multi-thread"' --cfg 'feature="signal"' --cfg 'feature="signal-hook-registry"' --cfg 'feature="socket2"' --cfg 'feature="sync"' --cfg 'feature="time"' --cfg 'feature="tokio-macros"' --check-cfg 'cfg(docsrs,test)' --check-cfg 'cfg(feature, values("bytes", "default", "fs", "full", "io-std", "io-uring", "io-util", "libc", "macros", "mio", "net", "parking_lot", "process", "rt", "rt-multi-thread", "signal", "signal-hook-registry", "socket2", "sync", "taskdump", "test-util", "time", "tokio-macros", "tracing", "windows-sys"))' -C metadata=844c6bc747ab5860 -C extra-filename=-92c9e7f141caf93b --out-dir /opt/rustwide/target/debug/build/tokio/92c9e7f141caf93b/out -L dependency=/opt/rustwide/target/debug/build/cfg-if/83060ec5685761ae/out -L dependency=/opt/rustwide/target/debug/build/errno/1d9457f3d77a0a23/out -L dependency=/opt/rustwide/target/debug/build/libc/585253b8e2aa2651/out -L dependency=/opt/rustwide/target/debug/build/lock_api/16d46fed645f7bff/out -L dependency=/opt/rustwide/target/debug/build/parking_lot_core/5da3b68e7b565456/out -L dependency=/opt/rustwide/target/debug/build/scopeguard/7ec2214574194454/out -L dependency=/opt/rustwide/target/debug/build/smallvec/bc3128fdd57228fc/out --extern bytes=/opt/rustwide/target/debug/build/bytes/2ed9460101f17bbf/out/libbytes-2ed9460101f17bbf.rmeta --extern libc=/opt/rustwide/target/debug/build/libc/585253b8e2aa2651/out/liblibc-585253b8e2aa2651.rmeta --extern mio=/opt/rustwide/target/debug/build/mio/b3d300bcba2dd5a7/out/libmio-b3d300bcba2dd5a7.rmeta --extern parking_lot=/opt/rustwide/target/debug/build/parking_lot/3ffc45ac74faea53/out/libparking_lot-3ffc45ac74faea53.rmeta --extern pin_project_lite=/opt/rustwide/target/debug/build/pin-project-lite/0a15d51c77964692/out/libpin_project_lite-0a15d51c77964692.rmeta --extern signal_hook_registry=/opt/rustwide/target/debug/build/signal-hook-registry/0370c074c4bef323/out/libsignal_hook_registry-0370c074c4bef323.rmeta --extern socket2=/opt/rustwide/target/debug/build/socket2/050091baf38e5996/out/libsocket2-050091baf38e5996.rmeta --extern tokio_macros=/opt/rustwide/target/debug/build/tokio-macros/acb02bb1b3a3f3fe/out/libtokio_macros-acb02bb1b3a3f3fe.so --cap-lints allow --cap-lints=warn --force-warn=unused_crate_dependencies` (signal: 9, SIGKILL: kill)
[INFO] [stderr] warning: build failed, waiting for other jobs to finish...
[INFO] [stderr] error: could not compile `regex-automata` (lib)
[INFO] [stderr] 
[INFO] [stderr] Caused by:
[INFO] [stderr]   process didn't exit successfully: `/opt/rustwide/rustup-home/toolchains/1.100.0-beta.1-x86_64-unknown-linux-gnu/bin/rustc --crate-name regex_automata --edition=2021 /opt/rustwide/cargo-home/registry/src/index.crates.io-1949cf8c6b5b557f/regex-automata-0.4.14/src/lib.rs --error-format=json --json=diagnostic-rendered-ansi,artifacts,future-incompat,unused-externs-silent --crate-type lib --emit=dep-info,metadata,link -C embed-bitcode=no -C debuginfo=2 --cfg 'feature="alloc"' --cfg 'feature="dfa-build"' --cfg 'feature="dfa-search"' --cfg 'feature="nfa-thompson"' --cfg 'feature="std"' --cfg 'feature="syntax"' --check-cfg 'cfg(docsrs,test)' --check-cfg 'cfg(feature, values("alloc", "default", "dfa", "dfa-build", "dfa-onepass", "dfa-search", "hybrid", "internal-instrument", "internal-instrument-pikevm", "logging", "meta", "nfa", "nfa-backtrack", "nfa-pikevm", "nfa-thompson", "perf", "perf-inline", "perf-literal", "perf-literal-multisubstring", "perf-literal-substring", "std", "syntax", "unicode", "unicode-age", "unicode-bool", "unicode-case", "unicode-gencat", "unicode-perl", "unicode-script", "unicode-segment", "unicode-word-boundary"))' -C metadata=f8e7cfe2b17ffe3a -C extra-filename=-d356dfd8f82ba683 --out-dir /opt/rustwide/target/debug/build/regex-automata/d356dfd8f82ba683/out --extern regex_syntax=/opt/rustwide/target/debug/build/regex-syntax/ed1802775772b5d0/out/libregex_syntax-ed1802775772b5d0.rmeta --cap-lints allow --cap-lints=warn --force-warn=unused_crate_dependencies` (signal: 9, SIGKILL: kill)
[INFO] running `Command { std: "docker" "inspect" "954fbd0c34f750ae40297fb6d7cb32fec2f708ad2be69659388df78ef10110ba", kill_on_drop: false }`
[INFO] running `Command { std: "docker" "rm" "-f" "954fbd0c34f750ae40297fb6d7cb32fec2f708ad2be69659388df78ef10110ba", kill_on_drop: false }`
[INFO] [stdout] 954fbd0c34f750ae40297fb6d7cb32fec2f708ad2be69659388df78ef10110ba
