[INFO] cloning repository https://github.com/skill-diver/graph-ops
[INFO] running `Command { std: "git" "-c" "credential.helper=" "-c" "credential.helper=/workspace/cargo-home/bin/git-credential-null" "clone" "--bare" "https://github.com/skill-diver/graph-ops" "/workspace/cache/git-repos/https%3A%2F%2Fgithub.com%2Fskill-diver%2Fgraph-ops", kill_on_drop: false }`
[INFO] [stderr] Cloning into bare repository '/workspace/cache/git-repos/https%3A%2F%2Fgithub.com%2Fskill-diver%2Fgraph-ops'...
[INFO] running `Command { std: "git" "rev-parse" "HEAD", kill_on_drop: false }`
[INFO] [stdout] 26c796bf8fbe70b6bf5ebeb1f4f445a793a43c5c
[INFO] testing skill-diver/graph-ops against 1.99.0-beta.8 for beta-1.100-2
[INFO] running `Command { std: "git" "clone" "/workspace/cache/git-repos/https%3A%2F%2Fgithub.com%2Fskill-diver%2Fgraph-ops" "/workspace/builds/worker-0-tc1/source", kill_on_drop: false }`
[INFO] [stderr] Cloning into '/workspace/builds/worker-0-tc1/source'...
[INFO] [stderr] done.
[INFO] removed /workspace/builds/worker-0-tc1/source/rust-toolchain.toml
[INFO] started tweaking git repo https://github.com/skill-diver/graph-ops
[INFO] finished tweaking git repo https://github.com/skill-diver/graph-ops
[INFO] tweaked toml for git repo https://github.com/skill-diver/graph-ops written to /workspace/builds/worker-0-tc1/source/Cargo.toml
[INFO] validating manifest of git repo https://github.com/skill-diver/graph-ops on toolchain 1.99.0-beta.8
[INFO] running `Command { std: CARGO_HOME="/workspace/cargo-home" RUSTUP_HOME="/workspace/rustup-home" "/workspace/cargo-home/bin/cargo" "+1.99.0-beta.8" "metadata" "--manifest-path" "Cargo.toml" "--no-deps", kill_on_drop: false }`
[INFO] crate git repo https://github.com/skill-diver/graph-ops already has a lockfile, it will not be regenerated
[INFO] running `Command { std: CARGO_HOME="/workspace/cargo-home" RUSTUP_HOME="/workspace/rustup-home" "/workspace/cargo-home/bin/cargo" "+1.99.0-beta.8" "fetch" "--manifest-path" "Cargo.toml", kill_on_drop: false }`
[INFO] [stderr]     Updating crates.io index
[INFO] [stderr]  Downloading crates ...
[INFO] [stderr]   Downloaded serde_spanned v0.6.3
[INFO] [stderr]   Downloaded typetag-impl v0.2.8
[INFO] [stderr]   Downloaded toml v0.8.0
[INFO] [stderr]   Downloaded strum v0.25.0
[INFO] [stderr]   Downloaded ubyte v0.10.3
[INFO] [stderr]   Downloaded typetag v0.2.8
[INFO] [stderr]   Downloaded toml_edit v0.20.0
[INFO] [stderr]   Downloaded pin-project-lite v0.2.12
[INFO] [stderr]   Downloaded strum_macros v0.25.1
[INFO] [stderr]   Downloaded time v0.3.21
[INFO] [stderr]   Downloaded rocket v0.5.0-rc.3
[INFO] [stderr]   Downloaded state v0.5.3
[INFO] [stderr]   Downloaded tokio v1.33.0
[INFO] [stderr]   Downloaded regex v1.9.1
[INFO] [stderr]   Downloaded regex-syntax v0.7.3
[INFO] [stderr]   Downloaded generator v0.7.4
[INFO] [stderr]   Downloaded regex-automata v0.3.2
[INFO] [stderr]   Downloaded proc-macro2-diagnostics v0.10.0
[INFO] [stderr]   Downloaded rocket_http v0.5.0-rc.3
[INFO] [stderr]   Downloaded ref-cast v1.0.16
[INFO] [stderr]   Downloaded ref-cast-impl v1.0.16
[INFO] [stderr]   Downloaded pear v0.2.4
[INFO] [stderr]   Downloaded pear_codegen v0.2.4
[INFO] [stderr]   Downloaded h2 v0.3.19
[INFO] [stderr]   Downloaded bitflags v2.3.1
[INFO] [stderr]   Downloaded rocket_codegen v0.5.0-rc.3
[INFO] [stderr]   Downloaded is-terminal v0.4.7
[INFO] [stderr]   Downloaded figment v0.10.9
[INFO] [stderr]   Downloaded redis v0.23.0
[INFO] [stderr]   Downloaded pyo3-macros v0.20.0
[INFO] [stderr]   Downloaded indoc v2.0.4
[INFO] [stderr]   Downloaded unindent v0.2.3
[INFO] [stderr]   Downloaded pyo3-build-config v0.20.0
[INFO] [stderr]   Downloaded target-lexicon v0.12.7
[INFO] [stderr]   Downloaded pyo3-macros-backend v0.20.0
[INFO] [stderr]   Downloaded predicates v3.0.3
[INFO] [stderr]   Downloaded pyo3-ffi v0.20.0
[INFO] [stderr]   Downloaded pyo3 v0.20.0
[INFO] [stderr]   Downloaded prost-build v0.11.9
[INFO] [stderr]   Downloaded etcd-rs v1.0.1
[INFO] [stderr]   Downloaded tonic-build v0.9.2
[INFO] [stderr]   Downloaded multimap v0.8.3
[INFO] [stderr]   Downloaded prettyplease v0.1.25
[INFO] [stderr]   Downloaded rustls v0.21.1
[INFO] [stderr]   Downloaded tokio-rustls v0.24.0
[INFO] [stderr]   Downloaded rustls-webpki v0.100.1
[INFO] [stderr]   Downloaded enum-methods v0.0.8
[INFO] [stderr]   Downloaded clap_lex v0.5.0
[INFO] [stderr]   Downloaded chrono v0.4.26
[INFO] [stderr]   Downloaded bb8-bolt v0.8.0
[INFO] [stderr]   Downloaded bolt-client v0.11.0
[INFO] [stderr]   Downloaded bolt-proto v0.12.0
[INFO] [stderr]   Downloaded bolt-proto-derive v0.6.0
[INFO] [stderr]   Downloaded bolt-client-macros v0.3.0
[INFO] [stderr]   Downloaded bb8 v0.8.1
[INFO] [stderr]   Downloaded async-recursion v1.0.4
[INFO] [stderr]   Downloaded assert_cmd v2.0.11
[INFO] [stderr]   Downloaded bstr v1.5.0
[INFO] running `Command { std: "docker" "create" "-v" "/var/lib/crater-agent-workspace/builds/worker-0-tc1/source:/opt/rustwide/workdir:ro,Z" "-v" "/var/lib/crater-agent-workspace/builds/worker-0-tc1/target:/opt/rustwide/target:rw,Z" "-v" "/var/lib/crater-agent-workspace/cargo-home:/opt/rustwide/cargo-home:ro,Z" "-v" "/var/lib/crater-agent-workspace/rustup-home:/opt/rustwide/rustup-home:ro,Z" "-m" "1610612736" "--network" "none" "ghcr.io/rust-lang/crates-build-env/linux@sha256:3111399a4047eeb3a02b7a90e478d715f38a8c6669b5c4b49d30a17385265909" "sleep" "infinity", kill_on_drop: false }`
[INFO] [stdout] 0122af3e88719d0286afc5215ca360a094718efaa6f9ad366ffc0e36fb41bdae
[INFO] running `Command { std: "docker" "start" "0122af3e88719d0286afc5215ca360a094718efaa6f9ad366ffc0e36fb41bdae", kill_on_drop: false }`
[INFO] running `Command { std: "docker" "inspect" "0122af3e88719d0286afc5215ca360a094718efaa6f9ad366ffc0e36fb41bdae", kill_on_drop: false }`
[INFO] running `Command { std: "docker" "exec" "-e" "SOURCE_DIR=/opt/rustwide/workdir" "-e" "CARGO_HOME=/opt/rustwide/cargo-home" "-e" "RUSTUP_HOME=/opt/rustwide/rustup-home" "-e" "CARGO_TARGET_DIR=/opt/rustwide/target" "-w" "/opt/rustwide/workdir" "--user" "0:0" "0122af3e88719d0286afc5215ca360a094718efaa6f9ad366ffc0e36fb41bdae" "/opt/rustwide/cargo-home/bin/cargo" "+1.99.0-beta.8" "metadata" "--no-deps" "--format-version=1", kill_on_drop: false }`
[INFO] running `Command { std: "docker" "inspect" "0122af3e88719d0286afc5215ca360a094718efaa6f9ad366ffc0e36fb41bdae", kill_on_drop: false }`
[INFO] running `Command { std: "docker" "exec" "-e" "SOURCE_DIR=/opt/rustwide/workdir" "-e" "CARGO_HOME=/opt/rustwide/cargo-home" "-e" "RUSTUP_HOME=/opt/rustwide/rustup-home" "-e" "CARGO_TARGET_DIR=/opt/rustwide/target" "-e" "CARGO_INCREMENTAL=0" "-e" "RUST_BACKTRACE=full" "-e" "RUSTFLAGS=--cap-lints=warn" "-e" "RUSTDOCFLAGS=--cap-lints=warn" "-w" "/opt/rustwide/workdir" "--user" "0:0" "0122af3e88719d0286afc5215ca360a094718efaa6f9ad366ffc0e36fb41bdae" "/opt/rustwide/cargo-home/bin/cargo" "+1.99.0-beta.8" "build" "--frozen" "--message-format=json", kill_on_drop: false }`
[INFO] [stderr]    Compiling proc-macro2 v1.0.59
[INFO] [stderr]    Compiling unicode-ident v1.0.9
[INFO] [stderr]    Compiling quote v1.0.28
[INFO] [stderr]    Compiling libc v0.2.147
[INFO] [stderr]    Compiling once_cell v1.17.2
[INFO] [stderr]    Compiling pin-project-lite v0.2.12
[INFO] [stderr]    Compiling syn v1.0.109
[INFO] [stderr]    Compiling serde v1.0.163
[INFO] [stderr]    Compiling futures-channel v0.3.28
[INFO] [stderr]    Compiling ring v0.16.20
[INFO] [stderr]    Compiling regex-syntax v0.7.3
[INFO] [stderr]    Compiling log v0.4.18
[INFO] [stderr]    Compiling anyhow v1.0.71
[INFO] [stderr]    Compiling either v1.8.1
[INFO] [stderr]    Compiling target-lexicon v0.12.7
[INFO] [stderr]    Compiling linux-raw-sys v0.3.8
[INFO] [stderr]    Compiling io-lifetimes v1.0.11
[INFO] [stderr]    Compiling tracing-core v0.1.31
[INFO] [stderr]    Compiling http v0.2.9
[INFO] [stderr]    Compiling itertools v0.10.5
[INFO] [stderr]    Compiling rustix v0.37.19
[INFO] [stderr]    Compiling bytes v1.4.0
[INFO] [stderr]    Compiling prettyplease v0.1.25
[INFO] [stderr]    Compiling fixedbitset v0.4.2
[INFO] [stderr]    Compiling fastrand v1.9.0
[INFO] [stderr]    Compiling axum-core v0.3.4
[INFO] [stderr]    Compiling want v0.3.0
[INFO] [stderr]    Compiling petgraph v0.6.3
[INFO] [stderr]    Compiling multimap v0.8.3
[INFO] [stderr]    Compiling rustls v0.21.1
[INFO] [stderr]    Compiling rustls v0.20.8
[INFO] [stderr]    Compiling axum v0.6.18
[INFO] [stderr]    Compiling anstyle-parse v0.2.0
[INFO] [stderr]    Compiling memoffset v0.9.0
[INFO] [stderr]    Compiling erased-serde v0.3.25
[INFO] [stderr]    Compiling anstyle v1.0.0
[INFO] [stderr]    Compiling base64 v0.21.2
[INFO] [stderr]    Compiling pyo3-build-config v0.20.0
[INFO] [stderr]    Compiling hashbrown v0.14.0
[INFO] [stderr]    Compiling unicode-xid v0.0.4
[INFO] [stderr]    Compiling anstream v0.5.0
[INFO] [stderr]    Compiling synom v0.11.3
[INFO] [stderr]    Compiling clap_lex v0.5.0
[INFO] [stderr]    Compiling quote v0.3.15
[INFO] [stderr]    Compiling syn v2.0.18
[INFO] [stderr]    Compiling serde_json v1.0.96
[INFO] [stderr]    Compiling rustls-pemfile v1.0.2
[INFO] [stderr]    Compiling winnow v0.5.15
[INFO] [stderr]    Compiling syn v0.11.11
[INFO] [stderr]    Compiling clap_builder v4.4.2
[INFO] [stderr]    Compiling combine v4.6.6
[INFO] [stderr]    Compiling http-body v0.4.5
[INFO] [stderr]    Compiling indexmap v2.0.0
[INFO] [stderr]    Compiling csv-core v0.1.11
[INFO] [stderr]    Compiling regex-automata v0.3.2
[INFO] [stderr]    Compiling indoc v2.0.4
[INFO] [stderr]    Compiling unindent v0.2.3
[INFO] [stderr]    Compiling parking_lot_core v0.9.7
[INFO] [stderr]    Compiling socket2 v0.5.3
[INFO] [stderr]    Compiling signal-hook-registry v1.4.1
[INFO] [stderr]    Compiling mio v0.8.8
[INFO] [stderr]    Compiling parking_lot v0.12.1
[INFO] [stderr]    Compiling num_cpus v1.15.0
[INFO] [stderr]    Compiling getrandom v0.2.9
[INFO] [stderr]    Compiling socket2 v0.4.9
[INFO] [stderr]    Compiling rand_core v0.6.4
[INFO] [stderr]    Compiling which v4.4.0
[INFO] [stderr]    Compiling rand_chacha v0.3.1
[INFO] [stderr]    Compiling time v0.1.45
[INFO] [stderr]    Compiling pyo3-ffi v0.20.0
[INFO] [stderr]    Compiling pyo3 v0.20.0
[INFO] [stderr]    Compiling enum-methods v0.0.8
[INFO] [stderr]    Compiling rand v0.8.5
[INFO] [stderr]    Compiling regex v1.9.1
[INFO] [stderr]    Compiling sct v0.7.0
[INFO] [stderr]    Compiling webpki v0.22.0
[INFO] [stderr]    Compiling rustls-webpki v0.100.1
[INFO] [stderr]    Compiling is-terminal v0.4.7
[INFO] [stderr]    Compiling parse-zoneinfo v0.3.0
[INFO] [stderr]    Compiling webpki-roots v0.22.6
[INFO] [stderr]    Compiling chrono-tz-build v0.1.0
[INFO] [stderr]    Compiling pyo3-macros-backend v0.20.0
[INFO] [stderr]    Compiling tempfile v3.5.0
[INFO] [stderr]    Compiling chrono-tz v0.8.2
[INFO] [stderr]    Compiling serde_derive v1.0.163
[INFO] [stderr]    Compiling tokio-macros v2.1.0
[INFO] [stderr]    Compiling futures-macro v0.3.28
[INFO] [stderr]    Compiling tracing-attributes v0.1.24
[INFO] [stderr]    Compiling pin-project-internal v1.1.0
[INFO] [stderr]    Compiling async-trait v0.1.68
[INFO] [stderr]    Compiling thiserror-impl v1.0.40
[INFO] [stderr]    Compiling async-stream-impl v0.3.5
[INFO] [stderr]    Compiling tokio v1.33.0
[INFO] [stderr]    Compiling ghost v0.1.9
[INFO] [stderr]    Compiling async-stream v0.3.5
[INFO] [stderr]    Compiling strum_macros v0.25.1
[INFO] [stderr]    Compiling clap_derive v4.4.2
[INFO] [stderr]    Compiling futures-util v0.3.28
[INFO] [stderr]    Compiling tracing v0.1.37
[INFO] [stderr]    Compiling inventory v0.3.6
[INFO] [stderr]    Compiling typetag-impl v0.2.8
[INFO] [stderr]    Compiling thiserror v1.0.40
[INFO] [stderr]    Compiling pin-project v1.1.0
[INFO] [stderr]    Compiling async-recursion v1.0.4
[INFO] [stderr]    Compiling prost-derive v0.11.9
[INFO] [stderr]    Compiling bolt-proto-derive v0.6.0
[INFO] [stderr]    Compiling bolt-client-macros v0.3.0
[INFO] [stderr]    Compiling env_logger v0.10.0
[INFO] [stderr]    Compiling redis v0.23.0
[INFO] [stderr]    Compiling strum v0.25.0
[INFO] [stderr]    Compiling pyo3-macros v0.20.0
[INFO] [stderr]    Compiling prost v0.11.9
[INFO] [stderr]    Compiling clap v4.4.3
[INFO] [stderr]    Compiling prost-types v0.11.9
[INFO] [stderr]    Compiling prost-build v0.11.9
[INFO] [stderr]    Compiling futures-executor v0.3.28
[INFO] [stderr]    Compiling futures v0.3.28
[INFO] [stderr]    Compiling tonic-build v0.9.2
[INFO] [stderr]    Compiling etcd-rs v1.0.1
[INFO] [stderr]    Compiling tokio-util v0.7.8
[INFO] [stderr]    Compiling tokio-io-timeout v1.2.0
[INFO] [stderr]    Compiling tokio-stream v0.1.14
[INFO] [stderr]    Compiling tokio-rustls v0.24.0
[INFO] [stderr]    Compiling tokio-rustls v0.23.4
[INFO] [stderr]    Compiling bb8 v0.8.1
[INFO] [stderr]    Compiling h2 v0.3.19
[INFO] [stderr]    Compiling tower v0.4.13
[INFO] [stderr]    Compiling chrono v0.4.26
[INFO] [stderr]    Compiling toml_datetime v0.6.3
[INFO] [stderr]    Compiling serde_spanned v0.6.3
[INFO] [stderr]    Compiling csv v1.3.0
[INFO] [stderr]    Compiling toml_edit v0.20.0
[INFO] [stderr]    Compiling typetag v0.2.8
[INFO] [stderr]    Compiling toml v0.8.0
[INFO] [stderr]    Compiling hyper v0.14.26
[INFO] [stderr]    Compiling bolt-proto v0.12.0
[INFO] [stderr]    Compiling bolt-client v0.11.0
[INFO] [stderr]    Compiling bb8-bolt v0.8.0
[INFO] [stderr]    Compiling hyper-timeout v0.4.1
[INFO] [stderr]    Compiling tonic v0.9.2
[INFO] [stderr]    Compiling ofnil v0.1.0 (/opt/rustwide/workdir)
[INFO] [stdout] warning: unused import: `error`
[INFO] [stdout]  --> src/feature_registry.rs:4:11
[INFO] [stdout]   |
[INFO] [stdout] 4 | use log::{error, info};
[INFO] [stdout]   |           ^^^^^
[INFO] [stdout]   |
[INFO] [stdout]   = note: `#[warn(unused_imports)]` (part of `#[warn(unused)]`) on by default
[INFO] [stdout] 
[INFO] [stdout] 
[INFO] [stdout] warning: this function depends on never type fallback being `()`
[INFO] [stdout]   --> src/infra/connectors/kv/redis/redis_row_sink.rs:50:5
[INFO] [stdout]    |
[INFO] [stdout] 50 |     async fn write(&mut self, record: Row) -> SeResult<()> {
[INFO] [stdout]    |     ^^^^^
[INFO] [stdout]    |
[INFO] [stdout]    = help: specify the types explicitly
[INFO] [stdout] note: in edition 2024, the requirement `!: FromRedisValue` will fail
[INFO] [stdout]   --> src/infra/connectors/kv/redis/redis_row_sink.rs:62:33
[INFO] [stdout]    |
[INFO] [stdout] 62 |                 self.redis_conn.set(key, record.get(idx + FIELD_OFFSET))?;
[INFO] [stdout]    |                                 ^^^
[INFO] [stdout]    = warning: this was previously accepted by the compiler but is being phased out; it will become a hard error in Rust 2024 and in a future release in all editions!
[INFO] [stdout]    = note: for more information, see <https://doc.rust-lang.org/edition-guide/rust-2024/never-type-fallback.html>
[INFO] [stdout]    = note: `#[warn(dependency_on_unit_never_type_fallback)]` (part of `#[warn(rust_2024_compatibility)]`) on by default
[INFO] [stdout] help: use `()` annotations to avoid fallback changes
[INFO] [stdout]    |
[INFO] [stdout] 62 |                 self.redis_conn.set::<_, _, ()>(key, record.get(idx + FIELD_OFFSET))?;
[INFO] [stdout]    |                                    ++++++++++++
[INFO] [stdout] 
[INFO] [stdout] 
[INFO] [stdout] warning: methods `cypher_to_graph`, `cypher_to_dataframe`, `get_input_schema`, and `get_fv` are never used
[INFO] [stdout]   --> src/transformation/cypher_result.rs:19:8
[INFO] [stdout]    |
[INFO] [stdout] 18 | pub trait CypherTransformation {
[INFO] [stdout]    |           -------------------- methods in this trait
[INFO] [stdout] 19 |     fn cypher_to_graph(
[INFO] [stdout]    |        ^^^^^^^^^^^^^^^
[INFO] [stdout] ...
[INFO] [stdout] 24 |     fn cypher_to_dataframe(
[INFO] [stdout]    |        ^^^^^^^^^^^^^^^^^^^
[INFO] [stdout] ...
[INFO] [stdout] 29 |     fn get_input_schema(&self) -> InputSchema;
[INFO] [stdout]    |        ^^^^^^^^^^^^^^^^
[INFO] [stdout] 30 |     fn get_fv(&self, tlabel: Option<String>, entity_type: &str) -> Option<(String, Vec<Field>)>;
[INFO] [stdout]    |        ^^^^^^
[INFO] [stdout]    |
[INFO] [stdout]    = note: `#[warn(dead_code)]` (part of `#[warn(unused)]`) on by default
[INFO] [stdout] 
[INFO] [stdout] 
[INFO] [stdout] warning: struct `EachResult` is never constructed
[INFO] [stdout]   --> src/transformation/result_handler.rs:16:8
[INFO] [stdout]    |
[INFO] [stdout] 16 | struct EachResult {
[INFO] [stdout]    |        ^^^^^^^^^^
[INFO] [stdout] 
[INFO] [stdout] 
[INFO] [stdout] warning: enum `ResultError` is never used
[INFO] [stdout]   --> src/transformation/result_handler.rs:22:6
[INFO] [stdout]    |
[INFO] [stdout] 22 | enum ResultError {
[INFO] [stdout]    |      ^^^^^^^^^^^
[INFO] [stdout] 
[INFO] [stdout] 
[INFO] [stdout] warning: trait `ResultHandler` is never used
[INFO] [stdout]   --> src/transformation/result_handler.rs:32:7
[INFO] [stdout]    |
[INFO] [stdout] 32 | trait ResultHandler {
[INFO] [stdout]    |       ^^^^^^^^^^^^^
[INFO] [stdout] 
[INFO] [stdout] 
[INFO] [stdout] warning: fields `bolt_conn`, `path`, `pulling_size`, `msg`, and `status` are never read
[INFO] [stdout]   --> src/transformation/result_handler.rs:82:5
[INFO] [stdout]    |
[INFO] [stdout] 81 | struct CSVWriter<'a> {
[INFO] [stdout]    |        --------- fields in this struct
[INFO] [stdout] 82 |     bolt_conn: PooledConnection<'a, Manager>,
[INFO] [stdout]    |     ^^^^^^^^^
[INFO] [stdout] 83 |     path: String,
[INFO] [stdout]    |     ^^^^
[INFO] [stdout] 84 |     pulling_size: i32, //size of pulling buffer
[INFO] [stdout]    |     ^^^^^^^^^^^^
[INFO] [stdout] 85 |     msg: Message,
[INFO] [stdout]    |     ^^^
[INFO] [stdout] 86 |     status: bool,
[INFO] [stdout]    |     ^^^^^^
[INFO] [stdout] 
[INFO] [stdout] 
[INFO] [stdout] warning: fields `src`, `dst`, and `edge` are never read
[INFO] [stdout]    --> src/transformation/schema.rs:100:16
[INFO] [stdout]     |
[INFO] [stdout]  99 | pub struct GraphSchema {
[INFO] [stdout]     |            ----------- fields in this struct
[INFO] [stdout] 100 |     pub(crate) src: GraphSchemaEntity,
[INFO] [stdout]     |                ^^^
[INFO] [stdout] 101 |     pub(crate) dst: GraphSchemaEntity,
[INFO] [stdout]     |                ^^^
[INFO] [stdout] 102 |     pub(crate) edge: GraphSchemaEntity,
[INFO] [stdout]     |                ^^^^
[INFO] [stdout]     |
[INFO] [stdout]     = note: `GraphSchema` has a derived impl for the trait `Debug`, but this is intentionally ignored during dead code analysis
[INFO] [stdout] 
[INFO] [stdout] 
[INFO] [stdout] warning: methods `get_node_schema` and `get_edge_schema` are never used
[INFO] [stdout]    --> src/transformation/schema.rs:114:19
[INFO] [stdout]     |
[INFO] [stdout] 105 | impl GraphSchema {
[INFO] [stdout]     | ---------------- methods in this implementation
[INFO] [stdout] ...
[INFO] [stdout] 114 |     pub(crate) fn get_node_schema(&self) -> (&GraphSchemaEntity, &GraphSchemaEntity) {
[INFO] [stdout]     |                   ^^^^^^^^^^^^^^^
[INFO] [stdout] ...
[INFO] [stdout] 118 |     pub(crate) fn get_edge_schema(&self) -> &GraphSchemaEntity {
[INFO] [stdout]     |                   ^^^^^^^^^^^^^^^
[INFO] [stdout] 
[INFO] [stdout] 
[INFO] [stdout] warning: non-local `impl` definition, `impl` blocks should be written at the same level as their item
[INFO] [stdout]   --> src/python.rs:23:1
[INFO] [stdout]    |
[INFO] [stdout] 23 | #[pymethods]
[INFO] [stdout]    | -^^^^^^^^^^^
[INFO] [stdout]    | |
[INFO] [stdout]    | `PyClassImplCollector` is not local
[INFO] [stdout]    | `PyClassNewTextSignature` is not local
[INFO] [stdout]    | move the `impl` block outside of this function `trampoline` and up 4 bodies
[INFO] [stdout] 24 | impl ClientInner {
[INFO] [stdout]    |      -----------
[INFO] [stdout]    |      |
[INFO] [stdout]    |      `ClientInner` is not local
[INFO] [stdout]    |      `ClientInner` is not local
[INFO] [stdout]    |
[INFO] [stdout]    = note: the attribute macro `pymethods` defines the non-local `impl`, and may need to be changed
[INFO] [stdout]    = note: the attribute macro `pymethods` may come from an old version of the `pyo3_macros` crate, try updating your dependency with `cargo update -p pyo3_macros`
[INFO] [stdout]    = note: an `impl` is never scoped, even when it is nested inside an item, as it may impact type checking outside of that item, which can be the case if neither the trait or the self type are at the same nesting level as the `impl`
[INFO] [stdout]    = note: `#[warn(non_local_definitions)]` on by default
[INFO] [stdout]    = note: this warning originates in the attribute macro `pymethods` (in Nightly builds, run with -Z macro-backtrace for more info)
[INFO] [stdout] 
[INFO] [stdout] 
[INFO] [stdout] warning: non-local `impl` definition, `impl` blocks should be written at the same level as their item
[INFO] [stdout]   --> src/python/transformation.rs:20:1
[INFO] [stdout]    |
[INFO] [stdout] 20 | #[pymethods]
[INFO] [stdout]    | -^^^^^^^^^^^
[INFO] [stdout]    | |
[INFO] [stdout]    | `PyClassImplCollector` is not local
[INFO] [stdout]    | `PyClassNewTextSignature` is not local
[INFO] [stdout]    | move the `impl` block outside of this function `trampoline` and up 4 bodies
[INFO] [stdout] 21 | impl PyPipelineContext {
[INFO] [stdout]    |      -----------------
[INFO] [stdout]    |      |
[INFO] [stdout]    |      `PyPipelineContext` is not local
[INFO] [stdout]    |      `PyPipelineContext` is not local
[INFO] [stdout]    |
[INFO] [stdout]    = note: the attribute macro `pymethods` defines the non-local `impl`, and may need to be changed
[INFO] [stdout]    = note: the attribute macro `pymethods` may come from an old version of the `pyo3_macros` crate, try updating your dependency with `cargo update -p pyo3_macros`
[INFO] [stdout]    = note: an `impl` is never scoped, even when it is nested inside an item, as it may impact type checking outside of that item, which can be the case if neither the trait or the self type are at the same nesting level as the `impl`
[INFO] [stdout]    = note: this warning originates in the attribute macro `pymethods` (in Nightly builds, run with -Z macro-backtrace for more info)
[INFO] [stdout] 
[INFO] [stdout] 
[INFO] [stdout] warning: hiding a lifetime that's elided elsewhere is confusing
[INFO] [stdout]    --> src/infra/connectors/gdb/neo4j/neo4j_database_provider.rs:204:9
[INFO] [stdout]     |
[INFO] [stdout] 204 |         &self,
[INFO] [stdout]     |         ^^^^^ the lifetime is elided here
[INFO] [stdout] 205 |     ) -> Result<PooledConnection<Manager>, Box<Neo4jDatabaseProviderError>> {
[INFO] [stdout]     |                 ^^^^^^^^^^^^^^^^^^^^^^^^^ the same lifetime is hidden here
[INFO] [stdout]     |
[INFO] [stdout]     = help: the same lifetime is referred to in inconsistent ways, making the signature confusing
[INFO] [stdout]     = note: `#[warn(mismatched_lifetime_syntaxes)]` on by default
[INFO] [stdout] help: use `'_` for type paths
[INFO] [stdout]     |
[INFO] [stdout] 205 |     ) -> Result<PooledConnection<'_, Manager>, Box<Neo4jDatabaseProviderError>> {
[INFO] [stdout]     |                                  +++
[INFO] [stdout] 
[INFO] [stdout] 
[INFO] [stdout] warning: hiding a lifetime that's named elsewhere is confusing
[INFO] [stdout]   --> src/infra/pi/storage/sink.rs:24:56
[INFO] [stdout]    |
[INFO] [stdout] 24 |     async fn create_write_collector(&self) -> SeResult<WriteCollector<T>> {
[INFO] [stdout]    |                                     -                  ^^^^^^^^^^^^^^^^^ the same lifetime is hidden here
[INFO] [stdout]    |                                     |
[INFO] [stdout]    |                                     the lifetime is named here
[INFO] [stdout]    |
[INFO] [stdout]    = help: the same lifetime is referred to in inconsistent ways, making the signature confusing
[INFO] [stdout] help: consistently use `'life0`
[INFO] [stdout]    |
[INFO] [stdout] 24 |     async fn create_write_collector(&self) -> SeResult<WriteCollector<'life0, T>> {
[INFO] [stdout]    |                                                                       +++++++
[INFO] [stdout] 
[INFO] [stdout] 
[INFO] [stdout] warning: non-local `impl` definition, `impl` blocks should be written at the same level as their item
[INFO] [stdout]   --> src/serving.rs:42:1
[INFO] [stdout]    |
[INFO] [stdout] 42 | #[pymethods]
[INFO] [stdout]    | -^^^^^^^^^^^
[INFO] [stdout]    | |
[INFO] [stdout]    | `PyClassImplCollector` is not local
[INFO] [stdout]    | `PyClassNewTextSignature` is not local
[INFO] [stdout]    | move the `impl` block outside of this function `trampoline` and up 4 bodies
[INFO] [stdout] 43 | impl GraphDatasetRenderingOptions {
[INFO] [stdout]    |      ----------------------------
[INFO] [stdout]    |      |
[INFO] [stdout]    |      `GraphDatasetRenderingOptions` is not local
[INFO] [stdout]    |      `GraphDatasetRenderingOptions` is not local
[INFO] [stdout]    |
[INFO] [stdout]    = note: the attribute macro `pymethods` defines the non-local `impl`, and may need to be changed
[INFO] [stdout]    = note: the attribute macro `pymethods` may come from an old version of the `pyo3_macros` crate, try updating your dependency with `cargo update -p pyo3_macros`
[INFO] [stdout]    = note: an `impl` is never scoped, even when it is nested inside an item, as it may impact type checking outside of that item, which can be the case if neither the trait or the self type are at the same nesting level as the `impl`
[INFO] [stdout]    = note: this warning originates in the attribute macro `pymethods` (in Nightly builds, run with -Z macro-backtrace for more info)
[INFO] [stdout] 
[INFO] [stdout] 
[INFO] [stdout] warning: non-local `impl` definition, `impl` blocks should be written at the same level as their item
[INFO] [stdout]   --> src/serving.rs:66:1
[INFO] [stdout]    |
[INFO] [stdout] 66 | #[pymethods]
[INFO] [stdout]    | -^^^^^^^^^^^
[INFO] [stdout]    | |
[INFO] [stdout]    | `PyClassImplCollector` is not local
[INFO] [stdout]    | `PyClassNewTextSignature` is not local
[INFO] [stdout]    | move the `impl` block outside of this function `trampoline` and up 4 bodies
[INFO] [stdout] 67 | impl FeatureRenderingOptions {
[INFO] [stdout]    |      -----------------------
[INFO] [stdout]    |      |
[INFO] [stdout]    |      `FeatureRenderingOptions` is not local
[INFO] [stdout]    |      `FeatureRenderingOptions` is not local
[INFO] [stdout]    |
[INFO] [stdout]    = note: the attribute macro `pymethods` defines the non-local `impl`, and may need to be changed
[INFO] [stdout]    = note: the attribute macro `pymethods` may come from an old version of the `pyo3_macros` crate, try updating your dependency with `cargo update -p pyo3_macros`
[INFO] [stdout]    = note: an `impl` is never scoped, even when it is nested inside an item, as it may impact type checking outside of that item, which can be the case if neither the trait or the self type are at the same nesting level as the `impl`
[INFO] [stdout]    = note: this warning originates in the attribute macro `pymethods` (in Nightly builds, run with -Z macro-backtrace for more info)
[INFO] [stdout] 
[INFO] [stdout] 
[INFO] [stdout] warning: non-local `impl` definition, `impl` blocks should be written at the same level as their item
[INFO] [stdout]   --> src/serving.rs:83:1
[INFO] [stdout]    |
[INFO] [stdout] 83 | #[pymethods]
[INFO] [stdout]    | -^^^^^^^^^^^
[INFO] [stdout]    | |
[INFO] [stdout]    | `PyClassImplCollector` is not local
[INFO] [stdout]    | `PyClassNewTextSignature` is not local
[INFO] [stdout]    | move the `impl` block outside of this function `trampoline` and up 4 bodies
[INFO] [stdout] 84 | impl TopologyRenderingOptions {
[INFO] [stdout]    |      ------------------------
[INFO] [stdout]    |      |
[INFO] [stdout]    |      `TopologyRenderingOptions` is not local
[INFO] [stdout]    |      `TopologyRenderingOptions` is not local
[INFO] [stdout]    |
[INFO] [stdout]    = note: the attribute macro `pymethods` defines the non-local `impl`, and may need to be changed
[INFO] [stdout]    = note: the attribute macro `pymethods` may come from an old version of the `pyo3_macros` crate, try updating your dependency with `cargo update -p pyo3_macros`
[INFO] [stdout]    = note: an `impl` is never scoped, even when it is nested inside an item, as it may impact type checking outside of that item, which can be the case if neither the trait or the self type are at the same nesting level as the `impl`
[INFO] [stdout]    = note: this warning originates in the attribute macro `pymethods` (in Nightly builds, run with -Z macro-backtrace for more info)
[INFO] [stdout] 
[INFO] [stdout] 
[INFO] [stdout] warning: non-local `impl` definition, `impl` blocks should be written at the same level as their item
[INFO] [stdout]   --> src/serving/sampling_conf.rs:46:1
[INFO] [stdout]    |
[INFO] [stdout] 46 | #[pymethods]
[INFO] [stdout]    | -^^^^^^^^^^^
[INFO] [stdout]    | |
[INFO] [stdout]    | `PyClassImplCollector` is not local
[INFO] [stdout]    | `PyClassNewTextSignature` is not local
[INFO] [stdout]    | move the `impl` block outside of this function `trampoline` and up 4 bodies
[INFO] [stdout] 47 | impl NeighborSamplingConf {
[INFO] [stdout]    |      --------------------
[INFO] [stdout]    |      |
[INFO] [stdout]    |      `NeighborSamplingConf` is not local
[INFO] [stdout]    |      `NeighborSamplingConf` is not local
[INFO] [stdout]    |
[INFO] [stdout]    = note: the attribute macro `pymethods` defines the non-local `impl`, and may need to be changed
[INFO] [stdout]    = note: the attribute macro `pymethods` may come from an old version of the `pyo3_macros` crate, try updating your dependency with `cargo update -p pyo3_macros`
[INFO] [stdout]    = note: an `impl` is never scoped, even when it is nested inside an item, as it may impact type checking outside of that item, which can be the case if neither the trait or the self type are at the same nesting level as the `impl`
[INFO] [stdout]    = note: this warning originates in the attribute macro `pymethods` (in Nightly builds, run with -Z macro-backtrace for more info)
[INFO] [stdout] 
[INFO] [stdout] 
[INFO] [stdout] warning: non-local `impl` definition, `impl` blocks should be written at the same level as their item
[INFO] [stdout]   --> src/transformation.rs:45:1
[INFO] [stdout]    |
[INFO] [stdout] 45 | #[typetag::serde]
[INFO] [stdout]    | ^^^^^^^^^^^^^^^^^
[INFO] [stdout]    | |
[INFO] [stdout]    | `Serialize` is not local
[INFO] [stdout]    | move the `impl` block outside of this constant `_TransformationData_registry`
[INFO] [stdout] 46 | pub trait TransformationData {
[INFO] [stdout]    |           ------------------ `TransformationData` is not local
[INFO] [stdout]    |
[INFO] [stdout]    = note: the attribute macro `typetag::serde` defines the non-local `impl`, and may need to be changed
[INFO] [stdout]    = note: the attribute macro `typetag::serde` may come from an old version of the `typetag_impl` crate, try updating your dependency with `cargo update -p typetag_impl`
[INFO] [stdout]    = note: an `impl` is never scoped, even when it is nested inside an item, as it may impact type checking outside of that item, which can be the case if neither the trait or the self type are at the same nesting level as the `impl`
[INFO] [stdout]    = note: items in an anonymous const item (`const _: () = { ... }`) are treated as in the same scope as the anonymous const's declaration for the purpose of this lint
[INFO] [stdout]    = note: this warning originates in the attribute macro `typetag::serde` (in Nightly builds, run with -Z macro-backtrace for more info)
[INFO] [stdout] 
[INFO] [stdout] 
[INFO] [stdout] warning: non-local `impl` definition, `impl` blocks should be written at the same level as their item
[INFO] [stdout]   --> src/transformation.rs:45:1
[INFO] [stdout]    |
[INFO] [stdout] 45 | #[typetag::serde]
[INFO] [stdout]    | ^^^^^^^^^^^^^^^^^
[INFO] [stdout]    | |
[INFO] [stdout]    | `Send` is not local
[INFO] [stdout]    | `Serialize` is not local
[INFO] [stdout]    | move the `impl` block outside of this constant `_TransformationData_registry`
[INFO] [stdout] 46 | pub trait TransformationData {
[INFO] [stdout]    |           ------------------ `TransformationData` is not local
[INFO] [stdout]    |
[INFO] [stdout]    = note: the attribute macro `typetag::serde` defines the non-local `impl`, and may need to be changed
[INFO] [stdout]    = note: the attribute macro `typetag::serde` may come from an old version of the `typetag_impl` crate, try updating your dependency with `cargo update -p typetag_impl`
[INFO] [stdout]    = note: an `impl` is never scoped, even when it is nested inside an item, as it may impact type checking outside of that item, which can be the case if neither the trait or the self type are at the same nesting level as the `impl`
[INFO] [stdout]    = note: items in an anonymous const item (`const _: () = { ... }`) are treated as in the same scope as the anonymous const's declaration for the purpose of this lint
[INFO] [stdout]    = note: this warning originates in the attribute macro `typetag::serde` (in Nightly builds, run with -Z macro-backtrace for more info)
[INFO] [stdout] 
[INFO] [stdout] 
[INFO] [stdout] warning: non-local `impl` definition, `impl` blocks should be written at the same level as their item
[INFO] [stdout]   --> src/transformation.rs:45:1
[INFO] [stdout]    |
[INFO] [stdout] 45 | #[typetag::serde]
[INFO] [stdout]    | ^^^^^^^^^^^^^^^^^
[INFO] [stdout]    | |
[INFO] [stdout]    | `Sync` is not local
[INFO] [stdout]    | `Serialize` is not local
[INFO] [stdout]    | move the `impl` block outside of this constant `_TransformationData_registry`
[INFO] [stdout] 46 | pub trait TransformationData {
[INFO] [stdout]    |           ------------------ `TransformationData` is not local
[INFO] [stdout]    |
[INFO] [stdout]    = note: the attribute macro `typetag::serde` defines the non-local `impl`, and may need to be changed
[INFO] [stdout]    = note: the attribute macro `typetag::serde` may come from an old version of the `typetag_impl` crate, try updating your dependency with `cargo update -p typetag_impl`
[INFO] [stdout]    = note: an `impl` is never scoped, even when it is nested inside an item, as it may impact type checking outside of that item, which can be the case if neither the trait or the self type are at the same nesting level as the `impl`
[INFO] [stdout]    = note: items in an anonymous const item (`const _: () = { ... }`) are treated as in the same scope as the anonymous const's declaration for the purpose of this lint
[INFO] [stdout]    = note: this warning originates in the attribute macro `typetag::serde` (in Nightly builds, run with -Z macro-backtrace for more info)
[INFO] [stdout] 
[INFO] [stdout] 
[INFO] [stdout] warning: non-local `impl` definition, `impl` blocks should be written at the same level as their item
[INFO] [stdout]   --> src/transformation.rs:45:1
[INFO] [stdout]    |
[INFO] [stdout] 45 | #[typetag::serde]
[INFO] [stdout]    | ^^^^^^^^^^^^^^^^^
[INFO] [stdout]    | |
[INFO] [stdout]    | `Send` is not local
[INFO] [stdout]    | `Sync` is not local
[INFO] [stdout]    | `Serialize` is not local
[INFO] [stdout]    | move the `impl` block outside of this constant `_TransformationData_registry`
[INFO] [stdout] 46 | pub trait TransformationData {
[INFO] [stdout]    |           ------------------ `TransformationData` is not local
[INFO] [stdout]    |
[INFO] [stdout]    = note: the attribute macro `typetag::serde` defines the non-local `impl`, and may need to be changed
[INFO] [stdout]    = note: the attribute macro `typetag::serde` may come from an old version of the `typetag_impl` crate, try updating your dependency with `cargo update -p typetag_impl`
[INFO] [stdout]    = note: an `impl` is never scoped, even when it is nested inside an item, as it may impact type checking outside of that item, which can be the case if neither the trait or the self type are at the same nesting level as the `impl`
[INFO] [stdout]    = note: items in an anonymous const item (`const _: () = { ... }`) are treated as in the same scope as the anonymous const's declaration for the purpose of this lint
[INFO] [stdout]    = note: this warning originates in the attribute macro `typetag::serde` (in Nightly builds, run with -Z macro-backtrace for more info)
[INFO] [stdout] 
[INFO] [stdout] 
[INFO] [stdout] warning: non-local `impl` definition, `impl` blocks should be written at the same level as their item
[INFO] [stdout]   --> src/transformation.rs:45:1
[INFO] [stdout]    |
[INFO] [stdout] 45 | #[typetag::serde]
[INFO] [stdout]    | ^^^^^^^^^^^^^^^^^ move the `impl` block outside of this constant `_TransformationData_registry`
[INFO] [stdout] 46 | pub trait TransformationData {
[INFO] [stdout]    |           ------------------ `TransformationData` is not local
[INFO] [stdout]    |
[INFO] [stdout]    = note: the attribute macro `typetag::serde` defines the non-local `impl`, and may need to be changed
[INFO] [stdout]    = note: the attribute macro `typetag::serde` may come from an old version of the `typetag_impl` crate, try updating your dependency with `cargo update -p typetag_impl`
[INFO] [stdout]    = note: an `impl` is never scoped, even when it is nested inside an item, as it may impact type checking outside of that item, which can be the case if neither the trait or the self type are at the same nesting level as the `impl`
[INFO] [stdout]    = note: items in an anonymous const item (`const _: () = { ... }`) are treated as in the same scope as the anonymous const's declaration for the purpose of this lint
[INFO] [stdout]    = note: this warning originates in the attribute macro `typetag::serde` (in Nightly builds, run with -Z macro-backtrace for more info)
[INFO] [stdout] 
[INFO] [stdout] 
[INFO] [stdout] warning: non-local `impl` definition, `impl` blocks should be written at the same level as their item
[INFO] [stdout]   --> src/transformation.rs:45:1
[INFO] [stdout]    |
[INFO] [stdout] 45 | #[typetag::serde]
[INFO] [stdout]    | ^^^^^^^^^^^^^^^^^
[INFO] [stdout]    | |
[INFO] [stdout]    | `Strictest` is not local
[INFO] [stdout]    | move the `impl` block outside of this constant `_TransformationData_registry`
[INFO] [stdout] 46 | pub trait TransformationData {
[INFO] [stdout]    |           ------------------ `TransformationData` is not local
[INFO] [stdout]    |
[INFO] [stdout]    = note: the attribute macro `typetag::serde` defines the non-local `impl`, and may need to be changed
[INFO] [stdout]    = note: the attribute macro `typetag::serde` may come from an old version of the `typetag_impl` crate, try updating your dependency with `cargo update -p typetag_impl`
[INFO] [stdout]    = note: an `impl` is never scoped, even when it is nested inside an item, as it may impact type checking outside of that item, which can be the case if neither the trait or the self type are at the same nesting level as the `impl`
[INFO] [stdout]    = note: items in an anonymous const item (`const _: () = { ... }`) are treated as in the same scope as the anonymous const's declaration for the purpose of this lint
[INFO] [stdout]    = note: this warning originates in the attribute macro `typetag::serde` (in Nightly builds, run with -Z macro-backtrace for more info)
[INFO] [stdout] 
[INFO] [stdout] 
[INFO] [stdout] warning: non-local `impl` definition, `impl` blocks should be written at the same level as their item
[INFO] [stdout]   --> src/transformation.rs:45:1
[INFO] [stdout]    |
[INFO] [stdout] 45 | #[typetag::serde]
[INFO] [stdout]    | -^^^^^^^^^^^^^^^^
[INFO] [stdout]    | |
[INFO] [stdout]    | `Box` is not local
[INFO] [stdout]    | `Deserialize` is not local
[INFO] [stdout]    | move the `impl` block outside of this constant `_TransformationData_registry`
[INFO] [stdout] 46 | pub trait TransformationData {
[INFO] [stdout]    |           ------------------ `TransformationData` is not local
[INFO] [stdout]    |
[INFO] [stdout]    = note: the attribute macro `typetag::serde` defines the non-local `impl`, and may need to be changed
[INFO] [stdout]    = note: the attribute macro `typetag::serde` may come from an old version of the `typetag_impl` crate, try updating your dependency with `cargo update -p typetag_impl`
[INFO] [stdout]    = note: an `impl` is never scoped, even when it is nested inside an item, as it may impact type checking outside of that item, which can be the case if neither the trait or the self type are at the same nesting level as the `impl`
[INFO] [stdout]    = note: items in an anonymous const item (`const _: () = { ... }`) are treated as in the same scope as the anonymous const's declaration for the purpose of this lint
[INFO] [stdout]    = note: this warning originates in the attribute macro `typetag::serde` (in Nightly builds, run with -Z macro-backtrace for more info)
[INFO] [stdout] 
[INFO] [stdout] 
[INFO] [stderr]     Finished `dev` profile [unoptimized + debuginfo] target(s) in 2m 00s
[INFO] [stderr] warning: the following packages contain code that will be rejected by a future version of Rust: ofnil v0.1.0 (/opt/rustwide/workdir), redis v0.23.0
[INFO] [stderr] note: to see what the problems were, use the option `--future-incompat-report`, or run `cargo report future-incompatibilities --id 7`
[INFO] running `Command { std: "docker" "inspect" "0122af3e88719d0286afc5215ca360a094718efaa6f9ad366ffc0e36fb41bdae", kill_on_drop: false }`
[INFO] running `Command { std: "docker" "exec" "-e" "SOURCE_DIR=/opt/rustwide/workdir" "-e" "CARGO_HOME=/opt/rustwide/cargo-home" "-e" "RUSTUP_HOME=/opt/rustwide/rustup-home" "-e" "CARGO_TARGET_DIR=/opt/rustwide/target" "-e" "CARGO_INCREMENTAL=0" "-e" "RUST_BACKTRACE=full" "-e" "RUSTFLAGS=--cap-lints=warn" "-e" "RUSTDOCFLAGS=--cap-lints=warn" "-w" "/opt/rustwide/workdir" "--user" "0:0" "0122af3e88719d0286afc5215ca360a094718efaa6f9ad366ffc0e36fb41bdae" "/opt/rustwide/cargo-home/bin/cargo" "+1.99.0-beta.8" "test" "--frozen" "--no-run" "--message-format=json", kill_on_drop: false }`
[INFO] [stderr]    Compiling predicates-core v1.0.6
[INFO] [stderr]    Compiling float-cmp v0.9.0
[INFO] [stderr]    Compiling termtree v0.4.1
[INFO] [stderr]    Compiling regex-automata v0.1.10
[INFO] [stderr]    Compiling wait-timeout v0.2.0
[INFO] [stdout] warning: unused import: `error`
[INFO] [stdout]  --> src/feature_registry.rs:4:11
[INFO] [stdout]   |
[INFO] [stdout] 4 | use log::{error, info};
[INFO] [stdout]   |           ^^^^^
[INFO] [stdout]   |
[INFO] [stdout]   = note: `#[warn(unused_imports)]` (part of `#[warn(unused)]`) on by default
[INFO] [stdout] 
[INFO] [stdout] 
[INFO] [stdout] warning: this function depends on never type fallback being `()`
[INFO] [stdout]   --> src/infra/connectors/kv/redis/redis_row_sink.rs:50:5
[INFO] [stdout]    |
[INFO] [stdout] 50 |     async fn write(&mut self, record: Row) -> SeResult<()> {
[INFO] [stdout]    |     ^^^^^
[INFO] [stdout]    |
[INFO] [stdout]    = help: specify the types explicitly
[INFO] [stdout] note: in edition 2024, the requirement `!: FromRedisValue` will fail
[INFO] [stdout]   --> src/infra/connectors/kv/redis/redis_row_sink.rs:62:33
[INFO] [stdout]    |
[INFO] [stdout] 62 |                 self.redis_conn.set(key, record.get(idx + FIELD_OFFSET))?;
[INFO] [stdout]    |                                 ^^^
[INFO] [stdout]    = warning: this was previously accepted by the compiler but is being phased out; it will become a hard error in Rust 2024 and in a future release in all editions!
[INFO] [stdout]    = note: for more information, see <https://doc.rust-lang.org/edition-guide/rust-2024/never-type-fallback.html>
[INFO] [stdout]    = note: `#[warn(dependency_on_unit_never_type_fallback)]` (part of `#[warn(rust_2024_compatibility)]`) on by default
[INFO] [stdout] help: use `()` annotations to avoid fallback changes
[INFO] [stdout]    |
[INFO] [stdout] 62 |                 self.redis_conn.set::<_, _, ()>(key, record.get(idx + FIELD_OFFSET))?;
[INFO] [stdout]    |                                    ++++++++++++
[INFO] [stdout] 
[INFO] [stdout] 
[INFO] [stdout] warning: methods `cypher_to_graph`, `cypher_to_dataframe`, `get_input_schema`, and `get_fv` are never used
[INFO] [stdout]   --> src/transformation/cypher_result.rs:19:8
[INFO] [stdout]    |
[INFO] [stdout] 18 | pub trait CypherTransformation {
[INFO] [stdout]    |           -------------------- methods in this trait
[INFO] [stdout] 19 |     fn cypher_to_graph(
[INFO] [stdout]    |        ^^^^^^^^^^^^^^^
[INFO] [stdout] ...
[INFO] [stdout] 24 |     fn cypher_to_dataframe(
[INFO] [stdout]    |        ^^^^^^^^^^^^^^^^^^^
[INFO] [stdout] ...
[INFO] [stdout] 29 |     fn get_input_schema(&self) -> InputSchema;
[INFO] [stdout]    |        ^^^^^^^^^^^^^^^^
[INFO] [stdout] 30 |     fn get_fv(&self, tlabel: Option<String>, entity_type: &str) -> Option<(String, Vec<Field>)>;
[INFO] [stdout]    |        ^^^^^^
[INFO] [stdout]    |
[INFO] [stdout]    = note: `#[warn(dead_code)]` (part of `#[warn(unused)]`) on by default
[INFO] [stdout] 
[INFO] [stdout] 
[INFO] [stdout] warning: struct `EachResult` is never constructed
[INFO] [stdout]   --> src/transformation/result_handler.rs:16:8
[INFO] [stdout]    |
[INFO] [stdout] 16 | struct EachResult {
[INFO] [stdout]    |        ^^^^^^^^^^
[INFO] [stdout] 
[INFO] [stdout] 
[INFO] [stdout] warning: enum `ResultError` is never used
[INFO] [stdout]   --> src/transformation/result_handler.rs:22:6
[INFO] [stdout]    |
[INFO] [stdout] 22 | enum ResultError {
[INFO] [stdout]    |      ^^^^^^^^^^^
[INFO] [stdout] 
[INFO] [stdout] 
[INFO] [stdout] warning: trait `ResultHandler` is never used
[INFO] [stdout]   --> src/transformation/result_handler.rs:32:7
[INFO] [stdout]    |
[INFO] [stdout] 32 | trait ResultHandler {
[INFO] [stdout]    |       ^^^^^^^^^^^^^
[INFO] [stdout] 
[INFO] [stdout] 
[INFO] [stdout] warning: fields `bolt_conn`, `path`, `pulling_size`, `msg`, and `status` are never read
[INFO] [stdout]   --> src/transformation/result_handler.rs:82:5
[INFO] [stdout]    |
[INFO] [stdout] 81 | struct CSVWriter<'a> {
[INFO] [stdout]    |        --------- fields in this struct
[INFO] [stdout] 82 |     bolt_conn: PooledConnection<'a, Manager>,
[INFO] [stdout]    |     ^^^^^^^^^
[INFO] [stdout] 83 |     path: String,
[INFO] [stdout]    |     ^^^^
[INFO] [stdout] 84 |     pulling_size: i32, //size of pulling buffer
[INFO] [stdout]    |     ^^^^^^^^^^^^
[INFO] [stdout] 85 |     msg: Message,
[INFO] [stdout]    |     ^^^
[INFO] [stdout] 86 |     status: bool,
[INFO] [stdout]    |     ^^^^^^
[INFO] [stdout] 
[INFO] [stdout] 
[INFO] [stdout] warning: fields `src`, `dst`, and `edge` are never read
[INFO] [stdout]    --> src/transformation/schema.rs:100:16
[INFO] [stdout]     |
[INFO] [stdout]  99 | pub struct GraphSchema {
[INFO] [stdout]     |            ----------- fields in this struct
[INFO] [stdout] 100 |     pub(crate) src: GraphSchemaEntity,
[INFO] [stdout]     |                ^^^
[INFO] [stdout] 101 |     pub(crate) dst: GraphSchemaEntity,
[INFO] [stdout]     |                ^^^
[INFO] [stdout] 102 |     pub(crate) edge: GraphSchemaEntity,
[INFO] [stdout]     |                ^^^^
[INFO] [stdout]     |
[INFO] [stdout]     = note: `GraphSchema` has a derived impl for the trait `Debug`, but this is intentionally ignored during dead code analysis
[INFO] [stdout] 
[INFO] [stdout] 
[INFO] [stdout] warning: methods `get_node_schema` and `get_edge_schema` are never used
[INFO] [stdout]    --> src/transformation/schema.rs:114:19
[INFO] [stdout]     |
[INFO] [stdout] 105 | impl GraphSchema {
[INFO] [stdout]     | ---------------- methods in this implementation
[INFO] [stdout] ...
[INFO] [stdout] 114 |     pub(crate) fn get_node_schema(&self) -> (&GraphSchemaEntity, &GraphSchemaEntity) {
[INFO] [stdout]     |                   ^^^^^^^^^^^^^^^
[INFO] [stdout] ...
[INFO] [stdout] 118 |     pub(crate) fn get_edge_schema(&self) -> &GraphSchemaEntity {
[INFO] [stdout]     |                   ^^^^^^^^^^^^^^^
[INFO] [stdout] 
[INFO] [stdout] 
[INFO] [stdout] warning: non-local `impl` definition, `impl` blocks should be written at the same level as their item
[INFO] [stdout]   --> src/python.rs:23:1
[INFO] [stdout]    |
[INFO] [stdout] 23 | #[pymethods]
[INFO] [stdout]    | -^^^^^^^^^^^
[INFO] [stdout]    | |
[INFO] [stdout]    | `PyClassImplCollector` is not local
[INFO] [stdout]    | `PyClassNewTextSignature` is not local
[INFO] [stdout]    | move the `impl` block outside of this function `trampoline` and up 4 bodies
[INFO] [stdout] 24 | impl ClientInner {
[INFO] [stdout]    |      -----------
[INFO] [stdout]    |      |
[INFO] [stdout]    |      `ClientInner` is not local
[INFO] [stdout]    |      `ClientInner` is not local
[INFO] [stdout]    |
[INFO] [stdout]    = note: the attribute macro `pymethods` defines the non-local `impl`, and may need to be changed
[INFO] [stdout]    = note: the attribute macro `pymethods` may come from an old version of the `pyo3_macros` crate, try updating your dependency with `cargo update -p pyo3_macros`
[INFO] [stdout]    = note: an `impl` is never scoped, even when it is nested inside an item, as it may impact type checking outside of that item, which can be the case if neither the trait or the self type are at the same nesting level as the `impl`
[INFO] [stdout]    = note: `#[warn(non_local_definitions)]` on by default
[INFO] [stdout]    = note: this warning originates in the attribute macro `pymethods` (in Nightly builds, run with -Z macro-backtrace for more info)
[INFO] [stdout] 
[INFO] [stdout] 
[INFO] [stdout] warning: non-local `impl` definition, `impl` blocks should be written at the same level as their item
[INFO] [stdout]   --> src/python/transformation.rs:20:1
[INFO] [stdout]    |
[INFO] [stdout] 20 | #[pymethods]
[INFO] [stdout]    | -^^^^^^^^^^^
[INFO] [stdout]    | |
[INFO] [stdout]    | `PyClassImplCollector` is not local
[INFO] [stdout]    | `PyClassNewTextSignature` is not local
[INFO] [stdout]    | move the `impl` block outside of this function `trampoline` and up 4 bodies
[INFO] [stdout] 21 | impl PyPipelineContext {
[INFO] [stdout]    |      -----------------
[INFO] [stdout]    |      |
[INFO] [stdout]    |      `PyPipelineContext` is not local
[INFO] [stdout]    |      `PyPipelineContext` is not local
[INFO] [stdout]    |
[INFO] [stdout]    = note: the attribute macro `pymethods` defines the non-local `impl`, and may need to be changed
[INFO] [stdout]    = note: the attribute macro `pymethods` may come from an old version of the `pyo3_macros` crate, try updating your dependency with `cargo update -p pyo3_macros`
[INFO] [stdout]    = note: an `impl` is never scoped, even when it is nested inside an item, as it may impact type checking outside of that item, which can be the case if neither the trait or the self type are at the same nesting level as the `impl`
[INFO] [stdout]    = note: this warning originates in the attribute macro `pymethods` (in Nightly builds, run with -Z macro-backtrace for more info)
[INFO] [stdout] 
[INFO] [stdout] 
[INFO] [stdout] warning: hiding a lifetime that's elided elsewhere is confusing
[INFO] [stdout]    --> src/infra/connectors/gdb/neo4j/neo4j_database_provider.rs:204:9
[INFO] [stdout]     |
[INFO] [stdout] 204 |         &self,
[INFO] [stdout]     |         ^^^^^ the lifetime is elided here
[INFO] [stdout] 205 |     ) -> Result<PooledConnection<Manager>, Box<Neo4jDatabaseProviderError>> {
[INFO] [stdout]     |                 ^^^^^^^^^^^^^^^^^^^^^^^^^ the same lifetime is hidden here
[INFO] [stdout]     |
[INFO] [stdout]     = help: the same lifetime is referred to in inconsistent ways, making the signature confusing
[INFO] [stdout]     = note: `#[warn(mismatched_lifetime_syntaxes)]` on by default
[INFO] [stdout] help: use `'_` for type paths
[INFO] [stdout]     |
[INFO] [stdout] 205 |     ) -> Result<PooledConnection<'_, Manager>, Box<Neo4jDatabaseProviderError>> {
[INFO] [stdout]     |                                  +++
[INFO] [stdout] 
[INFO] [stdout] 
[INFO] [stdout] warning: hiding a lifetime that's named elsewhere is confusing
[INFO] [stdout]   --> src/infra/pi/storage/sink.rs:24:56
[INFO] [stdout]    |
[INFO] [stdout] 24 |     async fn create_write_collector(&self) -> SeResult<WriteCollector<T>> {
[INFO] [stdout]    |                                     -                  ^^^^^^^^^^^^^^^^^ the same lifetime is hidden here
[INFO] [stdout]    |                                     |
[INFO] [stdout]    |                                     the lifetime is named here
[INFO] [stdout]    |
[INFO] [stdout]    = help: the same lifetime is referred to in inconsistent ways, making the signature confusing
[INFO] [stdout] help: consistently use `'life0`
[INFO] [stdout]    |
[INFO] [stdout] 24 |     async fn create_write_collector(&self) -> SeResult<WriteCollector<'life0, T>> {
[INFO] [stdout]    |                                                                       +++++++
[INFO] [stdout] 
[INFO] [stdout] 
[INFO] [stdout] warning: non-local `impl` definition, `impl` blocks should be written at the same level as their item
[INFO] [stdout]   --> src/serving.rs:42:1
[INFO] [stdout]    |
[INFO] [stdout] 42 | #[pymethods]
[INFO] [stdout]    | -^^^^^^^^^^^
[INFO] [stdout]    | |
[INFO] [stdout]    | `PyClassImplCollector` is not local
[INFO] [stdout]    | `PyClassNewTextSignature` is not local
[INFO] [stdout]    | move the `impl` block outside of this function `trampoline` and up 4 bodies
[INFO] [stdout] 43 | impl GraphDatasetRenderingOptions {
[INFO] [stdout]    |      ----------------------------
[INFO] [stdout]    |      |
[INFO] [stdout]    |      `GraphDatasetRenderingOptions` is not local
[INFO] [stdout]    |      `GraphDatasetRenderingOptions` is not local
[INFO] [stdout]    |
[INFO] [stdout]    = note: the attribute macro `pymethods` defines the non-local `impl`, and may need to be changed
[INFO] [stdout]    = note: the attribute macro `pymethods` may come from an old version of the `pyo3_macros` crate, try updating your dependency with `cargo update -p pyo3_macros`
[INFO] [stdout]    = note: an `impl` is never scoped, even when it is nested inside an item, as it may impact type checking outside of that item, which can be the case if neither the trait or the self type are at the same nesting level as the `impl`
[INFO] [stdout]    = note: this warning originates in the attribute macro `pymethods` (in Nightly builds, run with -Z macro-backtrace for more info)
[INFO] [stdout] 
[INFO] [stdout] 
[INFO] [stdout] warning: non-local `impl` definition, `impl` blocks should be written at the same level as their item
[INFO] [stdout]   --> src/serving.rs:66:1
[INFO] [stdout]    |
[INFO] [stdout] 66 | #[pymethods]
[INFO] [stdout]    | -^^^^^^^^^^^
[INFO] [stdout]    | |
[INFO] [stdout]    | `PyClassImplCollector` is not local
[INFO] [stdout]    | `PyClassNewTextSignature` is not local
[INFO] [stdout]    | move the `impl` block outside of this function `trampoline` and up 4 bodies
[INFO] [stdout] 67 | impl FeatureRenderingOptions {
[INFO] [stdout]    |      -----------------------
[INFO] [stdout]    |      |
[INFO] [stdout]    |      `FeatureRenderingOptions` is not local
[INFO] [stdout]    |      `FeatureRenderingOptions` is not local
[INFO] [stdout]    |
[INFO] [stdout]    = note: the attribute macro `pymethods` defines the non-local `impl`, and may need to be changed
[INFO] [stdout]    = note: the attribute macro `pymethods` may come from an old version of the `pyo3_macros` crate, try updating your dependency with `cargo update -p pyo3_macros`
[INFO] [stdout]    = note: an `impl` is never scoped, even when it is nested inside an item, as it may impact type checking outside of that item, which can be the case if neither the trait or the self type are at the same nesting level as the `impl`
[INFO] [stdout]    = note: this warning originates in the attribute macro `pymethods` (in Nightly builds, run with -Z macro-backtrace for more info)
[INFO] [stdout] 
[INFO] [stdout] 
[INFO] [stdout] warning: non-local `impl` definition, `impl` blocks should be written at the same level as their item
[INFO] [stdout]   --> src/serving.rs:83:1
[INFO] [stdout]    |
[INFO] [stdout] 83 | #[pymethods]
[INFO] [stdout]    | -^^^^^^^^^^^
[INFO] [stdout]    | |
[INFO] [stdout]    | `PyClassImplCollector` is not local
[INFO] [stdout]    | `PyClassNewTextSignature` is not local
[INFO] [stdout]    | move the `impl` block outside of this function `trampoline` and up 4 bodies
[INFO] [stdout] 84 | impl TopologyRenderingOptions {
[INFO] [stdout]    |      ------------------------
[INFO] [stdout]    |      |
[INFO] [stdout]    |      `TopologyRenderingOptions` is not local
[INFO] [stdout]    |      `TopologyRenderingOptions` is not local
[INFO] [stdout]    |
[INFO] [stdout]    = note: the attribute macro `pymethods` defines the non-local `impl`, and may need to be changed
[INFO] [stdout]    = note: the attribute macro `pymethods` may come from an old version of the `pyo3_macros` crate, try updating your dependency with `cargo update -p pyo3_macros`
[INFO] [stdout]    = note: an `impl` is never scoped, even when it is nested inside an item, as it may impact type checking outside of that item, which can be the case if neither the trait or the self type are at the same nesting level as the `impl`
[INFO] [stdout]    = note: this warning originates in the attribute macro `pymethods` (in Nightly builds, run with -Z macro-backtrace for more info)
[INFO] [stdout] 
[INFO] [stdout] 
[INFO] [stdout] warning: non-local `impl` definition, `impl` blocks should be written at the same level as their item
[INFO] [stdout]   --> src/serving/sampling_conf.rs:46:1
[INFO] [stdout]    |
[INFO] [stdout] 46 | #[pymethods]
[INFO] [stdout]    | -^^^^^^^^^^^
[INFO] [stdout]    | |
[INFO] [stdout]    | `PyClassImplCollector` is not local
[INFO] [stdout]    | `PyClassNewTextSignature` is not local
[INFO] [stdout]    | move the `impl` block outside of this function `trampoline` and up 4 bodies
[INFO] [stdout] 47 | impl NeighborSamplingConf {
[INFO] [stdout]    |      --------------------
[INFO] [stdout]    |      |
[INFO] [stdout]    |      `NeighborSamplingConf` is not local
[INFO] [stdout]    |      `NeighborSamplingConf` is not local
[INFO] [stdout]    |
[INFO] [stdout]    = note: the attribute macro `pymethods` defines the non-local `impl`, and may need to be changed
[INFO] [stdout]    = note: the attribute macro `pymethods` may come from an old version of the `pyo3_macros` crate, try updating your dependency with `cargo update -p pyo3_macros`
[INFO] [stdout]    = note: an `impl` is never scoped, even when it is nested inside an item, as it may impact type checking outside of that item, which can be the case if neither the trait or the self type are at the same nesting level as the `impl`
[INFO] [stdout]    = note: this warning originates in the attribute macro `pymethods` (in Nightly builds, run with -Z macro-backtrace for more info)
[INFO] [stdout] 
[INFO] [stdout] 
[INFO] [stdout] warning: non-local `impl` definition, `impl` blocks should be written at the same level as their item
[INFO] [stdout]   --> src/transformation.rs:45:1
[INFO] [stdout]    |
[INFO] [stdout] 45 | #[typetag::serde]
[INFO] [stdout]    | ^^^^^^^^^^^^^^^^^
[INFO] [stdout]    | |
[INFO] [stdout]    | `Serialize` is not local
[INFO] [stdout]    | move the `impl` block outside of this constant `_TransformationData_registry`
[INFO] [stdout] 46 | pub trait TransformationData {
[INFO] [stdout]    |           ------------------ `TransformationData` is not local
[INFO] [stdout]    |
[INFO] [stdout]    = note: the attribute macro `typetag::serde` defines the non-local `impl`, and may need to be changed
[INFO] [stdout]    = note: the attribute macro `typetag::serde` may come from an old version of the `typetag_impl` crate, try updating your dependency with `cargo update -p typetag_impl`
[INFO] [stdout]    = note: an `impl` is never scoped, even when it is nested inside an item, as it may impact type checking outside of that item, which can be the case if neither the trait or the self type are at the same nesting level as the `impl`
[INFO] [stdout]    = note: items in an anonymous const item (`const _: () = { ... }`) are treated as in the same scope as the anonymous const's declaration for the purpose of this lint
[INFO] [stdout]    = note: this warning originates in the attribute macro `typetag::serde` (in Nightly builds, run with -Z macro-backtrace for more info)
[INFO] [stdout] 
[INFO] [stdout] 
[INFO] [stdout] warning: non-local `impl` definition, `impl` blocks should be written at the same level as their item
[INFO] [stdout]   --> src/transformation.rs:45:1
[INFO] [stdout]    |
[INFO] [stdout] 45 | #[typetag::serde]
[INFO] [stdout]    | ^^^^^^^^^^^^^^^^^
[INFO] [stdout]    | |
[INFO] [stdout]    | `Send` is not local
[INFO] [stdout]    | `Serialize` is not local
[INFO] [stdout]    | move the `impl` block outside of this constant `_TransformationData_registry`
[INFO] [stdout] 46 | pub trait TransformationData {
[INFO] [stdout]    |           ------------------ `TransformationData` is not local
[INFO] [stdout]    |
[INFO] [stdout]    = note: the attribute macro `typetag::serde` defines the non-local `impl`, and may need to be changed
[INFO] [stdout]    = note: the attribute macro `typetag::serde` may come from an old version of the `typetag_impl` crate, try updating your dependency with `cargo update -p typetag_impl`
[INFO] [stdout]    = note: an `impl` is never scoped, even when it is nested inside an item, as it may impact type checking outside of that item, which can be the case if neither the trait or the self type are at the same nesting level as the `impl`
[INFO] [stdout]    = note: items in an anonymous const item (`const _: () = { ... }`) are treated as in the same scope as the anonymous const's declaration for the purpose of this lint
[INFO] [stdout]    = note: this warning originates in the attribute macro `typetag::serde` (in Nightly builds, run with -Z macro-backtrace for more info)
[INFO] [stdout] 
[INFO] [stdout] 
[INFO] [stdout] warning: non-local `impl` definition, `impl` blocks should be written at the same level as their item
[INFO] [stdout]   --> src/transformation.rs:45:1
[INFO] [stdout]    |
[INFO] [stdout] 45 | #[typetag::serde]
[INFO] [stdout]    | ^^^^^^^^^^^^^^^^^
[INFO] [stdout]    | |
[INFO] [stdout]    | `Sync` is not local
[INFO] [stdout]    | `Serialize` is not local
[INFO] [stdout]    | move the `impl` block outside of this constant `_TransformationData_registry`
[INFO] [stdout] 46 | pub trait TransformationData {
[INFO] [stdout]    |           ------------------ `TransformationData` is not local
[INFO] [stdout]    |
[INFO] [stdout]    = note: the attribute macro `typetag::serde` defines the non-local `impl`, and may need to be changed
[INFO] [stdout]    = note: the attribute macro `typetag::serde` may come from an old version of the `typetag_impl` crate, try updating your dependency with `cargo update -p typetag_impl`
[INFO] [stdout]    = note: an `impl` is never scoped, even when it is nested inside an item, as it may impact type checking outside of that item, which can be the case if neither the trait or the self type are at the same nesting level as the `impl`
[INFO] [stdout]    = note: items in an anonymous const item (`const _: () = { ... }`) are treated as in the same scope as the anonymous const's declaration for the purpose of this lint
[INFO] [stdout]    = note: this warning originates in the attribute macro `typetag::serde` (in Nightly builds, run with -Z macro-backtrace for more info)
[INFO] [stdout] 
[INFO] [stdout] 
[INFO] [stdout] warning: non-local `impl` definition, `impl` blocks should be written at the same level as their item
[INFO] [stdout]   --> src/transformation.rs:45:1
[INFO] [stdout]    |
[INFO] [stdout] 45 | #[typetag::serde]
[INFO] [stdout]    | ^^^^^^^^^^^^^^^^^
[INFO] [stdout]    | |
[INFO] [stdout]    | `Send` is not local
[INFO] [stdout]    | `Sync` is not local
[INFO] [stdout]    | `Serialize` is not local
[INFO] [stdout]    | move the `impl` block outside of this constant `_TransformationData_registry`
[INFO] [stdout] 46 | pub trait TransformationData {
[INFO] [stdout]    |           ------------------ `TransformationData` is not local
[INFO] [stdout]    |
[INFO] [stdout]    = note: the attribute macro `typetag::serde` defines the non-local `impl`, and may need to be changed
[INFO] [stdout]    = note: the attribute macro `typetag::serde` may come from an old version of the `typetag_impl` crate, try updating your dependency with `cargo update -p typetag_impl`
[INFO] [stdout]    = note: an `impl` is never scoped, even when it is nested inside an item, as it may impact type checking outside of that item, which can be the case if neither the trait or the self type are at the same nesting level as the `impl`
[INFO] [stdout]    = note: items in an anonymous const item (`const _: () = { ... }`) are treated as in the same scope as the anonymous const's declaration for the purpose of this lint
[INFO] [stdout]    = note: this warning originates in the attribute macro `typetag::serde` (in Nightly builds, run with -Z macro-backtrace for more info)
[INFO] [stdout] 
[INFO] [stdout] 
[INFO] [stdout] warning: non-local `impl` definition, `impl` blocks should be written at the same level as their item
[INFO] [stdout]   --> src/transformation.rs:45:1
[INFO] [stdout]    |
[INFO] [stdout] 45 | #[typetag::serde]
[INFO] [stdout]    | ^^^^^^^^^^^^^^^^^ move the `impl` block outside of this constant `_TransformationData_registry`
[INFO] [stdout] 46 | pub trait TransformationData {
[INFO] [stdout]    |           ------------------ `TransformationData` is not local
[INFO] [stdout]    |
[INFO] [stdout]    = note: the attribute macro `typetag::serde` defines the non-local `impl`, and may need to be changed
[INFO] [stdout]    = note: the attribute macro `typetag::serde` may come from an old version of the `typetag_impl` crate, try updating your dependency with `cargo update -p typetag_impl`
[INFO] [stdout]    = note: an `impl` is never scoped, even when it is nested inside an item, as it may impact type checking outside of that item, which can be the case if neither the trait or the self type are at the same nesting level as the `impl`
[INFO] [stdout]    = note: items in an anonymous const item (`const _: () = { ... }`) are treated as in the same scope as the anonymous const's declaration for the purpose of this lint
[INFO] [stdout]    = note: this warning originates in the attribute macro `typetag::serde` (in Nightly builds, run with -Z macro-backtrace for more info)
[INFO] [stdout] 
[INFO] [stdout] 
[INFO] [stdout] warning: non-local `impl` definition, `impl` blocks should be written at the same level as their item
[INFO] [stdout]   --> src/transformation.rs:45:1
[INFO] [stdout]    |
[INFO] [stdout] 45 | #[typetag::serde]
[INFO] [stdout]    | ^^^^^^^^^^^^^^^^^
[INFO] [stdout]    | |
[INFO] [stdout]    | `Strictest` is not local
[INFO] [stdout]    | move the `impl` block outside of this constant `_TransformationData_registry`
[INFO] [stdout] 46 | pub trait TransformationData {
[INFO] [stdout]    |           ------------------ `TransformationData` is not local
[INFO] [stdout]    |
[INFO] [stdout]    = note: the attribute macro `typetag::serde` defines the non-local `impl`, and may need to be changed
[INFO] [stdout]    = note: the attribute macro `typetag::serde` may come from an old version of the `typetag_impl` crate, try updating your dependency with `cargo update -p typetag_impl`
[INFO] [stdout]    = note: an `impl` is never scoped, even when it is nested inside an item, as it may impact type checking outside of that item, which can be the case if neither the trait or the self type are at the same nesting level as the `impl`
[INFO] [stdout]    = note: items in an anonymous const item (`const _: () = { ... }`) are treated as in the same scope as the anonymous const's declaration for the purpose of this lint
[INFO] [stdout]    = note: this warning originates in the attribute macro `typetag::serde` (in Nightly builds, run with -Z macro-backtrace for more info)
[INFO] [stdout] 
[INFO] [stdout] 
[INFO] [stdout] warning: non-local `impl` definition, `impl` blocks should be written at the same level as their item
[INFO] [stdout]   --> src/transformation.rs:45:1
[INFO] [stdout]    |
[INFO] [stdout] 45 | #[typetag::serde]
[INFO] [stdout]    | -^^^^^^^^^^^^^^^^
[INFO] [stdout]    | |
[INFO] [stdout]    | `Box` is not local
[INFO] [stdout]    | `Deserialize` is not local
[INFO] [stdout]    | move the `impl` block outside of this constant `_TransformationData_registry`
[INFO] [stdout] 46 | pub trait TransformationData {
[INFO] [stdout]    |           ------------------ `TransformationData` is not local
[INFO] [stdout]    |
[INFO] [stdout]    = note: the attribute macro `typetag::serde` defines the non-local `impl`, and may need to be changed
[INFO] [stdout]    = note: the attribute macro `typetag::serde` may come from an old version of the `typetag_impl` crate, try updating your dependency with `cargo update -p typetag_impl`
[INFO] [stdout]    = note: an `impl` is never scoped, even when it is nested inside an item, as it may impact type checking outside of that item, which can be the case if neither the trait or the self type are at the same nesting level as the `impl`
[INFO] [stdout]    = note: items in an anonymous const item (`const _: () = { ... }`) are treated as in the same scope as the anonymous const's declaration for the purpose of this lint
[INFO] [stdout]    = note: this warning originates in the attribute macro `typetag::serde` (in Nightly builds, run with -Z macro-backtrace for more info)
[INFO] [stdout] 
[INFO] [stdout] 
[INFO] [stderr]    Compiling predicates v3.0.3
[INFO] [stderr]    Compiling predicates-tree v1.0.9
[INFO] [stderr]    Compiling bstr v1.5.0
[INFO] [stderr]    Compiling assert_cmd v2.0.11
[INFO] [stderr]    Compiling ofnil v0.1.0 (/opt/rustwide/workdir)
[INFO] [stdout] warning: unused import: `error`
[INFO] [stdout]  --> src/feature_registry.rs:4:11
[INFO] [stdout]   |
[INFO] [stdout] 4 | use log::{error, info};
[INFO] [stdout]   |           ^^^^^
[INFO] [stdout]   |
[INFO] [stdout]   = note: `#[warn(unused_imports)]` (part of `#[warn(unused)]`) on by default
[INFO] [stdout] 
[INFO] [stdout] 
[INFO] [stdout] warning: this function depends on never type fallback being `()`
[INFO] [stdout]   --> src/infra/connectors/kv/redis/redis_row_sink.rs:50:5
[INFO] [stdout]    |
[INFO] [stdout] 50 |     async fn write(&mut self, record: Row) -> SeResult<()> {
[INFO] [stdout]    |     ^^^^^
[INFO] [stdout]    |
[INFO] [stdout]    = help: specify the types explicitly
[INFO] [stdout] note: in edition 2024, the requirement `!: FromRedisValue` will fail
[INFO] [stdout]   --> src/infra/connectors/kv/redis/redis_row_sink.rs:62:33
[INFO] [stdout]    |
[INFO] [stdout] 62 |                 self.redis_conn.set(key, record.get(idx + FIELD_OFFSET))?;
[INFO] [stdout]    |                                 ^^^
[INFO] [stdout]    = warning: this was previously accepted by the compiler but is being phased out; it will become a hard error in Rust 2024 and in a future release in all editions!
[INFO] [stdout]    = note: for more information, see <https://doc.rust-lang.org/edition-guide/rust-2024/never-type-fallback.html>
[INFO] [stdout]    = note: `#[warn(dependency_on_unit_never_type_fallback)]` (part of `#[warn(rust_2024_compatibility)]`) on by default
[INFO] [stdout] help: use `()` annotations to avoid fallback changes
[INFO] [stdout]    |
[INFO] [stdout] 62 |                 self.redis_conn.set::<_, _, ()>(key, record.get(idx + FIELD_OFFSET))?;
[INFO] [stdout]    |                                    ++++++++++++
[INFO] [stdout] 
[INFO] [stdout] 
[INFO] [stdout] warning: methods `cypher_to_graph`, `cypher_to_dataframe`, `get_input_schema`, and `get_fv` are never used
[INFO] [stdout]   --> src/transformation/cypher_result.rs:19:8
[INFO] [stdout]    |
[INFO] [stdout] 18 | pub trait CypherTransformation {
[INFO] [stdout]    |           -------------------- methods in this trait
[INFO] [stdout] 19 |     fn cypher_to_graph(
[INFO] [stdout]    |        ^^^^^^^^^^^^^^^
[INFO] [stdout] ...
[INFO] [stdout] 24 |     fn cypher_to_dataframe(
[INFO] [stdout]    |        ^^^^^^^^^^^^^^^^^^^
[INFO] [stdout] ...
[INFO] [stdout] 29 |     fn get_input_schema(&self) -> InputSchema;
[INFO] [stdout]    |        ^^^^^^^^^^^^^^^^
[INFO] [stdout] 30 |     fn get_fv(&self, tlabel: Option<String>, entity_type: &str) -> Option<(String, Vec<Field>)>;
[INFO] [stdout]    |        ^^^^^^
[INFO] [stdout]    |
[INFO] [stdout]    = note: `#[warn(dead_code)]` (part of `#[warn(unused)]`) on by default
[INFO] [stdout] 
[INFO] [stdout] 
[INFO] [stdout] warning: methods `get_node_schema` and `get_edge_schema` are never used
[INFO] [stdout]    --> src/transformation/schema.rs:114:19
[INFO] [stdout]     |
[INFO] [stdout] 105 | impl GraphSchema {
[INFO] [stdout]     | ---------------- methods in this implementation
[INFO] [stdout] ...
[INFO] [stdout] 114 |     pub(crate) fn get_node_schema(&self) -> (&GraphSchemaEntity, &GraphSchemaEntity) {
[INFO] [stdout]     |                   ^^^^^^^^^^^^^^^
[INFO] [stdout] ...
[INFO] [stdout] 118 |     pub(crate) fn get_edge_schema(&self) -> &GraphSchemaEntity {
[INFO] [stdout]     |                   ^^^^^^^^^^^^^^^
[INFO] [stdout] 
[INFO] [stdout] 
[INFO] [stdout] warning: non-local `impl` definition, `impl` blocks should be written at the same level as their item
[INFO] [stdout]   --> src/python.rs:23:1
[INFO] [stdout]    |
[INFO] [stdout] 23 | #[pymethods]
[INFO] [stdout]    | -^^^^^^^^^^^
[INFO] [stdout]    | |
[INFO] [stdout]    | `PyClassImplCollector` is not local
[INFO] [stdout]    | `PyClassNewTextSignature` is not local
[INFO] [stdout]    | move the `impl` block outside of this function `trampoline` and up 4 bodies
[INFO] [stdout] 24 | impl ClientInner {
[INFO] [stdout]    |      -----------
[INFO] [stdout]    |      |
[INFO] [stdout]    |      `ClientInner` is not local
[INFO] [stdout]    |      `ClientInner` is not local
[INFO] [stdout]    |
[INFO] [stdout]    = note: the attribute macro `pymethods` defines the non-local `impl`, and may need to be changed
[INFO] [stdout]    = note: the attribute macro `pymethods` may come from an old version of the `pyo3_macros` crate, try updating your dependency with `cargo update -p pyo3_macros`
[INFO] [stdout]    = note: an `impl` is never scoped, even when it is nested inside an item, as it may impact type checking outside of that item, which can be the case if neither the trait or the self type are at the same nesting level as the `impl`
[INFO] [stdout]    = note: `#[warn(non_local_definitions)]` on by default
[INFO] [stdout]    = note: this warning originates in the attribute macro `pymethods` (in Nightly builds, run with -Z macro-backtrace for more info)
[INFO] [stdout] 
[INFO] [stdout] 
[INFO] [stdout] warning: non-local `impl` definition, `impl` blocks should be written at the same level as their item
[INFO] [stdout]   --> src/python/transformation.rs:20:1
[INFO] [stdout]    |
[INFO] [stdout] 20 | #[pymethods]
[INFO] [stdout]    | -^^^^^^^^^^^
[INFO] [stdout]    | |
[INFO] [stdout]    | `PyClassImplCollector` is not local
[INFO] [stdout]    | `PyClassNewTextSignature` is not local
[INFO] [stdout]    | move the `impl` block outside of this function `trampoline` and up 4 bodies
[INFO] [stdout] 21 | impl PyPipelineContext {
[INFO] [stdout]    |      -----------------
[INFO] [stdout]    |      |
[INFO] [stdout]    |      `PyPipelineContext` is not local
[INFO] [stdout]    |      `PyPipelineContext` is not local
[INFO] [stdout]    |
[INFO] [stdout]    = note: the attribute macro `pymethods` defines the non-local `impl`, and may need to be changed
[INFO] [stdout]    = note: the attribute macro `pymethods` may come from an old version of the `pyo3_macros` crate, try updating your dependency with `cargo update -p pyo3_macros`
[INFO] [stdout]    = note: an `impl` is never scoped, even when it is nested inside an item, as it may impact type checking outside of that item, which can be the case if neither the trait or the self type are at the same nesting level as the `impl`
[INFO] [stdout]    = note: this warning originates in the attribute macro `pymethods` (in Nightly builds, run with -Z macro-backtrace for more info)
[INFO] [stdout] 
[INFO] [stdout] 
[INFO] [stdout] warning: hiding a lifetime that's elided elsewhere is confusing
[INFO] [stdout]    --> src/infra/connectors/gdb/neo4j/neo4j_database_provider.rs:204:9
[INFO] [stdout]     |
[INFO] [stdout] 204 |         &self,
[INFO] [stdout]     |         ^^^^^ the lifetime is elided here
[INFO] [stdout] 205 |     ) -> Result<PooledConnection<Manager>, Box<Neo4jDatabaseProviderError>> {
[INFO] [stdout]     |                 ^^^^^^^^^^^^^^^^^^^^^^^^^ the same lifetime is hidden here
[INFO] [stdout]     |
[INFO] [stdout]     = help: the same lifetime is referred to in inconsistent ways, making the signature confusing
[INFO] [stdout]     = note: `#[warn(mismatched_lifetime_syntaxes)]` on by default
[INFO] [stdout] help: use `'_` for type paths
[INFO] [stdout]     |
[INFO] [stdout] 205 |     ) -> Result<PooledConnection<'_, Manager>, Box<Neo4jDatabaseProviderError>> {
[INFO] [stdout]     |                                  +++
[INFO] [stdout] 
[INFO] [stdout] 
[INFO] [stdout] warning: hiding a lifetime that's named elsewhere is confusing
[INFO] [stdout]   --> src/infra/pi/storage/sink.rs:24:56
[INFO] [stdout]    |
[INFO] [stdout] 24 |     async fn create_write_collector(&self) -> SeResult<WriteCollector<T>> {
[INFO] [stdout]    |                                     -                  ^^^^^^^^^^^^^^^^^ the same lifetime is hidden here
[INFO] [stdout]    |                                     |
[INFO] [stdout]    |                                     the lifetime is named here
[INFO] [stdout]    |
[INFO] [stdout]    = help: the same lifetime is referred to in inconsistent ways, making the signature confusing
[INFO] [stdout] help: consistently use `'life0`
[INFO] [stdout]    |
[INFO] [stdout] 24 |     async fn create_write_collector(&self) -> SeResult<WriteCollector<'life0, T>> {
[INFO] [stdout]    |                                                                       +++++++
[INFO] [stdout] 
[INFO] [stdout] 
[INFO] [stdout] warning: non-local `impl` definition, `impl` blocks should be written at the same level as their item
[INFO] [stdout]   --> src/serving.rs:42:1
[INFO] [stdout]    |
[INFO] [stdout] 42 | #[pymethods]
[INFO] [stdout]    | -^^^^^^^^^^^
[INFO] [stdout]    | |
[INFO] [stdout]    | `PyClassImplCollector` is not local
[INFO] [stdout]    | `PyClassNewTextSignature` is not local
[INFO] [stdout]    | move the `impl` block outside of this function `trampoline` and up 4 bodies
[INFO] [stdout] 43 | impl GraphDatasetRenderingOptions {
[INFO] [stdout]    |      ----------------------------
[INFO] [stdout]    |      |
[INFO] [stdout]    |      `GraphDatasetRenderingOptions` is not local
[INFO] [stdout]    |      `GraphDatasetRenderingOptions` is not local
[INFO] [stdout]    |
[INFO] [stdout]    = note: the attribute macro `pymethods` defines the non-local `impl`, and may need to be changed
[INFO] [stdout]    = note: the attribute macro `pymethods` may come from an old version of the `pyo3_macros` crate, try updating your dependency with `cargo update -p pyo3_macros`
[INFO] [stdout]    = note: an `impl` is never scoped, even when it is nested inside an item, as it may impact type checking outside of that item, which can be the case if neither the trait or the self type are at the same nesting level as the `impl`
[INFO] [stdout]    = note: this warning originates in the attribute macro `pymethods` (in Nightly builds, run with -Z macro-backtrace for more info)
[INFO] [stdout] 
[INFO] [stdout] 
[INFO] [stdout] warning: non-local `impl` definition, `impl` blocks should be written at the same level as their item
[INFO] [stdout]   --> src/serving.rs:66:1
[INFO] [stdout]    |
[INFO] [stdout] 66 | #[pymethods]
[INFO] [stdout]    | -^^^^^^^^^^^
[INFO] [stdout]    | |
[INFO] [stdout]    | `PyClassImplCollector` is not local
[INFO] [stdout]    | `PyClassNewTextSignature` is not local
[INFO] [stdout]    | move the `impl` block outside of this function `trampoline` and up 4 bodies
[INFO] [stdout] 67 | impl FeatureRenderingOptions {
[INFO] [stdout]    |      -----------------------
[INFO] [stdout]    |      |
[INFO] [stdout]    |      `FeatureRenderingOptions` is not local
[INFO] [stdout]    |      `FeatureRenderingOptions` is not local
[INFO] [stdout]    |
[INFO] [stdout]    = note: the attribute macro `pymethods` defines the non-local `impl`, and may need to be changed
[INFO] [stdout]    = note: the attribute macro `pymethods` may come from an old version of the `pyo3_macros` crate, try updating your dependency with `cargo update -p pyo3_macros`
[INFO] [stdout]    = note: an `impl` is never scoped, even when it is nested inside an item, as it may impact type checking outside of that item, which can be the case if neither the trait or the self type are at the same nesting level as the `impl`
[INFO] [stdout]    = note: this warning originates in the attribute macro `pymethods` (in Nightly builds, run with -Z macro-backtrace for more info)
[INFO] [stdout] 
[INFO] [stdout] 
[INFO] [stdout] warning: non-local `impl` definition, `impl` blocks should be written at the same level as their item
[INFO] [stdout]   --> src/serving.rs:83:1
[INFO] [stdout]    |
[INFO] [stdout] 83 | #[pymethods]
[INFO] [stdout]    | -^^^^^^^^^^^
[INFO] [stdout]    | |
[INFO] [stdout]    | `PyClassImplCollector` is not local
[INFO] [stdout]    | `PyClassNewTextSignature` is not local
[INFO] [stdout]    | move the `impl` block outside of this function `trampoline` and up 4 bodies
[INFO] [stdout] 84 | impl TopologyRenderingOptions {
[INFO] [stdout]    |      ------------------------
[INFO] [stdout]    |      |
[INFO] [stdout]    |      `TopologyRenderingOptions` is not local
[INFO] [stdout]    |      `TopologyRenderingOptions` is not local
[INFO] [stdout]    |
[INFO] [stdout]    = note: the attribute macro `pymethods` defines the non-local `impl`, and may need to be changed
[INFO] [stdout]    = note: the attribute macro `pymethods` may come from an old version of the `pyo3_macros` crate, try updating your dependency with `cargo update -p pyo3_macros`
[INFO] [stdout]    = note: an `impl` is never scoped, even when it is nested inside an item, as it may impact type checking outside of that item, which can be the case if neither the trait or the self type are at the same nesting level as the `impl`
[INFO] [stdout]    = note: this warning originates in the attribute macro `pymethods` (in Nightly builds, run with -Z macro-backtrace for more info)
[INFO] [stdout] 
[INFO] [stdout] 
[INFO] [stdout] warning: non-local `impl` definition, `impl` blocks should be written at the same level as their item
[INFO] [stdout]   --> src/serving/sampling_conf.rs:46:1
[INFO] [stdout]    |
[INFO] [stdout] 46 | #[pymethods]
[INFO] [stdout]    | -^^^^^^^^^^^
[INFO] [stdout]    | |
[INFO] [stdout]    | `PyClassImplCollector` is not local
[INFO] [stdout]    | `PyClassNewTextSignature` is not local
[INFO] [stdout]    | move the `impl` block outside of this function `trampoline` and up 4 bodies
[INFO] [stdout] 47 | impl NeighborSamplingConf {
[INFO] [stdout]    |      --------------------
[INFO] [stdout]    |      |
[INFO] [stdout]    |      `NeighborSamplingConf` is not local
[INFO] [stdout]    |      `NeighborSamplingConf` is not local
[INFO] [stdout]    |
[INFO] [stdout]    = note: the attribute macro `pymethods` defines the non-local `impl`, and may need to be changed
[INFO] [stdout]    = note: the attribute macro `pymethods` may come from an old version of the `pyo3_macros` crate, try updating your dependency with `cargo update -p pyo3_macros`
[INFO] [stdout]    = note: an `impl` is never scoped, even when it is nested inside an item, as it may impact type checking outside of that item, which can be the case if neither the trait or the self type are at the same nesting level as the `impl`
[INFO] [stdout]    = note: this warning originates in the attribute macro `pymethods` (in Nightly builds, run with -Z macro-backtrace for more info)
[INFO] [stdout] 
[INFO] [stdout] 
[INFO] [stdout] warning: non-local `impl` definition, `impl` blocks should be written at the same level as their item
[INFO] [stdout]   --> src/transformation.rs:45:1
[INFO] [stdout]    |
[INFO] [stdout] 45 | #[typetag::serde]
[INFO] [stdout]    | ^^^^^^^^^^^^^^^^^
[INFO] [stdout]    | |
[INFO] [stdout]    | `Serialize` is not local
[INFO] [stdout]    | move the `impl` block outside of this constant `_TransformationData_registry`
[INFO] [stdout] 46 | pub trait TransformationData {
[INFO] [stdout]    |           ------------------ `TransformationData` is not local
[INFO] [stdout]    |
[INFO] [stdout]    = note: the attribute macro `typetag::serde` defines the non-local `impl`, and may need to be changed
[INFO] [stdout]    = note: the attribute macro `typetag::serde` may come from an old version of the `typetag_impl` crate, try updating your dependency with `cargo update -p typetag_impl`
[INFO] [stdout]    = note: an `impl` is never scoped, even when it is nested inside an item, as it may impact type checking outside of that item, which can be the case if neither the trait or the self type are at the same nesting level as the `impl`
[INFO] [stdout]    = note: items in an anonymous const item (`const _: () = { ... }`) are treated as in the same scope as the anonymous const's declaration for the purpose of this lint
[INFO] [stdout]    = note: this warning originates in the attribute macro `typetag::serde` (in Nightly builds, run with -Z macro-backtrace for more info)
[INFO] [stdout] 
[INFO] [stdout] 
[INFO] [stdout] warning: non-local `impl` definition, `impl` blocks should be written at the same level as their item
[INFO] [stdout]   --> src/transformation.rs:45:1
[INFO] [stdout]    |
[INFO] [stdout] 45 | #[typetag::serde]
[INFO] [stdout]    | ^^^^^^^^^^^^^^^^^
[INFO] [stdout]    | |
[INFO] [stdout]    | `Send` is not local
[INFO] [stdout]    | `Serialize` is not local
[INFO] [stdout]    | move the `impl` block outside of this constant `_TransformationData_registry`
[INFO] [stdout] 46 | pub trait TransformationData {
[INFO] [stdout]    |           ------------------ `TransformationData` is not local
[INFO] [stdout]    |
[INFO] [stdout]    = note: the attribute macro `typetag::serde` defines the non-local `impl`, and may need to be changed
[INFO] [stdout]    = note: the attribute macro `typetag::serde` may come from an old version of the `typetag_impl` crate, try updating your dependency with `cargo update -p typetag_impl`
[INFO] [stdout]    = note: an `impl` is never scoped, even when it is nested inside an item, as it may impact type checking outside of that item, which can be the case if neither the trait or the self type are at the same nesting level as the `impl`
[INFO] [stdout]    = note: items in an anonymous const item (`const _: () = { ... }`) are treated as in the same scope as the anonymous const's declaration for the purpose of this lint
[INFO] [stdout]    = note: this warning originates in the attribute macro `typetag::serde` (in Nightly builds, run with -Z macro-backtrace for more info)
[INFO] [stdout] 
[INFO] [stdout] 
[INFO] [stdout] warning: non-local `impl` definition, `impl` blocks should be written at the same level as their item
[INFO] [stdout]   --> src/transformation.rs:45:1
[INFO] [stdout]    |
[INFO] [stdout] 45 | #[typetag::serde]
[INFO] [stdout]    | ^^^^^^^^^^^^^^^^^
[INFO] [stdout]    | |
[INFO] [stdout]    | `Sync` is not local
[INFO] [stdout]    | `Serialize` is not local
[INFO] [stdout]    | move the `impl` block outside of this constant `_TransformationData_registry`
[INFO] [stdout] 46 | pub trait TransformationData {
[INFO] [stdout]    |           ------------------ `TransformationData` is not local
[INFO] [stdout]    |
[INFO] [stdout]    = note: the attribute macro `typetag::serde` defines the non-local `impl`, and may need to be changed
[INFO] [stdout]    = note: the attribute macro `typetag::serde` may come from an old version of the `typetag_impl` crate, try updating your dependency with `cargo update -p typetag_impl`
[INFO] [stdout]    = note: an `impl` is never scoped, even when it is nested inside an item, as it may impact type checking outside of that item, which can be the case if neither the trait or the self type are at the same nesting level as the `impl`
[INFO] [stdout]    = note: items in an anonymous const item (`const _: () = { ... }`) are treated as in the same scope as the anonymous const's declaration for the purpose of this lint
[INFO] [stdout]    = note: this warning originates in the attribute macro `typetag::serde` (in Nightly builds, run with -Z macro-backtrace for more info)
[INFO] [stdout] 
[INFO] [stdout] 
[INFO] [stdout] warning: non-local `impl` definition, `impl` blocks should be written at the same level as their item
[INFO] [stdout]   --> src/transformation.rs:45:1
[INFO] [stdout]    |
[INFO] [stdout] 45 | #[typetag::serde]
[INFO] [stdout]    | ^^^^^^^^^^^^^^^^^
[INFO] [stdout]    | |
[INFO] [stdout]    | `Send` is not local
[INFO] [stdout]    | `Sync` is not local
[INFO] [stdout]    | `Serialize` is not local
[INFO] [stdout]    | move the `impl` block outside of this constant `_TransformationData_registry`
[INFO] [stdout] 46 | pub trait TransformationData {
[INFO] [stdout]    |           ------------------ `TransformationData` is not local
[INFO] [stdout]    |
[INFO] [stdout]    = note: the attribute macro `typetag::serde` defines the non-local `impl`, and may need to be changed
[INFO] [stdout]    = note: the attribute macro `typetag::serde` may come from an old version of the `typetag_impl` crate, try updating your dependency with `cargo update -p typetag_impl`
[INFO] [stdout]    = note: an `impl` is never scoped, even when it is nested inside an item, as it may impact type checking outside of that item, which can be the case if neither the trait or the self type are at the same nesting level as the `impl`
[INFO] [stdout]    = note: items in an anonymous const item (`const _: () = { ... }`) are treated as in the same scope as the anonymous const's declaration for the purpose of this lint
[INFO] [stdout]    = note: this warning originates in the attribute macro `typetag::serde` (in Nightly builds, run with -Z macro-backtrace for more info)
[INFO] [stdout] 
[INFO] [stdout] 
[INFO] [stdout] warning: non-local `impl` definition, `impl` blocks should be written at the same level as their item
[INFO] [stdout]   --> src/transformation.rs:45:1
[INFO] [stdout]    |
[INFO] [stdout] 45 | #[typetag::serde]
[INFO] [stdout]    | ^^^^^^^^^^^^^^^^^ move the `impl` block outside of this constant `_TransformationData_registry`
[INFO] [stdout] 46 | pub trait TransformationData {
[INFO] [stdout]    |           ------------------ `TransformationData` is not local
[INFO] [stdout]    |
[INFO] [stdout]    = note: the attribute macro `typetag::serde` defines the non-local `impl`, and may need to be changed
[INFO] [stdout]    = note: the attribute macro `typetag::serde` may come from an old version of the `typetag_impl` crate, try updating your dependency with `cargo update -p typetag_impl`
[INFO] [stdout]    = note: an `impl` is never scoped, even when it is nested inside an item, as it may impact type checking outside of that item, which can be the case if neither the trait or the self type are at the same nesting level as the `impl`
[INFO] [stdout]    = note: items in an anonymous const item (`const _: () = { ... }`) are treated as in the same scope as the anonymous const's declaration for the purpose of this lint
[INFO] [stdout]    = note: this warning originates in the attribute macro `typetag::serde` (in Nightly builds, run with -Z macro-backtrace for more info)
[INFO] [stdout] 
[INFO] [stdout] 
[INFO] [stdout] warning: non-local `impl` definition, `impl` blocks should be written at the same level as their item
[INFO] [stdout]   --> src/transformation.rs:45:1
[INFO] [stdout]    |
[INFO] [stdout] 45 | #[typetag::serde]
[INFO] [stdout]    | ^^^^^^^^^^^^^^^^^
[INFO] [stdout]    | |
[INFO] [stdout]    | `Strictest` is not local
[INFO] [stdout]    | move the `impl` block outside of this constant `_TransformationData_registry`
[INFO] [stdout] 46 | pub trait TransformationData {
[INFO] [stdout]    |           ------------------ `TransformationData` is not local
[INFO] [stdout]    |
[INFO] [stdout]    = note: the attribute macro `typetag::serde` defines the non-local `impl`, and may need to be changed
[INFO] [stdout]    = note: the attribute macro `typetag::serde` may come from an old version of the `typetag_impl` crate, try updating your dependency with `cargo update -p typetag_impl`
[INFO] [stdout]    = note: an `impl` is never scoped, even when it is nested inside an item, as it may impact type checking outside of that item, which can be the case if neither the trait or the self type are at the same nesting level as the `impl`
[INFO] [stdout]    = note: items in an anonymous const item (`const _: () = { ... }`) are treated as in the same scope as the anonymous const's declaration for the purpose of this lint
[INFO] [stdout]    = note: this warning originates in the attribute macro `typetag::serde` (in Nightly builds, run with -Z macro-backtrace for more info)
[INFO] [stdout] 
[INFO] [stdout] 
[INFO] [stdout] warning: non-local `impl` definition, `impl` blocks should be written at the same level as their item
[INFO] [stdout]   --> src/transformation.rs:45:1
[INFO] [stdout]    |
[INFO] [stdout] 45 | #[typetag::serde]
[INFO] [stdout]    | -^^^^^^^^^^^^^^^^
[INFO] [stdout]    | |
[INFO] [stdout]    | `Box` is not local
[INFO] [stdout]    | `Deserialize` is not local
[INFO] [stdout]    | move the `impl` block outside of this constant `_TransformationData_registry`
[INFO] [stdout] 46 | pub trait TransformationData {
[INFO] [stdout]    |           ------------------ `TransformationData` is not local
[INFO] [stdout]    |
[INFO] [stdout]    = note: the attribute macro `typetag::serde` defines the non-local `impl`, and may need to be changed
[INFO] [stdout]    = note: the attribute macro `typetag::serde` may come from an old version of the `typetag_impl` crate, try updating your dependency with `cargo update -p typetag_impl`
[INFO] [stdout]    = note: an `impl` is never scoped, even when it is nested inside an item, as it may impact type checking outside of that item, which can be the case if neither the trait or the self type are at the same nesting level as the `impl`
[INFO] [stdout]    = note: items in an anonymous const item (`const _: () = { ... }`) are treated as in the same scope as the anonymous const's declaration for the purpose of this lint
[INFO] [stdout]    = note: this warning originates in the attribute macro `typetag::serde` (in Nightly builds, run with -Z macro-backtrace for more info)
[INFO] [stdout] 
[INFO] [stdout] 
[INFO] [stderr]     Finished `test` profile [unoptimized + debuginfo] target(s) in 18.16s
[INFO] [stderr] warning: the following packages contain code that will be rejected by a future version of Rust: ofnil v0.1.0 (/opt/rustwide/workdir), redis v0.23.0
[INFO] [stderr] note: to see what the problems were, use the option `--future-incompat-report`, or run `cargo report future-incompatibilities --id 8`
[INFO] running `Command { std: "docker" "inspect" "0122af3e88719d0286afc5215ca360a094718efaa6f9ad366ffc0e36fb41bdae", kill_on_drop: false }`
[INFO] running `Command { std: "docker" "exec" "-e" "SOURCE_DIR=/opt/rustwide/workdir" "-e" "CARGO_HOME=/opt/rustwide/cargo-home" "-e" "RUSTUP_HOME=/opt/rustwide/rustup-home" "-e" "CARGO_TARGET_DIR=/opt/rustwide/target" "-e" "CARGO_INCREMENTAL=0" "-e" "RUST_BACKTRACE=full" "-e" "RUSTFLAGS=--cap-lints=warn" "-e" "RUSTDOCFLAGS=--cap-lints=warn" "-w" "/opt/rustwide/workdir" "--user" "0:0" "0122af3e88719d0286afc5215ca360a094718efaa6f9ad366ffc0e36fb41bdae" "/opt/rustwide/cargo-home/bin/cargo" "+1.99.0-beta.8" "test" "--frozen", kill_on_drop: false }`
[INFO] [stderr] warning: unused import: `error`
[INFO] [stderr]  --> src/feature_registry.rs:4:11
[INFO] [stderr]   |
[INFO] [stderr] 4 | use log::{error, info};
[INFO] [stderr]   |           ^^^^^
[INFO] [stderr]   |
[INFO] [stderr]   = note: `#[warn(unused_imports)]` (part of `#[warn(unused)]`) on by default
[INFO] [stderr] 
[INFO] [stderr] warning: this function depends on never type fallback being `()`
[INFO] [stderr]   --> src/infra/connectors/kv/redis/redis_row_sink.rs:50:5
[INFO] [stderr]    |
[INFO] [stderr] 50 |     async fn write(&mut self, record: Row) -> SeResult<()> {
[INFO] [stderr]    |     ^^^^^
[INFO] [stderr]    |
[INFO] [stderr]    = help: specify the types explicitly
[INFO] [stderr] note: in edition 2024, the requirement `!: FromRedisValue` will fail
[INFO] [stderr]   --> src/infra/connectors/kv/redis/redis_row_sink.rs:62:33
[INFO] [stderr]    |
[INFO] [stderr] 62 |                 self.redis_conn.set(key, record.get(idx + FIELD_OFFSET))?;
[INFO] [stderr]    |                                 ^^^
[INFO] [stderr]    = warning: this was previously accepted by the compiler but is being phased out; it will become a hard error in Rust 2024 and in a future release in all editions!
[INFO] [stderr]    = note: for more information, see <https://doc.rust-lang.org/edition-guide/rust-2024/never-type-fallback.html>
[INFO] [stderr]    = note: `#[warn(dependency_on_unit_never_type_fallback)]` (part of `#[warn(rust_2024_compatibility)]`) on by default
[INFO] [stderr] help: use `()` annotations to avoid fallback changes
[INFO] [stderr]    |
[INFO] [stderr] 62 |                 self.redis_conn.set::<_, _, ()>(key, record.get(idx + FIELD_OFFSET))?;
[INFO] [stderr]    |                                    ++++++++++++
[INFO] [stderr] 
[INFO] [stderr] warning: methods `cypher_to_graph`, `cypher_to_dataframe`, `get_input_schema`, and `get_fv` are never used
[INFO] [stderr]   --> src/transformation/cypher_result.rs:19:8
[INFO] [stderr]    |
[INFO] [stderr] 18 | pub trait CypherTransformation {
[INFO] [stderr]    |           -------------------- methods in this trait
[INFO] [stderr] 19 |     fn cypher_to_graph(
[INFO] [stderr]    |        ^^^^^^^^^^^^^^^
[INFO] [stderr] ...
[INFO] [stderr] 24 |     fn cypher_to_dataframe(
[INFO] [stderr]    |        ^^^^^^^^^^^^^^^^^^^
[INFO] [stderr] ...
[INFO] [stderr] 29 |     fn get_input_schema(&self) -> InputSchema;
[INFO] [stderr]    |        ^^^^^^^^^^^^^^^^
[INFO] [stderr] 30 |     fn get_fv(&self, tlabel: Option<String>, entity_type: &str) -> Option<(String, Vec<Field>)>;
[INFO] [stderr]    |        ^^^^^^
[INFO] [stderr]    |
[INFO] [stderr]    = note: `#[warn(dead_code)]` (part of `#[warn(unused)]`) on by default
[INFO] [stderr] 
[INFO] [stderr] warning: struct `EachResult` is never constructed
[INFO] [stderr]   --> src/transformation/result_handler.rs:16:8
[INFO] [stderr]    |
[INFO] [stderr] 16 | struct EachResult {
[INFO] [stderr]    |        ^^^^^^^^^^
[INFO] [stderr] 
[INFO] [stderr] warning: enum `ResultError` is never used
[INFO] [stderr]   --> src/transformation/result_handler.rs:22:6
[INFO] [stderr]    |
[INFO] [stderr] 22 | enum ResultError {
[INFO] [stderr]    |      ^^^^^^^^^^^
[INFO] [stderr] 
[INFO] [stderr] warning: trait `ResultHandler` is never used
[INFO] [stderr]   --> src/transformation/result_handler.rs:32:7
[INFO] [stderr]    |
[INFO] [stderr] 32 | trait ResultHandler {
[INFO] [stderr]    |       ^^^^^^^^^^^^^
[INFO] [stderr] 
[INFO] [stderr] warning: fields `bolt_conn`, `path`, `pulling_size`, `msg`, and `status` are never read
[INFO] [stderr]   --> src/transformation/result_handler.rs:82:5
[INFO] [stderr]    |
[INFO] [stderr] 81 | struct CSVWriter<'a> {
[INFO] [stderr]    |        --------- fields in this struct
[INFO] [stderr] 82 |     bolt_conn: PooledConnection<'a, Manager>,
[INFO] [stderr]    |     ^^^^^^^^^
[INFO] [stderr] 83 |     path: String,
[INFO] [stderr]    |     ^^^^
[INFO] [stderr] 84 |     pulling_size: i32, //size of pulling buffer
[INFO] [stderr]    |     ^^^^^^^^^^^^
[INFO] [stderr] 85 |     msg: Message,
[INFO] [stderr]    |     ^^^
[INFO] [stderr] 86 |     status: bool,
[INFO] [stderr]    |     ^^^^^^
[INFO] [stderr] 
[INFO] [stderr] warning: fields `src`, `dst`, and `edge` are never read
[INFO] [stderr]    --> src/transformation/schema.rs:100:16
[INFO] [stderr]     |
[INFO] [stderr]  99 | pub struct GraphSchema {
[INFO] [stderr]     |            ----------- fields in this struct
[INFO] [stderr] 100 |     pub(crate) src: GraphSchemaEntity,
[INFO] [stderr]     |                ^^^
[INFO] [stderr] 101 |     pub(crate) dst: GraphSchemaEntity,
[INFO] [stderr]     |                ^^^
[INFO] [stderr] 102 |     pub(crate) edge: GraphSchemaEntity,
[INFO] [stderr]     |                ^^^^
[INFO] [stderr]     |
[INFO] [stderr]     = note: `GraphSchema` has a derived impl for the trait `Debug`, but this is intentionally ignored during dead code analysis
[INFO] [stderr] 
[INFO] [stderr] warning: methods `get_node_schema` and `get_edge_schema` are never used
[INFO] [stderr]    --> src/transformation/schema.rs:114:19
[INFO] [stderr]     |
[INFO] [stderr] 105 | impl GraphSchema {
[INFO] [stderr]     | ---------------- methods in this implementation
[INFO] [stderr] ...
[INFO] [stderr] 114 |     pub(crate) fn get_node_schema(&self) -> (&GraphSchemaEntity, &GraphSchemaEntity) {
[INFO] [stderr]     |                   ^^^^^^^^^^^^^^^
[INFO] [stderr] ...
[INFO] [stderr] 118 |     pub(crate) fn get_edge_schema(&self) -> &GraphSchemaEntity {
[INFO] [stderr]     |                   ^^^^^^^^^^^^^^^
[INFO] [stderr] 
[INFO] [stderr] warning: non-local `impl` definition, `impl` blocks should be written at the same level as their item
[INFO] [stderr]   --> src/python.rs:23:1
[INFO] [stderr]    |
[INFO] [stderr] 23 | #[pymethods]
[INFO] [stderr]    | -^^^^^^^^^^^
[INFO] [stderr]    | |
[INFO] [stderr]    | `PyClassImplCollector` is not local
[INFO] [stderr]    | `PyClassNewTextSignature` is not local
[INFO] [stderr]    | move the `impl` block outside of this function `trampoline` and up 4 bodies
[INFO] [stderr] 24 | impl ClientInner {
[INFO] [stderr]    |      -----------
[INFO] [stderr]    |      |
[INFO] [stderr]    |      `ClientInner` is not local
[INFO] [stderr]    |      `ClientInner` is not local
[INFO] [stderr]    |
[INFO] [stderr]    = note: the attribute macro `pymethods` defines the non-local `impl`, and may need to be changed
[INFO] [stderr]    = note: the attribute macro `pymethods` may come from an old version of the `pyo3_macros` crate, try updating your dependency with `cargo update -p pyo3_macros`
[INFO] [stderr]    = note: an `impl` is never scoped, even when it is nested inside an item, as it may impact type checking outside of that item, which can be the case if neither the trait or the self type are at the same nesting level as the `impl`
[INFO] [stderr]    = note: `#[warn(non_local_definitions)]` on by default
[INFO] [stderr]    = note: this warning originates in the attribute macro `pymethods` (in Nightly builds, run with -Z macro-backtrace for more info)
[INFO] [stderr] 
[INFO] [stderr] warning: non-local `impl` definition, `impl` blocks should be written at the same level as their item
[INFO] [stderr]   --> src/python/transformation.rs:20:1
[INFO] [stderr]    |
[INFO] [stderr] 20 | #[pymethods]
[INFO] [stderr]    | -^^^^^^^^^^^
[INFO] [stderr]    | |
[INFO] [stderr]    | `PyClassImplCollector` is not local
[INFO] [stderr]    | `PyClassNewTextSignature` is not local
[INFO] [stderr]    | move the `impl` block outside of this function `trampoline` and up 4 bodies
[INFO] [stderr] 21 | impl PyPipelineContext {
[INFO] [stderr]    |      -----------------
[INFO] [stderr]    |      |
[INFO] [stderr]    |      `PyPipelineContext` is not local
[INFO] [stderr]    |      `PyPipelineContext` is not local
[INFO] [stderr]    |
[INFO] [stderr]    = note: the attribute macro `pymethods` defines the non-local `impl`, and may need to be changed
[INFO] [stderr]    = note: the attribute macro `pymethods` may come from an old version of the `pyo3_macros` crate, try updating your dependency with `cargo update -p pyo3_macros`
[INFO] [stderr]    = note: an `impl` is never scoped, even when it is nested inside an item, as it may impact type checking outside of that item, which can be the case if neither the trait or the self type are at the same nesting level as the `impl`
[INFO] [stderr]    = note: this warning originates in the attribute macro `pymethods` (in Nightly builds, run with -Z macro-backtrace for more info)
[INFO] [stderr] 
[INFO] [stderr] warning: hiding a lifetime that's elided elsewhere is confusing
[INFO] [stderr]    --> src/infra/connectors/gdb/neo4j/neo4j_database_provider.rs:204:9
[INFO] [stderr]     |
[INFO] [stderr] 204 |         &self,
[INFO] [stderr]     |         ^^^^^ the lifetime is elided here
[INFO] [stderr] 205 |     ) -> Result<PooledConnection<Manager>, Box<Neo4jDatabaseProviderError>> {
[INFO] [stderr]     |                 ^^^^^^^^^^^^^^^^^^^^^^^^^ the same lifetime is hidden here
[INFO] [stderr]     |
[INFO] [stderr]     = help: the same lifetime is referred to in inconsistent ways, making the signature confusing
[INFO] [stderr]     = note: `#[warn(mismatched_lifetime_syntaxes)]` on by default
[INFO] [stderr] help: use `'_` for type paths
[INFO] [stderr]     |
[INFO] [stderr] 205 |     ) -> Result<PooledConnection<'_, Manager>, Box<Neo4jDatabaseProviderError>> {
[INFO] [stderr]     |                                  +++
[INFO] [stderr] 
[INFO] [stderr] warning: hiding a lifetime that's named elsewhere is confusing
[INFO] [stderr]   --> src/infra/pi/storage/sink.rs:24:56
[INFO] [stderr]    |
[INFO] [stderr] 24 |     async fn create_write_collector(&self) -> SeResult<WriteCollector<T>> {
[INFO] [stderr]    |                                     -                  ^^^^^^^^^^^^^^^^^ the same lifetime is hidden here
[INFO] [stderr]    |                                     |
[INFO] [stderr]    |                                     the lifetime is named here
[INFO] [stderr]    |
[INFO] [stderr]    = help: the same lifetime is referred to in inconsistent ways, making the signature confusing
[INFO] [stderr] help: consistently use `'life0`
[INFO] [stderr]    |
[INFO] [stderr] 24 |     async fn create_write_collector(&self) -> SeResult<WriteCollector<'life0, T>> {
[INFO] [stderr]    |                                                                       +++++++
[INFO] [stderr] 
[INFO] [stderr] warning: non-local `impl` definition, `impl` blocks should be written at the same level as their item
[INFO] [stderr]   --> src/serving.rs:42:1
[INFO] [stderr]    |
[INFO] [stderr] 42 | #[pymethods]
[INFO] [stderr]    | -^^^^^^^^^^^
[INFO] [stderr]    | |
[INFO] [stderr]    | `PyClassImplCollector` is not local
[INFO] [stderr]    | `PyClassNewTextSignature` is not local
[INFO] [stderr]    | move the `impl` block outside of this function `trampoline` and up 4 bodies
[INFO] [stderr] 43 | impl GraphDatasetRenderingOptions {
[INFO] [stderr]    |      ----------------------------
[INFO] [stderr]    |      |
[INFO] [stderr]    |      `GraphDatasetRenderingOptions` is not local
[INFO] [stderr]    |      `GraphDatasetRenderingOptions` is not local
[INFO] [stderr]    |
[INFO] [stderr]    = note: the attribute macro `pymethods` defines the non-local `impl`, and may need to be changed
[INFO] [stderr]    = note: the attribute macro `pymethods` may come from an old version of the `pyo3_macros` crate, try updating your dependency with `cargo update -p pyo3_macros`
[INFO] [stderr]    = note: an `impl` is never scoped, even when it is nested inside an item, as it may impact type checking outside of that item, which can be the case if neither the trait or the self type are at the same nesting level as the `impl`
[INFO] [stderr]    = note: this warning originates in the attribute macro `pymethods` (in Nightly builds, run with -Z macro-backtrace for more info)
[INFO] [stderr] 
[INFO] [stderr] warning: non-local `impl` definition, `impl` blocks should be written at the same level as their item
[INFO] [stderr]   --> src/serving.rs:66:1
[INFO] [stderr]    |
[INFO] [stderr] 66 | #[pymethods]
[INFO] [stderr]    | -^^^^^^^^^^^
[INFO] [stderr]    | |
[INFO] [stderr]    | `PyClassImplCollector` is not local
[INFO] [stderr]    | `PyClassNewTextSignature` is not local
[INFO] [stderr]    | move the `impl` block outside of this function `trampoline` and up 4 bodies
[INFO] [stderr] 67 | impl FeatureRenderingOptions {
[INFO] [stderr]    |      -----------------------
[INFO] [stderr]    |      |
[INFO] [stderr]    |      `FeatureRenderingOptions` is not local
[INFO] [stderr]    |      `FeatureRenderingOptions` is not local
[INFO] [stderr]    |
[INFO] [stderr]    = note: the attribute macro `pymethods` defines the non-local `impl`, and may need to be changed
[INFO] [stderr]    = note: the attribute macro `pymethods` may come from an old version of the `pyo3_macros` crate, try updating your dependency with `cargo update -p pyo3_macros`
[INFO] [stderr]    = note: an `impl` is never scoped, even when it is nested inside an item, as it may impact type checking outside of that item, which can be the case if neither the trait or the self type are at the same nesting level as the `impl`
[INFO] [stderr]    = note: this warning originates in the attribute macro `pymethods` (in Nightly builds, run with -Z macro-backtrace for more info)
[INFO] [stderr] 
[INFO] [stderr] warning: non-local `impl` definition, `impl` blocks should be written at the same level as their item
[INFO] [stderr]   --> src/serving.rs:83:1
[INFO] [stderr]    |
[INFO] [stderr] 83 | #[pymethods]
[INFO] [stderr]    | -^^^^^^^^^^^
[INFO] [stderr]    | |
[INFO] [stderr]    | `PyClassImplCollector` is not local
[INFO] [stderr]    | `PyClassNewTextSignature` is not local
[INFO] [stderr]    | move the `impl` block outside of this function `trampoline` and up 4 bodies
[INFO] [stderr] 84 | impl TopologyRenderingOptions {
[INFO] [stderr]    |      ------------------------
[INFO] [stderr]    |      |
[INFO] [stderr]    |      `TopologyRenderingOptions` is not local
[INFO] [stderr]    |      `TopologyRenderingOptions` is not local
[INFO] [stderr]    |
[INFO] [stderr]    = note: the attribute macro `pymethods` defines the non-local `impl`, and may need to be changed
[INFO] [stderr]    = note: the attribute macro `pymethods` may come from an old version of the `pyo3_macros` crate, try updating your dependency with `cargo update -p pyo3_macros`
[INFO] [stderr]    = note: an `impl` is never scoped, even when it is nested inside an item, as it may impact type checking outside of that item, which can be the case if neither the trait or the self type are at the same nesting level as the `impl`
[INFO] [stderr]    = note: this warning originates in the attribute macro `pymethods` (in Nightly builds, run with -Z macro-backtrace for more info)
[INFO] [stderr] 
[INFO] [stderr] warning: non-local `impl` definition, `impl` blocks should be written at the same level as their item
[INFO] [stderr]   --> src/serving/sampling_conf.rs:46:1
[INFO] [stderr]    |
[INFO] [stderr] 46 | #[pymethods]
[INFO] [stderr]    | -^^^^^^^^^^^
[INFO] [stderr]    | |
[INFO] [stderr]    | `PyClassImplCollector` is not local
[INFO] [stderr]    | `PyClassNewTextSignature` is not local
[INFO] [stderr]    | move the `impl` block outside of this function `trampoline` and up 4 bodies
[INFO] [stderr] 47 | impl NeighborSamplingConf {
[INFO] [stderr]    |      --------------------
[INFO] [stderr]    |      |
[INFO] [stderr]    |      `NeighborSamplingConf` is not local
[INFO] [stderr]    |      `NeighborSamplingConf` is not local
[INFO] [stderr]    |
[INFO] [stderr]    = note: the attribute macro `pymethods` defines the non-local `impl`, and may need to be changed
[INFO] [stderr]    = note: the attribute macro `pymethods` may come from an old version of the `pyo3_macros` crate, try updating your dependency with `cargo update -p pyo3_macros`
[INFO] [stderr]    = note: an `impl` is never scoped, even when it is nested inside an item, as it may impact type checking outside of that item, which can be the case if neither the trait or the self type are at the same nesting level as the `impl`
[INFO] [stderr]    = note: this warning originates in the attribute macro `pymethods` (in Nightly builds, run with -Z macro-backtrace for more info)
[INFO] [stderr] 
[INFO] [stderr] warning: non-local `impl` definition, `impl` blocks should be written at the same level as their item
[INFO] [stderr]   --> src/transformation.rs:45:1
[INFO] [stderr]    |
[INFO] [stderr] 45 | #[typetag::serde]
[INFO] [stderr]    | ^^^^^^^^^^^^^^^^^
[INFO] [stderr]    | |
[INFO] [stderr]    | `Serialize` is not local
[INFO] [stderr]    | move the `impl` block outside of this constant `_TransformationData_registry`
[INFO] [stderr] 46 | pub trait TransformationData {
[INFO] [stderr]    |           ------------------ `TransformationData` is not local
[INFO] [stderr]    |
[INFO] [stderr]    = note: the attribute macro `typetag::serde` defines the non-local `impl`, and may need to be changed
[INFO] [stderr]    = note: the attribute macro `typetag::serde` may come from an old version of the `typetag_impl` crate, try updating your dependency with `cargo update -p typetag_impl`
[INFO] [stderr]    = note: an `impl` is never scoped, even when it is nested inside an item, as it may impact type checking outside of that item, which can be the case if neither the trait or the self type are at the same nesting level as the `impl`
[INFO] [stderr]    = note: items in an anonymous const item (`const _: () = { ... }`) are treated as in the same scope as the anonymous const's declaration for the purpose of this lint
[INFO] [stderr]    = note: this warning originates in the attribute macro `typetag::serde` (in Nightly builds, run with -Z macro-backtrace for more info)
[INFO] [stderr] 
[INFO] [stderr] warning: non-local `impl` definition, `impl` blocks should be written at the same level as their item
[INFO] [stderr]   --> src/transformation.rs:45:1
[INFO] [stderr]    |
[INFO] [stderr] 45 | #[typetag::serde]
[INFO] [stderr]    | ^^^^^^^^^^^^^^^^^
[INFO] [stderr]    | |
[INFO] [stderr]    | `Send` is not local
[INFO] [stderr]    | `Serialize` is not local
[INFO] [stderr]    | move the `impl` block outside of this constant `_TransformationData_registry`
[INFO] [stderr] 46 | pub trait TransformationData {
[INFO] [stderr]    |           ------------------ `TransformationData` is not local
[INFO] [stderr]    |
[INFO] [stderr]    = note: the attribute macro `typetag::serde` defines the non-local `impl`, and may need to be changed
[INFO] [stderr]    = note: the attribute macro `typetag::serde` may come from an old version of the `typetag_impl` crate, try updating your dependency with `cargo update -p typetag_impl`
[INFO] [stderr]    = note: an `impl` is never scoped, even when it is nested inside an item, as it may impact type checking outside of that item, which can be the case if neither the trait or the self type are at the same nesting level as the `impl`
[INFO] [stderr]    = note: items in an anonymous const item (`const _: () = { ... }`) are treated as in the same scope as the anonymous const's declaration for the purpose of this lint
[INFO] [stderr]    = note: this warning originates in the attribute macro `typetag::serde` (in Nightly builds, run with -Z macro-backtrace for more info)
[INFO] [stderr] 
[INFO] [stderr] warning: non-local `impl` definition, `impl` blocks should be written at the same level as their item
[INFO] [stderr]   --> src/transformation.rs:45:1
[INFO] [stderr]    |
[INFO] [stderr] 45 | #[typetag::serde]
[INFO] [stderr]    | ^^^^^^^^^^^^^^^^^
[INFO] [stderr]    | |
[INFO] [stderr]    | `Sync` is not local
[INFO] [stderr]    | `Serialize` is not local
[INFO] [stderr]    | move the `impl` block outside of this constant `_TransformationData_registry`
[INFO] [stderr] 46 | pub trait TransformationData {
[INFO] [stderr]    |           ------------------ `TransformationData` is not local
[INFO] [stderr]    |
[INFO] [stderr]    = note: the attribute macro `typetag::serde` defines the non-local `impl`, and may need to be changed
[INFO] [stderr]    = note: the attribute macro `typetag::serde` may come from an old version of the `typetag_impl` crate, try updating your dependency with `cargo update -p typetag_impl`
[INFO] [stderr]    = note: an `impl` is never scoped, even when it is nested inside an item, as it may impact type checking outside of that item, which can be the case if neither the trait or the self type are at the same nesting level as the `impl`
[INFO] [stderr]    = note: items in an anonymous const item (`const _: () = { ... }`) are treated as in the same scope as the anonymous const's declaration for the purpose of this lint
[INFO] [stderr]    = note: this warning originates in the attribute macro `typetag::serde` (in Nightly builds, run with -Z macro-backtrace for more info)
[INFO] [stderr] 
[INFO] [stderr] warning: non-local `impl` definition, `impl` blocks should be written at the same level as their item
[INFO] [stderr]   --> src/transformation.rs:45:1
[INFO] [stderr]    |
[INFO] [stderr] 45 | #[typetag::serde]
[INFO] [stderr]    | ^^^^^^^^^^^^^^^^^
[INFO] [stderr]    | |
[INFO] [stderr]    | `Send` is not local
[INFO] [stderr]    | `Sync` is not local
[INFO] [stderr]    | `Serialize` is not local
[INFO] [stderr]    | move the `impl` block outside of this constant `_TransformationData_registry`
[INFO] [stderr] 46 | pub trait TransformationData {
[INFO] [stderr]    |           ------------------ `TransformationData` is not local
[INFO] [stderr]    |
[INFO] [stderr]    = note: the attribute macro `typetag::serde` defines the non-local `impl`, and may need to be changed
[INFO] [stderr]    = note: the attribute macro `typetag::serde` may come from an old version of the `typetag_impl` crate, try updating your dependency with `cargo update -p typetag_impl`
[INFO] [stderr]    = note: an `impl` is never scoped, even when it is nested inside an item, as it may impact type checking outside of that item, which can be the case if neither the trait or the self type are at the same nesting level as the `impl`
[INFO] [stderr]    = note: items in an anonymous const item (`const _: () = { ... }`) are treated as in the same scope as the anonymous const's declaration for the purpose of this lint
[INFO] [stderr]    = note: this warning originates in the attribute macro `typetag::serde` (in Nightly builds, run with -Z macro-backtrace for more info)
[INFO] [stderr] 
[INFO] [stderr] warning: non-local `impl` definition, `impl` blocks should be written at the same level as their item
[INFO] [stderr]   --> src/transformation.rs:45:1
[INFO] [stderr]    |
[INFO] [stderr] 45 | #[typetag::serde]
[INFO] [stderr]    | ^^^^^^^^^^^^^^^^^ move the `impl` block outside of this constant `_TransformationData_registry`
[INFO] [stderr] 46 | pub trait TransformationData {
[INFO] [stderr]    |           ------------------ `TransformationData` is not local
[INFO] [stderr]    |
[INFO] [stderr]    = note: the attribute macro `typetag::serde` defines the non-local `impl`, and may need to be changed
[INFO] [stderr]    = note: the attribute macro `typetag::serde` may come from an old version of the `typetag_impl` crate, try updating your dependency with `cargo update -p typetag_impl`
[INFO] [stderr]    = note: an `impl` is never scoped, even when it is nested inside an item, as it may impact type checking outside of that item, which can be the case if neither the trait or the self type are at the same nesting level as the `impl`
[INFO] [stderr]    = note: items in an anonymous const item (`const _: () = { ... }`) are treated as in the same scope as the anonymous const's declaration for the purpose of this lint
[INFO] [stderr]    = note: this warning originates in the attribute macro `typetag::serde` (in Nightly builds, run with -Z macro-backtrace for more info)
[INFO] [stderr] 
[INFO] [stderr] warning: non-local `impl` definition, `impl` blocks should be written at the same level as their item
[INFO] [stderr]   --> src/transformation.rs:45:1
[INFO] [stderr]    |
[INFO] [stderr] 45 | #[typetag::serde]
[INFO] [stderr]    | ^^^^^^^^^^^^^^^^^
[INFO] [stderr]    | |
[INFO] [stderr]    | `Strictest` is not local
[INFO] [stderr]    | move the `impl` block outside of this constant `_TransformationData_registry`
[INFO] [stderr] 46 | pub trait TransformationData {
[INFO] [stderr]    |           ------------------ `TransformationData` is not local
[INFO] [stderr]    |
[INFO] [stderr]    = note: the attribute macro `typetag::serde` defines the non-local `impl`, and may need to be changed
[INFO] [stderr]    = note: the attribute macro `typetag::serde` may come from an old version of the `typetag_impl` crate, try updating your dependency with `cargo update -p typetag_impl`
[INFO] [stderr]    = note: an `impl` is never scoped, even when it is nested inside an item, as it may impact type checking outside of that item, which can be the case if neither the trait or the self type are at the same nesting level as the `impl`
[INFO] [stderr]    = note: items in an anonymous const item (`const _: () = { ... }`) are treated as in the same scope as the anonymous const's declaration for the purpose of this lint
[INFO] [stderr]    = note: this warning originates in the attribute macro `typetag::serde` (in Nightly builds, run with -Z macro-backtrace for more info)
[INFO] [stderr] 
[INFO] [stderr] warning: non-local `impl` definition, `impl` blocks should be written at the same level as their item
[INFO] [stderr]   --> src/transformation.rs:45:1
[INFO] [stderr]    |
[INFO] [stderr] 45 | #[typetag::serde]
[INFO] [stderr]    | -^^^^^^^^^^^^^^^^
[INFO] [stderr]    | |
[INFO] [stderr]    | `Box` is not local
[INFO] [stderr]    | `Deserialize` is not local
[INFO] [stderr]    | move the `impl` block outside of this constant `_TransformationData_registry`
[INFO] [stderr] 46 | pub trait TransformationData {
[INFO] [stderr]    |           ------------------ `TransformationData` is not local
[INFO] [stderr]    |
[INFO] [stderr]    = note: the attribute macro `typetag::serde` defines the non-local `impl`, and may need to be changed
[INFO] [stderr]    = note: the attribute macro `typetag::serde` may come from an old version of the `typetag_impl` crate, try updating your dependency with `cargo update -p typetag_impl`
[INFO] [stderr]    = note: an `impl` is never scoped, even when it is nested inside an item, as it may impact type checking outside of that item, which can be the case if neither the trait or the self type are at the same nesting level as the `impl`
[INFO] [stderr]    = note: items in an anonymous const item (`const _: () = { ... }`) are treated as in the same scope as the anonymous const's declaration for the purpose of this lint
[INFO] [stderr]    = note: this warning originates in the attribute macro `typetag::serde` (in Nightly builds, run with -Z macro-backtrace for more info)
[INFO] [stderr] 
[INFO] [stderr] warning: `ofnil` (lib) generated 24 warnings (run `cargo fix --lib -p ofnil` to apply 4 suggestions)
[INFO] [stderr] warning: `ofnil` (lib test) generated 19 warnings (19 duplicates)
[INFO] [stderr]     Finished `test` profile [unoptimized + debuginfo] target(s) in 0.46s
[INFO] [stderr] warning: the following packages contain code that will be rejected by a future version of Rust: ofnil v0.1.0 (/opt/rustwide/workdir), redis v0.23.0
[INFO] [stderr] note: to see what the problems were, use the option `--future-incompat-report`, or run `cargo report future-incompatibilities --id 8`
[INFO] [stderr]      Running unittests src/lib.rs (/opt/rustwide/target/debug/deps/ofnil-914e9a6744b1285a)
[INFO] [stdout] 
[INFO] [stdout] running 22 tests
[INFO] [stdout] test infra::connectors::gdb::neo4j::graph_csv_sink::test::input_csv ... ignored
[INFO] [stdout] test feature::feature_value_type::test_feature_type_from_str ... ok
[INFO] [stdout] test infra::connectors::kv::redis::test_redis ... ok
[INFO] [stdout] test infra::connectors::kv::redis::redis_row_sink::test::test_redis_row_sink ... ok
[INFO] [stdout] test transformation::dataframes::dataframe::demo_use_dataframe ... ok
[INFO] [stdout] test infra::connectors::gdb::neo4j::neo4j_database_provider::tests::test_query3 ... FAILED
[INFO] [stdout] test infra::connectors::gdb::neo4j::neo4j_database_provider::test_get_all_entities ... FAILED
[INFO] [stdout] test transformation::transformation_plan::tests::specify_executing_infra ... ok
[INFO] [stdout] test infra::connectors::gdb::neo4j::neo4j_database_provider::tests::test_query4 ... FAILED
[INFO] [stdout] test transformation::result_handler::test_result_handler ... FAILED
[INFO] [stdout] test infra::connectors::gdb::neo4j::neo4j_database_provider::test_get_fields ... FAILED
[INFO] [stdout] test infra::connectors::gdb::neo4j::neo4j_database_provider::tests::test_query2 ... FAILED
[INFO] [stdout] test infra::connectors::gdb::neo4j::neo4j_database_provider::tests::test_get_conn ... FAILED
[INFO] [stdout] test infra::connectors::gdb::neo4j::neo4j_database_provider::test_invalid_query ... FAILED
[INFO] [stdout] test infra::connectors::gdb::neo4j::neo4j_database_provider::tests::test_query1 ... FAILED
[INFO] [stdout] test infra::connectors::gdb::neo4j::neo4j_database_provider::tests::test_invalid_query ... FAILED
[INFO] [stdout] test infra::connectors::gdb::neo4j::neo4j_database_provider::plan_op::expand_all::tests::test_modify_identifiers ... ok
[INFO] [stdout] test config::tests::test_parse_toml ... FAILED
[INFO] [stdout] test config::tests::test_raw_to_config ... FAILED
[INFO] [stdout] test python::tests::test_py_table_feature_view ... FAILED
[INFO] [stdout] test python::tests::test_py_topo_feature_view ... FAILED
[INFO] [stdout] test infra::test_infra_manager_bolt_conn ... FAILED
[INFO] [stdout] 
[INFO] [stdout] failures:
[INFO] [stdout] 
[INFO] [stdout] ---- infra::connectors::gdb::neo4j::neo4j_database_provider::tests::test_query3 stdout ----
[INFO] [stdout] Error: IoError(Os { code: 111, kind: ConnectionRefused, message: "Connection refused" })
[INFO] [stdout] 
[INFO] [stdout] ---- infra::connectors::gdb::neo4j::neo4j_database_provider::test_get_all_entities stdout ----
[INFO] [stdout] Error: IoError(Os { code: 111, kind: ConnectionRefused, message: "Connection refused" })
[INFO] [stdout] 
[INFO] [stdout] ---- infra::connectors::gdb::neo4j::neo4j_database_provider::tests::test_query4 stdout ----
[INFO] [stdout] Error: IoError(Os { code: 111, kind: ConnectionRefused, message: "Connection refused" })
[INFO] [stdout] 
[INFO] [stdout] ---- transformation::result_handler::test_result_handler stdout ----
[INFO] [stdout] Error: IoError(Os { code: 111, kind: ConnectionRefused, message: "Connection refused" })
[INFO] [stdout] 
[INFO] [stdout] ---- infra::connectors::gdb::neo4j::neo4j_database_provider::test_get_fields stdout ----
[INFO] [stdout] Error: IoError(Os { code: 111, kind: ConnectionRefused, message: "Connection refused" })
[INFO] [stdout] 
[INFO] [stdout] ---- infra::connectors::gdb::neo4j::neo4j_database_provider::tests::test_query2 stdout ----
[INFO] [stdout] Error: IoError(Os { code: 111, kind: ConnectionRefused, message: "Connection refused" })
[INFO] [stdout] 
[INFO] [stdout] ---- infra::connectors::gdb::neo4j::neo4j_database_provider::tests::test_get_conn stdout ----
[INFO] [stdout] Error: IoError(Os { code: 111, kind: ConnectionRefused, message: "Connection refused" })
[INFO] [stdout] 
[INFO] [stdout] ---- infra::connectors::gdb::neo4j::neo4j_database_provider::test_invalid_query stdout ----
[INFO] [stdout] Error: IoError(Os { code: 111, kind: ConnectionRefused, message: "Connection refused" })
[INFO] [stdout] 
[INFO] [stdout] ---- infra::connectors::gdb::neo4j::neo4j_database_provider::tests::test_query1 stdout ----
[INFO] [stdout] Error: IoError(Os { code: 111, kind: ConnectionRefused, message: "Connection refused" })
[INFO] [stdout] 
[INFO] [stdout] ---- infra::connectors::gdb::neo4j::neo4j_database_provider::tests::test_invalid_query stdout ----
[INFO] [stdout] Error: IoError(Os { code: 111, kind: ConnectionRefused, message: "Connection refused" })
[INFO] [stdout] 
[INFO] [stdout] ---- config::tests::test_parse_toml stdout ----
[INFO] [stdout] 
[INFO] [stdout] thread 'config::tests::test_parse_toml' (3076) panicked at src/config.rs:131:91:
[INFO] [stdout] called `Result::unwrap()` on an `Err` value: Os { code: 2, kind: NotFound, message: "No such file or directory" }
[INFO] [stdout] stack backtrace:
[INFO] [stdout]    0:     0x5bd2a6420c41 - std[70759c8f55707aa4]::backtrace_rs::backtrace::libunwind::trace
[INFO] [stdout]                                at /rustc/dfb0accb7f508ae8be965d8629557221c889dd98/library/std/src/../../backtrace/src/backtrace/libunwind.rs:117:9
[INFO] [stdout]    1:     0x5bd2a6420c41 - std[70759c8f55707aa4]::backtrace_rs::backtrace::trace_unsynchronized::<std[70759c8f55707aa4]::sys::backtrace::_print_fmt::{closure#1}>
[INFO] [stdout]                                at /rustc/dfb0accb7f508ae8be965d8629557221c889dd98/library/std/src/../../backtrace/src/backtrace/mod.rs:66:14
[INFO] [stdout]    2:     0x5bd2a6420c41 - std[70759c8f55707aa4]::sys::backtrace::_print_fmt
[INFO] [stdout]                                at /rustc/dfb0accb7f508ae8be965d8629557221c889dd98/library/std/src/sys/backtrace.rs:74:9
[INFO] [stdout]    3:     0x5bd2a6420c41 - <<std[70759c8f55707aa4]::sys::backtrace::BacktraceLock>::print::DisplayBacktrace as core[df12db4294e9bfd3]::fmt::Display>::fmt
[INFO] [stdout]                                at /rustc/dfb0accb7f508ae8be965d8629557221c889dd98/library/std/src/sys/backtrace.rs:44:26
[INFO] [stdout]    4:     0x5bd2a643a5aa - <core[df12db4294e9bfd3]::fmt::rt::Argument>::fmt
[INFO] [stdout]                                at /rustc/dfb0accb7f508ae8be965d8629557221c889dd98/library/core/src/fmt/rt.rs:152:76
[INFO] [stdout]    5:     0x5bd2a643a5aa - core[df12db4294e9bfd3]::fmt::write
[INFO] [stdout]    6:     0x5bd2a6425b9c - core[df12db4294e9bfd3]::io::write::default_write_fmt::<alloc[2182bb758b4b3781]::vec::Vec<u8>>
[INFO] [stdout]                                at /rustc/dfb0accb7f508ae8be965d8629557221c889dd98/library/core/src/io/write.rs:402:11
[INFO] [stdout]    7:     0x5bd2a6425b9c - <alloc[2182bb758b4b3781]::vec::Vec<u8> as core[df12db4294e9bfd3]::io::write::Write>::write_fmt
[INFO] [stdout]                                at /rustc/dfb0accb7f508ae8be965d8629557221c889dd98/library/core/src/io/write.rs:335:13
[INFO] [stdout]    8:     0x5bd2a63fb136 - <std[70759c8f55707aa4]::sys::backtrace::BacktraceLock>::print
[INFO] [stdout]                                at /rustc/dfb0accb7f508ae8be965d8629557221c889dd98/library/std/src/sys/backtrace.rs:47:9
[INFO] [stdout]    9:     0x5bd2a63fb136 - std[70759c8f55707aa4]::panicking::default_hook::{closure#0}
[INFO] [stdout]                                at /rustc/dfb0accb7f508ae8be965d8629557221c889dd98/library/std/src/panicking.rs:292:27
[INFO] [stdout]   10:     0x5bd2a64184b9 - std[70759c8f55707aa4]::panicking::default_hook
[INFO] [stdout]                                at /rustc/dfb0accb7f508ae8be965d8629557221c889dd98/library/std/src/panicking.rs:316:9
[INFO] [stdout]   11:     0x5bd2a5b56610 - <alloc[2182bb758b4b3781]::boxed::Box<dyn for<'a, 'b> core[df12db4294e9bfd3]::ops::function::Fn<(&'a std[70759c8f55707aa4]::panic::PanicHookInfo<'b>,), Output = ()> + core[df12db4294e9bfd3]::marker::Send + core[df12db4294e9bfd3]::marker::Sync> as core[df12db4294e9bfd3]::ops::function::Fn<(&std[70759c8f55707aa4]::panic::PanicHookInfo,)>>::call
[INFO] [stdout]                                at /rustc/dfb0accb7f508ae8be965d8629557221c889dd98/library/alloc/src/boxed.rs:2334:9
[INFO] [stdout]   12:     0x5bd2a5b56610 - test[9d35eded1c95d3be]::test_main_inner::<test[9d35eded1c95d3be]::test_main_static::{closure#0}>::{closure#0}
[INFO] [stdout]                                at /rustc/dfb0accb7f508ae8be965d8629557221c889dd98/library/test/src/lib.rs:155:21
[INFO] [stdout]   13:     0x5bd2a64187e2 - <alloc[2182bb758b4b3781]::boxed::Box<dyn for<'a, 'b> core[df12db4294e9bfd3]::ops::function::Fn<(&'a std[70759c8f55707aa4]::panic::PanicHookInfo<'b>,), Output = ()> + core[df12db4294e9bfd3]::marker::Send + core[df12db4294e9bfd3]::marker::Sync> as core[df12db4294e9bfd3]::ops::function::Fn<(&std[70759c8f55707aa4]::panic::PanicHookInfo,)>>::call
[INFO] [stdout]                                at /rustc/dfb0accb7f508ae8be965d8629557221c889dd98/library/alloc/src/boxed.rs:2334:9
[INFO] [stdout]   14:     0x5bd2a64187e2 - std[70759c8f55707aa4]::panicking::panic_with_hook
[INFO] [stdout]                                at /rustc/dfb0accb7f508ae8be965d8629557221c889dd98/library/std/src/panicking.rs:823:13
[INFO] [stdout]   15:     0x5bd2a63fb1e2 - std[70759c8f55707aa4]::panicking::panic_handler::{closure#0}
[INFO] [stdout]                                at /rustc/dfb0accb7f508ae8be965d8629557221c889dd98/library/std/src/panicking.rs:688:13
[INFO] [stdout]   16:     0x5bd2a63f3ab9 - std[70759c8f55707aa4]::sys::backtrace::__rust_end_short_backtrace::<std[70759c8f55707aa4]::panicking::panic_handler::{closure#0}, !>
[INFO] [stdout]                                at /rustc/dfb0accb7f508ae8be965d8629557221c889dd98/library/std/src/sys/backtrace.rs:182:18
[INFO] [stdout]   17:     0x5bd2a63fc06d - __rustc[8fa7c3cbc660c2b3]::rust_begin_unwind
[INFO] [stdout]                                at /rustc/dfb0accb7f508ae8be965d8629557221c889dd98/library/std/src/panicking.rs:679:5
[INFO] [stdout]   18:     0x5bd2a643ae7c - core[df12db4294e9bfd3]::panicking::panic_fmt
[INFO] [stdout]                                at /rustc/dfb0accb7f508ae8be965d8629557221c889dd98/library/core/src/panicking.rs:80:14
[INFO] [stdout]   19:     0x5bd2a643aba2 - core[df12db4294e9bfd3]::result::unwrap_failed
[INFO] [stdout]                                at /rustc/dfb0accb7f508ae8be965d8629557221c889dd98/library/core/src/result.rs:1871:5
[INFO] [stdout]   20:     0x5bd2a59eca95 - <core[df12db4294e9bfd3]::result::Result<ofnil[342f96ca6ab70aa0]::config::RawFeatureStoreConfig, alloc[2182bb758b4b3781]::boxed::Box<dyn core[df12db4294e9bfd3]::error::Error>>>::unwrap
[INFO] [stdout]                                at /rustc/dfb0accb7f508ae8be965d8629557221c889dd98/library/core/src/result.rs:1232:23
[INFO] [stdout]   21:     0x5bd2a59eca95 - ofnil[342f96ca6ab70aa0]::config::tests::test_parse_toml
[INFO] [stdout]                                at /opt/rustwide/workdir/src/config.rs:131:91
[INFO] [stdout]   22:     0x5bd2a59e2857 - ofnil[342f96ca6ab70aa0]::config::tests::test_parse_toml::{closure#0}
[INFO] [stdout]                                at /opt/rustwide/workdir/src/config.rs:128:25
[INFO] [stdout]   23:     0x5bd2a5833576 - <ofnil[342f96ca6ab70aa0]::config::tests::test_parse_toml::{closure#0} as core[df12db4294e9bfd3]::ops::function::FnOnce<()>>::call_once
[INFO] [stdout]                                at /rustc/dfb0accb7f508ae8be965d8629557221c889dd98/library/core/src/ops/function.rs:250:5
[INFO] [stdout]   24:     0x5bd2a5b498fb - <fn() -> core[df12db4294e9bfd3]::result::Result<(), alloc[2182bb758b4b3781]::string::String> as core[df12db4294e9bfd3]::ops::function::FnOnce<()>>::call_once
[INFO] [stdout]                                at /rustc/dfb0accb7f508ae8be965d8629557221c889dd98/library/core/src/ops/function.rs:250:5
[INFO] [stdout]   25:     0x5bd2a5b498fb - test[9d35eded1c95d3be]::__rust_begin_short_backtrace::<core[df12db4294e9bfd3]::result::Result<(), alloc[2182bb758b4b3781]::string::String>, fn() -> core[df12db4294e9bfd3]::result::Result<(), alloc[2182bb758b4b3781]::string::String>>
[INFO] [stdout]                                at /rustc/dfb0accb7f508ae8be965d8629557221c889dd98/library/test/src/lib.rs:733:18
[INFO] [stdout]   26:     0x5bd2a5b56f65 - test[9d35eded1c95d3be]::run_test_in_process::{closure#0}
[INFO] [stdout]                                at /rustc/dfb0accb7f508ae8be965d8629557221c889dd98/library/test/src/lib.rs:756:74
[INFO] [stdout]   27:     0x5bd2a5b56f65 - <core[df12db4294e9bfd3]::panic::unwind_safe::AssertUnwindSafe<test[9d35eded1c95d3be]::run_test_in_process::{closure#0}> as core[df12db4294e9bfd3]::ops::function::FnOnce<()>>::call_once
[INFO] [stdout]                                at /rustc/dfb0accb7f508ae8be965d8629557221c889dd98/library/core/src/panic/unwind_safe.rs:275:9
[INFO] [stdout]   28:     0x5bd2a5b56f65 - std[70759c8f55707aa4]::panicking::catch_unwind::do_call::<core[df12db4294e9bfd3]::panic::unwind_safe::AssertUnwindSafe<test[9d35eded1c95d3be]::run_test_in_process::{closure#0}>, core[df12db4294e9bfd3]::result::Result<(), alloc[2182bb758b4b3781]::string::String>>
[INFO] [stdout]                                at /rustc/dfb0accb7f508ae8be965d8629557221c889dd98/library/std/src/panicking.rs:576:43
[INFO] [stdout]   29:     0x5bd2a5b56f65 - std[70759c8f55707aa4]::panicking::catch_unwind::<core[df12db4294e9bfd3]::result::Result<(), alloc[2182bb758b4b3781]::string::String>, core[df12db4294e9bfd3]::panic::unwind_safe::AssertUnwindSafe<test[9d35eded1c95d3be]::run_test_in_process::{closure#0}>>
[INFO] [stdout]                                at /rustc/dfb0accb7f508ae8be965d8629557221c889dd98/library/std/src/panicking.rs:544:19
[INFO] [stdout]   30:     0x5bd2a5b56f65 - std[70759c8f55707aa4]::panic::catch_unwind::<core[df12db4294e9bfd3]::panic::unwind_safe::AssertUnwindSafe<test[9d35eded1c95d3be]::run_test_in_process::{closure#0}>, core[df12db4294e9bfd3]::result::Result<(), alloc[2182bb758b4b3781]::string::String>>
[INFO] [stdout]                                at /rustc/dfb0accb7f508ae8be965d8629557221c889dd98/library/std/src/panic.rs:359:14
[INFO] [stdout]   31:     0x5bd2a5b56f65 - test[9d35eded1c95d3be]::run_test_in_process
[INFO] [stdout]                                at /rustc/dfb0accb7f508ae8be965d8629557221c889dd98/library/test/src/lib.rs:756:27
[INFO] [stdout]   32:     0x5bd2a5b56f65 - test[9d35eded1c95d3be]::run_test::{closure#0}
[INFO] [stdout]                                at /rustc/dfb0accb7f508ae8be965d8629557221c889dd98/library/test/src/lib.rs:677:43
[INFO] [stdout]   33:     0x5bd2a5b50824 - test[9d35eded1c95d3be]::run_test::{closure#1}
[INFO] [stdout]                                at /rustc/dfb0accb7f508ae8be965d8629557221c889dd98/library/test/src/lib.rs:707:41
[INFO] [stdout]   34:     0x5bd2a5b50824 - std[70759c8f55707aa4]::sys::backtrace::__rust_begin_short_backtrace::<test[9d35eded1c95d3be]::run_test::{closure#1}, ()>
[INFO] [stdout]                                at /rustc/dfb0accb7f508ae8be965d8629557221c889dd98/library/std/src/sys/backtrace.rs:166:18
[INFO] [stdout]   35:     0x5bd2a5b5a0c2 - std[70759c8f55707aa4]::thread::lifecycle::spawn_unchecked::<test[9d35eded1c95d3be]::run_test::{closure#1}, ()>::{closure#1}::{closure#0}
[INFO] [stdout]                                at /rustc/dfb0accb7f508ae8be965d8629557221c889dd98/library/std/src/thread/lifecycle.rs:70:13
[INFO] [stdout]   36:     0x5bd2a5b5a0c2 - <core[df12db4294e9bfd3]::panic::unwind_safe::AssertUnwindSafe<std[70759c8f55707aa4]::thread::lifecycle::spawn_unchecked<test[9d35eded1c95d3be]::run_test::{closure#1}, ()>::{closure#1}::{closure#0}> as core[df12db4294e9bfd3]::ops::function::FnOnce<()>>::call_once
[INFO] [stdout]                                at /rustc/dfb0accb7f508ae8be965d8629557221c889dd98/library/core/src/panic/unwind_safe.rs:275:9
[INFO] [stdout]   37:     0x5bd2a5b5a0c2 - std[70759c8f55707aa4]::panicking::catch_unwind::do_call::<core[df12db4294e9bfd3]::panic::unwind_safe::AssertUnwindSafe<std[70759c8f55707aa4]::thread::lifecycle::spawn_unchecked<test[9d35eded1c95d3be]::run_test::{closure#1}, ()>::{closure#1}::{closure#0}>, ()>
[INFO] [stdout]                                at /rustc/dfb0accb7f508ae8be965d8629557221c889dd98/library/std/src/panicking.rs:576:43
[INFO] [stdout]   38:     0x5bd2a5b5a0c2 - std[70759c8f55707aa4]::panicking::catch_unwind::<(), core[df12db4294e9bfd3]::panic::unwind_safe::AssertUnwindSafe<std[70759c8f55707aa4]::thread::lifecycle::spawn_unchecked<test[9d35eded1c95d3be]::run_test::{closure#1}, ()>::{closure#1}::{closure#0}>>
[INFO] [stdout]                                at /rustc/dfb0accb7f508ae8be965d8629557221c889dd98/library/std/src/panicking.rs:544:19
[INFO] [stdout]   39:     0x5bd2a5b5a0c2 - std[70759c8f55707aa4]::panic::catch_unwind::<core[df12db4294e9bfd3]::panic::unwind_safe::AssertUnwindSafe<std[70759c8f55707aa4]::thread::lifecycle::spawn_unchecked<test[9d35eded1c95d3be]::run_test::{closure#1}, ()>::{closure#1}::{closure#0}>, ()>
[INFO] [stdout]                                at /rustc/dfb0accb7f508ae8be965d8629557221c889dd98/library/std/src/panic.rs:359:14
[INFO] [stdout]   40:     0x5bd2a5b5a0c2 - std[70759c8f55707aa4]::thread::lifecycle::spawn_unchecked::<test[9d35eded1c95d3be]::run_test::{closure#1}, ()>::{closure#1}
[INFO] [stdout]                                at /rustc/dfb0accb7f508ae8be965d8629557221c889dd98/library/std/src/thread/lifecycle.rs:68:26
[INFO] [stdout]   41:     0x5bd2a5b5a0c2 - <std[70759c8f55707aa4]::thread::lifecycle::spawn_unchecked<test[9d35eded1c95d3be]::run_test::{closure#1}, ()>::{closure#1} as core[df12db4294e9bfd3]::ops::function::FnOnce<()>>::call_once::{shim:vtable#0}
[INFO] [stdout]                                at /rustc/dfb0accb7f508ae8be965d8629557221c889dd98/library/core/src/ops/function.rs:250:5
[INFO] [stdout]   42:     0x5bd2a641fc49 - <alloc[2182bb758b4b3781]::boxed::Box<dyn core[df12db4294e9bfd3]::ops::function::FnOnce<(), Output = ()> + core[df12db4294e9bfd3]::marker::Send> as core[df12db4294e9bfd3]::ops::function::FnOnce<()>>::call_once
[INFO] [stdout]                                at /rustc/dfb0accb7f508ae8be965d8629557221c889dd98/library/alloc/src/boxed.rs:2320:9
[INFO] [stdout]   43:     0x5bd2a641fc49 - <std[70759c8f55707aa4]::sys::thread::unix::Thread>::new::thread_start
[INFO] [stdout]                                at /rustc/dfb0accb7f508ae8be965d8629557221c889dd98/library/std/src/sys/thread/unix.rs:123:17
[INFO] [stdout]   44:     0x7b63358f2dfa - <unknown>
[INFO] [stdout]   45:     0x7b63359863d4 - clone
[INFO] [stdout]   46:                0x0 - <unknown>
[INFO] [stdout] 
[INFO] [stdout] ---- config::tests::test_raw_to_config stdout ----
[INFO] [stdout] 
[INFO] [stdout] thread 'config::tests::test_raw_to_config' (3077) panicked at src/config.rs:140:91:
[INFO] [stdout] called `Result::unwrap()` on an `Err` value: Os { code: 2, kind: NotFound, message: "No such file or directory" }
[INFO] [stdout] stack backtrace:
[INFO] [stdout]    0:     0x5bd2a6420c41 - std[70759c8f55707aa4]::backtrace_rs::backtrace::libunwind::trace
[INFO] [stdout]                                at /rustc/dfb0accb7f508ae8be965d8629557221c889dd98/library/std/src/../../backtrace/src/backtrace/libunwind.rs:117:9
[INFO] [stdout]    1:     0x5bd2a6420c41 - std[70759c8f55707aa4]::backtrace_rs::backtrace::trace_unsynchronized::<std[70759c8f55707aa4]::sys::backtrace::_print_fmt::{closure#1}>
[INFO] [stdout]                                at /rustc/dfb0accb7f508ae8be965d8629557221c889dd98/library/std/src/../../backtrace/src/backtrace/mod.rs:66:14
[INFO] [stdout]    2:     0x5bd2a6420c41 - std[70759c8f55707aa4]::sys::backtrace::_print_fmt
[INFO] [stdout]                                at /rustc/dfb0accb7f508ae8be965d8629557221c889dd98/library/std/src/sys/backtrace.rs:74:9
[INFO] [stdout]    3:     0x5bd2a6420c41 - <<std[70759c8f55707aa4]::sys::backtrace::BacktraceLock>::print::DisplayBacktrace as core[df12db4294e9bfd3]::fmt::Display>::fmt
[INFO] [stdout]                                at /rustc/dfb0accb7f508ae8be965d8629557221c889dd98/library/std/src/sys/backtrace.rs:44:26
[INFO] [stdout]    4:     0x5bd2a643a5aa - <core[df12db4294e9bfd3]::fmt::rt::Argument>::fmt
[INFO] [stdout]                                at /rustc/dfb0accb7f508ae8be965d8629557221c889dd98/library/core/src/fmt/rt.rs:152:76
[INFO] [stdout]    5:     0x5bd2a643a5aa - core[df12db4294e9bfd3]::fmt::write
[INFO] [stdout]    6:     0x5bd2a6425b9c - core[df12db4294e9bfd3]::io::write::default_write_fmt::<alloc[2182bb758b4b3781]::vec::Vec<u8>>
[INFO] [stdout]                                at /rustc/dfb0accb7f508ae8be965d8629557221c889dd98/library/core/src/io/write.rs:402:11
[INFO] [stdout]    7:     0x5bd2a6425b9c - <alloc[2182bb758b4b3781]::vec::Vec<u8> as core[df12db4294e9bfd3]::io::write::Write>::write_fmt
[INFO] [stdout]                                at /rustc/dfb0accb7f508ae8be965d8629557221c889dd98/library/core/src/io/write.rs:335:13
[INFO] [stdout]    8:     0x5bd2a63fb136 - <std[70759c8f55707aa4]::sys::backtrace::BacktraceLock>::print
[INFO] [stdout]                                at /rustc/dfb0accb7f508ae8be965d8629557221c889dd98/library/std/src/sys/backtrace.rs:47:9
[INFO] [stdout]    9:     0x5bd2a63fb136 - std[70759c8f55707aa4]::panicking::default_hook::{closure#0}
[INFO] [stdout]                                at /rustc/dfb0accb7f508ae8be965d8629557221c889dd98/library/std/src/panicking.rs:292:27
[INFO] [stdout]   10:     0x5bd2a64184b9 - std[70759c8f55707aa4]::panicking::default_hook
[INFO] [stdout]                                at /rustc/dfb0accb7f508ae8be965d8629557221c889dd98/library/std/src/panicking.rs:316:9
[INFO] [stdout]   11:     0x5bd2a5b56610 - <alloc[2182bb758b4b3781]::boxed::Box<dyn for<'a, 'b> core[df12db4294e9bfd3]::ops::function::Fn<(&'a std[70759c8f55707aa4]::panic::PanicHookInfo<'b>,), Output = ()> + core[df12db4294e9bfd3]::marker::Send + core[df12db4294e9bfd3]::marker::Sync> as core[df12db4294e9bfd3]::ops::function::Fn<(&std[70759c8f55707aa4]::panic::PanicHookInfo,)>>::call
[INFO] [stdout]                                at /rustc/dfb0accb7f508ae8be965d8629557221c889dd98/library/alloc/src/boxed.rs:2334:9
[INFO] [stdout]   12:     0x5bd2a5b56610 - test[9d35eded1c95d3be]::test_main_inner::<test[9d35eded1c95d3be]::test_main_static::{closure#0}>::{closure#0}
[INFO] [stdout]                                at /rustc/dfb0accb7f508ae8be965d8629557221c889dd98/library/test/src/lib.rs:155:21
[INFO] [stdout]   13:     0x5bd2a64187e2 - <alloc[2182bb758b4b3781]::boxed::Box<dyn for<'a, 'b> core[df12db4294e9bfd3]::ops::function::Fn<(&'a std[70759c8f55707aa4]::panic::PanicHookInfo<'b>,), Output = ()> + core[df12db4294e9bfd3]::marker::Send + core[df12db4294e9bfd3]::marker::Sync> as core[df12db4294e9bfd3]::ops::function::Fn<(&std[70759c8f55707aa4]::panic::PanicHookInfo,)>>::call
[INFO] [stdout]                                at /rustc/dfb0accb7f508ae8be965d8629557221c889dd98/library/alloc/src/boxed.rs:2334:9
[INFO] [stdout]   14:     0x5bd2a64187e2 - std[70759c8f55707aa4]::panicking::panic_with_hook
[INFO] [stdout]                                at /rustc/dfb0accb7f508ae8be965d8629557221c889dd98/library/std/src/panicking.rs:823:13
[INFO] [stdout]   15:     0x5bd2a63fb1e2 - std[70759c8f55707aa4]::panicking::panic_handler::{closure#0}
[INFO] [stdout]                                at /rustc/dfb0accb7f508ae8be965d8629557221c889dd98/library/std/src/panicking.rs:688:13
[INFO] [stdout]   16:     0x5bd2a63f3ab9 - std[70759c8f55707aa4]::sys::backtrace::__rust_end_short_backtrace::<std[70759c8f55707aa4]::panicking::panic_handler::{closure#0}, !>
[INFO] [stdout]                                at /rustc/dfb0accb7f508ae8be965d8629557221c889dd98/library/std/src/sys/backtrace.rs:182:18
[INFO] [stdout]   17:     0x5bd2a63fc06d - __rustc[8fa7c3cbc660c2b3]::rust_begin_unwind
[INFO] [stdout]                                at /rustc/dfb0accb7f508ae8be965d8629557221c889dd98/library/std/src/panicking.rs:679:5
[INFO] [stdout]   18:     0x5bd2a643ae7c - core[df12db4294e9bfd3]::panicking::panic_fmt
[INFO] [stdout]                                at /rustc/dfb0accb7f508ae8be965d8629557221c889dd98/library/core/src/panicking.rs:80:14
[INFO] [stdout]   19:     0x5bd2a643aba2 - core[df12db4294e9bfd3]::result::unwrap_failed
[INFO] [stdout]                                at /rustc/dfb0accb7f508ae8be965d8629557221c889dd98/library/core/src/result.rs:1871:5
[INFO] [stdout]   20:     0x5bd2a59ecda0 - <core[df12db4294e9bfd3]::result::Result<ofnil[342f96ca6ab70aa0]::config::RawFeatureStoreConfig, alloc[2182bb758b4b3781]::boxed::Box<dyn core[df12db4294e9bfd3]::error::Error>>>::unwrap
[INFO] [stdout]                                at /rustc/dfb0accb7f508ae8be965d8629557221c889dd98/library/core/src/result.rs:1232:23
[INFO] [stdout]   21:     0x5bd2a59ecda0 - ofnil[342f96ca6ab70aa0]::config::tests::test_raw_to_config
[INFO] [stdout]                                at /opt/rustwide/workdir/src/config.rs:140:91
[INFO] [stdout]   22:     0x5bd2a59e2887 - ofnil[342f96ca6ab70aa0]::config::tests::test_raw_to_config::{closure#0}
[INFO] [stdout]                                at /opt/rustwide/workdir/src/config.rs:136:28
[INFO] [stdout]   23:     0x5bd2a5833596 - <ofnil[342f96ca6ab70aa0]::config::tests::test_raw_to_config::{closure#0} as core[df12db4294e9bfd3]::ops::function::FnOnce<()>>::call_once
[INFO] [stdout]                                at /rustc/dfb0accb7f508ae8be965d8629557221c889dd98/library/core/src/ops/function.rs:250:5
[INFO] [stdout]   24:     0x5bd2a5b498fb - <fn() -> core[df12db4294e9bfd3]::result::Result<(), alloc[2182bb758b4b3781]::string::String> as core[df12db4294e9bfd3]::ops::function::FnOnce<()>>::call_once
[INFO] [stdout]                                at /rustc/dfb0accb7f508ae8be965d8629557221c889dd98/library/core/src/ops/function.rs:250:5
[INFO] [stdout]   25:     0x5bd2a5b498fb - test[9d35eded1c95d3be]::__rust_begin_short_backtrace::<core[df12db4294e9bfd3]::result::Result<(), alloc[2182bb758b4b3781]::string::String>, fn() -> core[df12db4294e9bfd3]::result::Result<(), alloc[2182bb758b4b3781]::string::String>>
[INFO] [stdout]                                at /rustc/dfb0accb7f508ae8be965d8629557221c889dd98/library/test/src/lib.rs:733:18
[INFO] [stdout]   26:     0x5bd2a5b56f65 - test[9d35eded1c95d3be]::run_test_in_process::{closure#0}
[INFO] [stdout]                                at /rustc/dfb0accb7f508ae8be965d8629557221c889dd98/library/test/src/lib.rs:756:74
[INFO] [stdout]   27:     0x5bd2a5b56f65 - <core[df12db4294e9bfd3]::panic::unwind_safe::AssertUnwindSafe<test[9d35eded1c95d3be]::run_test_in_process::{closure#0}> as core[df12db4294e9bfd3]::ops::function::FnOnce<()>>::call_once
[INFO] [stdout]                                at /rustc/dfb0accb7f508ae8be965d8629557221c889dd98/library/core/src/panic/unwind_safe.rs:275:9
[INFO] [stdout]   28:     0x5bd2a5b56f65 - std[70759c8f55707aa4]::panicking::catch_unwind::do_call::<core[df12db4294e9bfd3]::panic::unwind_safe::AssertUnwindSafe<test[9d35eded1c95d3be]::run_test_in_process::{closure#0}>, core[df12db4294e9bfd3]::result::Result<(), alloc[2182bb758b4b3781]::string::String>>
[INFO] [stdout]                                at /rustc/dfb0accb7f508ae8be965d8629557221c889dd98/library/std/src/panicking.rs:576:43
[INFO] [stdout]   29:     0x5bd2a5b56f65 - std[70759c8f55707aa4]::panicking::catch_unwind::<core[df12db4294e9bfd3]::result::Result<(), alloc[2182bb758b4b3781]::string::String>, core[df12db4294e9bfd3]::panic::unwind_safe::AssertUnwindSafe<test[9d35eded1c95d3be]::run_test_in_process::{closure#0}>>
[INFO] [stdout]                                at /rustc/dfb0accb7f508ae8be965d8629557221c889dd98/library/std/src/panicking.rs:544:19
[INFO] [stdout]   30:     0x5bd2a5b56f65 - std[70759c8f55707aa4]::panic::catch_unwind::<core[df12db4294e9bfd3]::panic::unwind_safe::AssertUnwindSafe<test[9d35eded1c95d3be]::run_test_in_process::{closure#0}>, core[df12db4294e9bfd3]::result::Result<(), alloc[2182bb758b4b3781]::string::String>>
[INFO] [stdout]                                at /rustc/dfb0accb7f508ae8be965d8629557221c889dd98/library/std/src/panic.rs:359:14
[INFO] [stdout]   31:     0x5bd2a5b56f65 - test[9d35eded1c95d3be]::run_test_in_process
[INFO] [stdout]                                at /rustc/dfb0accb7f508ae8be965d8629557221c889dd98/library/test/src/lib.rs:756:27
[INFO] [stdout]   32:     0x5bd2a5b56f65 - test[9d35eded1c95d3be]::run_test::{closure#0}
[INFO] [stdout]                                at /rustc/dfb0accb7f508ae8be965d8629557221c889dd98/library/test/src/lib.rs:677:43
[INFO] [stdout]   33:     0x5bd2a5b50824 - test[9d35eded1c95d3be]::run_test::{closure#1}
[INFO] [stdout]                                at /rustc/dfb0accb7f508ae8be965d8629557221c889dd98/library/test/src/lib.rs:707:41
[INFO] [stdout]   34:     0x5bd2a5b50824 - std[70759c8f55707aa4]::sys::backtrace::__rust_begin_short_backtrace::<test[9d35eded1c95d3be]::run_test::{closure#1}, ()>
[INFO] [stdout]                                at /rustc/dfb0accb7f508ae8be965d8629557221c889dd98/library/std/src/sys/backtrace.rs:166:18
[INFO] [stdout]   35:     0x5bd2a5b5a0c2 - std[70759c8f55707aa4]::thread::lifecycle::spawn_unchecked::<test[9d35eded1c95d3be]::run_test::{closure#1}, ()>::{closure#1}::{closure#0}
[INFO] [stdout]                                at /rustc/dfb0accb7f508ae8be965d8629557221c889dd98/library/std/src/thread/lifecycle.rs:70:13
[INFO] [stdout]   36:     0x5bd2a5b5a0c2 - <core[df12db4294e9bfd3]::panic::unwind_safe::AssertUnwindSafe<std[70759c8f55707aa4]::thread::lifecycle::spawn_unchecked<test[9d35eded1c95d3be]::run_test::{closure#1}, ()>::{closure#1}::{closure#0}> as core[df12db4294e9bfd3]::ops::function::FnOnce<()>>::call_once
[INFO] [stdout]                                at /rustc/dfb0accb7f508ae8be965d8629557221c889dd98/library/core/src/panic/unwind_safe.rs:275:9
[INFO] [stdout]   37:     0x5bd2a5b5a0c2 - std[70759c8f55707aa4]::panicking::catch_unwind::do_call::<core[df12db4294e9bfd3]::panic::unwind_safe::AssertUnwindSafe<std[70759c8f55707aa4]::thread::lifecycle::spawn_unchecked<test[9d35eded1c95d3be]::run_test::{closure#1}, ()>::{closure#1}::{closure#0}>, ()>
[INFO] [stdout]                                at /rustc/dfb0accb7f508ae8be965d8629557221c889dd98/library/std/src/panicking.rs:576:43
[INFO] [stdout]   38:     0x5bd2a5b5a0c2 - std[70759c8f55707aa4]::panicking::catch_unwind::<(), core[df12db4294e9bfd3]::panic::unwind_safe::AssertUnwindSafe<std[70759c8f55707aa4]::thread::lifecycle::spawn_unchecked<test[9d35eded1c95d3be]::run_test::{closure#1}, ()>::{closure#1}::{closure#0}>>
[INFO] [stdout]                                at /rustc/dfb0accb7f508ae8be965d8629557221c889dd98/library/std/src/panicking.rs:544:19
[INFO] [stdout]   39:     0x5bd2a5b5a0c2 - std[70759c8f55707aa4]::panic::catch_unwind::<core[df12db4294e9bfd3]::panic::unwind_safe::AssertUnwindSafe<std[70759c8f55707aa4]::thread::lifecycle::spawn_unchecked<test[9d35eded1c95d3be]::run_test::{closure#1}, ()>::{closure#1}::{closure#0}>, ()>
[INFO] [stdout]                                at /rustc/dfb0accb7f508ae8be965d8629557221c889dd98/library/std/src/panic.rs:359:14
[INFO] [stdout]   40:     0x5bd2a5b5a0c2 - std[70759c8f55707aa4]::thread::lifecycle::spawn_unchecked::<test[9d35eded1c95d3be]::run_test::{closure#1}, ()>::{closure#1}
[INFO] [stdout]                                at /rustc/dfb0accb7f508ae8be965d8629557221c889dd98/library/std/src/thread/lifecycle.rs:68:26
[INFO] [stdout]   41:     0x5bd2a5b5a0c2 - <std[70759c8f55707aa4]::thread::lifecycle::spawn_unchecked<test[9d35eded1c95d3be]::run_test::{closure#1}, ()>::{closure#1} as core[df12db4294e9bfd3]::ops::function::FnOnce<()>>::call_once::{shim:vtable#0}
[INFO] [stdout]                                at /rustc/dfb0accb7f508ae8be965d8629557221c889dd98/library/core/src/ops/function.rs:250:5
[INFO] [stdout]   42:     0x5bd2a641fc49 - <alloc[2182bb758b4b3781]::boxed::Box<dyn core[df12db4294e9bfd3]::ops::function::FnOnce<(), Output = ()> + core[df12db4294e9bfd3]::marker::Send> as core[df12db4294e9bfd3]::ops::function::FnOnce<()>>::call_once
[INFO] [stdout]                                at /rustc/dfb0accb7f508ae8be965d8629557221c889dd98/library/alloc/src/boxed.rs:2320:9
[INFO] [stdout]   43:     0x5bd2a641fc49 - <std[70759c8f55707aa4]::sys::thread::unix::Thread>::new::thread_start
[INFO] [stdout]                                at /rustc/dfb0accb7f508ae8be965d8629557221c889dd98/library/std/src/sys/thread/unix.rs:123:17
[INFO] [stdout]   44:     0x7b63358f2dfa - <unknown>
[INFO] [stdout]   45:     0x7b63359863d4 - clone
[INFO] [stdout]   46:                0x0 - <unknown>
[INFO] [stdout] 
[INFO] [stdout] ---- python::tests::test_py_table_feature_view stdout ----
[INFO] [stdout] 
[INFO] [stdout] thread 'python::tests::test_py_table_feature_view' (3092) panicked at src/config.rs:51:73:
[INFO] [stdout] called `Result::unwrap()` on an `Err` value: Os { code: 2, kind: NotFound, message: "No such file or directory" }
[INFO] [stdout] stack backtrace:
[INFO] [stdout]    0:     0x5bd2a6420c41 - std[70759c8f55707aa4]::backtrace_rs::backtrace::libunwind::trace
[INFO] [stdout]                                at /rustc/dfb0accb7f508ae8be965d8629557221c889dd98/library/std/src/../../backtrace/src/backtrace/libunwind.rs:117:9
[INFO] [stdout]    1:     0x5bd2a6420c41 - std[70759c8f55707aa4]::backtrace_rs::backtrace::trace_unsynchronized::<std[70759c8f55707aa4]::sys::backtrace::_print_fmt::{closure#1}>
[INFO] [stdout]                                at /rustc/dfb0accb7f508ae8be965d8629557221c889dd98/library/std/src/../../backtrace/src/backtrace/mod.rs:66:14
[INFO] [stdout]    2:     0x5bd2a6420c41 - std[70759c8f55707aa4]::sys::backtrace::_print_fmt
[INFO] [stdout]                                at /rustc/dfb0accb7f508ae8be965d8629557221c889dd98/library/std/src/sys/backtrace.rs:74:9
[INFO] [stdout]    3:     0x5bd2a6420c41 - <<std[70759c8f55707aa4]::sys::backtrace::BacktraceLock>::print::DisplayBacktrace as core[df12db4294e9bfd3]::fmt::Display>::fmt
[INFO] [stdout]                                at /rustc/dfb0accb7f508ae8be965d8629557221c889dd98/library/std/src/sys/backtrace.rs:44:26
[INFO] [stdout]    4:     0x5bd2a643a5aa - <core[df12db4294e9bfd3]::fmt::rt::Argument>::fmt
[INFO] [stdout]                                at /rustc/dfb0accb7f508ae8be965d8629557221c889dd98/library/core/src/fmt/rt.rs:152:76
[INFO] [stdout]    5:     0x5bd2a643a5aa - core[df12db4294e9bfd3]::fmt::write
[INFO] [stdout]    6:     0x5bd2a6425b9c - core[df12db4294e9bfd3]::io::write::default_write_fmt::<alloc[2182bb758b4b3781]::vec::Vec<u8>>
[INFO] [stdout]                                at /rustc/dfb0accb7f508ae8be965d8629557221c889dd98/library/core/src/io/write.rs:402:11
[INFO] [stdout]    7:     0x5bd2a6425b9c - <alloc[2182bb758b4b3781]::vec::Vec<u8> as core[df12db4294e9bfd3]::io::write::Write>::write_fmt
[INFO] [stdout]                                at /rustc/dfb0accb7f508ae8be965d8629557221c889dd98/library/core/src/io/write.rs:335:13
[INFO] [stdout]    8:     0x5bd2a63fb136 - <std[70759c8f55707aa4]::sys::backtrace::BacktraceLock>::print
[INFO] [stdout]                                at /rustc/dfb0accb7f508ae8be965d8629557221c889dd98/library/std/src/sys/backtrace.rs:47:9
[INFO] [stdout]    9:     0x5bd2a63fb136 - std[70759c8f55707aa4]::panicking::default_hook::{closure#0}
[INFO] [stdout]                                at /rustc/dfb0accb7f508ae8be965d8629557221c889dd98/library/std/src/panicking.rs:292:27
[INFO] [stdout]   10:     0x5bd2a64184b9 - std[70759c8f55707aa4]::panicking::default_hook
[INFO] [stdout]                                at /rustc/dfb0accb7f508ae8be965d8629557221c889dd98/library/std/src/panicking.rs:316:9
[INFO] [stdout]   11:     0x5bd2a5b56610 - <alloc[2182bb758b4b3781]::boxed::Box<dyn for<'a, 'b> core[df12db4294e9bfd3]::ops::function::Fn<(&'a std[70759c8f55707aa4]::panic::PanicHookInfo<'b>,), Output = ()> + core[df12db4294e9bfd3]::marker::Send + core[df12db4294e9bfd3]::marker::Sync> as core[df12db4294e9bfd3]::ops::function::Fn<(&std[70759c8f55707aa4]::panic::PanicHookInfo,)>>::call
[INFO] [stdout]                                at /rustc/dfb0accb7f508ae8be965d8629557221c889dd98/library/alloc/src/boxed.rs:2334:9
[INFO] [stdout]   12:     0x5bd2a5b56610 - test[9d35eded1c95d3be]::test_main_inner::<test[9d35eded1c95d3be]::test_main_static::{closure#0}>::{closure#0}
[INFO] [stdout]                                at /rustc/dfb0accb7f508ae8be965d8629557221c889dd98/library/test/src/lib.rs:155:21
[INFO] [stdout]   13:     0x5bd2a64187e2 - <alloc[2182bb758b4b3781]::boxed::Box<dyn for<'a, 'b> core[df12db4294e9bfd3]::ops::function::Fn<(&'a std[70759c8f55707aa4]::panic::PanicHookInfo<'b>,), Output = ()> + core[df12db4294e9bfd3]::marker::Send + core[df12db4294e9bfd3]::marker::Sync> as core[df12db4294e9bfd3]::ops::function::Fn<(&std[70759c8f55707aa4]::panic::PanicHookInfo,)>>::call
[INFO] [stdout]                                at /rustc/dfb0accb7f508ae8be965d8629557221c889dd98/library/alloc/src/boxed.rs:2334:9
[INFO] [stdout]   14:     0x5bd2a64187e2 - std[70759c8f55707aa4]::panicking::panic_with_hook
[INFO] [stdout]                                at /rustc/dfb0accb7f508ae8be965d8629557221c889dd98/library/std/src/panicking.rs:823:13
[INFO] [stdout]   15:     0x5bd2a63fb1e2 - std[70759c8f55707aa4]::panicking::panic_handler::{closure#0}
[INFO] [stdout]                                at /rustc/dfb0accb7f508ae8be965d8629557221c889dd98/library/std/src/panicking.rs:688:13
[INFO] [stdout]   16:     0x5bd2a63f3ab9 - std[70759c8f55707aa4]::sys::backtrace::__rust_end_short_backtrace::<std[70759c8f55707aa4]::panicking::panic_handler::{closure#0}, !>
[INFO] [stdout]                                at /rustc/dfb0accb7f508ae8be965d8629557221c889dd98/library/std/src/sys/backtrace.rs:182:18
[INFO] [stdout]   17:     0x5bd2a63fc06d - __rustc[8fa7c3cbc660c2b3]::rust_begin_unwind
[INFO] [stdout]                                at /rustc/dfb0accb7f508ae8be965d8629557221c889dd98/library/std/src/panicking.rs:679:5
[INFO] [stdout]   18:     0x5bd2a643ae7c - core[df12db4294e9bfd3]::panicking::panic_fmt
[INFO] [stdout]                                at /rustc/dfb0accb7f508ae8be965d8629557221c889dd98/library/core/src/panicking.rs:80:14
[INFO] [stdout]   19:     0x5bd2a643aba2 - core[df12db4294e9bfd3]::result::unwrap_failed
[INFO] [stdout]                                at /rustc/dfb0accb7f508ae8be965d8629557221c889dd98/library/core/src/result.rs:1871:5
[INFO] [stdout]   20:     0x5bd2a59e9579 - <core[df12db4294e9bfd3]::result::Result<ofnil[342f96ca6ab70aa0]::config::RawFeatureStoreConfig, alloc[2182bb758b4b3781]::boxed::Box<dyn core[df12db4294e9bfd3]::error::Error>>>::unwrap
[INFO] [stdout]                                at /rustc/dfb0accb7f508ae8be965d8629557221c889dd98/library/core/src/result.rs:1232:23
[INFO] [stdout]   21:     0x5bd2a59e9579 - <ofnil[342f96ca6ab70aa0]::config::FeatureStoreConfig>::from_dir
[INFO] [stdout]                                at /opt/rustwide/workdir/src/config.rs:51:73
[INFO] [stdout]   22:     0x5bd2a59e2141 - <ofnil[342f96ca6ab70aa0]::feature_store::FeatureStore>::init::{closure#0}
[INFO] [stdout]                                at /opt/rustwide/workdir/src/feature_store.rs:49:22
[INFO] [stdout]   23:     0x5bd2a59e6d48 - ofnil[342f96ca6ab70aa0]::python::tests::test_py_table_feature_view::{closure#0}
[INFO] [stdout]                                at /opt/rustwide/workdir/src/python.rs:371:14
[INFO] [stdout]   24:     0x5bd2a5a6a51f - <core[df12db4294e9bfd3]::pin::Pin<&mut dyn core[df12db4294e9bfd3]::future::future::Future<Output = core[df12db4294e9bfd3]::result::Result<(), alloc[2182bb758b4b3781]::boxed::Box<dyn core[df12db4294e9bfd3]::error::Error>>>> as core[df12db4294e9bfd3]::future::future::Future>::poll
[INFO] [stdout]                                at /rustc/dfb0accb7f508ae8be965d8629557221c889dd98/library/core/src/future/future.rs:133:9
[INFO] [stdout]   25:     0x5bd2a5a6a5bb - <core[df12db4294e9bfd3]::pin::Pin<&mut core[df12db4294e9bfd3]::pin::Pin<&mut dyn core[df12db4294e9bfd3]::future::future::Future<Output = core[df12db4294e9bfd3]::result::Result<(), alloc[2182bb758b4b3781]::boxed::Box<dyn core[df12db4294e9bfd3]::error::Error>>>>> as core[df12db4294e9bfd3]::future::future::Future>::poll
[INFO] [stdout]                                at /rustc/dfb0accb7f508ae8be965d8629557221c889dd98/library/core/src/future/future.rs:133:9
[INFO] [stdout]   26:     0x5bd2a5a3e25b - <tokio[b2a2f7643229659c]::runtime::scheduler::current_thread::CoreGuard>::block_on::<core[df12db4294e9bfd3]::pin::Pin<&mut core[df12db4294e9bfd3]::pin::Pin<&mut dyn core[df12db4294e9bfd3]::future::future::Future<Output = core[df12db4294e9bfd3]::result::Result<(), alloc[2182bb758b4b3781]::boxed::Box<dyn core[df12db4294e9bfd3]::error::Error>>>>>>::{closure#0}::{closure#0}::{closure#0}
[INFO] [stdout]                                at /opt/rustwide/cargo-home/registry/src/index.crates.io-1949cf8c6b5b557f/tokio-1.33.0/src/runtime/scheduler/current_thread/mod.rs:665:73
[INFO] [stdout]   27:     0x5bd2a5a3e0c0 - tokio[b2a2f7643229659c]::runtime::coop::with_budget::<core[df12db4294e9bfd3]::task::poll::Poll<core[df12db4294e9bfd3]::result::Result<(), alloc[2182bb758b4b3781]::boxed::Box<dyn core[df12db4294e9bfd3]::error::Error>>>, <tokio[b2a2f7643229659c]::runtime::scheduler::current_thread::CoreGuard>::block_on<core[df12db4294e9bfd3]::pin::Pin<&mut core[df12db4294e9bfd3]::pin::Pin<&mut dyn core[df12db4294e9bfd3]::future::future::Future<Output = core[df12db4294e9bfd3]::result::Result<(), alloc[2182bb758b4b3781]::boxed::Box<dyn core[df12db4294e9bfd3]::error::Error>>>>>>::{closure#0}::{closure#0}::{closure#0}>
[INFO] [stdout]                                at /opt/rustwide/cargo-home/registry/src/index.crates.io-1949cf8c6b5b557f/tokio-1.33.0/src/runtime/coop.rs:107:5
[INFO] [stdout]   28:     0x5bd2a5a3e0c0 - tokio[b2a2f7643229659c]::runtime::coop::budget::<core[df12db4294e9bfd3]::task::poll::Poll<core[df12db4294e9bfd3]::result::Result<(), alloc[2182bb758b4b3781]::boxed::Box<dyn core[df12db4294e9bfd3]::error::Error>>>, <tokio[b2a2f7643229659c]::runtime::scheduler::current_thread::CoreGuard>::block_on<core[df12db4294e9bfd3]::pin::Pin<&mut core[df12db4294e9bfd3]::pin::Pin<&mut dyn core[df12db4294e9bfd3]::future::future::Future<Output = core[df12db4294e9bfd3]::result::Result<(), alloc[2182bb758b4b3781]::boxed::Box<dyn core[df12db4294e9bfd3]::error::Error>>>>>>::{closure#0}::{closure#0}::{closure#0}>
[INFO] [stdout]                                at /opt/rustwide/cargo-home/registry/src/index.crates.io-1949cf8c6b5b557f/tokio-1.33.0/src/runtime/coop.rs:73:5
[INFO] [stdout]   29:     0x5bd2a5a3e0c0 - <tokio[b2a2f7643229659c]::runtime::scheduler::current_thread::CoreGuard>::block_on::<core[df12db4294e9bfd3]::pin::Pin<&mut core[df12db4294e9bfd3]::pin::Pin<&mut dyn core[df12db4294e9bfd3]::future::future::Future<Output = core[df12db4294e9bfd3]::result::Result<(), alloc[2182bb758b4b3781]::boxed::Box<dyn core[df12db4294e9bfd3]::error::Error>>>>>>::{closure#0}::{closure#0}
[INFO] [stdout]                                at /opt/rustwide/cargo-home/registry/src/index.crates.io-1949cf8c6b5b557f/tokio-1.33.0/src/runtime/scheduler/current_thread/mod.rs:665:25
[INFO] [stdout]   30:     0x5bd2a5a27f8f - <tokio[b2a2f7643229659c]::runtime::scheduler::current_thread::Context>::enter::<core[df12db4294e9bfd3]::task::poll::Poll<core[df12db4294e9bfd3]::result::Result<(), alloc[2182bb758b4b3781]::boxed::Box<dyn core[df12db4294e9bfd3]::error::Error>>>, <tokio[b2a2f7643229659c]::runtime::scheduler::current_thread::CoreGuard>::block_on<core[df12db4294e9bfd3]::pin::Pin<&mut core[df12db4294e9bfd3]::pin::Pin<&mut dyn core[df12db4294e9bfd3]::future::future::Future<Output = core[df12db4294e9bfd3]::result::Result<(), alloc[2182bb758b4b3781]::boxed::Box<dyn core[df12db4294e9bfd3]::error::Error>>>>>>::{closure#0}::{closure#0}>
[INFO] [stdout]                                at /opt/rustwide/cargo-home/registry/src/index.crates.io-1949cf8c6b5b557f/tokio-1.33.0/src/runtime/scheduler/current_thread/mod.rs:410:19
[INFO] [stdout]   31:     0x5bd2a5a3c900 - <tokio[b2a2f7643229659c]::runtime::scheduler::current_thread::CoreGuard>::block_on::<core[df12db4294e9bfd3]::pin::Pin<&mut core[df12db4294e9bfd3]::pin::Pin<&mut dyn core[df12db4294e9bfd3]::future::future::Future<Output = core[df12db4294e9bfd3]::result::Result<(), alloc[2182bb758b4b3781]::boxed::Box<dyn core[df12db4294e9bfd3]::error::Error>>>>>>::{closure#0}
[INFO] [stdout]                                at /opt/rustwide/cargo-home/registry/src/index.crates.io-1949cf8c6b5b557f/tokio-1.33.0/src/runtime/scheduler/current_thread/mod.rs:664:44
[INFO] [stdout]   32:     0x5bd2a5a3c64b - <tokio[b2a2f7643229659c]::runtime::scheduler::current_thread::CoreGuard>::enter::<<tokio[b2a2f7643229659c]::runtime::scheduler::current_thread::CoreGuard>::block_on<core[df12db4294e9bfd3]::pin::Pin<&mut core[df12db4294e9bfd3]::pin::Pin<&mut dyn core[df12db4294e9bfd3]::future::future::Future<Output = core[df12db4294e9bfd3]::result::Result<(), alloc[2182bb758b4b3781]::boxed::Box<dyn core[df12db4294e9bfd3]::error::Error>>>>>>::{closure#0}, core[df12db4294e9bfd3]::option::Option<core[df12db4294e9bfd3]::result::Result<(), alloc[2182bb758b4b3781]::boxed::Box<dyn core[df12db4294e9bfd3]::error::Error>>>>::{closure#0}
[INFO] [stdout]                                at /opt/rustwide/cargo-home/registry/src/index.crates.io-1949cf8c6b5b557f/tokio-1.33.0/src/runtime/scheduler/current_thread/mod.rs:743:68
[INFO] [stdout]   33:     0x5bd2a580ef5a - <tokio[b2a2f7643229659c]::runtime::context::scoped::Scoped<tokio[b2a2f7643229659c]::runtime::scheduler::Context>>::set::<<tokio[b2a2f7643229659c]::runtime::scheduler::current_thread::CoreGuard>::enter<<tokio[b2a2f7643229659c]::runtime::scheduler::current_thread::CoreGuard>::block_on<core[df12db4294e9bfd3]::pin::Pin<&mut core[df12db4294e9bfd3]::pin::Pin<&mut dyn core[df12db4294e9bfd3]::future::future::Future<Output = core[df12db4294e9bfd3]::result::Result<(), alloc[2182bb758b4b3781]::boxed::Box<dyn core[df12db4294e9bfd3]::error::Error>>>>>>::{closure#0}, core[df12db4294e9bfd3]::option::Option<core[df12db4294e9bfd3]::result::Result<(), alloc[2182bb758b4b3781]::boxed::Box<dyn core[df12db4294e9bfd3]::error::Error>>>>::{closure#0}, (alloc[2182bb758b4b3781]::boxed::Box<tokio[b2a2f7643229659c]::runtime::scheduler::current_thread::Core>, core[df12db4294e9bfd3]::option::Option<core[df12db4294e9bfd3]::result::Result<(), alloc[2182bb758b4b3781]::boxed::Box<dyn core[df12db4294e9bfd3]::error::Error>>>)>
[INFO] [stdout]                                at /opt/rustwide/cargo-home/registry/src/index.crates.io-1949cf8c6b5b557f/tokio-1.33.0/src/runtime/context/scoped.rs:40:9
[INFO] [stdout]   34:     0x5bd2a59a7b9a - tokio[b2a2f7643229659c]::runtime::context::set_scheduler::<(alloc[2182bb758b4b3781]::boxed::Box<tokio[b2a2f7643229659c]::runtime::scheduler::current_thread::Core>, core[df12db4294e9bfd3]::option::Option<core[df12db4294e9bfd3]::result::Result<(), alloc[2182bb758b4b3781]::boxed::Box<dyn core[df12db4294e9bfd3]::error::Error>>>), <tokio[b2a2f7643229659c]::runtime::scheduler::current_thread::CoreGuard>::enter<<tokio[b2a2f7643229659c]::runtime::scheduler::current_thread::CoreGuard>::block_on<core[df12db4294e9bfd3]::pin::Pin<&mut core[df12db4294e9bfd3]::pin::Pin<&mut dyn core[df12db4294e9bfd3]::future::future::Future<Output = core[df12db4294e9bfd3]::result::Result<(), alloc[2182bb758b4b3781]::boxed::Box<dyn core[df12db4294e9bfd3]::error::Error>>>>>>::{closure#0}, core[df12db4294e9bfd3]::option::Option<core[df12db4294e9bfd3]::result::Result<(), alloc[2182bb758b4b3781]::boxed::Box<dyn core[df12db4294e9bfd3]::error::Error>>>>::{closure#0}>::{closure#0}
[INFO] [stdout]                                at /opt/rustwide/cargo-home/registry/src/index.crates.io-1949cf8c6b5b557f/tokio-1.33.0/src/runtime/context.rs:176:38
[INFO] [stdout]   35:     0x5bd2a593d68a - <std[70759c8f55707aa4]::thread::local::LocalKey<tokio[b2a2f7643229659c]::runtime::context::Context>>::try_with::<tokio[b2a2f7643229659c]::runtime::context::set_scheduler<(alloc[2182bb758b4b3781]::boxed::Box<tokio[b2a2f7643229659c]::runtime::scheduler::current_thread::Core>, core[df12db4294e9bfd3]::option::Option<core[df12db4294e9bfd3]::result::Result<(), alloc[2182bb758b4b3781]::boxed::Box<dyn core[df12db4294e9bfd3]::error::Error>>>), <tokio[b2a2f7643229659c]::runtime::scheduler::current_thread::CoreGuard>::enter<<tokio[b2a2f7643229659c]::runtime::scheduler::current_thread::CoreGuard>::block_on<core[df12db4294e9bfd3]::pin::Pin<&mut core[df12db4294e9bfd3]::pin::Pin<&mut dyn core[df12db4294e9bfd3]::future::future::Future<Output = core[df12db4294e9bfd3]::result::Result<(), alloc[2182bb758b4b3781]::boxed::Box<dyn core[df12db4294e9bfd3]::error::Error>>>>>>::{closure#0}, core[df12db4294e9bfd3]::option::Option<core[df12db4294e9bfd3]::result::Result<(), alloc[2182bb758b4b3781]::boxed::Box<dyn core[df12db4294e9bfd3]::error::Error>>>>::{closure#0}>::{closure#0}, (alloc[2182bb758b4b3781]::boxed::Box<tokio[b2a2f7643229659c]::runtime::scheduler::current_thread::Core>, core[df12db4294e9bfd3]::option::Option<core[df12db4294e9bfd3]::result::Result<(), alloc[2182bb758b4b3781]::boxed::Box<dyn core[df12db4294e9bfd3]::error::Error>>>)>
[INFO] [stdout]                                at /rustc/dfb0accb7f508ae8be965d8629557221c889dd98/library/std/src/thread/local.rs:463:12
[INFO] [stdout]   36:     0x5bd2a593d2ed - <std[70759c8f55707aa4]::thread::local::LocalKey<tokio[b2a2f7643229659c]::runtime::context::Context>>::with::<tokio[b2a2f7643229659c]::runtime::context::set_scheduler<(alloc[2182bb758b4b3781]::boxed::Box<tokio[b2a2f7643229659c]::runtime::scheduler::current_thread::Core>, core[df12db4294e9bfd3]::option::Option<core[df12db4294e9bfd3]::result::Result<(), alloc[2182bb758b4b3781]::boxed::Box<dyn core[df12db4294e9bfd3]::error::Error>>>), <tokio[b2a2f7643229659c]::runtime::scheduler::current_thread::CoreGuard>::enter<<tokio[b2a2f7643229659c]::runtime::scheduler::current_thread::CoreGuard>::block_on<core[df12db4294e9bfd3]::pin::Pin<&mut core[df12db4294e9bfd3]::pin::Pin<&mut dyn core[df12db4294e9bfd3]::future::future::Future<Output = core[df12db4294e9bfd3]::result::Result<(), alloc[2182bb758b4b3781]::boxed::Box<dyn core[df12db4294e9bfd3]::error::Error>>>>>>::{closure#0}, core[df12db4294e9bfd3]::option::Option<core[df12db4294e9bfd3]::result::Result<(), alloc[2182bb758b4b3781]::boxed::Box<dyn core[df12db4294e9bfd3]::error::Error>>>>::{closure#0}>::{closure#0}, (alloc[2182bb758b4b3781]::boxed::Box<tokio[b2a2f7643229659c]::runtime::scheduler::current_thread::Core>, core[df12db4294e9bfd3]::option::Option<core[df12db4294e9bfd3]::result::Result<(), alloc[2182bb758b4b3781]::boxed::Box<dyn core[df12db4294e9bfd3]::error::Error>>>)>
[INFO] [stdout]                                at /rustc/dfb0accb7f508ae8be965d8629557221c889dd98/library/std/src/thread/local.rs:427:20
[INFO] [stdout]   37:     0x5bd2a599d1c1 - tokio[b2a2f7643229659c]::runtime::context::set_scheduler::<(alloc[2182bb758b4b3781]::boxed::Box<tokio[b2a2f7643229659c]::runtime::scheduler::current_thread::Core>, core[df12db4294e9bfd3]::option::Option<core[df12db4294e9bfd3]::result::Result<(), alloc[2182bb758b4b3781]::boxed::Box<dyn core[df12db4294e9bfd3]::error::Error>>>), <tokio[b2a2f7643229659c]::runtime::scheduler::current_thread::CoreGuard>::enter<<tokio[b2a2f7643229659c]::runtime::scheduler::current_thread::CoreGuard>::block_on<core[df12db4294e9bfd3]::pin::Pin<&mut core[df12db4294e9bfd3]::pin::Pin<&mut dyn core[df12db4294e9bfd3]::future::future::Future<Output = core[df12db4294e9bfd3]::result::Result<(), alloc[2182bb758b4b3781]::boxed::Box<dyn core[df12db4294e9bfd3]::error::Error>>>>>>::{closure#0}, core[df12db4294e9bfd3]::option::Option<core[df12db4294e9bfd3]::result::Result<(), alloc[2182bb758b4b3781]::boxed::Box<dyn core[df12db4294e9bfd3]::error::Error>>>>::{closure#0}>
[INFO] [stdout]                                at /opt/rustwide/cargo-home/registry/src/index.crates.io-1949cf8c6b5b557f/tokio-1.33.0/src/runtime/context.rs:176:17
[INFO] [stdout]   38:     0x5bd2a5a2a82e - <tokio[b2a2f7643229659c]::runtime::scheduler::current_thread::CoreGuard>::enter::<<tokio[b2a2f7643229659c]::runtime::scheduler::current_thread::CoreGuard>::block_on<core[df12db4294e9bfd3]::pin::Pin<&mut core[df12db4294e9bfd3]::pin::Pin<&mut dyn core[df12db4294e9bfd3]::future::future::Future<Output = core[df12db4294e9bfd3]::result::Result<(), alloc[2182bb758b4b3781]::boxed::Box<dyn core[df12db4294e9bfd3]::error::Error>>>>>>::{closure#0}, core[df12db4294e9bfd3]::option::Option<core[df12db4294e9bfd3]::result::Result<(), alloc[2182bb758b4b3781]::boxed::Box<dyn core[df12db4294e9bfd3]::error::Error>>>>
[INFO] [stdout]                                at /opt/rustwide/cargo-home/registry/src/index.crates.io-1949cf8c6b5b557f/tokio-1.33.0/src/runtime/scheduler/current_thread/mod.rs:743:27
[INFO] [stdout]   39:     0x5bd2a5a2af0e - <tokio[b2a2f7643229659c]::runtime::scheduler::current_thread::CoreGuard>::block_on::<core[df12db4294e9bfd3]::pin::Pin<&mut core[df12db4294e9bfd3]::pin::Pin<&mut dyn core[df12db4294e9bfd3]::future::future::Future<Output = core[df12db4294e9bfd3]::result::Result<(), alloc[2182bb758b4b3781]::boxed::Box<dyn core[df12db4294e9bfd3]::error::Error>>>>>>
[INFO] [stdout]                                at /opt/rustwide/cargo-home/registry/src/index.crates.io-1949cf8c6b5b557f/tokio-1.33.0/src/runtime/scheduler/current_thread/mod.rs:652:24
[INFO] [stdout]   40:     0x5bd2a5a3b5e9 - <tokio[b2a2f7643229659c]::runtime::scheduler::current_thread::CurrentThread>::block_on::<core[df12db4294e9bfd3]::pin::Pin<&mut dyn core[df12db4294e9bfd3]::future::future::Future<Output = core[df12db4294e9bfd3]::result::Result<(), alloc[2182bb758b4b3781]::boxed::Box<dyn core[df12db4294e9bfd3]::error::Error>>>>>::{closure#0}
[INFO] [stdout]                                at /opt/rustwide/cargo-home/registry/src/index.crates.io-1949cf8c6b5b557f/tokio-1.33.0/src/runtime/scheduler/current_thread/mod.rs:175:33
[INFO] [stdout]   41:     0x5bd2a59c1c81 - tokio[b2a2f7643229659c]::runtime::context::runtime::enter_runtime::<<tokio[b2a2f7643229659c]::runtime::scheduler::current_thread::CurrentThread>::block_on<core[df12db4294e9bfd3]::pin::Pin<&mut dyn core[df12db4294e9bfd3]::future::future::Future<Output = core[df12db4294e9bfd3]::result::Result<(), alloc[2182bb758b4b3781]::boxed::Box<dyn core[df12db4294e9bfd3]::error::Error>>>>>::{closure#0}, core[df12db4294e9bfd3]::result::Result<(), alloc[2182bb758b4b3781]::boxed::Box<dyn core[df12db4294e9bfd3]::error::Error>>>
[INFO] [stdout]                                at /opt/rustwide/cargo-home/registry/src/index.crates.io-1949cf8c6b5b557f/tokio-1.33.0/src/runtime/context/runtime.rs:65:16
[INFO] [stdout]   42:     0x5bd2a5a27b5a - <tokio[b2a2f7643229659c]::runtime::scheduler::current_thread::CurrentThread>::block_on::<core[df12db4294e9bfd3]::pin::Pin<&mut dyn core[df12db4294e9bfd3]::future::future::Future<Output = core[df12db4294e9bfd3]::result::Result<(), alloc[2182bb758b4b3781]::boxed::Box<dyn core[df12db4294e9bfd3]::error::Error>>>>>
[INFO] [stdout]                                at /opt/rustwide/cargo-home/registry/src/index.crates.io-1949cf8c6b5b557f/tokio-1.33.0/src/runtime/scheduler/current_thread/mod.rs:167:9
[INFO] [stdout]   43:     0x5bd2a58d6222 - <tokio[b2a2f7643229659c]::runtime::runtime::Runtime>::block_on::<core[df12db4294e9bfd3]::pin::Pin<&mut dyn core[df12db4294e9bfd3]::future::future::Future<Output = core[df12db4294e9bfd3]::result::Result<(), alloc[2182bb758b4b3781]::boxed::Box<dyn core[df12db4294e9bfd3]::error::Error>>>>>
[INFO] [stdout]                                at /opt/rustwide/cargo-home/registry/src/index.crates.io-1949cf8c6b5b557f/tokio-1.33.0/src/runtime/runtime.rs:348:52
[INFO] [stdout]   44:     0x5bd2a59ed321 - ofnil[342f96ca6ab70aa0]::python::tests::test_py_table_feature_view
[INFO] [stdout]                                at /opt/rustwide/workdir/src/python.rs:412:11
[INFO] [stdout]   45:     0x5bd2a59e5b77 - ofnil[342f96ca6ab70aa0]::python::tests::test_py_table_feature_view::{closure#0}
[INFO] [stdout]                                at /opt/rustwide/workdir/src/python.rs:365:46
[INFO] [stdout]   46:     0x5bd2a58335d6 - <ofnil[342f96ca6ab70aa0]::python::tests::test_py_table_feature_view::{closure#0} as core[df12db4294e9bfd3]::ops::function::FnOnce<()>>::call_once
[INFO] [stdout]                                at /rustc/dfb0accb7f508ae8be965d8629557221c889dd98/library/core/src/ops/function.rs:250:5
[INFO] [stdout]   47:     0x5bd2a5b498fb - <fn() -> core[df12db4294e9bfd3]::result::Result<(), alloc[2182bb758b4b3781]::string::String> as core[df12db4294e9bfd3]::ops::function::FnOnce<()>>::call_once
[INFO] [stdout]                                at /rustc/dfb0accb7f508ae8be965d8629557221c889dd98/library/core/src/ops/function.rs:250:5
[INFO] [stdout]   48:     0x5bd2a5b498fb - test[9d35eded1c95d3be]::__rust_begin_short_backtrace::<core[df12db4294e9bfd3]::result::Result<(), alloc[2182bb758b4b3781]::string::String>, fn() -> core[df12db4294e9bfd3]::result::Result<(), alloc[2182bb758b4b3781]::string::String>>
[INFO] [stdout]                                at /rustc/dfb0accb7f508ae8be965d8629557221c889dd98/library/test/src/lib.rs:733:18
[INFO] [stdout]   49:     0x5bd2a5b56f65 - test[9d35eded1c95d3be]::run_test_in_process::{closure#0}
[INFO] [stdout]                                at /rustc/dfb0accb7f508ae8be965d8629557221c889dd98/library/test/src/lib.rs:756:74
[INFO] [stdout]   50:     0x5bd2a5b56f65 - <core[df12db4294e9bfd3]::panic::unwind_safe::AssertUnwindSafe<test[9d35eded1c95d3be]::run_test_in_process::{closure#0}> as core[df12db4294e9bfd3]::ops::function::FnOnce<()>>::call_once
[INFO] [stdout]                                at /rustc/dfb0accb7f508ae8be965d8629557221c889dd98/library/core/src/panic/unwind_safe.rs:275:9
[INFO] [stdout]   51:     0x5bd2a5b56f65 - std[70759c8f55707aa4]::panicking::catch_unwind::do_call::<core[df12db4294e9bfd3]::panic::unwind_safe::AssertUnwindSafe<test[9d35eded1c95d3be]::run_test_in_process::{closure#0}>, core[df12db4294e9bfd3]::result::Result<(), alloc[2182bb758b4b3781]::string::String>>
[INFO] [stdout]                                at /rustc/dfb0accb7f508ae8be965d8629557221c889dd98/library/std/src/panicking.rs:576:43
[INFO] [stdout]   52:     0x5bd2a5b56f65 - std[70759c8f55707aa4]::panicking::catch_unwind::<core[df12db4294e9bfd3]::result::Result<(), alloc[2182bb758b4b3781]::string::String>, core[df12db4294e9bfd3]::panic::unwind_safe::AssertUnwindSafe<test[9d35eded1c95d3be]::run_test_in_process::{closure#0}>>
[INFO] [stdout]                                at /rustc/dfb0accb7f508ae8be965d8629557221c889dd98/library/std/src/panicking.rs:544:19
[INFO] [stdout]   53:     0x5bd2a5b56f65 - std[70759c8f55707aa4]::panic::catch_unwind::<core[df12db4294e9bfd3]::panic::unwind_safe::AssertUnwindSafe<test[9d35eded1c95d3be]::run_test_in_process::{closure#0}>, core[df12db4294e9bfd3]::result::Result<(), alloc[2182bb758b4b3781]::string::String>>
[INFO] [stdout]                                at /rustc/dfb0accb7f508ae8be965d8629557221c889dd98/library/std/src/panic.rs:359:14
[INFO] [stdout]   54:     0x5bd2a5b56f65 - test[9d35eded1c95d3be]::run_test_in_process
[INFO] [stdout]                                at /rustc/dfb0accb7f508ae8be965d8629557221c889dd98/library/test/src/lib.rs:756:27
[INFO] [stdout]   55:     0x5bd2a5b56f65 - test[9d35eded1c95d3be]::run_test::{closure#0}
[INFO] [stdout]                                at /rustc/dfb0accb7f508ae8be965d8629557221c889dd98/library/test/src/lib.rs:677:43
[INFO] [stdout]   56:     0x5bd2a5b50824 - test[9d35eded1c95d3be]::run_test::{closure#1}
[INFO] [stdout]                                at /rustc/dfb0accb7f508ae8be965d8629557221c889dd98/library/test/src/lib.rs:707:41
[INFO] [stdout]   57:     0x5bd2a5b50824 - std[70759c8f55707aa4]::sys::backtrace::__rust_begin_short_backtrace::<test[9d35eded1c95d3be]::run_test::{closure#1}, ()>
[INFO] [stdout]                                at /rustc/dfb0accb7f508ae8be965d8629557221c889dd98/library/std/src/sys/backtrace.rs:166:18
[INFO] [stdout]   58:     0x5bd2a5b5a0c2 - std[70759c8f55707aa4]::thread::lifecycle::spawn_unchecked::<test[9d35eded1c95d3be]::run_test::{closure#1}, ()>::{closure#1}::{closure#0}
[INFO] [stdout]                                at /rustc/dfb0accb7f508ae8be965d8629557221c889dd98/library/std/src/thread/lifecycle.rs:70:13
[INFO] [stdout]   59:     0x5bd2a5b5a0c2 - <core[df12db4294e9bfd3]::panic::unwind_safe::AssertUnwindSafe<std[70759c8f55707aa4]::thread::lifecycle::spawn_unchecked<test[9d35eded1c95d3be]::run_test::{closure#1}, ()>::{closure#1}::{closure#0}> as core[df12db4294e9bfd3]::ops::function::FnOnce<()>>::call_once
[INFO] [stdout]                                at /rustc/dfb0accb7f508ae8be965d8629557221c889dd98/library/core/src/panic/unwind_safe.rs:275:9
[INFO] [stdout]   60:     0x5bd2a5b5a0c2 - std[70759c8f55707aa4]::panicking::catch_unwind::do_call::<core[df12db4294e9bfd3]::panic::unwind_safe::AssertUnwindSafe<std[70759c8f55707aa4]::thread::lifecycle::spawn_unchecked<test[9d35eded1c95d3be]::run_test::{closure#1}, ()>::{closure#1}::{closure#0}>, ()>
[INFO] [stdout]                                at /rustc/dfb0accb7f508ae8be965d8629557221c889dd98/library/std/src/panicking.rs:576:43
[INFO] [stdout]   61:     0x5bd2a5b5a0c2 - std[70759c8f55707aa4]::panicking::catch_unwind::<(), core[df12db4294e9bfd3]::panic::unwind_safe::AssertUnwindSafe<std[70759c8f55707aa4]::thread::lifecycle::spawn_unchecked<test[9d35eded1c95d3be]::run_test::{closure#1}, ()>::{closure#1}::{closure#0}>>
[INFO] [stdout]                                at /rustc/dfb0accb7f508ae8be965d8629557221c889dd98/library/std/src/panicking.rs:544:19
[INFO] [stdout]   62:     0x5bd2a5b5a0c2 - std[70759c8f55707aa4]::panic::catch_unwind::<core[df12db4294e9bfd3]::panic::unwind_safe::AssertUnwindSafe<std[70759c8f55707aa4]::thread::lifecycle::spawn_unchecked<test[9d35eded1c95d3be]::run_test::{closure#1}, ()>::{closure#1}::{closure#0}>, ()>
[INFO] [stdout]                                at /rustc/dfb0accb7f508ae8be965d8629557221c889dd98/library/std/src/panic.rs:359:14
[INFO] [stdout]   63:     0x5bd2a5b5a0c2 - std[70759c8f55707aa4]::thread::lifecycle::spawn_unchecked::<test[9d35eded1c95d3be]::run_test::{closure#1}, ()>::{closure#1}
[INFO] [stdout]                                at /rustc/dfb0accb7f508ae8be965d8629557221c889dd98/library/std/src/thread/lifecycle.rs:68:26
[INFO] [stdout]   64:     0x5bd2a5b5a0c2 - <std[70759c8f55707aa4]::thread::lifecycle::spawn_unchecked<test[9d35eded1c95d3be]::run_test::{closure#1}, ()>::{closure#1} as core[df12db4294e9bfd3]::ops::function::FnOnce<()>>::call_once::{shim:vtable#0}
[INFO] [stdout]                                at /rustc/dfb0accb7f508ae8be965d8629557221c889dd98/library/core/src/ops/function.rs:250:5
[INFO] [stdout]   65:     0x5bd2a641fc49 - <alloc[2182bb758b4b3781]::boxed::Box<dyn core[df12db4294e9bfd3]::ops::function::FnOnce<(), Output = ()> + core[df12db4294e9bfd3]::marker::Send> as core[df12db4294e9bfd3]::ops::function::FnOnce<()>>::call_once
[INFO] [stdout]                                at /rustc/dfb0accb7f508ae8be965d8629557221c889dd98/library/alloc/src/boxed.rs:2320:9
[INFO] [stdout]   66:     0x5bd2a641fc49 - <std[70759c8f55707aa4]::sys::thread::unix::Thread>::new::thread_start
[INFO] [stdout]                                at /rustc/dfb0accb7f508ae8be965d8629557221c889dd98/library/std/src/sys/thread/unix.rs:123:17
[INFO] [stdout]   67:     0x7b63358f2dfa - <unknown>
[INFO] [stdout]   68:     0x7b63359863d4 - clone
[INFO] [stdout]   69:                0x0 - <unknown>
[INFO] [stdout] 
[INFO] [stdout] ---- python::tests::test_py_topo_feature_view stdout ----
[INFO] [stdout] 
[INFO] [stdout] thread 'python::tests::test_py_topo_feature_view' (3097) panicked at src/config.rs:51:73:
[INFO] [stdout] called `Result::unwrap()` on an `Err` value: Os { code: 2, kind: NotFound, message: "No such file or directory" }
[INFO] [stdout] stack backtrace:
[INFO] [stdout]    0:     0x5bd2a6420c41 - std[70759c8f55707aa4]::backtrace_rs::backtrace::libunwind::trace
[INFO] [stdout]                                at /rustc/dfb0accb7f508ae8be965d8629557221c889dd98/library/std/src/../../backtrace/src/backtrace/libunwind.rs:117:9
[INFO] [stdout]    1:     0x5bd2a6420c41 - std[70759c8f55707aa4]::backtrace_rs::backtrace::trace_unsynchronized::<std[70759c8f55707aa4]::sys::backtrace::_print_fmt::{closure#1}>
[INFO] [stdout]                                at /rustc/dfb0accb7f508ae8be965d8629557221c889dd98/library/std/src/../../backtrace/src/backtrace/mod.rs:66:14
[INFO] [stdout]    2:     0x5bd2a6420c41 - std[70759c8f55707aa4]::sys::backtrace::_print_fmt
[INFO] [stdout]                                at /rustc/dfb0accb7f508ae8be965d8629557221c889dd98/library/std/src/sys/backtrace.rs:74:9
[INFO] [stdout]    3:     0x5bd2a6420c41 - <<std[70759c8f55707aa4]::sys::backtrace::BacktraceLock>::print::DisplayBacktrace as core[df12db4294e9bfd3]::fmt::Display>::fmt
[INFO] [stdout]                                at /rustc/dfb0accb7f508ae8be965d8629557221c889dd98/library/std/src/sys/backtrace.rs:44:26
[INFO] [stdout]    4:     0x5bd2a643a5aa - <core[df12db4294e9bfd3]::fmt::rt::Argument>::fmt
[INFO] [stdout]                                at /rustc/dfb0accb7f508ae8be965d8629557221c889dd98/library/core/src/fmt/rt.rs:152:76
[INFO] [stdout]    5:     0x5bd2a643a5aa - core[df12db4294e9bfd3]::fmt::write
[INFO] [stdout]    6:     0x5bd2a6425b9c - core[df12db4294e9bfd3]::io::write::default_write_fmt::<alloc[2182bb758b4b3781]::vec::Vec<u8>>
[INFO] [stdout]                                at /rustc/dfb0accb7f508ae8be965d8629557221c889dd98/library/core/src/io/write.rs:402:11
[INFO] [stdout]    7:     0x5bd2a6425b9c - <alloc[2182bb758b4b3781]::vec::Vec<u8> as core[df12db4294e9bfd3]::io::write::Write>::write_fmt
[INFO] [stdout]                                at /rustc/dfb0accb7f508ae8be965d8629557221c889dd98/library/core/src/io/write.rs:335:13
[INFO] [stdout]    8:     0x5bd2a63fb136 - <std[70759c8f55707aa4]::sys::backtrace::BacktraceLock>::print
[INFO] [stdout]                                at /rustc/dfb0accb7f508ae8be965d8629557221c889dd98/library/std/src/sys/backtrace.rs:47:9
[INFO] [stdout]    9:     0x5bd2a63fb136 - std[70759c8f55707aa4]::panicking::default_hook::{closure#0}
[INFO] [stdout]                                at /rustc/dfb0accb7f508ae8be965d8629557221c889dd98/library/std/src/panicking.rs:292:27
[INFO] [stdout]   10:     0x5bd2a64184b9 - std[70759c8f55707aa4]::panicking::default_hook
[INFO] [stdout]                                at /rustc/dfb0accb7f508ae8be965d8629557221c889dd98/library/std/src/panicking.rs:316:9
[INFO] [stdout]   11:     0x5bd2a5b56610 - <alloc[2182bb758b4b3781]::boxed::Box<dyn for<'a, 'b> core[df12db4294e9bfd3]::ops::function::Fn<(&'a std[70759c8f55707aa4]::panic::PanicHookInfo<'b>,), Output = ()> + core[df12db4294e9bfd3]::marker::Send + core[df12db4294e9bfd3]::marker::Sync> as core[df12db4294e9bfd3]::ops::function::Fn<(&std[70759c8f55707aa4]::panic::PanicHookInfo,)>>::call
[INFO] [stdout]                                at /rustc/dfb0accb7f508ae8be965d8629557221c889dd98/library/alloc/src/boxed.rs:2334:9
[INFO] [stdout]   12:     0x5bd2a5b56610 - test[9d35eded1c95d3be]::test_main_inner::<test[9d35eded1c95d3be]::test_main_static::{closure#0}>::{closure#0}
[INFO] [stdout]                                at /rustc/dfb0accb7f508ae8be965d8629557221c889dd98/library/test/src/lib.rs:155:21
[INFO] [stdout]   13:     0x5bd2a64187e2 - <alloc[2182bb758b4b3781]::boxed::Box<dyn for<'a, 'b> core[df12db4294e9bfd3]::ops::function::Fn<(&'a std[70759c8f55707aa4]::panic::PanicHookInfo<'b>,), Output = ()> + core[df12db4294e9bfd3]::marker::Send + core[df12db4294e9bfd3]::marker::Sync> as core[df12db4294e9bfd3]::ops::function::Fn<(&std[70759c8f55707aa4]::panic::PanicHookInfo,)>>::call
[INFO] [stdout]                                at /rustc/dfb0accb7f508ae8be965d8629557221c889dd98/library/alloc/src/boxed.rs:2334:9
[INFO] [stdout]   14:     0x5bd2a64187e2 - std[70759c8f55707aa4]::panicking::panic_with_hook
[INFO] [stdout]                                at /rustc/dfb0accb7f508ae8be965d8629557221c889dd98/library/std/src/panicking.rs:823:13
[INFO] [stdout]   15:     0x5bd2a63fb1e2 - std[70759c8f55707aa4]::panicking::panic_handler::{closure#0}
[INFO] [stdout]                                at /rustc/dfb0accb7f508ae8be965d8629557221c889dd98/library/std/src/panicking.rs:688:13
[INFO] [stdout]   16:     0x5bd2a63f3ab9 - std[70759c8f55707aa4]::sys::backtrace::__rust_end_short_backtrace::<std[70759c8f55707aa4]::panicking::panic_handler::{closure#0}, !>
[INFO] [stdout]                                at /rustc/dfb0accb7f508ae8be965d8629557221c889dd98/library/std/src/sys/backtrace.rs:182:18
[INFO] [stdout]   17:     0x5bd2a63fc06d - __rustc[8fa7c3cbc660c2b3]::rust_begin_unwind
[INFO] [stdout]                                at /rustc/dfb0accb7f508ae8be965d8629557221c889dd98/library/std/src/panicking.rs:679:5
[INFO] [stdout]   18:     0x5bd2a643ae7c - core[df12db4294e9bfd3]::panicking::panic_fmt
[INFO] [stdout]                                at /rustc/dfb0accb7f508ae8be965d8629557221c889dd98/library/core/src/panicking.rs:80:14
[INFO] [stdout]   19:     0x5bd2a643aba2 - core[df12db4294e9bfd3]::result::unwrap_failed
[INFO] [stdout]                                at /rustc/dfb0accb7f508ae8be965d8629557221c889dd98/library/core/src/result.rs:1871:5
[INFO] [stdout]   20:     0x5bd2a59e9579 - <core[df12db4294e9bfd3]::result::Result<ofnil[342f96ca6ab70aa0]::config::RawFeatureStoreConfig, alloc[2182bb758b4b3781]::boxed::Box<dyn core[df12db4294e9bfd3]::error::Error>>>::unwrap
[INFO] [stdout]                                at /rustc/dfb0accb7f508ae8be965d8629557221c889dd98/library/core/src/result.rs:1232:23
[INFO] [stdout]   21:     0x5bd2a59e9579 - <ofnil[342f96ca6ab70aa0]::config::FeatureStoreConfig>::from_dir
[INFO] [stdout]                                at /opt/rustwide/workdir/src/config.rs:51:73
[INFO] [stdout]   22:     0x5bd2a59e2141 - <ofnil[342f96ca6ab70aa0]::feature_store::FeatureStore>::init::{closure#0}
[INFO] [stdout]                                at /opt/rustwide/workdir/src/feature_store.rs:49:22
[INFO] [stdout]   23:     0x5bd2a59e5ee6 - ofnil[342f96ca6ab70aa0]::python::tests::test_py_topo_feature_view::{closure#0}
[INFO] [stdout]                                at /opt/rustwide/workdir/src/python.rs:339:14
[INFO] [stdout]   24:     0x5bd2a5a6a51f - <core[df12db4294e9bfd3]::pin::Pin<&mut dyn core[df12db4294e9bfd3]::future::future::Future<Output = core[df12db4294e9bfd3]::result::Result<(), alloc[2182bb758b4b3781]::boxed::Box<dyn core[df12db4294e9bfd3]::error::Error>>>> as core[df12db4294e9bfd3]::future::future::Future>::poll
[INFO] [stdout]                                at /rustc/dfb0accb7f508ae8be965d8629557221c889dd98/library/core/src/future/future.rs:133:9
[INFO] [stdout]   25:     0x5bd2a5a6a5bb - <core[df12db4294e9bfd3]::pin::Pin<&mut core[df12db4294e9bfd3]::pin::Pin<&mut dyn core[df12db4294e9bfd3]::future::future::Future<Output = core[df12db4294e9bfd3]::result::Result<(), alloc[2182bb758b4b3781]::boxed::Box<dyn core[df12db4294e9bfd3]::error::Error>>>>> as core[df12db4294e9bfd3]::future::future::Future>::poll
[INFO] [stdout]                                at /rustc/dfb0accb7f508ae8be965d8629557221c889dd98/library/core/src/future/future.rs:133:9
[INFO] [stdout]   26:     0x5bd2a5a3e25b - <tokio[b2a2f7643229659c]::runtime::scheduler::current_thread::CoreGuard>::block_on::<core[df12db4294e9bfd3]::pin::Pin<&mut core[df12db4294e9bfd3]::pin::Pin<&mut dyn core[df12db4294e9bfd3]::future::future::Future<Output = core[df12db4294e9bfd3]::result::Result<(), alloc[2182bb758b4b3781]::boxed::Box<dyn core[df12db4294e9bfd3]::error::Error>>>>>>::{closure#0}::{closure#0}::{closure#0}
[INFO] [stdout]                                at /opt/rustwide/cargo-home/registry/src/index.crates.io-1949cf8c6b5b557f/tokio-1.33.0/src/runtime/scheduler/current_thread/mod.rs:665:73
[INFO] [stdout]   27:     0x5bd2a5a3e0c0 - tokio[b2a2f7643229659c]::runtime::coop::with_budget::<core[df12db4294e9bfd3]::task::poll::Poll<core[df12db4294e9bfd3]::result::Result<(), alloc[2182bb758b4b3781]::boxed::Box<dyn core[df12db4294e9bfd3]::error::Error>>>, <tokio[b2a2f7643229659c]::runtime::scheduler::current_thread::CoreGuard>::block_on<core[df12db4294e9bfd3]::pin::Pin<&mut core[df12db4294e9bfd3]::pin::Pin<&mut dyn core[df12db4294e9bfd3]::future::future::Future<Output = core[df12db4294e9bfd3]::result::Result<(), alloc[2182bb758b4b3781]::boxed::Box<dyn core[df12db4294e9bfd3]::error::Error>>>>>>::{closure#0}::{closure#0}::{closure#0}>
[INFO] [stdout]                                at /opt/rustwide/cargo-home/registry/src/index.crates.io-1949cf8c6b5b557f/tokio-1.33.0/src/runtime/coop.rs:107:5
[INFO] [stdout]   28:     0x5bd2a5a3e0c0 - tokio[b2a2f7643229659c]::runtime::coop::budget::<core[df12db4294e9bfd3]::task::poll::Poll<core[df12db4294e9bfd3]::result::Result<(), alloc[2182bb758b4b3781]::boxed::Box<dyn core[df12db4294e9bfd3]::error::Error>>>, <tokio[b2a2f7643229659c]::runtime::scheduler::current_thread::CoreGuard>::block_on<core[df12db4294e9bfd3]::pin::Pin<&mut core[df12db4294e9bfd3]::pin::Pin<&mut dyn core[df12db4294e9bfd3]::future::future::Future<Output = core[df12db4294e9bfd3]::result::Result<(), alloc[2182bb758b4b3781]::boxed::Box<dyn core[df12db4294e9bfd3]::error::Error>>>>>>::{closure#0}::{closure#0}::{closure#0}>
[INFO] [stdout]                                at /opt/rustwide/cargo-home/registry/src/index.crates.io-1949cf8c6b5b557f/tokio-1.33.0/src/runtime/coop.rs:73:5
[INFO] [stdout]   29:     0x5bd2a5a3e0c0 - <tokio[b2a2f7643229659c]::runtime::scheduler::current_thread::CoreGuard>::block_on::<core[df12db4294e9bfd3]::pin::Pin<&mut core[df12db4294e9bfd3]::pin::Pin<&mut dyn core[df12db4294e9bfd3]::future::future::Future<Output = core[df12db4294e9bfd3]::result::Result<(), alloc[2182bb758b4b3781]::boxed::Box<dyn core[df12db4294e9bfd3]::error::Error>>>>>>::{closure#0}::{closure#0}
[INFO] [stdout]                                at /opt/rustwide/cargo-home/registry/src/index.crates.io-1949cf8c6b5b557f/tokio-1.33.0/src/runtime/scheduler/current_thread/mod.rs:665:25
[INFO] [stdout]   30:     0x5bd2a5a27f8f - <tokio[b2a2f7643229659c]::runtime::scheduler::current_thread::Context>::enter::<core[df12db4294e9bfd3]::task::poll::Poll<core[df12db4294e9bfd3]::result::Result<(), alloc[2182bb758b4b3781]::boxed::Box<dyn core[df12db4294e9bfd3]::error::Error>>>, <tokio[b2a2f7643229659c]::runtime::scheduler::current_thread::CoreGuard>::block_on<core[df12db4294e9bfd3]::pin::Pin<&mut core[df12db4294e9bfd3]::pin::Pin<&mut dyn core[df12db4294e9bfd3]::future::future::Future<Output = core[df12db4294e9bfd3]::result::Result<(), alloc[2182bb758b4b3781]::boxed::Box<dyn core[df12db4294e9bfd3]::error::Error>>>>>>::{closure#0}::{closure#0}>
[INFO] [stdout]                                at /opt/rustwide/cargo-home/registry/src/index.crates.io-1949cf8c6b5b557f/tokio-1.33.0/src/runtime/scheduler/current_thread/mod.rs:410:19
[INFO] [stdout]   31:     0x5bd2a5a3c900 - <tokio[b2a2f7643229659c]::runtime::scheduler::current_thread::CoreGuard>::block_on::<core[df12db4294e9bfd3]::pin::Pin<&mut core[df12db4294e9bfd3]::pin::Pin<&mut dyn core[df12db4294e9bfd3]::future::future::Future<Output = core[df12db4294e9bfd3]::result::Result<(), alloc[2182bb758b4b3781]::boxed::Box<dyn core[df12db4294e9bfd3]::error::Error>>>>>>::{closure#0}
[INFO] [stdout]                                at /opt/rustwide/cargo-home/registry/src/index.crates.io-1949cf8c6b5b557f/tokio-1.33.0/src/runtime/scheduler/current_thread/mod.rs:664:44
[INFO] [stdout]   32:     0x5bd2a5a3c64b - <tokio[b2a2f7643229659c]::runtime::scheduler::current_thread::CoreGuard>::enter::<<tokio[b2a2f7643229659c]::runtime::scheduler::current_thread::CoreGuard>::block_on<core[df12db4294e9bfd3]::pin::Pin<&mut core[df12db4294e9bfd3]::pin::Pin<&mut dyn core[df12db4294e9bfd3]::future::future::Future<Output = core[df12db4294e9bfd3]::result::Result<(), alloc[2182bb758b4b3781]::boxed::Box<dyn core[df12db4294e9bfd3]::error::Error>>>>>>::{closure#0}, core[df12db4294e9bfd3]::option::Option<core[df12db4294e9bfd3]::result::Result<(), alloc[2182bb758b4b3781]::boxed::Box<dyn core[df12db4294e9bfd3]::error::Error>>>>::{closure#0}
[INFO] [stdout]                                at /opt/rustwide/cargo-home/registry/src/index.crates.io-1949cf8c6b5b557f/tokio-1.33.0/src/runtime/scheduler/current_thread/mod.rs:743:68
[INFO] [stdout]   33:     0x5bd2a580ef5a - <tokio[b2a2f7643229659c]::runtime::context::scoped::Scoped<tokio[b2a2f7643229659c]::runtime::scheduler::Context>>::set::<<tokio[b2a2f7643229659c]::runtime::scheduler::current_thread::CoreGuard>::enter<<tokio[b2a2f7643229659c]::runtime::scheduler::current_thread::CoreGuard>::block_on<core[df12db4294e9bfd3]::pin::Pin<&mut core[df12db4294e9bfd3]::pin::Pin<&mut dyn core[df12db4294e9bfd3]::future::future::Future<Output = core[df12db4294e9bfd3]::result::Result<(), alloc[2182bb758b4b3781]::boxed::Box<dyn core[df12db4294e9bfd3]::error::Error>>>>>>::{closure#0}, core[df12db4294e9bfd3]::option::Option<core[df12db4294e9bfd3]::result::Result<(), alloc[2182bb758b4b3781]::boxed::Box<dyn core[df12db4294e9bfd3]::error::Error>>>>::{closure#0}, (alloc[2182bb758b4b3781]::boxed::Box<tokio[b2a2f7643229659c]::runtime::scheduler::current_thread::Core>, core[df12db4294e9bfd3]::option::Option<core[df12db4294e9bfd3]::result::Result<(), alloc[2182bb758b4b3781]::boxed::Box<dyn core[df12db4294e9bfd3]::error::Error>>>)>
[INFO] [stdout]                                at /opt/rustwide/cargo-home/registry/src/index.crates.io-1949cf8c6b5b557f/tokio-1.33.0/src/runtime/context/scoped.rs:40:9
[INFO] [stdout]   34:     0x5bd2a59a7b9a - tokio[b2a2f7643229659c]::runtime::context::set_scheduler::<(alloc[2182bb758b4b3781]::boxed::Box<tokio[b2a2f7643229659c]::runtime::scheduler::current_thread::Core>, core[df12db4294e9bfd3]::option::Option<core[df12db4294e9bfd3]::result::Result<(), alloc[2182bb758b4b3781]::boxed::Box<dyn core[df12db4294e9bfd3]::error::Error>>>), <tokio[b2a2f7643229659c]::runtime::scheduler::current_thread::CoreGuard>::enter<<tokio[b2a2f7643229659c]::runtime::scheduler::current_thread::CoreGuard>::block_on<core[df12db4294e9bfd3]::pin::Pin<&mut core[df12db4294e9bfd3]::pin::Pin<&mut dyn core[df12db4294e9bfd3]::future::future::Future<Output = core[df12db4294e9bfd3]::result::Result<(), alloc[2182bb758b4b3781]::boxed::Box<dyn core[df12db4294e9bfd3]::error::Error>>>>>>::{closure#0}, core[df12db4294e9bfd3]::option::Option<core[df12db4294e9bfd3]::result::Result<(), alloc[2182bb758b4b3781]::boxed::Box<dyn core[df12db4294e9bfd3]::error::Error>>>>::{closure#0}>::{closure#0}
[INFO] [stdout]                                at /opt/rustwide/cargo-home/registry/src/index.crates.io-1949cf8c6b5b557f/tokio-1.33.0/src/runtime/context.rs:176:38
[INFO] [stdout]   35:     0x5bd2a593d68a - <std[70759c8f55707aa4]::thread::local::LocalKey<tokio[b2a2f7643229659c]::runtime::context::Context>>::try_with::<tokio[b2a2f7643229659c]::runtime::context::set_scheduler<(alloc[2182bb758b4b3781]::boxed::Box<tokio[b2a2f7643229659c]::runtime::scheduler::current_thread::Core>, core[df12db4294e9bfd3]::option::Option<core[df12db4294e9bfd3]::result::Result<(), alloc[2182bb758b4b3781]::boxed::Box<dyn core[df12db4294e9bfd3]::error::Error>>>), <tokio[b2a2f7643229659c]::runtime::scheduler::current_thread::CoreGuard>::enter<<tokio[b2a2f7643229659c]::runtime::scheduler::current_thread::CoreGuard>::block_on<core[df12db4294e9bfd3]::pin::Pin<&mut core[df12db4294e9bfd3]::pin::Pin<&mut dyn core[df12db4294e9bfd3]::future::future::Future<Output = core[df12db4294e9bfd3]::result::Result<(), alloc[2182bb758b4b3781]::boxed::Box<dyn core[df12db4294e9bfd3]::error::Error>>>>>>::{closure#0}, core[df12db4294e9bfd3]::option::Option<core[df12db4294e9bfd3]::result::Result<(), alloc[2182bb758b4b3781]::boxed::Box<dyn core[df12db4294e9bfd3]::error::Error>>>>::{closure#0}>::{closure#0}, (alloc[2182bb758b4b3781]::boxed::Box<tokio[b2a2f7643229659c]::runtime::scheduler::current_thread::Core>, core[df12db4294e9bfd3]::option::Option<core[df12db4294e9bfd3]::result::Result<(), alloc[2182bb758b4b3781]::boxed::Box<dyn core[df12db4294e9bfd3]::error::Error>>>)>
[INFO] [stdout]                                at /rustc/dfb0accb7f508ae8be965d8629557221c889dd98/library/std/src/thread/local.rs:463:12
[INFO] [stdout]   36:     0x5bd2a593d2ed - <std[70759c8f55707aa4]::thread::local::LocalKey<tokio[b2a2f7643229659c]::runtime::context::Context>>::with::<tokio[b2a2f7643229659c]::runtime::context::set_scheduler<(alloc[2182bb758b4b3781]::boxed::Box<tokio[b2a2f7643229659c]::runtime::scheduler::current_thread::Core>, core[df12db4294e9bfd3]::option::Option<core[df12db4294e9bfd3]::result::Result<(), alloc[2182bb758b4b3781]::boxed::Box<dyn core[df12db4294e9bfd3]::error::Error>>>), <tokio[b2a2f7643229659c]::runtime::scheduler::current_thread::CoreGuard>::enter<<tokio[b2a2f7643229659c]::runtime::scheduler::current_thread::CoreGuard>::block_on<core[df12db4294e9bfd3]::pin::Pin<&mut core[df12db4294e9bfd3]::pin::Pin<&mut dyn core[df12db4294e9bfd3]::future::future::Future<Output = core[df12db4294e9bfd3]::result::Result<(), alloc[2182bb758b4b3781]::boxed::Box<dyn core[df12db4294e9bfd3]::error::Error>>>>>>::{closure#0}, core[df12db4294e9bfd3]::option::Option<core[df12db4294e9bfd3]::result::Result<(), alloc[2182bb758b4b3781]::boxed::Box<dyn core[df12db4294e9bfd3]::error::Error>>>>::{closure#0}>::{closure#0}, (alloc[2182bb758b4b3781]::boxed::Box<tokio[b2a2f7643229659c]::runtime::scheduler::current_thread::Core>, core[df12db4294e9bfd3]::option::Option<core[df12db4294e9bfd3]::result::Result<(), alloc[2182bb758b4b3781]::boxed::Box<dyn core[df12db4294e9bfd3]::error::Error>>>)>
[INFO] [stdout]                                at /rustc/dfb0accb7f508ae8be965d8629557221c889dd98/library/std/src/thread/local.rs:427:20
[INFO] [stdout]   37:     0x5bd2a599d1c1 - tokio[b2a2f7643229659c]::runtime::context::set_scheduler::<(alloc[2182bb758b4b3781]::boxed::Box<tokio[b2a2f7643229659c]::runtime::scheduler::current_thread::Core>, core[df12db4294e9bfd3]::option::Option<core[df12db4294e9bfd3]::result::Result<(), alloc[2182bb758b4b3781]::boxed::Box<dyn core[df12db4294e9bfd3]::error::Error>>>), <tokio[b2a2f7643229659c]::runtime::scheduler::current_thread::CoreGuard>::enter<<tokio[b2a2f7643229659c]::runtime::scheduler::current_thread::CoreGuard>::block_on<core[df12db4294e9bfd3]::pin::Pin<&mut core[df12db4294e9bfd3]::pin::Pin<&mut dyn core[df12db4294e9bfd3]::future::future::Future<Output = core[df12db4294e9bfd3]::result::Result<(), alloc[2182bb758b4b3781]::boxed::Box<dyn core[df12db4294e9bfd3]::error::Error>>>>>>::{closure#0}, core[df12db4294e9bfd3]::option::Option<core[df12db4294e9bfd3]::result::Result<(), alloc[2182bb758b4b3781]::boxed::Box<dyn core[df12db4294e9bfd3]::error::Error>>>>::{closure#0}>
[INFO] [stdout]                                at /opt/rustwide/cargo-home/registry/src/index.crates.io-1949cf8c6b5b557f/tokio-1.33.0/src/runtime/context.rs:176:17
[INFO] [stdout]   38:     0x5bd2a5a2a82e - <tokio[b2a2f7643229659c]::runtime::scheduler::current_thread::CoreGuard>::enter::<<tokio[b2a2f7643229659c]::runtime::scheduler::current_thread::CoreGuard>::block_on<core[df12db4294e9bfd3]::pin::Pin<&mut core[df12db4294e9bfd3]::pin::Pin<&mut dyn core[df12db4294e9bfd3]::future::future::Future<Output = core[df12db4294e9bfd3]::result::Result<(), alloc[2182bb758b4b3781]::boxed::Box<dyn core[df12db4294e9bfd3]::error::Error>>>>>>::{closure#0}, core[df12db4294e9bfd3]::option::Option<core[df12db4294e9bfd3]::result::Result<(), alloc[2182bb758b4b3781]::boxed::Box<dyn core[df12db4294e9bfd3]::error::Error>>>>
[INFO] [stdout]                                at /opt/rustwide/cargo-home/registry/src/index.crates.io-1949cf8c6b5b557f/tokio-1.33.0/src/runtime/scheduler/current_thread/mod.rs:743:27
[INFO] [stdout]   39:     0x5bd2a5a2af0e - <tokio[b2a2f7643229659c]::runtime::scheduler::current_thread::CoreGuard>::block_on::<core[df12db4294e9bfd3]::pin::Pin<&mut core[df12db4294e9bfd3]::pin::Pin<&mut dyn core[df12db4294e9bfd3]::future::future::Future<Output = core[df12db4294e9bfd3]::result::Result<(), alloc[2182bb758b4b3781]::boxed::Box<dyn core[df12db4294e9bfd3]::error::Error>>>>>>
[INFO] [stdout]                                at /opt/rustwide/cargo-home/registry/src/index.crates.io-1949cf8c6b5b557f/tokio-1.33.0/src/runtime/scheduler/current_thread/mod.rs:652:24
[INFO] [stdout]   40:     0x5bd2a5a3b5e9 - <tokio[b2a2f7643229659c]::runtime::scheduler::current_thread::CurrentThread>::block_on::<core[df12db4294e9bfd3]::pin::Pin<&mut dyn core[df12db4294e9bfd3]::future::future::Future<Output = core[df12db4294e9bfd3]::result::Result<(), alloc[2182bb758b4b3781]::boxed::Box<dyn core[df12db4294e9bfd3]::error::Error>>>>>::{closure#0}
[INFO] [stdout]                                at /opt/rustwide/cargo-home/registry/src/index.crates.io-1949cf8c6b5b557f/tokio-1.33.0/src/runtime/scheduler/current_thread/mod.rs:175:33
[INFO] [stdout]   41:     0x5bd2a59c1c81 - tokio[b2a2f7643229659c]::runtime::context::runtime::enter_runtime::<<tokio[b2a2f7643229659c]::runtime::scheduler::current_thread::CurrentThread>::block_on<core[df12db4294e9bfd3]::pin::Pin<&mut dyn core[df12db4294e9bfd3]::future::future::Future<Output = core[df12db4294e9bfd3]::result::Result<(), alloc[2182bb758b4b3781]::boxed::Box<dyn core[df12db4294e9bfd3]::error::Error>>>>>::{closure#0}, core[df12db4294e9bfd3]::result::Result<(), alloc[2182bb758b4b3781]::boxed::Box<dyn core[df12db4294e9bfd3]::error::Error>>>
[INFO] [stdout]                                at /opt/rustwide/cargo-home/registry/src/index.crates.io-1949cf8c6b5b557f/tokio-1.33.0/src/runtime/context/runtime.rs:65:16
[INFO] [stdout]   42:     0x5bd2a5a27b5a - <tokio[b2a2f7643229659c]::runtime::scheduler::current_thread::CurrentThread>::block_on::<core[df12db4294e9bfd3]::pin::Pin<&mut dyn core[df12db4294e9bfd3]::future::future::Future<Output = core[df12db4294e9bfd3]::result::Result<(), alloc[2182bb758b4b3781]::boxed::Box<dyn core[df12db4294e9bfd3]::error::Error>>>>>
[INFO] [stdout]                                at /opt/rustwide/cargo-home/registry/src/index.crates.io-1949cf8c6b5b557f/tokio-1.33.0/src/runtime/scheduler/current_thread/mod.rs:167:9
[INFO] [stdout]   43:     0x5bd2a58d6222 - <tokio[b2a2f7643229659c]::runtime::runtime::Runtime>::block_on::<core[df12db4294e9bfd3]::pin::Pin<&mut dyn core[df12db4294e9bfd3]::future::future::Future<Output = core[df12db4294e9bfd3]::result::Result<(), alloc[2182bb758b4b3781]::boxed::Box<dyn core[df12db4294e9bfd3]::error::Error>>>>>
[INFO] [stdout]                                at /opt/rustwide/cargo-home/registry/src/index.crates.io-1949cf8c6b5b557f/tokio-1.33.0/src/runtime/runtime.rs:348:52
[INFO] [stdout]   44:     0x5bd2a59ed112 - ofnil[342f96ca6ab70aa0]::python::tests::test_py_topo_feature_view
[INFO] [stdout]                                at /opt/rustwide/workdir/src/python.rs:361:11
[INFO] [stdout]   45:     0x5bd2a59e5b47 - ofnil[342f96ca6ab70aa0]::python::tests::test_py_topo_feature_view::{closure#0}
[INFO] [stdout]                                at /opt/rustwide/workdir/src/python.rs:333:45
[INFO] [stdout]   46:     0x5bd2a58335b6 - <ofnil[342f96ca6ab70aa0]::python::tests::test_py_topo_feature_view::{closure#0} as core[df12db4294e9bfd3]::ops::function::FnOnce<()>>::call_once
[INFO] [stdout]                                at /rustc/dfb0accb7f508ae8be965d8629557221c889dd98/library/core/src/ops/function.rs:250:5
[INFO] [stdout]   47:     0x5bd2a5b498fb - <fn() -> core[df12db4294e9bfd3]::result::Result<(), alloc[2182bb758b4b3781]::string::String> as core[df12db4294e9bfd3]::ops::function::FnOnce<()>>::call_once
[INFO] [stdout]                                at /rustc/dfb0accb7f508ae8be965d8629557221c889dd98/library/core/src/ops/function.rs:250:5
[INFO] [stdout]   48:     0x5bd2a5b498fb - test[9d35eded1c95d3be]::__rust_begin_short_backtrace::<core[df12db4294e9bfd3]::result::Result<(), alloc[2182bb758b4b3781]::string::String>, fn() -> core[df12db4294e9bfd3]::result::Result<(), alloc[2182bb758b4b3781]::string::String>>
[INFO] [stdout]                                at /rustc/dfb0accb7f508ae8be965d8629557221c889dd98/library/test/src/lib.rs:733:18
[INFO] [stdout]   49:     0x5bd2a5b56f65 - test[9d35eded1c95d3be]::run_test_in_process::{closure#0}
[INFO] [stdout]                                at /rustc/dfb0accb7f508ae8be965d8629557221c889dd98/library/test/src/lib.rs:756:74
[INFO] [stdout]   50:     0x5bd2a5b56f65 - <core[df12db4294e9bfd3]::panic::unwind_safe::AssertUnwindSafe<test[9d35eded1c95d3be]::run_test_in_process::{closure#0}> as core[df12db4294e9bfd3]::ops::function::FnOnce<()>>::call_once
[INFO] [stdout]                                at /rustc/dfb0accb7f508ae8be965d8629557221c889dd98/library/core/src/panic/unwind_safe.rs:275:9
[INFO] [stdout]   51:     0x5bd2a5b56f65 - std[70759c8f55707aa4]::panicking::catch_unwind::do_call::<core[df12db4294e9bfd3]::panic::unwind_safe::AssertUnwindSafe<test[9d35eded1c95d3be]::run_test_in_process::{closure#0}>, core[df12db4294e9bfd3]::result::Result<(), alloc[2182bb758b4b3781]::string::String>>
[INFO] [stdout]                                at /rustc/dfb0accb7f508ae8be965d8629557221c889dd98/library/std/src/panicking.rs:576:43
[INFO] [stdout]   52:     0x5bd2a5b56f65 - std[70759c8f55707aa4]::panicking::catch_unwind::<core[df12db4294e9bfd3]::result::Result<(), alloc[2182bb758b4b3781]::string::String>, core[df12db4294e9bfd3]::panic::unwind_safe::AssertUnwindSafe<test[9d35eded1c95d3be]::run_test_in_process::{closure#0}>>
[INFO] [stdout]                                at /rustc/dfb0accb7f508ae8be965d8629557221c889dd98/library/std/src/panicking.rs:544:19
[INFO] [stdout]   53:     0x5bd2a5b56f65 - std[70759c8f55707aa4]::panic::catch_unwind::<core[df12db4294e9bfd3]::panic::unwind_safe::AssertUnwindSafe<test[9d35eded1c95d3be]::run_test_in_process::{closure#0}>, core[df12db4294e9bfd3]::result::Result<(), alloc[2182bb758b4b3781]::string::String>>
[INFO] [stdout]                                at /rustc/dfb0accb7f508ae8be965d8629557221c889dd98/library/std/src/panic.rs:359:14
[INFO] [stdout]   54:     0x5bd2a5b56f65 - test[9d35eded1c95d3be]::run_test_in_process
[INFO] [stdout]                                at /rustc/dfb0accb7f508ae8be965d8629557221c889dd98/library/test/src/lib.rs:756:27
[INFO] [stdout]   55:     0x5bd2a5b56f65 - test[9d35eded1c95d3be]::run_test::{closure#0}
[INFO] [stdout]                                at /rustc/dfb0accb7f508ae8be965d8629557221c889dd98/library/test/src/lib.rs:677:43
[INFO] [stdout]   56:     0x5bd2a5b50824 - test[9d35eded1c95d3be]::run_test::{closure#1}
[INFO] [stdout]                                at /rustc/dfb0accb7f508ae8be965d8629557221c889dd98/library/test/src/lib.rs:707:41
[INFO] [stdout]   57:     0x5bd2a5b50824 - std[70759c8f55707aa4]::sys::backtrace::__rust_begin_short_backtrace::<test[9d35eded1c95d3be]::run_test::{closure#1}, ()>
[INFO] [stdout]                                at /rustc/dfb0accb7f508ae8be965d8629557221c889dd98/library/std/src/sys/backtrace.rs:166:18
[INFO] [stdout]   58:     0x5bd2a5b5a0c2 - std[70759c8f55707aa4]::thread::lifecycle::spawn_unchecked::<test[9d35eded1c95d3be]::run_test::{closure#1}, ()>::{closure#1}::{closure#0}
[INFO] [stdout]                                at /rustc/dfb0accb7f508ae8be965d8629557221c889dd98/library/std/src/thread/lifecycle.rs:70:13
[INFO] [stdout]   59:     0x5bd2a5b5a0c2 - <core[df12db4294e9bfd3]::panic::unwind_safe::AssertUnwindSafe<std[70759c8f55707aa4]::thread::lifecycle::spawn_unchecked<test[9d35eded1c95d3be]::run_test::{closure#1}, ()>::{closure#1}::{closure#0}> as core[df12db4294e9bfd3]::ops::function::FnOnce<()>>::call_once
[INFO] [stdout]                                at /rustc/dfb0accb7f508ae8be965d8629557221c889dd98/library/core/src/panic/unwind_safe.rs:275:9
[INFO] [stdout]   60:     0x5bd2a5b5a0c2 - std[70759c8f55707aa4]::panicking::catch_unwind::do_call::<core[df12db4294e9bfd3]::panic::unwind_safe::AssertUnwindSafe<std[70759c8f55707aa4]::thread::lifecycle::spawn_unchecked<test[9d35eded1c95d3be]::run_test::{closure#1}, ()>::{closure#1}::{closure#0}>, ()>
[INFO] [stdout]                                at /rustc/dfb0accb7f508ae8be965d8629557221c889dd98/library/std/src/panicking.rs:576:43
[INFO] [stdout]   61:     0x5bd2a5b5a0c2 - std[70759c8f55707aa4]::panicking::catch_unwind::<(), core[df12db4294e9bfd3]::panic::unwind_safe::AssertUnwindSafe<std[70759c8f55707aa4]::thread::lifecycle::spawn_unchecked<test[9d35eded1c95d3be]::run_test::{closure#1}, ()>::{closure#1}::{closure#0}>>
[INFO] [stdout]                                at /rustc/dfb0accb7f508ae8be965d8629557221c889dd98/library/std/src/panicking.rs:544:19
[INFO] [stdout]   62:     0x5bd2a5b5a0c2 - std[70759c8f55707aa4]::panic::catch_unwind::<core[df12db4294e9bfd3]::panic::unwind_safe::AssertUnwindSafe<std[70759c8f55707aa4]::thread::lifecycle::spawn_unchecked<test[9d35eded1c95d3be]::run_test::{closure#1}, ()>::{closure#1}::{closure#0}>, ()>
[INFO] [stdout]                                at /rustc/dfb0accb7f508ae8be965d8629557221c889dd98/library/std/src/panic.rs:359:14
[INFO] [stdout]   63:     0x5bd2a5b5a0c2 - std[70759c8f55707aa4]::thread::lifecycle::spawn_unchecked::<test[9d35eded1c95d3be]::run_test::{closure#1}, ()>::{closure#1}
[INFO] [stdout]                                at /rustc/dfb0accb7f508ae8be965d8629557221c889dd98/library/std/src/thread/lifecycle.rs:68:26
[INFO] [stdout]   64:     0x5bd2a5b5a0c2 - <std[70759c8f55707aa4]::thread::lifecycle::spawn_unchecked<test[9d35eded1c95d3be]::run_test::{closure#1}, ()>::{closure#1} as core[df12db4294e9bfd3]::ops::function::FnOnce<()>>::call_once::{shim:vtable#0}
[INFO] [stdout]                                at /rustc/dfb0accb7f508ae8be965d8629557221c889dd98/library/core/src/ops/function.rs:250:5
[INFO] [stdout]   65:     0x5bd2a641fc49 - <alloc[2182bb758b4b3781]::boxed::Box<dyn core[df12db4294e9bfd3]::ops::function::FnOnce<(), Output = ()> + core[df12db4294e9bfd3]::marker::Send> as core[df12db4294e9bfd3]::ops::function::FnOnce<()>>::call_once
[INFO] [stdout]                                at /rustc/dfb0accb7f508ae8be965d8629557221c889dd98/library/alloc/src/boxed.rs:2320:9
[INFO] [stdout]   66:     0x5bd2a641fc49 - <std[70759c8f55707aa4]::sys::thread::unix::Thread>::new::thread_start
[INFO] [stdout]                                at /rustc/dfb0accb7f508ae8be965d8629557221c889dd98/library/std/src/sys/thread/unix.rs:123:17
[INFO] [stdout]   67:     0x7b63358f2dfa - <unknown>
[INFO] [stdout]   68:     0x7b63359863d4 - clone
[INFO] [stdout]   69:                0x0 - <unknown>
[INFO] [stdout] 
[INFO] [stdout] ---- infra::test_infra_manager_bolt_conn stdout ----
[INFO] [stdout] 
[INFO] [stdout] thread 'infra::test_infra_manager_bolt_conn' (3091) panicked at src/infra.rs:256:10:
[INFO] [stdout] called `Result::unwrap()` on an `Err` value: IoError(Os { code: 111, kind: ConnectionRefused, message: "Connection refused" })
[INFO] [stdout] stack backtrace:
[INFO] [stdout]    0:     0x5bd2a6420c41 - std[70759c8f55707aa4]::backtrace_rs::backtrace::libunwind::trace
[INFO] [stdout]                                at /rustc/dfb0accb7f508ae8be965d8629557221c889dd98/library/std/src/../../backtrace/src/backtrace/libunwind.rs:117:9
[INFO] [stdout]    1:     0x5bd2a6420c41 - std[70759c8f55707aa4]::backtrace_rs::backtrace::trace_unsynchronized::<std[70759c8f55707aa4]::sys::backtrace::_print_fmt::{closure#1}>
[INFO] [stdout]                                at /rustc/dfb0accb7f508ae8be965d8629557221c889dd98/library/std/src/../../backtrace/src/backtrace/mod.rs:66:14
[INFO] [stdout]    2:     0x5bd2a6420c41 - std[70759c8f55707aa4]::sys::backtrace::_print_fmt
[INFO] [stdout]                                at /rustc/dfb0accb7f508ae8be965d8629557221c889dd98/library/std/src/sys/backtrace.rs:74:9
[INFO] [stdout]    3:     0x5bd2a6420c41 - <<std[70759c8f55707aa4]::sys::backtrace::BacktraceLock>::print::DisplayBacktrace as core[df12db4294e9bfd3]::fmt::Display>::fmt
[INFO] [stdout]                                at /rustc/dfb0accb7f508ae8be965d8629557221c889dd98/library/std/src/sys/backtrace.rs:44:26
[INFO] [stdout]    4:     0x5bd2a643a5aa - <core[df12db4294e9bfd3]::fmt::rt::Argument>::fmt
[INFO] [stdout]                                at /rustc/dfb0accb7f508ae8be965d8629557221c889dd98/library/core/src/fmt/rt.rs:152:76
[INFO] [stdout]    5:     0x5bd2a643a5aa - core[df12db4294e9bfd3]::fmt::write
[INFO] [stdout]    6:     0x5bd2a6425b9c - core[df12db4294e9bfd3]::io::write::default_write_fmt::<alloc[2182bb758b4b3781]::vec::Vec<u8>>
[INFO] [stdout]                                at /rustc/dfb0accb7f508ae8be965d8629557221c889dd98/library/core/src/io/write.rs:402:11
[INFO] [stdout]    7:     0x5bd2a6425b9c - <alloc[2182bb758b4b3781]::vec::Vec<u8> as core[df12db4294e9bfd3]::io::write::Write>::write_fmt
[INFO] [stdout]                                at /rustc/dfb0accb7f508ae8be965d8629557221c889dd98/library/core/src/io/write.rs:335:13
[INFO] [stdout]    8:     0x5bd2a63fb136 - <std[70759c8f55707aa4]::sys::backtrace::BacktraceLock>::print
[INFO] [stdout]                                at /rustc/dfb0accb7f508ae8be965d8629557221c889dd98/library/std/src/sys/backtrace.rs:47:9
[INFO] [stdout]    9:     0x5bd2a63fb136 - std[70759c8f55707aa4]::panicking::default_hook::{closure#0}
[INFO] [stdout]                                at /rustc/dfb0accb7f508ae8be965d8629557221c889dd98/library/std/src/panicking.rs:292:27
[INFO] [stdout]   10:     0x5bd2a64184b9 - std[70759c8f55707aa4]::panicking::default_hook
[INFO] [stdout]                                at /rustc/dfb0accb7f508ae8be965d8629557221c889dd98/library/std/src/panicking.rs:316:9
[INFO] [stdout]   11:     0x5bd2a5b56610 - <alloc[2182bb758b4b3781]::boxed::Box<dyn for<'a, 'b> core[df12db4294e9bfd3]::ops::function::Fn<(&'a std[70759c8f55707aa4]::panic::PanicHookInfo<'b>,), Output = ()> + core[df12db4294e9bfd3]::marker::Send + core[df12db4294e9bfd3]::marker::Sync> as core[df12db4294e9bfd3]::ops::function::Fn<(&std[70759c8f55707aa4]::panic::PanicHookInfo,)>>::call
[INFO] [stdout]                                at /rustc/dfb0accb7f508ae8be965d8629557221c889dd98/library/alloc/src/boxed.rs:2334:9
[INFO] [stdout]   12:     0x5bd2a5b56610 - test[9d35eded1c95d3be]::test_main_inner::<test[9d35eded1c95d3be]::test_main_static::{closure#0}>::{closure#0}
[INFO] [stdout]                                at /rustc/dfb0accb7f508ae8be965d8629557221c889dd98/library/test/src/lib.rs:155:21
[INFO] [stdout]   13:     0x5bd2a64187e2 - <alloc[2182bb758b4b3781]::boxed::Box<dyn for<'a, 'b> core[df12db4294e9bfd3]::ops::function::Fn<(&'a std[70759c8f55707aa4]::panic::PanicHookInfo<'b>,), Output = ()> + core[df12db4294e9bfd3]::marker::Send + core[df12db4294e9bfd3]::marker::Sync> as core[df12db4294e9bfd3]::ops::function::Fn<(&std[70759c8f55707aa4]::panic::PanicHookInfo,)>>::call
[INFO] [stdout]                                at /rustc/dfb0accb7f508ae8be965d8629557221c889dd98/library/alloc/src/boxed.rs:2334:9
[INFO] [stdout]   14:     0x5bd2a64187e2 - std[70759c8f55707aa4]::panicking::panic_with_hook
[INFO] [stdout]                                at /rustc/dfb0accb7f508ae8be965d8629557221c889dd98/library/std/src/panicking.rs:823:13
[INFO] [stdout]   15:     0x5bd2a63fb1e2 - std[70759c8f55707aa4]::panicking::panic_handler::{closure#0}
[INFO] [stdout]                                at /rustc/dfb0accb7f508ae8be965d8629557221c889dd98/library/std/src/panicking.rs:688:13
[INFO] [stdout]   16:     0x5bd2a63f3ab9 - std[70759c8f55707aa4]::sys::backtrace::__rust_end_short_backtrace::<std[70759c8f55707aa4]::panicking::panic_handler::{closure#0}, !>
[INFO] [stdout]                                at /rustc/dfb0accb7f508ae8be965d8629557221c889dd98/library/std/src/sys/backtrace.rs:182:18
[INFO] [stdout]   17:     0x5bd2a63fc06d - __rustc[8fa7c3cbc660c2b3]::rust_begin_unwind
[INFO] [stdout]                                at /rustc/dfb0accb7f508ae8be965d8629557221c889dd98/library/std/src/panicking.rs:679:5
[INFO] [stdout]   18:     0x5bd2a643ae7c - core[df12db4294e9bfd3]::panicking::panic_fmt
[INFO] [stdout]                                at /rustc/dfb0accb7f508ae8be965d8629557221c889dd98/library/core/src/panicking.rs:80:14
[INFO] [stdout]   19:     0x5bd2a643aba2 - core[df12db4294e9bfd3]::result::unwrap_failed
[INFO] [stdout]                                at /rustc/dfb0accb7f508ae8be965d8629557221c889dd98/library/core/src/result.rs:1871:5
[INFO] [stdout]   20:     0x5bd2a591dcd4 - <core[df12db4294e9bfd3]::result::Result<ofnil[342f96ca6ab70aa0]::infra::connectors::gdb::neo4j::Neo4jConnector, alloc[2182bb758b4b3781]::boxed::Box<dyn core[df12db4294e9bfd3]::error::Error>>>::unwrap
[INFO] [stdout]                                at /rustc/dfb0accb7f508ae8be965d8629557221c889dd98/library/core/src/result.rs:1232:23
[INFO] [stdout]   21:     0x5bd2a591dcd4 - ofnil[342f96ca6ab70aa0]::infra::test_infra_manager_bolt_conn::{closure#0}
[INFO] [stdout]                                at /opt/rustwide/workdir/src/infra.rs:256:10
[INFO] [stdout]   22:     0x5bd2a5a6a562 - <core[df12db4294e9bfd3]::pin::Pin<&mut dyn core[df12db4294e9bfd3]::future::future::Future<Output = ()>> as core[df12db4294e9bfd3]::future::future::Future>::poll
[INFO] [stdout]                                at /rustc/dfb0accb7f508ae8be965d8629557221c889dd98/library/core/src/future/future.rs:133:9
[INFO] [stdout]   23:     0x5bd2a5a6a5fd - <core[df12db4294e9bfd3]::pin::Pin<&mut core[df12db4294e9bfd3]::pin::Pin<&mut dyn core[df12db4294e9bfd3]::future::future::Future<Output = ()>>> as core[df12db4294e9bfd3]::future::future::Future>::poll
[INFO] [stdout]                                at /rustc/dfb0accb7f508ae8be965d8629557221c889dd98/library/core/src/future/future.rs:133:9
[INFO] [stdout]   24:     0x5bd2a5a3e29d - <tokio[b2a2f7643229659c]::runtime::scheduler::current_thread::CoreGuard>::block_on::<core[df12db4294e9bfd3]::pin::Pin<&mut core[df12db4294e9bfd3]::pin::Pin<&mut dyn core[df12db4294e9bfd3]::future::future::Future<Output = ()>>>>::{closure#0}::{closure#0}::{closure#0}
[INFO] [stdout]                                at /opt/rustwide/cargo-home/registry/src/index.crates.io-1949cf8c6b5b557f/tokio-1.33.0/src/runtime/scheduler/current_thread/mod.rs:665:73
[INFO] [stdout]   25:     0x5bd2a5a3e1a5 - tokio[b2a2f7643229659c]::runtime::coop::with_budget::<core[df12db4294e9bfd3]::task::poll::Poll<()>, <tokio[b2a2f7643229659c]::runtime::scheduler::current_thread::CoreGuard>::block_on<core[df12db4294e9bfd3]::pin::Pin<&mut core[df12db4294e9bfd3]::pin::Pin<&mut dyn core[df12db4294e9bfd3]::future::future::Future<Output = ()>>>>::{closure#0}::{closure#0}::{closure#0}>
[INFO] [stdout]                                at /opt/rustwide/cargo-home/registry/src/index.crates.io-1949cf8c6b5b557f/tokio-1.33.0/src/runtime/coop.rs:107:5
[INFO] [stdout]   26:     0x5bd2a5a3e1a5 - tokio[b2a2f7643229659c]::runtime::coop::budget::<core[df12db4294e9bfd3]::task::poll::Poll<()>, <tokio[b2a2f7643229659c]::runtime::scheduler::current_thread::CoreGuard>::block_on<core[df12db4294e9bfd3]::pin::Pin<&mut core[df12db4294e9bfd3]::pin::Pin<&mut dyn core[df12db4294e9bfd3]::future::future::Future<Output = ()>>>>::{closure#0}::{closure#0}::{closure#0}>
[INFO] [stdout]                                at /opt/rustwide/cargo-home/registry/src/index.crates.io-1949cf8c6b5b557f/tokio-1.33.0/src/runtime/coop.rs:73:5
[INFO] [stdout]   27:     0x5bd2a5a3e1a5 - <tokio[b2a2f7643229659c]::runtime::scheduler::current_thread::CoreGuard>::block_on::<core[df12db4294e9bfd3]::pin::Pin<&mut core[df12db4294e9bfd3]::pin::Pin<&mut dyn core[df12db4294e9bfd3]::future::future::Future<Output = ()>>>>::{closure#0}::{closure#0}
[INFO] [stdout]                                at /opt/rustwide/cargo-home/registry/src/index.crates.io-1949cf8c6b5b557f/tokio-1.33.0/src/runtime/scheduler/current_thread/mod.rs:665:25
[INFO] [stdout]   28:     0x5bd2a5a282f2 - <tokio[b2a2f7643229659c]::runtime::scheduler::current_thread::Context>::enter::<core[df12db4294e9bfd3]::task::poll::Poll<()>, <tokio[b2a2f7643229659c]::runtime::scheduler::current_thread::CoreGuard>::block_on<core[df12db4294e9bfd3]::pin::Pin<&mut core[df12db4294e9bfd3]::pin::Pin<&mut dyn core[df12db4294e9bfd3]::future::future::Future<Output = ()>>>>::{closure#0}::{closure#0}>
[INFO] [stdout]                                at /opt/rustwide/cargo-home/registry/src/index.crates.io-1949cf8c6b5b557f/tokio-1.33.0/src/runtime/scheduler/current_thread/mod.rs:410:19
[INFO] [stdout]   29:     0x5bd2a5a3d420 - <tokio[b2a2f7643229659c]::runtime::scheduler::current_thread::CoreGuard>::block_on::<core[df12db4294e9bfd3]::pin::Pin<&mut core[df12db4294e9bfd3]::pin::Pin<&mut dyn core[df12db4294e9bfd3]::future::future::Future<Output = ()>>>>::{closure#0}
[INFO] [stdout]                                at /opt/rustwide/cargo-home/registry/src/index.crates.io-1949cf8c6b5b557f/tokio-1.33.0/src/runtime/scheduler/current_thread/mod.rs:664:44
[INFO] [stdout]   30:     0x5bd2a5a3c674 - <tokio[b2a2f7643229659c]::runtime::scheduler::current_thread::CoreGuard>::enter::<<tokio[b2a2f7643229659c]::runtime::scheduler::current_thread::CoreGuard>::block_on<core[df12db4294e9bfd3]::pin::Pin<&mut core[df12db4294e9bfd3]::pin::Pin<&mut dyn core[df12db4294e9bfd3]::future::future::Future<Output = ()>>>>::{closure#0}, core[df12db4294e9bfd3]::option::Option<()>>::{closure#0}
[INFO] [stdout]                                at /opt/rustwide/cargo-home/registry/src/index.crates.io-1949cf8c6b5b557f/tokio-1.33.0/src/runtime/scheduler/current_thread/mod.rs:743:68
[INFO] [stdout]   31:     0x5bd2a580f07b - <tokio[b2a2f7643229659c]::runtime::context::scoped::Scoped<tokio[b2a2f7643229659c]::runtime::scheduler::Context>>::set::<<tokio[b2a2f7643229659c]::runtime::scheduler::current_thread::CoreGuard>::enter<<tokio[b2a2f7643229659c]::runtime::scheduler::current_thread::CoreGuard>::block_on<core[df12db4294e9bfd3]::pin::Pin<&mut core[df12db4294e9bfd3]::pin::Pin<&mut dyn core[df12db4294e9bfd3]::future::future::Future<Output = ()>>>>::{closure#0}, core[df12db4294e9bfd3]::option::Option<()>>::{closure#0}, (alloc[2182bb758b4b3781]::boxed::Box<tokio[b2a2f7643229659c]::runtime::scheduler::current_thread::Core>, core[df12db4294e9bfd3]::option::Option<()>)>
[INFO] [stdout]                                at /opt/rustwide/cargo-home/registry/src/index.crates.io-1949cf8c6b5b557f/tokio-1.33.0/src/runtime/context/scoped.rs:40:9
[INFO] [stdout]   32:     0x5bd2a59a7be9 - tokio[b2a2f7643229659c]::runtime::context::set_scheduler::<(alloc[2182bb758b4b3781]::boxed::Box<tokio[b2a2f7643229659c]::runtime::scheduler::current_thread::Core>, core[df12db4294e9bfd3]::option::Option<()>), <tokio[b2a2f7643229659c]::runtime::scheduler::current_thread::CoreGuard>::enter<<tokio[b2a2f7643229659c]::runtime::scheduler::current_thread::CoreGuard>::block_on<core[df12db4294e9bfd3]::pin::Pin<&mut core[df12db4294e9bfd3]::pin::Pin<&mut dyn core[df12db4294e9bfd3]::future::future::Future<Output = ()>>>>::{closure#0}, core[df12db4294e9bfd3]::option::Option<()>>::{closure#0}>::{closure#0}
[INFO] [stdout]                                at /opt/rustwide/cargo-home/registry/src/index.crates.io-1949cf8c6b5b557f/tokio-1.33.0/src/runtime/context.rs:176:38
[INFO] [stdout]   33:     0x5bd2a593d7cf - <std[70759c8f55707aa4]::thread::local::LocalKey<tokio[b2a2f7643229659c]::runtime::context::Context>>::try_with::<tokio[b2a2f7643229659c]::runtime::context::set_scheduler<(alloc[2182bb758b4b3781]::boxed::Box<tokio[b2a2f7643229659c]::runtime::scheduler::current_thread::Core>, core[df12db4294e9bfd3]::option::Option<()>), <tokio[b2a2f7643229659c]::runtime::scheduler::current_thread::CoreGuard>::enter<<tokio[b2a2f7643229659c]::runtime::scheduler::current_thread::CoreGuard>::block_on<core[df12db4294e9bfd3]::pin::Pin<&mut core[df12db4294e9bfd3]::pin::Pin<&mut dyn core[df12db4294e9bfd3]::future::future::Future<Output = ()>>>>::{closure#0}, core[df12db4294e9bfd3]::option::Option<()>>::{closure#0}>::{closure#0}, (alloc[2182bb758b4b3781]::boxed::Box<tokio[b2a2f7643229659c]::runtime::scheduler::current_thread::Core>, core[df12db4294e9bfd3]::option::Option<()>)>
[INFO] [stdout]                                at /rustc/dfb0accb7f508ae8be965d8629557221c889dd98/library/std/src/thread/local.rs:463:12
[INFO] [stdout]   34:     0x5bd2a593d35e - <std[70759c8f55707aa4]::thread::local::LocalKey<tokio[b2a2f7643229659c]::runtime::context::Context>>::with::<tokio[b2a2f7643229659c]::runtime::context::set_scheduler<(alloc[2182bb758b4b3781]::boxed::Box<tokio[b2a2f7643229659c]::runtime::scheduler::current_thread::Core>, core[df12db4294e9bfd3]::option::Option<()>), <tokio[b2a2f7643229659c]::runtime::scheduler::current_thread::CoreGuard>::enter<<tokio[b2a2f7643229659c]::runtime::scheduler::current_thread::CoreGuard>::block_on<core[df12db4294e9bfd3]::pin::Pin<&mut core[df12db4294e9bfd3]::pin::Pin<&mut dyn core[df12db4294e9bfd3]::future::future::Future<Output = ()>>>>::{closure#0}, core[df12db4294e9bfd3]::option::Option<()>>::{closure#0}>::{closure#0}, (alloc[2182bb758b4b3781]::boxed::Box<tokio[b2a2f7643229659c]::runtime::scheduler::current_thread::Core>, core[df12db4294e9bfd3]::option::Option<()>)>
[INFO] [stdout]                                at /rustc/dfb0accb7f508ae8be965d8629557221c889dd98/library/std/src/thread/local.rs:427:20
[INFO] [stdout]   35:     0x5bd2a599d1fd - tokio[b2a2f7643229659c]::runtime::context::set_scheduler::<(alloc[2182bb758b4b3781]::boxed::Box<tokio[b2a2f7643229659c]::runtime::scheduler::current_thread::Core>, core[df12db4294e9bfd3]::option::Option<()>), <tokio[b2a2f7643229659c]::runtime::scheduler::current_thread::CoreGuard>::enter<<tokio[b2a2f7643229659c]::runtime::scheduler::current_thread::CoreGuard>::block_on<core[df12db4294e9bfd3]::pin::Pin<&mut core[df12db4294e9bfd3]::pin::Pin<&mut dyn core[df12db4294e9bfd3]::future::future::Future<Output = ()>>>>::{closure#0}, core[df12db4294e9bfd3]::option::Option<()>>::{closure#0}>
[INFO] [stdout]                                at /opt/rustwide/cargo-home/registry/src/index.crates.io-1949cf8c6b5b557f/tokio-1.33.0/src/runtime/context.rs:176:17
[INFO] [stdout]   36:     0x5bd2a5a2ac90 - <tokio[b2a2f7643229659c]::runtime::scheduler::current_thread::CoreGuard>::enter::<<tokio[b2a2f7643229659c]::runtime::scheduler::current_thread::CoreGuard>::block_on<core[df12db4294e9bfd3]::pin::Pin<&mut core[df12db4294e9bfd3]::pin::Pin<&mut dyn core[df12db4294e9bfd3]::future::future::Future<Output = ()>>>>::{closure#0}, core[df12db4294e9bfd3]::option::Option<()>>
[INFO] [stdout]                                at /opt/rustwide/cargo-home/registry/src/index.crates.io-1949cf8c6b5b557f/tokio-1.33.0/src/runtime/scheduler/current_thread/mod.rs:743:27
[INFO] [stdout]   37:     0x5bd2a5a2af96 - <tokio[b2a2f7643229659c]::runtime::scheduler::current_thread::CoreGuard>::block_on::<core[df12db4294e9bfd3]::pin::Pin<&mut core[df12db4294e9bfd3]::pin::Pin<&mut dyn core[df12db4294e9bfd3]::future::future::Future<Output = ()>>>>
[INFO] [stdout]                                at /opt/rustwide/cargo-home/registry/src/index.crates.io-1949cf8c6b5b557f/tokio-1.33.0/src/runtime/scheduler/current_thread/mod.rs:652:24
[INFO] [stdout]   38:     0x5bd2a5a3b819 - <tokio[b2a2f7643229659c]::runtime::scheduler::current_thread::CurrentThread>::block_on::<core[df12db4294e9bfd3]::pin::Pin<&mut dyn core[df12db4294e9bfd3]::future::future::Future<Output = ()>>>::{closure#0}
[INFO] [stdout]                                at /opt/rustwide/cargo-home/registry/src/index.crates.io-1949cf8c6b5b557f/tokio-1.33.0/src/runtime/scheduler/current_thread/mod.rs:175:33
[INFO] [stdout]   39:     0x5bd2a59c1dd8 - tokio[b2a2f7643229659c]::runtime::context::runtime::enter_runtime::<<tokio[b2a2f7643229659c]::runtime::scheduler::current_thread::CurrentThread>::block_on<core[df12db4294e9bfd3]::pin::Pin<&mut dyn core[df12db4294e9bfd3]::future::future::Future<Output = ()>>>::{closure#0}, ()>
[INFO] [stdout]                                at /opt/rustwide/cargo-home/registry/src/index.crates.io-1949cf8c6b5b557f/tokio-1.33.0/src/runtime/context/runtime.rs:65:16
[INFO] [stdout]   40:     0x5bd2a5a27bf4 - <tokio[b2a2f7643229659c]::runtime::scheduler::current_thread::CurrentThread>::block_on::<core[df12db4294e9bfd3]::pin::Pin<&mut dyn core[df12db4294e9bfd3]::future::future::Future<Output = ()>>>
[INFO] [stdout]                                at /opt/rustwide/cargo-home/registry/src/index.crates.io-1949cf8c6b5b557f/tokio-1.33.0/src/runtime/scheduler/current_thread/mod.rs:167:9
[INFO] [stdout]   41:     0x5bd2a58d6365 - <tokio[b2a2f7643229659c]::runtime::runtime::Runtime>::block_on::<core[df12db4294e9bfd3]::pin::Pin<&mut dyn core[df12db4294e9bfd3]::future::future::Future<Output = ()>>>
[INFO] [stdout]                                at /opt/rustwide/cargo-home/registry/src/index.crates.io-1949cf8c6b5b557f/tokio-1.33.0/src/runtime/runtime.rs:348:52
[INFO] [stdout]   42:     0x5bd2a592e651 - ofnil[342f96ca6ab70aa0]::infra::test_infra_manager_bolt_conn
[INFO] [stdout]                                at /opt/rustwide/workdir/src/infra.rs:278:37
[INFO] [stdout]   43:     0x5bd2a591d817 - ofnil[342f96ca6ab70aa0]::infra::test_infra_manager_bolt_conn::{closure#0}
[INFO] [stdout]                                at /opt/rustwide/workdir/src/infra.rs:241:40
[INFO] [stdout]   44:     0x5bd2a5833536 - <ofnil[342f96ca6ab70aa0]::infra::test_infra_manager_bolt_conn::{closure#0} as core[df12db4294e9bfd3]::ops::function::FnOnce<()>>::call_once
[INFO] [stdout]                                at /rustc/dfb0accb7f508ae8be965d8629557221c889dd98/library/core/src/ops/function.rs:250:5
[INFO] [stdout]   45:     0x5bd2a5b498fb - <fn() -> core[df12db4294e9bfd3]::result::Result<(), alloc[2182bb758b4b3781]::string::String> as core[df12db4294e9bfd3]::ops::function::FnOnce<()>>::call_once
[INFO] [stdout]                                at /rustc/dfb0accb7f508ae8be965d8629557221c889dd98/library/core/src/ops/function.rs:250:5
[INFO] [stdout]   46:     0x5bd2a5b498fb - test[9d35eded1c95d3be]::__rust_begin_short_backtrace::<core[df12db4294e9bfd3]::result::Result<(), alloc[2182bb758b4b3781]::string::String>, fn() -> core[df12db4294e9bfd3]::result::Result<(), alloc[2182bb758b4b3781]::string::String>>
[INFO] [stdout]                                at /rustc/dfb0accb7f508ae8be965d8629557221c889dd98/library/test/src/lib.rs:733:18
[INFO] [stdout]   47:     0x5bd2a5b56f65 - test[9d35eded1c95d3be]::run_test_in_process::{closure#0}
[INFO] [stdout]                                at /rustc/dfb0accb7f508ae8be965d8629557221c889dd98/library/test/src/lib.rs:756:74
[INFO] [stdout]   48:     0x5bd2a5b56f65 - <core[df12db4294e9bfd3]::panic::unwind_safe::AssertUnwindSafe<test[9d35eded1c95d3be]::run_test_in_process::{closure#0}> as core[df12db4294e9bfd3]::ops::function::FnOnce<()>>::call_once
[INFO] [stdout]                                at /rustc/dfb0accb7f508ae8be965d8629557221c889dd98/library/core/src/panic/unwind_safe.rs:275:9
[INFO] [stdout]   49:     0x5bd2a5b56f65 - std[70759c8f55707aa4]::panicking::catch_unwind::do_call::<core[df12db4294e9bfd3]::panic::unwind_safe::AssertUnwindSafe<test[9d35eded1c95d3be]::run_test_in_process::{closure#0}>, core[df12db4294e9bfd3]::result::Result<(), alloc[2182bb758b4b3781]::string::String>>
[INFO] [stdout]                                at /rustc/dfb0accb7f508ae8be965d8629557221c889dd98/library/std/src/panicking.rs:576:43
[INFO] [stdout]   50:     0x5bd2a5b56f65 - std[70759c8f55707aa4]::panicking::catch_unwind::<core[df12db4294e9bfd3]::result::Result<(), alloc[2182bb758b4b3781]::string::String>, core[df12db4294e9bfd3]::panic::unwind_safe::AssertUnwindSafe<test[9d35eded1c95d3be]::run_test_in_process::{closure#0}>>
[INFO] [stdout]                                at /rustc/dfb0accb7f508ae8be965d8629557221c889dd98/library/std/src/panicking.rs:544:19
[INFO] [stdout]   51:     0x5bd2a5b56f65 - std[70759c8f55707aa4]::panic::catch_unwind::<core[df12db4294e9bfd3]::panic::unwind_safe::AssertUnwindSafe<test[9d35eded1c95d3be]::run_test_in_process::{closure#0}>, core[df12db4294e9bfd3]::result::Result<(), alloc[2182bb758b4b3781]::string::String>>
[INFO] [stdout]                                at /rustc/dfb0accb7f508ae8be965d8629557221c889dd98/library/std/src/panic.rs:359:14
[INFO] [stdout]   52:     0x5bd2a5b56f65 - test[9d35eded1c95d3be]::run_test_in_process
[INFO] [stdout]                                at /rustc/dfb0accb7f508ae8be965d8629557221c889dd98/library/test/src/lib.rs:756:27
[INFO] [stdout]   53:     0x5bd2a5b56f65 - test[9d35eded1c95d3be]::run_test::{closure#0}
[INFO] [stdout]                                at /rustc/dfb0accb7f508ae8be965d8629557221c889dd98/library/test/src/lib.rs:677:43
[INFO] [stdout]   54:     0x5bd2a5b50824 - test[9d35eded1c95d3be]::run_test::{closure#1}
[INFO] [stdout]                                at /rustc/dfb0accb7f508ae8be965d8629557221c889dd98/library/test/src/lib.rs:707:41
[INFO] [stdout]   55:     0x5bd2a5b50824 - std[70759c8f55707aa4]::sys::backtrace::__rust_begin_short_backtrace::<test[9d35eded1c95d3be]::run_test::{closure#1}, ()>
[INFO] [stdout]                                at /rustc/dfb0accb7f508ae8be965d8629557221c889dd98/library/std/src/sys/backtrace.rs:166:18
[INFO] [stdout]   56:     0x5bd2a5b5a0c2 - std[70759c8f55707aa4]::thread::lifecycle::spawn_unchecked::<test[9d35eded1c95d3be]::run_test::{closure#1}, ()>::{closure#1}::{closure#0}
[INFO] [stdout]                                at /rustc/dfb0accb7f508ae8be965d8629557221c889dd98/library/std/src/thread/lifecycle.rs:70:13
[INFO] [stdout]   57:     0x5bd2a5b5a0c2 - <core[df12db4294e9bfd3]::panic::unwind_safe::AssertUnwindSafe<std[70759c8f55707aa4]::thread::lifecycle::spawn_unchecked<test[9d35eded1c95d3be]::run_test::{closure#1}, ()>::{closure#1}::{closure#0}> as core[df12db4294e9bfd3]::ops::function::FnOnce<()>>::call_once
[INFO] [stdout]                                at /rustc/dfb0accb7f508ae8be965d8629557221c889dd98/library/core/src/panic/unwind_safe.rs:275:9
[INFO] [stdout]   58:     0x5bd2a5b5a0c2 - std[70759c8f55707aa4]::panicking::catch_unwind::do_call::<core[df12db4294e9bfd3]::panic::unwind_safe::AssertUnwindSafe<std[70759c8f55707aa4]::thread::lifecycle::spawn_unchecked<test[9d35eded1c95d3be]::run_test::{closure#1}, ()>::{closure#1}::{closure#0}>, ()>
[INFO] [stdout]                                at /rustc/dfb0accb7f508ae8be965d8629557221c889dd98/library/std/src/panicking.rs:576:43
[INFO] [stdout]   59:     0x5bd2a5b5a0c2 - std[70759c8f55707aa4]::panicking::catch_unwind::<(), core[df12db4294e9bfd3]::panic::unwind_safe::AssertUnwindSafe<std[70759c8f55707aa4]::thread::lifecycle::spawn_unchecked<test[9d35eded1c95d3be]::run_test::{closure#1}, ()>::{closure#1}::{closure#0}>>
[INFO] [stdout]                                at /rustc/dfb0accb7f508ae8be965d8629557221c889dd98/library/std/src/panicking.rs:544:19
[INFO] [stdout]   60:     0x5bd2a5b5a0c2 - std[70759c8f55707aa4]::panic::catch_unwind::<core[df12db4294e9bfd3]::panic::unwind_safe::AssertUnwindSafe<std[70759c8f55707aa4]::thread::lifecycle::spawn_unchecked<test[9d35eded1c95d3be]::run_test::{closure#1}, ()>::{closure#1}::{closure#0}>, ()>
[INFO] [stdout]                                at /rustc/dfb0accb7f508ae8be965d8629557221c889dd98/library/std/src/panic.rs:359:14
[INFO] [stdout]   61:     0x5bd2a5b5a0c2 - std[70759c8f55707aa4]::thread::lifecycle::spawn_unchecked::<test[9d35eded1c95d3be]::run_test::{closure#1}, ()>::{closure#1}
[INFO] [stdout]                                at /rustc/dfb0accb7f508ae8be965d8629557221c889dd98/library/std/src/thread/lifecycle.rs:68:26
[INFO] [stdout]   62:     0x5bd2a5b5a0c2 - <std[70759c8f55707aa4]::thread::lifecycle::spawn_unchecked<test[9d35eded1c95d3be]::run_test::{closure#1}, ()>::{closure#1} as core[df12db4294e9bfd3]::ops::function::FnOnce<()>>::call_once::{shim:vtable#0}
[INFO] [stdout]                                at /rustc/dfb0accb7f508ae8be965d8629557221c889dd98/library/core/src/ops/function.rs:250:5
[INFO] [stdout]   63:     0x5bd2a641fc49 - <alloc[2182bb758b4b3781]::boxed::Box<dyn core[df12db4294e9bfd3]::ops::function::FnOnce<(), Output = ()> + core[df12db4294e9bfd3]::marker::Send> as core[df12db4294e9bfd3]::ops::function::FnOnce<()>>::call_once
[INFO] [stdout]                                at /rustc/dfb0accb7f508ae8be965d8629557221c889dd98/library/alloc/src/boxed.rs:2320:9
[INFO] [stdout]   64:     0x5bd2a641fc49 - <std[70759c8f55707aa4]::sys::thread::unix::Thread>::new::thread_start
[INFO] [stdout]                                at /rustc/dfb0accb7f508ae8be965d8629557221c889dd98/library/std/src/sys/thread/unix.rs:123:17
[INFO] [stdout]   65:     0x7b63358f2dfa - <unknown>
[INFO] [stdout]   66:     0x7b63359863d4 - clone
[INFO] [stdout]   67:                0x0 - <unknown>
[INFO] [stdout] 
[INFO] [stdout] 
[INFO] [stdout] failures:
[INFO] [stdout]     config::tests::test_parse_toml
[INFO] [stdout]     config::tests::test_raw_to_config
[INFO] [stdout]     infra::connectors::gdb::neo4j::neo4j_database_provider::test_get_all_entities
[INFO] [stdout]     infra::connectors::gdb::neo4j::neo4j_database_provider::test_get_fields
[INFO] [stdout]     infra::connectors::gdb::neo4j::neo4j_database_provider::test_invalid_query
[INFO] [stdout]     infra::connectors::gdb::neo4j::neo4j_database_provider::tests::test_get_conn
[INFO] [stdout]     infra::connectors::gdb::neo4j::neo4j_database_provider::tests::test_invalid_query
[INFO] [stdout]     infra::connectors::gdb::neo4j::neo4j_database_provider::tests::test_query1
[INFO] [stdout]     infra::connectors::gdb::neo4j::neo4j_database_provider::tests::test_query2
[INFO] [stdout]     infra::connectors::gdb::neo4j::neo4j_database_provider::tests::test_query3
[INFO] [stdout]     infra::connectors::gdb::neo4j::neo4j_database_provider::tests::test_query4
[INFO] [stdout]     infra::test_infra_manager_bolt_conn
[INFO] [stdout]     python::tests::test_py_table_feature_view
[INFO] [stdout]     python::tests::test_py_topo_feature_view
[INFO] [stdout]     transformation::result_handler::test_result_handler
[INFO] [stdout] 
[INFO] [stdout] test result: FAILED. 6 passed; 15 failed; 1 ignored; 0 measured; 0 filtered out; finished in 0.20s
[INFO] [stdout] 
[INFO] [stderr] error: test failed, to rerun pass `--lib`
[INFO] running `Command { std: "docker" "inspect" "0122af3e88719d0286afc5215ca360a094718efaa6f9ad366ffc0e36fb41bdae", kill_on_drop: false }`
[INFO] running `Command { std: "docker" "rm" "-f" "0122af3e88719d0286afc5215ca360a094718efaa6f9ad366ffc0e36fb41bdae", kill_on_drop: false }`
[INFO] [stdout] 0122af3e88719d0286afc5215ca360a094718efaa6f9ad366ffc0e36fb41bdae
