[INFO] cloning repository https://github.com/quasi-coherent/aws-multipart-upload
[INFO] running `Command { std: "git" "-c" "credential.helper=" "-c" "credential.helper=/workspace/cargo-home/bin/git-credential-null" "clone" "--bare" "https://github.com/quasi-coherent/aws-multipart-upload" "/workspace/cache/git-repos/https%3A%2F%2Fgithub.com%2Fquasi-coherent%2Faws-multipart-upload", kill_on_drop: false }`
[INFO] [stderr] Cloning into bare repository '/workspace/cache/git-repos/https%3A%2F%2Fgithub.com%2Fquasi-coherent%2Faws-multipart-upload'...
[INFO] running `Command { std: "git" "rev-parse" "HEAD", kill_on_drop: false }`
[INFO] [stdout] 7651e6ced7bc6bb7ae4e935231795c58a68d91c5
[INFO] testing quasi-coherent/aws-multipart-upload against 1.99.0-beta.8 for beta-1.100-2
[INFO] running `Command { std: "git" "clone" "/workspace/cache/git-repos/https%3A%2F%2Fgithub.com%2Fquasi-coherent%2Faws-multipart-upload" "/workspace/builds/worker-1-tc1/source", kill_on_drop: false }`
[INFO] [stderr] Cloning into '/workspace/builds/worker-1-tc1/source'...
[INFO] [stderr] done.
[INFO] started tweaking git repo https://github.com/quasi-coherent/aws-multipart-upload
[INFO] removed 0 missing examples
[INFO] finished tweaking git repo https://github.com/quasi-coherent/aws-multipart-upload
[INFO] tweaked toml for git repo https://github.com/quasi-coherent/aws-multipart-upload written to /workspace/builds/worker-1-tc1/source/Cargo.toml
[INFO] validating manifest of git repo https://github.com/quasi-coherent/aws-multipart-upload on toolchain 1.99.0-beta.8
[INFO] running `Command { std: CARGO_HOME="/workspace/cargo-home" RUSTUP_HOME="/workspace/rustup-home" "/workspace/cargo-home/bin/cargo" "+1.99.0-beta.8" "metadata" "--manifest-path" "Cargo.toml" "--no-deps", kill_on_drop: false }`
[INFO] crate git repo https://github.com/quasi-coherent/aws-multipart-upload already has a lockfile, it will not be regenerated
[INFO] running `Command { std: CARGO_HOME="/workspace/cargo-home" RUSTUP_HOME="/workspace/rustup-home" "/workspace/cargo-home/bin/cargo" "+1.99.0-beta.8" "fetch" "--manifest-path" "Cargo.toml", kill_on_drop: false }`
[INFO] [stderr]     Updating crates.io index
[INFO] [stderr]  Downloading crates ...
[INFO] [stderr]   Downloaded bytesize v2.3.1
[INFO] [stderr]   Downloaded tokio-macros v2.6.1
[INFO] [stderr]   Downloaded lru v0.16.3
[INFO] [stderr]   Downloaded aws-smithy-observability v0.2.6
[INFO] [stderr]   Downloaded aws-smithy-runtime-api v1.11.6
[INFO] [stderr]   Downloaded aws-smithy-xml v0.60.15
[INFO] [stderr]   Downloaded aws-credential-types v1.2.14
[INFO] [stderr]   Downloaded aws-smithy-http v0.63.6
[INFO] [stderr]   Downloaded aws-smithy-eventstream v0.60.20
[INFO] [stderr]   Downloaded aws-smithy-checksums v0.64.6
[INFO] [stderr]   Downloaded aws-smithy-json v0.62.5
[INFO] [stderr]   Downloaded aws-smithy-query v0.60.15
[INFO] [stderr]   Downloaded aws-smithy-async v1.2.14
[INFO] [stderr]   Downloaded aws-types v1.3.14
[INFO] [stderr]   Downloaded uuid v1.22.0
[INFO] [stderr]   Downloaded aws-smithy-http-client v1.1.12
[INFO] [stderr]   Downloaded aws-smithy-types v1.4.6
[INFO] [stderr]   Downloaded aws-sigv4 v1.4.2
[INFO] [stderr]   Downloaded aws-runtime v1.7.2
[INFO] [stderr]   Downloaded aws-sdk-sso v1.96.0
[INFO] [stderr]   Downloaded aws-smithy-runtime v1.10.3
[INFO] [stderr]   Downloaded aws-sdk-ssooidc v1.98.0
[INFO] [stderr]   Downloaded aws-config v1.8.15
[INFO] [stderr]   Downloaded crc-fast v1.9.0
[INFO] [stderr]   Downloaded aws-lc-rs v1.16.1
[INFO] [stderr]   Downloaded aws-sdk-sts v1.100.0
[INFO] [stderr]   Downloaded multipart-write v0.1.0
[INFO] [stderr]   Downloaded aws-sdk-s3 v1.125.0
[INFO] [stderr]   Downloaded aws-lc-sys v0.38.0
[INFO] running `Command { std: "docker" "create" "-v" "/var/lib/crater-agent-workspace/builds/worker-1-tc1/source:/opt/rustwide/workdir:ro,Z" "-v" "/var/lib/crater-agent-workspace/builds/worker-1-tc1/target:/opt/rustwide/target:rw,Z" "-v" "/var/lib/crater-agent-workspace/cargo-home:/opt/rustwide/cargo-home:ro,Z" "-v" "/var/lib/crater-agent-workspace/rustup-home:/opt/rustwide/rustup-home:ro,Z" "-m" "1610612736" "--network" "none" "ghcr.io/rust-lang/crates-build-env/linux@sha256:3111399a4047eeb3a02b7a90e478d715f38a8c6669b5c4b49d30a17385265909" "sleep" "infinity", kill_on_drop: false }`
[INFO] [stdout] df3ae33f8011be03ec3ce625159385b38557555ba5c941f409eeca3863f86c35
[INFO] running `Command { std: "docker" "start" "df3ae33f8011be03ec3ce625159385b38557555ba5c941f409eeca3863f86c35", kill_on_drop: false }`
[INFO] running `Command { std: "docker" "inspect" "df3ae33f8011be03ec3ce625159385b38557555ba5c941f409eeca3863f86c35", kill_on_drop: false }`
[INFO] running `Command { std: "docker" "exec" "-e" "SOURCE_DIR=/opt/rustwide/workdir" "-e" "CARGO_HOME=/opt/rustwide/cargo-home" "-e" "RUSTUP_HOME=/opt/rustwide/rustup-home" "-e" "CARGO_TARGET_DIR=/opt/rustwide/target" "-w" "/opt/rustwide/workdir" "--user" "0:0" "df3ae33f8011be03ec3ce625159385b38557555ba5c941f409eeca3863f86c35" "/opt/rustwide/cargo-home/bin/cargo" "+1.99.0-beta.8" "metadata" "--no-deps" "--format-version=1", kill_on_drop: false }`
[INFO] running `Command { std: "docker" "inspect" "df3ae33f8011be03ec3ce625159385b38557555ba5c941f409eeca3863f86c35", kill_on_drop: false }`
[INFO] running `Command { std: "docker" "exec" "-e" "SOURCE_DIR=/opt/rustwide/workdir" "-e" "CARGO_HOME=/opt/rustwide/cargo-home" "-e" "RUSTUP_HOME=/opt/rustwide/rustup-home" "-e" "CARGO_TARGET_DIR=/opt/rustwide/target" "-e" "CARGO_INCREMENTAL=0" "-e" "RUST_BACKTRACE=full" "-e" "RUSTFLAGS=--cap-lints=warn" "-e" "RUSTDOCFLAGS=--cap-lints=warn" "-w" "/opt/rustwide/workdir" "--user" "0:0" "df3ae33f8011be03ec3ce625159385b38557555ba5c941f409eeca3863f86c35" "/opt/rustwide/cargo-home/bin/cargo" "+1.99.0-beta.8" "build" "--frozen" "--message-format=json", kill_on_drop: false }`
[INFO] [stderr]    Compiling errno v0.3.14
[INFO] [stderr]    Compiling mio v1.1.1
[INFO] [stderr]    Compiling socket2 v0.6.3
[INFO] [stderr]    Compiling cc v1.2.56
[INFO] [stderr]    Compiling getrandom v0.2.17
[INFO] [stderr]    Compiling http-body v1.0.1
[INFO] [stderr]    Compiling outref v0.5.2
[INFO] [stderr]    Compiling futures-macro v0.3.32
[INFO] [stderr]    Compiling num-traits v0.2.19
[INFO] [stderr]    Compiling tracing v0.1.44
[INFO] [stderr]    Compiling time v0.3.47
[INFO] [stderr]    Compiling bytes-utils v0.1.4
[INFO] [stderr]    Compiling digest v0.10.7
[INFO] [stderr]    Compiling zerofrom-derive v0.1.6
[INFO] [stderr]    Compiling yoke-derive v0.8.1
[INFO] [stderr]    Compiling indexmap v2.13.0
[INFO] [stderr]    Compiling base64-simd v0.8.0
[INFO] [stderr]    Compiling signal-hook-registry v1.4.8
[INFO] [stderr]    Compiling http-body-util v0.1.3
[INFO] [stderr]    Compiling rand_core v0.6.4
[INFO] [stderr]    Compiling aws-lc-rs v1.16.1
[INFO] [stderr]    Compiling der v0.6.1
[INFO] [stderr]    Compiling zerovec-derive v0.11.2
[INFO] [stderr]    Compiling base64ct v1.8.3
[INFO] [stderr]    Compiling rustls v0.23.37
[INFO] [stderr]    Compiling crypto-bigint v0.4.9
[INFO] [stderr]    Compiling ff v0.12.1
[INFO] [stderr]    Compiling hmac v0.12.1
[INFO] [stderr]    Compiling tokio v1.50.0
[INFO] [stderr]    Compiling group v0.12.1
[INFO] [stderr]    Compiling socket2 v0.5.10
[INFO] [stderr]    Compiling futures-util v0.3.32
[INFO] [stderr]    Compiling cmake v0.1.57
[INFO] [stderr]    Compiling rustls-native-certs v0.8.3
[INFO] [stderr]    Compiling rfc6979 v0.3.1
[INFO] [stderr]    Compiling sha2 v0.10.9
[INFO] [stderr]    Compiling signature v1.6.4
[INFO] [stderr]    Compiling tower v0.5.3
[INFO] [stderr]    Compiling aws-types v1.3.14
[INFO] [stderr]    Compiling crypto-bigint v0.5.5
[INFO] [stderr]    Compiling uuid v1.22.0
[INFO] [stderr]    Compiling spki v0.6.0
[INFO] [stderr]    Compiling rustversion v1.0.22
[INFO] [stderr]    Compiling aws-smithy-xml v0.60.15
[INFO] [stderr]    Compiling num-integer v0.1.46
[INFO] [stderr]    Compiling pkcs8 v0.9.0
[INFO] [stderr]    Compiling sha1 v0.10.6
[INFO] [stderr]    Compiling spin v0.10.0
[INFO] [stderr]    Compiling md-5 v0.10.6
[INFO] [stderr]    Compiling serde v1.0.228
[INFO] [stderr]    Compiling lru v0.16.3
[INFO] [stderr]    Compiling pin-project-internal v1.1.11
[INFO] [stderr]    Compiling sec1 v0.3.0
[INFO] [stderr]    Compiling zerofrom v0.1.6
[INFO] [stderr]    Compiling thiserror-impl v2.0.18
[INFO] [stderr]    Compiling multipart-write v0.1.0
[INFO] [stderr]    Compiling bytesize v2.3.1
[INFO] [stderr]    Compiling yoke v0.8.1
[INFO] [stderr]    Compiling elliptic-curve v0.12.3
[INFO] [stderr]    Compiling crc-fast v1.9.0
[INFO] [stderr]    Compiling aws-lc-sys v0.38.0
[INFO] [stderr]    Compiling ring v0.17.14
[INFO] [stderr]    Compiling zerovec v0.11.5
[INFO] [stderr]    Compiling zerotrie v0.2.3
[INFO] [stderr]    Compiling ecdsa v0.14.8
[INFO] [stderr]    Compiling tinystr v0.8.2
[INFO] [stderr]    Compiling potential_utf v0.1.4
[INFO] [stderr]    Compiling pin-project v1.1.11
[INFO] [stderr]    Compiling icu_collections v2.1.1
[INFO] [stderr]    Compiling p256 v0.11.1
[INFO] [stderr]    Compiling icu_locale_core v2.1.1
[INFO] [stderr]    Compiling thiserror v2.0.18
[INFO] [stderr]    Compiling rustls v0.21.12
[INFO] [stderr]    Compiling icu_provider v2.1.1
[INFO] [stderr]    Compiling icu_normalizer v2.1.1
[INFO] [stderr]    Compiling icu_properties v2.1.2
[INFO] [stderr]    Compiling futures-executor v0.3.32
[INFO] [stderr]    Compiling futures v0.3.32
[INFO] [stderr]    Compiling idna_adapter v1.2.1
[INFO] [stderr]    Compiling idna v1.1.0
[INFO] [stderr]    Compiling sct v0.7.1
[INFO] [stderr]    Compiling rustls-webpki v0.101.7
[INFO] [stderr]    Compiling url v2.5.8
[INFO] [stderr]    Compiling tokio-util v0.7.18
[INFO] [stderr]    Compiling aws-smithy-async v1.2.14
[INFO] [stderr]    Compiling aws-smithy-types v1.4.6
[INFO] [stderr]    Compiling h2 v0.4.13
[INFO] [stderr]    Compiling h2 v0.3.27
[INFO] [stderr]    Compiling aws-smithy-runtime-api v1.11.6
[INFO] [stderr]    Compiling aws-smithy-eventstream v0.60.20
[INFO] [stderr]    Compiling aws-smithy-json v0.62.5
[INFO] [stderr]    Compiling aws-smithy-query v0.60.15
[INFO] [stderr]    Compiling tokio-rustls v0.24.1
[INFO] [stderr]    Compiling aws-smithy-http v0.63.6
[INFO] [stderr]    Compiling aws-credential-types v1.2.14
[INFO] [stderr]    Compiling aws-smithy-observability v0.2.6
[INFO] [stderr]    Compiling hyper v1.8.1
[INFO] [stderr]    Compiling aws-sigv4 v1.4.2
[INFO] [stderr]    Compiling aws-smithy-checksums v0.64.6
[INFO] [stderr]    Compiling hyper v0.14.32
[INFO] [stderr]    Compiling hyper-util v0.1.20
[INFO] [stderr]    Compiling hyper-rustls v0.24.2
[INFO] [stderr]    Compiling rustls-webpki v0.103.9
[INFO] [stderr]    Compiling tokio-rustls v0.26.4
[INFO] [stderr]    Compiling hyper-rustls v0.27.7
[INFO] [stderr]    Compiling aws-smithy-http-client v1.1.12
[INFO] [stderr]    Compiling aws-smithy-runtime v1.10.3
[INFO] [stderr]    Compiling aws-runtime v1.7.2
[INFO] [stderr]    Compiling aws-sdk-ssooidc v1.98.0
[INFO] [stderr]    Compiling aws-sdk-sts v1.100.0
[INFO] [stderr]    Compiling aws-sdk-sso v1.96.0
[INFO] [stderr]    Compiling aws-sdk-s3 v1.125.0
[INFO] [stderr]    Compiling aws-config v1.8.15
[INFO] [stderr]    Compiling aws-multipart-upload v0.1.0 (/opt/rustwide/workdir)
[INFO] [stderr]     Finished `dev` profile [unoptimized + debuginfo] target(s) in 2m 12s
[INFO] running `Command { std: "docker" "inspect" "df3ae33f8011be03ec3ce625159385b38557555ba5c941f409eeca3863f86c35", kill_on_drop: false }`
[INFO] running `Command { std: "docker" "exec" "-e" "SOURCE_DIR=/opt/rustwide/workdir" "-e" "CARGO_HOME=/opt/rustwide/cargo-home" "-e" "RUSTUP_HOME=/opt/rustwide/rustup-home" "-e" "CARGO_TARGET_DIR=/opt/rustwide/target" "-e" "CARGO_INCREMENTAL=0" "-e" "RUST_BACKTRACE=full" "-e" "RUSTFLAGS=--cap-lints=warn" "-e" "RUSTDOCFLAGS=--cap-lints=warn" "-w" "/opt/rustwide/workdir" "--user" "0:0" "df3ae33f8011be03ec3ce625159385b38557555ba5c941f409eeca3863f86c35" "/opt/rustwide/cargo-home/bin/cargo" "+1.99.0-beta.8" "test" "--frozen" "--no-run" "--message-format=json", kill_on_drop: false }`
[INFO] [stderr]    Compiling tokio-macros v2.6.1
[INFO] [stderr]    Compiling tracing v0.1.44
[INFO] [stderr]    Compiling rustls v0.21.12
[INFO] [stderr]    Compiling tracing-log v0.2.0
[INFO] [stderr]    Compiling chrono v0.4.44
[INFO] [stderr]    Compiling tracing-subscriber v0.3.22
[INFO] [stderr]    Compiling tokio v1.50.0
[INFO] [stderr]    Compiling tokio-util v0.7.18
[INFO] [stderr]    Compiling aws-smithy-async v1.2.14
[INFO] [stderr]    Compiling tokio-rustls v0.26.4
[INFO] [stderr]    Compiling tokio-rustls v0.24.1
[INFO] [stderr]    Compiling aws-smithy-types v1.4.6
[INFO] [stderr]    Compiling h2 v0.4.13
[INFO] [stderr]    Compiling h2 v0.3.27
[INFO] [stderr]    Compiling aws-smithy-runtime-api v1.11.6
[INFO] [stderr]    Compiling aws-smithy-eventstream v0.60.20
[INFO] [stderr]    Compiling aws-smithy-json v0.62.5
[INFO] [stderr]    Compiling aws-smithy-query v0.60.15
[INFO] [stderr]    Compiling hyper v1.8.1
[INFO] [stderr]    Compiling aws-smithy-http v0.63.6
[INFO] [stderr]    Compiling aws-credential-types v1.2.14
[INFO] [stderr]    Compiling aws-smithy-observability v0.2.6
[INFO] [stderr]    Compiling aws-types v1.3.14
[INFO] [stderr]    Compiling aws-sigv4 v1.4.2
[INFO] [stderr]    Compiling aws-smithy-checksums v0.64.6
[INFO] [stderr]    Compiling hyper-util v0.1.20
[INFO] [stderr]    Compiling hyper v0.14.32
[INFO] [stderr]    Compiling hyper-rustls v0.27.7
[INFO] [stderr]    Compiling hyper-rustls v0.24.2
[INFO] [stderr]    Compiling aws-smithy-http-client v1.1.12
[INFO] [stderr]    Compiling aws-smithy-runtime v1.10.3
[INFO] [stderr]    Compiling aws-runtime v1.7.2
[INFO] [stderr]    Compiling aws-sdk-ssooidc v1.98.0
[INFO] [stderr]    Compiling aws-sdk-sts v1.100.0
[INFO] [stderr]    Compiling aws-sdk-sso v1.96.0
[INFO] [stderr]    Compiling aws-sdk-s3 v1.125.0
[INFO] [stderr]    Compiling aws-config v1.8.15
[INFO] [stderr]    Compiling aws-multipart-upload v0.1.0 (/opt/rustwide/workdir)
[INFO] [stderr]     Finished `test` profile [unoptimized + debuginfo] target(s) in 1m 37s
[INFO] running `Command { std: "docker" "inspect" "df3ae33f8011be03ec3ce625159385b38557555ba5c941f409eeca3863f86c35", kill_on_drop: false }`
[INFO] running `Command { std: "docker" "exec" "-e" "SOURCE_DIR=/opt/rustwide/workdir" "-e" "CARGO_HOME=/opt/rustwide/cargo-home" "-e" "RUSTUP_HOME=/opt/rustwide/rustup-home" "-e" "CARGO_TARGET_DIR=/opt/rustwide/target" "-e" "CARGO_INCREMENTAL=0" "-e" "RUST_BACKTRACE=full" "-e" "RUSTFLAGS=--cap-lints=warn" "-e" "RUSTDOCFLAGS=--cap-lints=warn" "-w" "/opt/rustwide/workdir" "--user" "0:0" "df3ae33f8011be03ec3ce625159385b38557555ba5c941f409eeca3863f86c35" "/opt/rustwide/cargo-home/bin/cargo" "+1.99.0-beta.8" "test" "--frozen", kill_on_drop: false }`
[INFO] [stderr]     Finished `test` profile [unoptimized + debuginfo] target(s) in 0.39s
[INFO] [stderr]      Running unittests src/lib.rs (/opt/rustwide/target/debug/deps/aws_multipart_upload-60064f9bc2801796)
[INFO] [stdout] 
[INFO] [stdout] running 0 tests
[INFO] [stdout] 
[INFO] [stdout] test result: ok. 0 passed; 0 failed; 0 ignored; 0 measured; 0 filtered out; finished in 0.00s
[INFO] [stdout] 
[INFO] [stderr]    Doc-tests aws_multipart_upload
[INFO] [stdout] 
[INFO] [stdout] running 3 tests
[INFO] [stdout] test src/lib.rs - (line 34) - compile ... FAILED
[INFO] [stdout] test src/lib.rs - prelude (line 103) ... ok
[INFO] [stdout] test src/uri.rs - uri (line 22) ... ok
[INFO] [stdout] 
[INFO] [stdout] failures:
[INFO] [stdout] 
[INFO] [stdout] ---- src/lib.rs - (line 34) stdout ----
[INFO] [stdout] error[E0599]: no method named `build_upload_from` found for struct `UploadBuilder` in the current scope
[INFO] [stdout]   --> src/lib.rs:53:10
[INFO] [stdout]    |
[INFO] [stdout] 50 |       let upl = UploadBuilder::new(client)
[INFO] [stdout]    |  _______________-
[INFO] [stdout] 51 | |         .with_part_size(ByteSize::mib(5))
[INFO] [stdout] 52 | |         .with_uri(("a-bucket-us-east-1", "an/object/key.jsonl"))
[INFO] [stdout] 53 | |         .build_upload_from(JsonLinesEncoder::new());
[INFO] [stdout]    | |         -^^^^^^^^^^^^^^^^^ method not found in `UploadBuilder`
[INFO] [stdout]    | |_________|
[INFO] [stdout]    |
[INFO] [stdout] 
[INFO] [stdout] error: aborting due to 1 previous error
[INFO] [stdout] 
[INFO] [stdout] For more information about this error, try `rustc --explain E0599`.
[INFO] [stdout] Couldn't compile the test.
[INFO] [stdout] 
[INFO] [stdout] failures:
[INFO] [stdout]     src/lib.rs - (line 34)
[INFO] [stdout] 
[INFO] [stdout] test result: FAILED. 2 passed; 1 failed; 0 ignored; 0 measured; 0 filtered out; finished in 1.85s
[INFO] [stdout] 
[INFO] [stdout] all doctests ran in 2.21s; merged doctests compilation took 0.36s
[INFO] [stderr] error: doctest failed, to rerun pass `--doc`
[INFO] running `Command { std: "docker" "inspect" "df3ae33f8011be03ec3ce625159385b38557555ba5c941f409eeca3863f86c35", kill_on_drop: false }`
[INFO] running `Command { std: "docker" "rm" "-f" "df3ae33f8011be03ec3ce625159385b38557555ba5c941f409eeca3863f86c35", kill_on_drop: false }`
[INFO] [stdout] df3ae33f8011be03ec3ce625159385b38557555ba5c941f409eeca3863f86c35
