[INFO] cloning repository https://github.com/master8848/ai-cleaner
[INFO] running `Command { std: "git" "-c" "credential.helper=" "-c" "credential.helper=/workspace/cargo-home/bin/git-credential-null" "clone" "--bare" "https://github.com/master8848/ai-cleaner" "/workspace/cache/git-repos/https%3A%2F%2Fgithub.com%2Fmaster8848%2Fai-cleaner", kill_on_drop: false }`
[INFO] [stderr] Cloning into bare repository '/workspace/cache/git-repos/https%3A%2F%2Fgithub.com%2Fmaster8848%2Fai-cleaner'...
[INFO] running `Command { std: "git" "rev-parse" "HEAD", kill_on_drop: false }`
[INFO] [stdout] 9911804fdc5f754e3d94f853a820fb9353e2220a
[INFO] testing master8848/ai-cleaner against 1.99.0-beta.8 for beta-1.100-2
[INFO] running `Command { std: "git" "clone" "/workspace/cache/git-repos/https%3A%2F%2Fgithub.com%2Fmaster8848%2Fai-cleaner" "/workspace/builds/worker-6-tc1/source", kill_on_drop: false }`
[INFO] [stderr] Cloning into '/workspace/builds/worker-6-tc1/source'...
[INFO] [stderr] done.
[INFO] started tweaking git repo https://github.com/master8848/ai-cleaner
[INFO] finished tweaking git repo https://github.com/master8848/ai-cleaner
[INFO] tweaked toml for git repo https://github.com/master8848/ai-cleaner written to /workspace/builds/worker-6-tc1/source/Cargo.toml
[INFO] validating manifest of git repo https://github.com/master8848/ai-cleaner on toolchain 1.99.0-beta.8
[INFO] running `Command { std: CARGO_HOME="/workspace/cargo-home" RUSTUP_HOME="/workspace/rustup-home" "/workspace/cargo-home/bin/cargo" "+1.99.0-beta.8" "metadata" "--manifest-path" "Cargo.toml" "--no-deps", kill_on_drop: false }`
[INFO] crate git repo https://github.com/master8848/ai-cleaner already has a lockfile, it will not be regenerated
[INFO] running `Command { std: CARGO_HOME="/workspace/cargo-home" RUSTUP_HOME="/workspace/rustup-home" "/workspace/cargo-home/bin/cargo" "+1.99.0-beta.8" "fetch" "--manifest-path" "Cargo.toml", kill_on_drop: false }`
[INFO] [stderr]     Updating crates.io index
[INFO] [stderr]  Downloading crates ...
[INFO] [stderr]   Downloaded unicode-blocks v0.1.10
[INFO] [stderr]   Downloaded typed-path v0.12.3
[INFO] [stderr]   Downloaded levenshtein_automata v0.2.1
[INFO] [stderr]   Downloaded pulldown-cmark-escape v0.11.0
[INFO] [stderr]   Downloaded rs-conllu v0.3.0
[INFO] [stderr]   Downloaded is-macro v0.3.7
[INFO] [stderr]   Downloaded moddef v0.3.0
[INFO] [stderr]   Downloaded louds-rs v0.7.0
[INFO] [stderr]   Downloaded fid-rs v0.2.0
[INFO] [stderr]   Downloaded derive-new v0.7.0
[INFO] [stderr]   Downloaded macerator v0.2.10
[INFO] [stderr]   Downloaded macerator-macros v0.1.5
[INFO] [stderr]   Downloaded harper-pos-utils v2.8.0
[INFO] [stderr]   Downloaded burn-ndarray v0.19.1
[INFO] [stderr]   Downloaded cubecl-std v0.8.1
[INFO] [stderr]   Downloaded variadics_please v1.1.0
[INFO] [stderr]   Downloaded zip v8.6.0
[INFO] [stderr]   Downloaded enumset_derive v0.15.0
[INFO] [stderr]   Downloaded ruzstd v0.9.0
[INFO] [stderr]   Downloaded rand_distr v0.5.1
[INFO] [stderr]   Downloaded enumset v1.1.14
[INFO] [stderr]   Downloaded cubecl-runtime v0.8.1
[INFO] [stderr]   Downloaded float4 v0.1.0
[INFO] [stderr]   Downloaded cubecl-quant v0.8.1
[INFO] [stderr]   Downloaded embedded-hal v1.0.0
[INFO] [stderr]   Downloaded cubecl-common v0.8.1
[INFO] [stderr]   Downloaded embassy-time v0.4.0
[INFO] [stderr]   Downloaded embedded-hal-async v1.0.0
[INFO] [stderr]   Downloaded embassy-time-driver v0.2.2
[INFO] [stderr]   Downloaded embassy-futures v0.1.2
[INFO] [stderr]   Downloaded md5 v0.8.1
[INFO] [stderr]   Downloaded embedded-hal v0.2.7
[INFO] [stderr]   Downloaded burn-tensor v0.19.1
[INFO] [stderr]   Downloaded cubecl-ir v0.8.1
[INFO] [stderr]   Downloaded cubecl-macros-internal v0.8.1
[INFO] [stderr]   Downloaded float8 v0.4.2
[INFO] [stderr]   Downloaded cubecl-macros v0.8.1
[INFO] [stderr]   Downloaded cubecl-wgpu v0.8.1
[INFO] [stderr]   Downloaded nb v1.1.0
[INFO] [stderr]   Downloaded cubecl-core v0.8.1
[INFO] [stderr]   Downloaded wgpu-types v26.0.0
[INFO] [stderr]   Downloaded nb v0.1.3
[INFO] [stderr]   Downloaded cubecl v0.8.1
[INFO] [stderr]   Downloaded wordnet-lemmatizer v0.1.0
[INFO] [stderr]   Downloaded wgpu v26.0.1
[INFO] [stderr]   Downloaded trie-rs v0.4.2
[INFO] [stderr]   Downloaded harper-brill v2.8.0
[INFO] [stderr]   Downloaded wgpu-hal v26.0.6
[INFO] [stderr]   Downloaded fst v0.4.7
[INFO] [stderr]   Downloaded naga v26.0.0
[INFO] [stderr]   Downloaded gpu-descriptor v0.3.2
[INFO] [stderr]   Downloaded gpu-allocator v0.27.0
[INFO] [stderr]   Downloaded gpu-alloc-types v0.3.1
[INFO] [stderr]   Downloaded gpu-alloc v0.6.2
[INFO] [stderr]   Downloaded harper-thesaurus v2.8.0
[INFO] [stderr]   Downloaded wgpu-core v26.0.1
[INFO] [stderr]   Downloaded wgpu-core-deps-windows-linux-android v26.0.0
[INFO] [stderr]   Downloaded wgpu-core-deps-emscripten v26.0.0
[INFO] [stderr]   Downloaded cubecl-hip v0.8.1
[INFO] [stderr]   Downloaded cubecl-random v0.8.1
[INFO] [stderr]   Downloaded cubecl-matmul v0.8.1
[INFO] [stderr]   Downloaded cubecl-opt v0.8.1
[INFO] [stderr]   Downloaded cubecl-cpp v0.8.1
[INFO] [stderr]   Downloaded metal v0.32.0
[INFO] [stderr]   Downloaded cubecl-reduce v0.8.1
[INFO] [stderr]   Downloaded wgpu-core-deps-apple v26.0.0
[INFO] [stderr]   Downloaded stable-vec v0.4.2
[INFO] [stderr]   Downloaded tracel-llvm-bundler v20.1.4-7
[INFO] [stderr]   Downloaded cubecl-cuda v0.8.1
[INFO] [stderr]   Downloaded cubecl-hip-sys v7.14.6085000
[INFO] [stderr]   Downloaded cubecl-cpu v0.8.1
[INFO] [stderr]   Downloaded cudarc v0.17.8
[INFO] [stderr]   Downloaded zerovec-derive v0.11.5
[INFO] [stderr]   Downloaded quinn-proto v0.11.17
[INFO] [stderr]   Downloaded h2 v0.4.16
[INFO] [stderr]   Downloaded liblzma v0.4.8
[INFO] [stderr]   Downloaded tracel-llvm v20.1.4-7
[INFO] [stderr]   Downloaded constcat v0.6.1
[INFO] [stderr]   Downloaded tracel-mlir-rs-macros v20.1.4-7
[INFO] [stderr]   Downloaded tracel-mlir-rs v20.1.4-7
[INFO] [stderr]   Downloaded tracel-tblgen-rs v20.1.4-7
[INFO] [stderr]   Downloaded tracel-mlir-sys v20.1.4-7
[INFO] [stderr]   Downloaded caseless v0.2.2
[INFO] [stderr]   Downloaded entities v1.0.1
[INFO] [stderr]   Downloaded deunicode v1.6.2
[INFO] [stderr]   Downloaded convert_case v0.8.0
[INFO] [stderr]   Downloaded liblzma-sys v0.4.8
[INFO] [stderr]   Downloaded comrak v0.39.1
[INFO] [stderr]   Downloaded burn-autodiff v0.19.1
[INFO] [stderr]   Downloaded burn-ir v0.19.1
[INFO] [stderr]   Downloaded cubecl-convolution v0.8.1
[INFO] [stderr]   Downloaded burn-common v0.19.1
[INFO] [stderr]   Downloaded text_placeholder v0.5.1
[INFO] [stderr]   Downloaded atomic_float v1.1.0
[INFO] [stderr]   Downloaded burn-cubecl v0.19.1
[INFO] [stderr]   Downloaded burn-nn v0.19.1
[INFO] [stderr]   Downloaded burn-wgpu v0.19.1
[INFO] [stderr]   Downloaded burn v0.19.1
[INFO] [stderr]   Downloaded burn-store v0.19.1
[INFO] [stderr]   Downloaded safetensors v0.6.2
[INFO] [stderr]   Downloaded pulp-wasm-simd-flag v0.1.1
[INFO] [stderr]   Downloaded gemm-f32 v0.19.0
[INFO] [stderr]   Downloaded burn-fusion v0.19.1
[INFO] [stderr]   Downloaded burn-cubecl-fusion v0.19.1
[INFO] [stderr]   Downloaded burn-core v0.19.1
[INFO] [stderr]   Downloaded raw-cpuid v11.6.0
[INFO] [stderr]   Downloaded gemm-f64 v0.19.0
[INFO] [stderr]   Downloaded gemm-common v0.19.0
[INFO] [stderr]   Downloaded burn-candle v0.19.1
[INFO] [stderr]   Downloaded rmp v0.8.15
[INFO] [stderr]   Downloaded burn-derive v0.19.1
[INFO] [stderr]   Downloaded burn-cuda v0.19.1
[INFO] [stderr]   Downloaded gemm-c64 v0.19.0
[INFO] [stderr]   Downloaded float8 v0.6.1
[INFO] [stderr]   Downloaded cached_proc_macro_types v0.1.1
[INFO] [stderr]   Downloaded cached_proc_macro v0.27.0
[INFO] [stderr]   Downloaded blanket v0.4.0
[INFO] [stderr]   Downloaded reborrow v0.5.5
[INFO] [stderr]   Downloaded dyn-stack-macros v0.1.3
[INFO] [stderr]   Downloaded boxcar v0.2.14
[INFO] [stderr]   Downloaded rmp-serde v1.3.1
[INFO] [stderr]   Downloaded burn-router v0.19.1
[INFO] [stderr]   Downloaded burn-optim v0.19.1
[INFO] [stderr]   Downloaded zip v7.2.0
[INFO] [stderr]   Downloaded gemm-f16 v0.19.0
[INFO] [stderr]   Downloaded ammonia v4.1.4
[INFO] [stderr]   Downloaded burn-rocm v0.19.1
[INFO] [stderr]   Downloaded safetensors v0.7.0
[INFO] [stderr]   Downloaded dyn-stack v0.13.2
[INFO] [stderr]   Downloaded gemm v0.19.0
[INFO] [stderr]   Downloaded sysctl v0.6.0
[INFO] [stderr]   Downloaded gemm-c32 v0.19.0
[INFO] [stderr]   Downloaded pulp v0.22.3
[INFO] [stderr]   Downloaded candle-core v0.9.2
[INFO] [stderr]   Downloaded cached v0.59.0
[INFO] [stderr]   Downloaded harper-core v2.8.0
[INFO] running `Command { std: "docker" "create" "-v" "/var/lib/crater-agent-workspace/builds/worker-6-tc1/source:/opt/rustwide/workdir:ro,Z" "-v" "/var/lib/crater-agent-workspace/builds/worker-6-tc1/target:/opt/rustwide/target:rw,Z" "-v" "/var/lib/crater-agent-workspace/cargo-home:/opt/rustwide/cargo-home:ro,Z" "-v" "/var/lib/crater-agent-workspace/rustup-home:/opt/rustwide/rustup-home:ro,Z" "-m" "1610612736" "--network" "none" "ghcr.io/rust-lang/crates-build-env/linux@sha256:3111399a4047eeb3a02b7a90e478d715f38a8c6669b5c4b49d30a17385265909" "sleep" "infinity", kill_on_drop: false }`
[INFO] [stdout] cddafe2806010164485cfb894649829ab54d7d4d241e5be79afac0aa14bb10da
[INFO] running `Command { std: "docker" "start" "cddafe2806010164485cfb894649829ab54d7d4d241e5be79afac0aa14bb10da", kill_on_drop: false }`
[INFO] running `Command { std: "docker" "inspect" "cddafe2806010164485cfb894649829ab54d7d4d241e5be79afac0aa14bb10da", kill_on_drop: false }`
[INFO] running `Command { std: "docker" "exec" "-e" "SOURCE_DIR=/opt/rustwide/workdir" "-e" "CARGO_HOME=/opt/rustwide/cargo-home" "-e" "RUSTUP_HOME=/opt/rustwide/rustup-home" "-e" "CARGO_TARGET_DIR=/opt/rustwide/target" "-w" "/opt/rustwide/workdir" "--user" "0:0" "cddafe2806010164485cfb894649829ab54d7d4d241e5be79afac0aa14bb10da" "/opt/rustwide/cargo-home/bin/cargo" "+1.99.0-beta.8" "metadata" "--no-deps" "--format-version=1", kill_on_drop: false }`
[INFO] running `Command { std: "docker" "inspect" "cddafe2806010164485cfb894649829ab54d7d4d241e5be79afac0aa14bb10da", kill_on_drop: false }`
[INFO] running `Command { std: "docker" "exec" "-e" "SOURCE_DIR=/opt/rustwide/workdir" "-e" "CARGO_HOME=/opt/rustwide/cargo-home" "-e" "RUSTUP_HOME=/opt/rustwide/rustup-home" "-e" "CARGO_TARGET_DIR=/opt/rustwide/target" "-e" "CARGO_INCREMENTAL=0" "-e" "RUST_BACKTRACE=full" "-e" "RUSTFLAGS=--cap-lints=warn" "-e" "RUSTDOCFLAGS=--cap-lints=warn" "-w" "/opt/rustwide/workdir" "--user" "0:0" "cddafe2806010164485cfb894649829ab54d7d4d241e5be79afac0aa14bb10da" "/opt/rustwide/cargo-home/bin/cargo" "+1.99.0-beta.8" "build" "--frozen" "--message-format=json", kill_on_drop: false }`
[INFO] [stderr]    Compiling syn v3.0.3
[INFO] [stderr]    Compiling syn v2.0.119
[INFO] [stderr]    Compiling num-traits v0.2.19
[INFO] [stderr]    Compiling portable-atomic v1.15.0
[INFO] [stderr]    Compiling convert_case v0.10.0
[INFO] [stderr]    Compiling web-time v1.1.0
[INFO] [stderr]    Compiling getrandom v0.3.4
[INFO] [stderr]    Compiling cubecl-common v0.8.1
[INFO] [stderr]    Compiling fastrand v2.5.0
[INFO] [stderr]    Compiling serde_bytes v0.11.19
[INFO] [stderr]    Compiling embassy-futures v0.1.2
[INFO] [stderr]    Compiling simd-adler32 v0.3.10
[INFO] [stderr]    Compiling phf_shared v0.13.1
[INFO] [stderr]    Compiling foldhash v0.2.0
[INFO] [stderr]    Compiling colored v3.1.1
[INFO] [stderr]    Compiling zstd-sys v2.0.16+zstd.1.5.7
[INFO] [stderr]    Compiling crunchy v0.2.4
[INFO] [stderr]    Compiling rand_core v0.9.5
[INFO] [stderr]    Compiling miniz_oxide v0.8.9
[INFO] [stderr]    Compiling zlib-rs v0.6.7
[INFO] [stderr]    Compiling regex-automata v0.4.18
[INFO] [stderr]    Compiling phf_generator v0.13.1
[INFO] [stderr]    Compiling serde_json v1.0.151
[INFO] [stderr]    Compiling tiny-keccak v2.0.2
[INFO] [stderr]    Compiling hashbrown v0.17.1
[INFO] [stderr]    Compiling matrixmultiply v0.3.11
[INFO] [stderr]    Compiling either v1.17.0
[INFO] [stderr]    Compiling futures-lite v2.6.1
[INFO] [stderr]    Compiling string_cache_codegen v0.6.1
[INFO] [stderr]    Compiling phf_codegen v0.13.1
[INFO] [stderr]    Compiling data-encoding v2.11.1
[INFO] [stderr]    Compiling zstd-safe v7.2.4
[INFO] [stderr]    Compiling bumpalo v3.20.3
[INFO] [stderr]    Compiling uuid v1.24.1
[INFO] [stderr]    Compiling spin v0.10.1
[INFO] [stderr]    Compiling new_debug_unreachable v1.0.6
[INFO] [stderr]    Compiling rustversion v1.0.23
[INFO] [stderr]    Compiling getrandom v0.2.17
[INFO] [stderr]    Compiling once_cell v1.21.4
[INFO] [stderr]    Compiling web_atoms v0.2.6
[INFO] [stderr]    Compiling rmp v0.8.15
[INFO] [stderr]    Compiling precomputed-hash v0.1.1
[INFO] [stderr]    Compiling fnv v1.0.7
[INFO] [stderr]    Compiling clap_builder v4.6.6
[INFO] [stderr]    Compiling const-random-macro v0.1.16
[INFO] [stderr]    Compiling num-complex v0.4.6
[INFO] [stderr]    Compiling num-integer v0.1.47
[INFO] [stderr]    Compiling rayon-core v1.13.0
[INFO] [stderr]    Compiling phf v0.13.1
[INFO] [stderr]    Compiling hashbrown v0.16.1
[INFO] [stderr]    Compiling burn-ndarray v0.19.1
[INFO] [stderr]    Compiling wasm-bindgen-shared v0.2.127
[INFO] [stderr]    Compiling http-body v1.1.0
[INFO] [stderr]    Compiling rayon v1.12.0
[INFO] [stderr]    Compiling ndarray v0.16.1
[INFO] [stderr]    Compiling const-random v0.1.18
[INFO] [stderr]    Compiling tendril v0.5.1
[INFO] [stderr]    Compiling atomic_float v1.1.0
[INFO] [stderr]    Compiling dtoa v1.0.11
[INFO] [stderr]    Compiling fst v0.4.7
[INFO] [stderr]    Compiling futures-util v0.3.34
[INFO] [stderr]    Compiling dtoa-short v0.3.5
[INFO] [stderr]    Compiling lru v0.18.2
[INFO] [stderr]    Compiling indexmap v2.14.0
[INFO] [stderr]    Compiling bitflags v2.13.1
[INFO] [stderr]    Compiling twox-hash v2.1.3
[INFO] [stderr]    Compiling pulldown-cmark v0.13.4
[INFO] [stderr]    Compiling strum v0.28.0
[INFO] [stderr]    Compiling ruzstd v0.9.0
[INFO] [stderr]    Compiling zopfli v0.8.3
[INFO] [stderr]    Compiling itertools v0.14.0
[INFO] [stderr]    Compiling cached_proc_macro_types v0.1.1
[INFO] [stderr]    Compiling harper-core v2.8.0
[INFO] [stderr]    Compiling pulldown-cmark-escape v0.11.0
[INFO] [stderr]    Compiling typed-path v0.12.3
[INFO] [stderr]    Compiling regex v1.13.1
[INFO] [stderr]    Compiling maplit v1.0.2
[INFO] [stderr]    Compiling levenshtein_automata v0.2.1
[INFO] [stderr]    Compiling tinyvec v1.12.0
[INFO] [stderr]    Compiling wasm-bindgen v0.2.127
[INFO] [stderr]    Compiling futures-channel v0.3.34
[INFO] [stderr]    Compiling unicode-blocks v0.1.10
[INFO] [stderr]    Compiling paraphrase-core v0.2.0 (/opt/rustwide/workdir/crates/core)
[INFO] [stderr]    Compiling unicode-script v0.5.8
[INFO] [stderr]    Compiling boxcar v0.2.14
[INFO] [stderr]    Compiling blake2 v0.10.6
[INFO] [stderr]    Compiling http-body-util v0.1.5
[INFO] [stderr]    Compiling unicode-normalization v0.1.25
[INFO] [stderr]    Compiling serde_path_to_error v0.1.20
[INFO] [stderr]    Compiling matchit v0.7.3
[INFO] [stderr]    Compiling tower-http v0.6.11
[INFO] [stderr]    Compiling synstructure v0.13.2
[INFO] [stderr]    Compiling darling_core v0.20.11
[INFO] [stderr]    Compiling fid-rs v0.2.0
[INFO] [stderr]    Compiling wasm-bindgen-macro-support v0.2.127
[INFO] [stderr]    Compiling louds-rs v0.7.0
[INFO] [stderr]    Compiling trie-rs v0.4.2
[INFO] [stderr]    Compiling flate2 v1.1.9
[INFO] [stderr]    Compiling zerocopy-derive v0.8.56
[INFO] [stderr]    Compiling zerofrom-derive v0.1.7
[INFO] [stderr]    Compiling yoke-derive v0.8.2
[INFO] [stderr]    Compiling derive_more-impl v2.1.1
[INFO] [stderr]    Compiling derive-new v0.7.0
[INFO] [stderr]    Compiling thiserror-impl v1.0.69
[INFO] [stderr]    Compiling serde_derive v1.0.229
[INFO] [stderr]    Compiling bytemuck_derive v1.12.0
[INFO] [stderr]    Compiling zerovec-derive v0.11.5
[INFO] [stderr]    Compiling displaydoc v0.2.7
[INFO] [stderr]    Compiling burn-derive v0.19.1
[INFO] [stderr]    Compiling clap_derive v4.6.4
[INFO] [stderr]    Compiling zerofrom v0.1.8
[INFO] [stderr]    Compiling yoke v0.8.3
[INFO] [stderr]    Compiling derive_more-impl v1.0.0
[INFO] [stderr]    Compiling tokio-macros v2.7.2
[INFO] [stderr]    Compiling thiserror-impl v2.0.20
[INFO] [stderr]    Compiling zerotrie v0.2.5
[INFO] [stderr]    Compiling thiserror v1.0.69
[INFO] [stderr]    Compiling strum_macros v0.28.0
[INFO] [stderr]    Compiling bytemuck v1.25.2
[INFO] [stderr]    Compiling is-macro v0.3.7
[INFO] [stderr]    Compiling zerovec v0.11.7
[INFO] [stderr]    Compiling zip v8.6.0
[INFO] [stderr]    Compiling zerocopy v0.8.56
[INFO] [stderr]    Compiling blanket v0.4.0
[INFO] [stderr]    Compiling async-trait v0.1.92
[INFO] [stderr]    Compiling darling_macro v0.20.11
[INFO] [stderr]    Compiling derive_more v2.1.1
[INFO] [stderr]    Compiling tinystr v0.8.4
[INFO] [stderr]    Compiling potential_utf v0.1.6
[INFO] [stderr]    Compiling clap v4.6.6
[INFO] [stderr]    Compiling thiserror v2.0.20
[INFO] [stderr]    Compiling derive_more v1.0.0
[INFO] [stderr]    Compiling darling v0.20.11
[INFO] [stderr]    Compiling icu_locale_core v2.3.0
[INFO] [stderr]    Compiling rs-conllu v0.3.0
[INFO] [stderr]    Compiling cached_proc_macro v0.27.0
[INFO] [stderr]    Compiling icu_collections v2.3.0
[INFO] [stderr]    Compiling zstd v0.13.3
[INFO] [stderr]    Compiling harper-thesaurus v2.8.0
[INFO] [stderr]    Compiling wasm-bindgen-macro v0.2.127
[INFO] [stderr]    Compiling axum-core v0.4.5
[INFO] [stderr]    Compiling serde v1.0.229
[INFO] [stderr]    Compiling js-sys v0.3.104
[INFO] [stderr]    Compiling smallvec v1.15.2
[INFO] [stderr]    Compiling hashbrown v0.15.5
[INFO] [stderr]    Compiling bincode v2.0.1
[INFO] [stderr]    Compiling rmp-serde v1.3.1
[INFO] [stderr]    Compiling ordered-float v5.3.0
[INFO] [stderr]    Compiling serde_urlencoded v0.7.1
[INFO] [stderr]    Compiling icu_provider v2.3.0
[INFO] [stderr]    Compiling icu_properties v2.3.0
[INFO] [stderr]    Compiling parking_lot_core v0.9.12
[INFO] [stderr]    Compiling icu_normalizer v2.3.0
[INFO] [stderr]    Compiling cssparser v0.37.0
[INFO] [stderr]    Compiling parking_lot v0.12.5
[INFO] [stderr]    Compiling string_cache v0.9.0
[INFO] [stderr]    Compiling tokio v1.53.1
[INFO] [stderr]    Compiling markup5ever v0.39.0
[INFO] [stderr]    Compiling html5ever v0.39.0
[INFO] [stderr]    Compiling idna_adapter v1.2.2
[INFO] [stderr]    Compiling idna v1.1.0
[INFO] [stderr]    Compiling url v2.5.8
[INFO] [stderr]    Compiling ppv-lite86 v0.2.21
[INFO] [stderr]    Compiling half v2.7.1
[INFO] [stderr]    Compiling ahash v0.8.12
[INFO] [stderr]    Compiling cached v0.59.0
[INFO] [stderr]    Compiling float8 v0.4.2
[INFO] [stderr]    Compiling ammonia v4.1.4
[INFO] [stderr]    Compiling rand_chacha v0.9.0
[INFO] [stderr]    Compiling rand v0.9.5
[INFO] [stderr]    Compiling rand_distr v0.5.1
[INFO] [stderr]    Compiling cubecl-quant v0.8.1
[INFO] [stderr]    Compiling burn-common v0.19.1
[INFO] [stderr]    Compiling burn-tensor v0.19.1
[INFO] [stderr]    Compiling hyper v1.11.0
[INFO] [stderr]    Compiling tower v0.5.3
[INFO] [stderr]    Compiling hyper-util v0.1.20
[INFO] [stderr]    Compiling axum v0.7.9
[INFO] [stderr]    Compiling burn-core v0.19.1
[INFO] [stderr]    Compiling burn-ir v0.19.1
[INFO] [stderr]    Compiling burn-nn v0.19.1
[INFO] [stderr]    Compiling burn-optim v0.19.1
[INFO] [stderr]    Compiling burn v0.19.1
[INFO] [stderr]    Compiling harper-pos-utils v2.8.0
[INFO] [stderr]    Compiling harper-brill v2.8.0
[INFO] [stdout] warning: unused import: `split_words`
[INFO] [stdout]  --> crates/core/src/detect/engine.rs:4:41
[INFO] [stdout]   |
[INFO] [stdout] 4 | use crate::tokenizer::{split_sentences, split_words};
[INFO] [stdout]   |                                         ^^^^^^^^^^^
[INFO] [stdout]   |
[INFO] [stdout]   = note: `#[warn(unused_imports)]` (part of `#[warn(unused)]`) on by default
[INFO] [stdout] 
[INFO] [stdout] 
[INFO] [stdout] warning: unused imports: `burstiness`, `lexical_diversity`, `per_sentence_ai_score`, and `per_sentence_para_score`
[INFO] [stdout]  --> crates/core/src/detect/detector.rs:3:5
[INFO] [stdout]   |
[INFO] [stdout] 3 |     burstiness, lexical_diversity, lexical_diversity_ai_score, percentile_75, per_sentence_ai_score,
[INFO] [stdout]   |     ^^^^^^^^^^  ^^^^^^^^^^^^^^^^^                                             ^^^^^^^^^^^^^^^^^^^^^
[INFO] [stdout] 4 |     per_sentence_para_score, readability_ai_score, sentence_length_ai_score, technical_jargon_score,
[INFO] [stdout]   |     ^^^^^^^^^^^^^^^^^^^^^^^
[INFO] [stdout] 
[INFO] [stdout] 
[INFO] [stdout] warning: unused imports: `AI_MARKERS`, `FORMAL_TRANSITIONS`, and `SYNONYM_VOCAB`
[INFO] [stdout]  --> crates/core/src/detect/detector.rs:8:22
[INFO] [stdout]   |
[INFO] [stdout] 8 | use crate::lexicon::{AI_MARKERS, FORMAL_TRANSITIONS, SYNONYM_VOCAB};
[INFO] [stdout]   |                      ^^^^^^^^^^  ^^^^^^^^^^^^^^^^^^  ^^^^^^^^^^^^^
[INFO] [stdout] 
[INFO] [stdout] 
[INFO] [stdout] warning: unused import: `crate::tokenizer::split_sentences`
[INFO] [stdout]  --> crates/core/src/detect/detector.rs:9:5
[INFO] [stdout]   |
[INFO] [stdout] 9 | use crate::tokenizer::split_sentences;
[INFO] [stdout]   |     ^^^^^^^^^^^^^^^^^^^^^^^^^^^^^^^^^
[INFO] [stdout] 
[INFO] [stdout] 
[INFO] [stdout] warning: unused import: `word_count`
[INFO] [stdout]    --> crates/core/src/detect/mod.rs:755:56
[INFO] [stdout]     |
[INFO] [stdout] 755 |         use crate::detect::engine::{count_occurrences, word_count};
[INFO] [stdout]     |                                                        ^^^^^^^^^^
[INFO] [stdout] 
[INFO] [stdout] 
[INFO] [stdout] warning: unused imports: `SynPreference` and `syllables`
[INFO] [stdout]  --> crates/core/src/pipeline.rs:2:20
[INFO] [stdout]   |
[INFO] [stdout] 2 | use crate::level::{syllables, CefrLevel, LevelConfig, SynPreference};
[INFO] [stdout]   |                    ^^^^^^^^^                          ^^^^^^^^^^^^^
[INFO] [stdout] 
[INFO] [stdout] 
[INFO] [stdout] warning: unused import: `swap_synonyms_with_provider`
[INFO] [stdout]  --> crates/core/src/pipeline.rs:4:22
[INFO] [stdout]   |
[INFO] [stdout] 4 | use crate::synonym::{swap_synonyms_with_provider, swap_synonyms_with_provider_leveled};
[INFO] [stdout]   |                      ^^^^^^^^^^^^^^^^^^^^^^^^^^^
[INFO] [stdout] 
[INFO] [stdout] 
[INFO] [stdout] warning: unused variable: `turnitin_bias`
[INFO] [stdout]    --> crates/core/src/detect/detector.rs:368:13
[INFO] [stdout]     |
[INFO] [stdout] 368 |         let turnitin_bias = DetectionModeConfig::for_mode(DetectionMode::Turnitin).strict_bias;
[INFO] [stdout]     |             ^^^^^^^^^^^^^ help: if this is intentional, prefix it with an underscore: `_turnitin_bias`
[INFO] [stdout]     |
[INFO] [stdout]     = note: `#[warn(unused_variables)]` (part of `#[warn(unused)]`) on by default
[INFO] [stdout] 
[INFO] [stdout] 
[INFO] [stdout] warning: variable does not need to be mutable
[INFO] [stdout]    --> crates/core/src/detect/mod.rs:798:9
[INFO] [stdout]     |
[INFO] [stdout] 798 |     let mut ai_signals_mut = ai_signals;
[INFO] [stdout]     |         ----^^^^^^^^^^^^^^
[INFO] [stdout]     |         |
[INFO] [stdout]     |         help: remove this `mut`
[INFO] [stdout]     |
[INFO] [stdout]     = note: `#[warn(unused_mut)]` (part of `#[warn(unused)]`) on by default
[INFO] [stdout] 
[INFO] [stdout] 
[INFO] [stdout] warning: unused variable: `trans_cnt`
[INFO] [stdout]    --> crates/core/src/detect/mod.rs:759:13
[INFO] [stdout]     |
[INFO] [stdout] 759 |         let trans_cnt = ctx.trans_cnt;
[INFO] [stdout]     |             ^^^^^^^^^ help: if this is intentional, prefix it with an underscore: `_trans_cnt`
[INFO] [stdout] 
[INFO] [stdout] 
[INFO] [stdout] warning: value assigned to `seed_count_overlap` is never read
[INFO] [stdout]    --> crates/core/src/noplag.rs:403:45
[INFO] [stdout]     |
[INFO] [stdout] 403 |         let mut seed_count_overlap: usize = 0;
[INFO] [stdout]     |                                             ^ this value is reassigned later and never used
[INFO] [stdout] ...
[INFO] [stdout] 442 |             seed_count_overlap = max_inter;
[INFO] [stdout]     |             ------------------------------ `seed_count_overlap` is overwritten here before the previous value is read
[INFO] [stdout]     |
[INFO] [stdout]     = note: `#[warn(unused_assignments)]` (part of `#[warn(unused)]`) on by default
[INFO] [stdout] 
[INFO] [stdout] 
[INFO] [stdout] warning: value assigned to `offset_bytes` is never read
[INFO] [stdout]    --> crates/core/src/grammar.rs:137:35
[INFO] [stdout]     |
[INFO] [stdout] 137 |     let mut offset_bytes: usize = 0;
[INFO] [stdout]     |                                   ^ this value is reassigned later and never used
[INFO] [stdout] ...
[INFO] [stdout] 187 |         offset_bytes = chunk_end_byte;
[INFO] [stdout]     |         ----------------------------- `offset_bytes` is overwritten here before the previous value is read
[INFO] [stdout] 
[INFO] [stdout] 
[INFO] [stdout] warning: value assigned to `offset_chars` is never read
[INFO] [stdout]    --> crates/core/src/grammar.rs:138:35
[INFO] [stdout]     |
[INFO] [stdout] 138 |     let mut offset_chars: usize = 0;
[INFO] [stdout]     |                                   ^ this value is reassigned later and never used
[INFO] [stdout] ...
[INFO] [stdout] 188 |         offset_chars = end_char;
[INFO] [stdout]     |         ----------------------- `offset_chars` is overwritten here before the previous value is read
[INFO] [stdout] 
[INFO] [stdout] 
[INFO] [stdout] warning: variable does not need to be mutable
[INFO] [stdout]  --> crates/core/src/markdown.rs:8:13
[INFO] [stdout]   |
[INFO] [stdout] 8 |         let mut s = line;
[INFO] [stdout]   |             ----^
[INFO] [stdout]   |             |
[INFO] [stdout]   |             help: remove this `mut`
[INFO] [stdout] 
[INFO] [stdout] 
[INFO] [stdout] warning: variable does not need to be mutable
[INFO] [stdout]    --> crates/core/src/pipeline.rs:125:9
[INFO] [stdout]     |
[INFO] [stdout] 125 |     let mut working_text = if opts.remove_markdown { crate::markdown::strip_markdown(text) } else { text.to_string() };
[INFO] [stdout]     |         ----^^^^^^^^^^^^
[INFO] [stdout]     |         |
[INFO] [stdout]     |         help: remove this `mut`
[INFO] [stdout] 
[INFO] [stdout] 
[INFO] [stdout] warning: unreachable pattern
[INFO] [stdout]    --> crates/core/src/styles.rs:111:66
[INFO] [stdout]     |
[INFO] [stdout] 111 | ...   "api"|"rust"|"wasm"|"http"|"json"|"cpu"|"gpu"|"llm"|"ai"|"http"|"https"|"url"|"id"|"fn"|"let"|"mut"|"struct"|"enum"|"impl"|"c...
[INFO] [stdout]     |                           ------                               ^^^^^^ no value can reach this
[INFO] [stdout]     |                           |
[INFO] [stdout]     |                           matches all the relevant values
[INFO] [stdout]     |
[INFO] [stdout]     = note: `#[warn(unreachable_patterns)]` (part of `#[warn(unused)]`) on by default
[INFO] [stdout] 
[INFO] [stdout] 
[INFO] [stdout] warning: function `calc_gptzero_ai_prob` is never used
[INFO] [stdout]    --> crates/core/src/detect/mod.rs:703:4
[INFO] [stdout]     |
[INFO] [stdout] 703 | fn calc_gptzero_ai_prob(text: &str, bias: f32) -> f32 {
[INFO] [stdout]     |    ^^^^^^^^^^^^^^^^^^^^
[INFO] [stdout]     |
[INFO] [stdout]     = note: `#[warn(dead_code)]` (part of `#[warn(unused)]`) on by default
[INFO] [stdout] 
[INFO] [stdout] 
[INFO] [stdout] warning: function `calc_originality_ai_prob` is never used
[INFO] [stdout]    --> crates/core/src/detect/mod.rs:706:4
[INFO] [stdout]     |
[INFO] [stdout] 706 | fn calc_originality_ai_prob(text: &str, bias: f32, segment_size: usize, stride: usize) -> f32 {
[INFO] [stdout]     |    ^^^^^^^^^^^^^^^^^^^^^^^^
[INFO] [stdout] 
[INFO] [stdout] 
[INFO] [stdout] warning: function `calc_binoculars_ai_prob` is never used
[INFO] [stdout]    --> crates/core/src/detect/mod.rs:709:4
[INFO] [stdout]     |
[INFO] [stdout] 709 | fn calc_binoculars_ai_prob(text: &str, bias: f32) -> f32 {
[INFO] [stdout]     |    ^^^^^^^^^^^^^^^^^^^^^^^
[INFO] [stdout] 
[INFO] [stdout] 
[INFO] [stdout] warning: function `fallback_watermark_heuristic` is never used
[INFO] [stdout]    --> crates/core/src/detect/mod.rs:712:4
[INFO] [stdout]     |
[INFO] [stdout] 712 | fn fallback_watermark_heuristic(text: &str, bias: f32) -> f32 {
[INFO] [stdout]     |    ^^^^^^^^^^^^^^^^^^^^^^^^^^^^
[INFO] [stdout] 
[INFO] [stdout] 
[INFO] [stdout] warning: function `calc_watermark_ai_prob` is never used
[INFO] [stdout]    --> crates/core/src/detect/mod.rs:717:4
[INFO] [stdout]     |
[INFO] [stdout] 717 | fn calc_watermark_ai_prob(text: &str, bias: f32) -> f32 {
[INFO] [stdout]     |    ^^^^^^^^^^^^^^^^^^^^^^
[INFO] [stdout] 
[INFO] [stdout] 
[INFO] [stdout] warning: function `calc_turnitin_ai_prob_for_ensemble` is never used
[INFO] [stdout]    --> crates/core/src/detect/mod.rs:724:4
[INFO] [stdout]     |
[INFO] [stdout] 724 | fn calc_turnitin_ai_prob_for_ensemble(text: &str, bias: f32) -> f32 {
[INFO] [stdout]     |    ^^^^^^^^^^^^^^^^^^^^^^^^^^^^^^^^^^
[INFO] [stdout] 
[INFO] [stdout] 
[INFO] [stdout] warning: constant `PATTERNS` is never used
[INFO] [stdout]   --> crates/core/src/markers.rs:15:7
[INFO] [stdout]    |
[INFO] [stdout] 15 | const PATTERNS: &[(&str, &str, &str, &str)] = &[
[INFO] [stdout]    |       ^^^^^^^^
[INFO] [stdout] 
[INFO] [stdout] 
[INFO] [stdout] warning: function `default_temperature` is never used
[INFO] [stdout]   --> crates/core/src/pipeline.rs:40:4
[INFO] [stdout]    |
[INFO] [stdout] 40 | fn default_temperature()->f32{0.0}
[INFO] [stdout]    |    ^^^^^^^^^^^^^^^^^^^
[INFO] [stdout] 
[INFO] [stdout] 
[INFO] [stderr]    Compiling paraphrase-wasm v0.2.0 (/opt/rustwide/workdir/crates/wasm)
[INFO] [stderr]    Compiling paraphrase-server v0.2.0 (/opt/rustwide/workdir/crates/server)
[INFO] [stdout] warning: unused import: `DetectionModeConfig`
[INFO] [stdout]   --> crates/server/src/extractors.rs:10:46
[INFO] [stdout]    |
[INFO] [stdout] 10 | use paraphrase_core::detect::{DetectionMode, DetectionModeConfig, ModeInfo};
[INFO] [stdout]    |                                              ^^^^^^^^^^^^^^^^^^^
[INFO] [stdout]    |
[INFO] [stdout]    = note: `#[warn(unused_imports)]` (part of `#[warn(unused)]`) on by default
[INFO] [stdout] 
[INFO] [stdout] 
[INFO] [stdout] warning: unused imports: `MAX_BYTES` and `MAX_CHARS`
[INFO] [stdout]   --> crates/server/src/extractors.rs:11:83
[INFO] [stdout]    |
[INFO] [stdout] 11 | use paraphrase_core::validated::{ValidatedText as CoreValidated, ValidationError, MAX_CHARS, MAX_BYTES};
[INFO] [stdout]    |                                                                                   ^^^^^^^^^  ^^^^^^^^^
[INFO] [stdout] 
[INFO] [stdout] 
[INFO] [stdout] warning: unexpected `cfg` condition value: `lexicon-fst`
[INFO] [stdout]    --> crates/server/src/main.rs:439:11
[INFO] [stdout]     |
[INFO] [stdout] 439 |     #[cfg(feature = "lexicon-fst")]
[INFO] [stdout]     |           ^^^^^^^^^^^^^^^^^^^^^^^ help: remove the condition
[INFO] [stdout]     |
[INFO] [stdout]     = note: no expected values for `feature`
[INFO] [stdout]     = help: consider adding `lexicon-fst` as a feature in `Cargo.toml`
[INFO] [stdout]     = note: see <https://doc.rust-lang.org/nightly/rustc/check-cfg/cargo-specifics.html> for more information about checking conditional configuration
[INFO] [stdout]     = note: `#[warn(unexpected_cfgs)]` on by default
[INFO] [stdout] 
[INFO] [stdout] 
[INFO] [stdout] warning: unexpected `cfg` condition value: `lexicon-fst`
[INFO] [stdout]    --> crates/server/src/main.rs:441:15
[INFO] [stdout]     |
[INFO] [stdout] 441 |     #[cfg(not(feature = "lexicon-fst"))]
[INFO] [stdout]     |               ^^^^^^^^^^^^^^^^^^^^^^^ help: remove the condition
[INFO] [stdout]     |
[INFO] [stdout]     = note: no expected values for `feature`
[INFO] [stdout]     = help: consider adding `lexicon-fst` as a feature in `Cargo.toml`
[INFO] [stdout]     = note: see <https://doc.rust-lang.org/nightly/rustc/check-cfg/cargo-specifics.html> for more information about checking conditional configuration
[INFO] [stdout] 
[INFO] [stdout] 
[INFO] [stdout] warning: function `check_text_len` is never used
[INFO] [stdout]   --> crates/server/src/main.rs:19:4
[INFO] [stdout]    |
[INFO] [stdout] 19 | fn check_text_len(text: &str) -> Result<(), String> {
[INFO] [stdout]    |    ^^^^^^^^^^^^^^
[INFO] [stdout]    |
[INFO] [stdout]    = note: `#[warn(dead_code)]` (part of `#[warn(unused)]`) on by default
[INFO] [stdout] 
[INFO] [stdout] 
[INFO] [stdout] warning: field `detailed` is never read
[INFO] [stdout]   --> crates/server/src/main.rs:62:5
[INFO] [stdout]    |
[INFO] [stdout] 59 | struct DetectRequest {
[INFO] [stdout]    |        ------------- field in this struct
[INFO] [stdout] ...
[INFO] [stdout] 62 |     detailed: Option<bool>,
[INFO] [stdout]    |     ^^^^^^^^
[INFO] [stdout] 
[INFO] [stdout] 
[INFO] [stdout] warning: field `apply_fixes` is never read
[INFO] [stdout]   --> crates/server/src/main.rs:73:5
[INFO] [stdout]    |
[INFO] [stdout] 68 | struct GrammarRequest {
[INFO] [stdout]    |        -------------- field in this struct
[INFO] [stdout] ...
[INFO] [stdout] 73 |     apply_fixes: Option<bool>,
[INFO] [stdout]    |     ^^^^^^^^^^^
[INFO] [stdout] 
[INFO] [stdout] 
[INFO] [stdout] warning: struct `ParaphraseResponse` is never constructed
[INFO] [stdout]    --> crates/server/src/main.rs:132:8
[INFO] [stdout]     |
[INFO] [stdout] 132 | struct ParaphraseResponse {
[INFO] [stdout]     |        ^^^^^^^^^^^^^^^^^^
[INFO] [stdout] 
[INFO] [stdout] 
[INFO] [stdout] warning: struct `ErrorBody` is never constructed
[INFO] [stdout]   --> crates/server/src/extractors.rs:25:8
[INFO] [stdout]    |
[INFO] [stdout] 25 | struct ErrorBody { error: String }
[INFO] [stdout]    |        ^^^^^^^^^
[INFO] [stdout] 
[INFO] [stdout] 
[INFO] [stderr]     Finished `dev` profile [unoptimized + debuginfo] target(s) in 1m 52s
[INFO] running `Command { std: "docker" "inspect" "cddafe2806010164485cfb894649829ab54d7d4d241e5be79afac0aa14bb10da", kill_on_drop: false }`
[INFO] running `Command { std: "docker" "exec" "-e" "SOURCE_DIR=/opt/rustwide/workdir" "-e" "CARGO_HOME=/opt/rustwide/cargo-home" "-e" "RUSTUP_HOME=/opt/rustwide/rustup-home" "-e" "CARGO_TARGET_DIR=/opt/rustwide/target" "-e" "CARGO_INCREMENTAL=0" "-e" "RUST_BACKTRACE=full" "-e" "RUSTFLAGS=--cap-lints=warn" "-e" "RUSTDOCFLAGS=--cap-lints=warn" "-w" "/opt/rustwide/workdir" "--user" "0:0" "cddafe2806010164485cfb894649829ab54d7d4d241e5be79afac0aa14bb10da" "/opt/rustwide/cargo-home/bin/cargo" "+1.99.0-beta.8" "test" "--frozen" "--no-run" "--message-format=json", kill_on_drop: false }`
[INFO] [stderr]    Compiling paraphrase-core v0.2.0 (/opt/rustwide/workdir/crates/core)
[INFO] [stdout] warning: unused import: `split_words`
[INFO] [stdout]  --> crates/core/src/detect/engine.rs:4:41
[INFO] [stdout]   |
[INFO] [stdout] 4 | use crate::tokenizer::{split_sentences, split_words};
[INFO] [stdout]   |                                         ^^^^^^^^^^^
[INFO] [stdout]   |
[INFO] [stdout]   = note: `#[warn(unused_imports)]` (part of `#[warn(unused)]`) on by default
[INFO] [stdout] 
[INFO] [stdout] 
[INFO] [stdout] warning: unused imports: `burstiness`, `lexical_diversity`, `per_sentence_ai_score`, and `per_sentence_para_score`
[INFO] [stdout]  --> crates/core/src/detect/detector.rs:3:5
[INFO] [stdout]   |
[INFO] [stdout] 3 |     burstiness, lexical_diversity, lexical_diversity_ai_score, percentile_75, per_sentence_ai_score,
[INFO] [stdout]   |     ^^^^^^^^^^  ^^^^^^^^^^^^^^^^^                                             ^^^^^^^^^^^^^^^^^^^^^
[INFO] [stdout] 4 |     per_sentence_para_score, readability_ai_score, sentence_length_ai_score, technical_jargon_score,
[INFO] [stdout]   |     ^^^^^^^^^^^^^^^^^^^^^^^
[INFO] [stdout] 
[INFO] [stdout] 
[INFO] [stdout] warning: unused imports: `AI_MARKERS`, `FORMAL_TRANSITIONS`, and `SYNONYM_VOCAB`
[INFO] [stdout]  --> crates/core/src/detect/detector.rs:8:22
[INFO] [stdout]   |
[INFO] [stdout] 8 | use crate::lexicon::{AI_MARKERS, FORMAL_TRANSITIONS, SYNONYM_VOCAB};
[INFO] [stdout]   |                      ^^^^^^^^^^  ^^^^^^^^^^^^^^^^^^  ^^^^^^^^^^^^^
[INFO] [stdout] 
[INFO] [stdout] 
[INFO] [stdout] warning: unused import: `crate::tokenizer::split_sentences`
[INFO] [stdout]  --> crates/core/src/detect/detector.rs:9:5
[INFO] [stdout]   |
[INFO] [stdout] 9 | use crate::tokenizer::split_sentences;
[INFO] [stdout]   |     ^^^^^^^^^^^^^^^^^^^^^^^^^^^^^^^^^
[INFO] [stdout] 
[INFO] [stdout] 
[INFO] [stdout] warning: unused import: `word_count`
[INFO] [stdout]    --> crates/core/src/detect/mod.rs:755:56
[INFO] [stdout]     |
[INFO] [stdout] 755 |         use crate::detect::engine::{count_occurrences, word_count};
[INFO] [stdout]     |                                                        ^^^^^^^^^^
[INFO] [stdout] 
[INFO] [stdout] 
[INFO] [stdout] warning: unused imports: `SynPreference` and `syllables`
[INFO] [stdout]  --> crates/core/src/pipeline.rs:2:20
[INFO] [stdout]   |
[INFO] [stdout] 2 | use crate::level::{syllables, CefrLevel, LevelConfig, SynPreference};
[INFO] [stdout]   |                    ^^^^^^^^^                          ^^^^^^^^^^^^^
[INFO] [stdout] 
[INFO] [stdout] 
[INFO] [stdout] warning: unused import: `swap_synonyms_with_provider`
[INFO] [stdout]  --> crates/core/src/pipeline.rs:4:22
[INFO] [stdout]   |
[INFO] [stdout] 4 | use crate::synonym::{swap_synonyms_with_provider, swap_synonyms_with_provider_leveled};
[INFO] [stdout]   |                      ^^^^^^^^^^^^^^^^^^^^^^^^^^^
[INFO] [stdout] 
[INFO] [stdout] 
[INFO] [stdout] warning: unused import: `split_words`
[INFO] [stdout]  --> crates/core/src/detect/engine.rs:4:41
[INFO] [stdout]   |
[INFO] [stdout] 4 | use crate::tokenizer::{split_sentences, split_words};
[INFO] [stdout]   |                                         ^^^^^^^^^^^
[INFO] [stdout]   |
[INFO] [stdout]   = note: `#[warn(unused_imports)]` (part of `#[warn(unused)]`) on by default
[INFO] [stdout] 
[INFO] [stdout] 
[INFO] [stdout] warning: unused imports: `burstiness`, `lexical_diversity`, `per_sentence_ai_score`, and `per_sentence_para_score`
[INFO] [stdout]  --> crates/core/src/detect/detector.rs:3:5
[INFO] [stdout]   |
[INFO] [stdout] 3 |     burstiness, lexical_diversity, lexical_diversity_ai_score, percentile_75, per_sentence_ai_score,
[INFO] [stdout]   |     ^^^^^^^^^^  ^^^^^^^^^^^^^^^^^                                             ^^^^^^^^^^^^^^^^^^^^^
[INFO] [stdout] 4 |     per_sentence_para_score, readability_ai_score, sentence_length_ai_score, technical_jargon_score,
[INFO] [stdout]   |     ^^^^^^^^^^^^^^^^^^^^^^^
[INFO] [stdout] 
[INFO] [stdout] 
[INFO] [stdout] warning: unused imports: `AI_MARKERS`, `FORMAL_TRANSITIONS`, and `SYNONYM_VOCAB`
[INFO] [stdout]  --> crates/core/src/detect/detector.rs:8:22
[INFO] [stdout]   |
[INFO] [stdout] 8 | use crate::lexicon::{AI_MARKERS, FORMAL_TRANSITIONS, SYNONYM_VOCAB};
[INFO] [stdout]   |                      ^^^^^^^^^^  ^^^^^^^^^^^^^^^^^^  ^^^^^^^^^^^^^
[INFO] [stdout] 
[INFO] [stdout] 
[INFO] [stdout] warning: unused import: `crate::tokenizer::split_sentences`
[INFO] [stdout]  --> crates/core/src/detect/detector.rs:9:5
[INFO] [stdout]   |
[INFO] [stdout] 9 | use crate::tokenizer::split_sentences;
[INFO] [stdout]   |     ^^^^^^^^^^^^^^^^^^^^^^^^^^^^^^^^^
[INFO] [stdout] 
[INFO] [stdout] 
[INFO] [stdout] warning: unused import: `word_count`
[INFO] [stdout]    --> crates/core/src/detect/mod.rs:755:56
[INFO] [stdout]     |
[INFO] [stdout] 755 |         use crate::detect::engine::{count_occurrences, word_count};
[INFO] [stdout]     |                                                        ^^^^^^^^^^
[INFO] [stdout] 
[INFO] [stdout] 
[INFO] [stdout] warning: unused imports: `SynPreference` and `syllables`
[INFO] [stdout]  --> crates/core/src/pipeline.rs:2:20
[INFO] [stdout]   |
[INFO] [stdout] 2 | use crate::level::{syllables, CefrLevel, LevelConfig, SynPreference};
[INFO] [stdout]   |                    ^^^^^^^^^                          ^^^^^^^^^^^^^
[INFO] [stdout] 
[INFO] [stdout] 
[INFO] [stdout] warning: unused import: `swap_synonyms_with_provider`
[INFO] [stdout]  --> crates/core/src/pipeline.rs:4:22
[INFO] [stdout]   |
[INFO] [stdout] 4 | use crate::synonym::{swap_synonyms_with_provider, swap_synonyms_with_provider_leveled};
[INFO] [stdout]   |                      ^^^^^^^^^^^^^^^^^^^^^^^^^^^
[INFO] [stdout] 
[INFO] [stdout] 
[INFO] [stdout] warning: unused variable: `turnitin_bias`
[INFO] [stdout]    --> crates/core/src/detect/detector.rs:368:13
[INFO] [stdout]     |
[INFO] [stdout] 368 |         let turnitin_bias = DetectionModeConfig::for_mode(DetectionMode::Turnitin).strict_bias;
[INFO] [stdout]     |             ^^^^^^^^^^^^^ help: if this is intentional, prefix it with an underscore: `_turnitin_bias`
[INFO] [stdout]     |
[INFO] [stdout]     = note: `#[warn(unused_variables)]` (part of `#[warn(unused)]`) on by default
[INFO] [stdout] 
[INFO] [stdout] 
[INFO] [stdout] warning: variable does not need to be mutable
[INFO] [stdout]    --> crates/core/src/detect/mod.rs:798:9
[INFO] [stdout]     |
[INFO] [stdout] 798 |     let mut ai_signals_mut = ai_signals;
[INFO] [stdout]     |         ----^^^^^^^^^^^^^^
[INFO] [stdout]     |         |
[INFO] [stdout]     |         help: remove this `mut`
[INFO] [stdout]     |
[INFO] [stdout]     = note: `#[warn(unused_mut)]` (part of `#[warn(unused)]`) on by default
[INFO] [stdout] 
[INFO] [stdout] 
[INFO] [stdout] warning: unused variable: `trans_cnt`
[INFO] [stdout]    --> crates/core/src/detect/mod.rs:759:13
[INFO] [stdout]     |
[INFO] [stdout] 759 |         let trans_cnt = ctx.trans_cnt;
[INFO] [stdout]     |             ^^^^^^^^^ help: if this is intentional, prefix it with an underscore: `_trans_cnt`
[INFO] [stdout] 
[INFO] [stdout] 
[INFO] [stdout] warning: value assigned to `seed_count_overlap` is never read
[INFO] [stdout]    --> crates/core/src/noplag.rs:403:45
[INFO] [stdout]     |
[INFO] [stdout] 403 |         let mut seed_count_overlap: usize = 0;
[INFO] [stdout]     |                                             ^ this value is reassigned later and never used
[INFO] [stdout] ...
[INFO] [stdout] 442 |             seed_count_overlap = max_inter;
[INFO] [stdout]     |             ------------------------------ `seed_count_overlap` is overwritten here before the previous value is read
[INFO] [stdout]     |
[INFO] [stdout]     = note: `#[warn(unused_assignments)]` (part of `#[warn(unused)]`) on by default
[INFO] [stdout] 
[INFO] [stdout] 
[INFO] [stdout] warning: value assigned to `offset_bytes` is never read
[INFO] [stdout]    --> crates/core/src/grammar.rs:137:35
[INFO] [stdout]     |
[INFO] [stdout] 137 |     let mut offset_bytes: usize = 0;
[INFO] [stdout]     |                                   ^ this value is reassigned later and never used
[INFO] [stdout] ...
[INFO] [stdout] 187 |         offset_bytes = chunk_end_byte;
[INFO] [stdout]     |         ----------------------------- `offset_bytes` is overwritten here before the previous value is read
[INFO] [stdout] 
[INFO] [stdout] 
[INFO] [stdout] warning: value assigned to `offset_chars` is never read
[INFO] [stdout]    --> crates/core/src/grammar.rs:138:35
[INFO] [stdout]     |
[INFO] [stdout] 138 |     let mut offset_chars: usize = 0;
[INFO] [stdout]     |                                   ^ this value is reassigned later and never used
[INFO] [stdout] ...
[INFO] [stdout] 188 |         offset_chars = end_char;
[INFO] [stdout]     |         ----------------------- `offset_chars` is overwritten here before the previous value is read
[INFO] [stdout] 
[INFO] [stdout] 
[INFO] [stdout] warning: variable does not need to be mutable
[INFO] [stdout]  --> crates/core/src/markdown.rs:8:13
[INFO] [stdout]   |
[INFO] [stdout] 8 |         let mut s = line;
[INFO] [stdout]   |             ----^
[INFO] [stdout]   |             |
[INFO] [stdout]   |             help: remove this `mut`
[INFO] [stdout] 
[INFO] [stdout] 
[INFO] [stdout] warning: variable does not need to be mutable
[INFO] [stdout]    --> crates/core/src/pipeline.rs:125:9
[INFO] [stdout]     |
[INFO] [stdout] 125 |     let mut working_text = if opts.remove_markdown { crate::markdown::strip_markdown(text) } else { text.to_string() };
[INFO] [stdout]     |         ----^^^^^^^^^^^^
[INFO] [stdout]     |         |
[INFO] [stdout]     |         help: remove this `mut`
[INFO] [stdout] 
[INFO] [stdout] 
[INFO] [stdout] warning: unused variable: `q`
[INFO] [stdout]    --> crates/core/src/alignment.rs:332:13
[INFO] [stdout]     |
[INFO] [stdout] 332 |         let q: String = (0..2000).map(|i| ((i*7+3)%26) as u8 + b'a').map(|c| c as char).collect();
[INFO] [stdout]     |             ^ help: if this is intentional, prefix it with an underscore: `_q`
[INFO] [stdout]     |
[INFO] [stdout]     = note: `#[warn(unused_variables)]` (part of `#[warn(unused)]`) on by default
[INFO] [stdout] 
[INFO] [stdout] 
[INFO] [stdout] warning: unused variable: `c`
[INFO] [stdout]    --> crates/core/src/alignment.rs:333:13
[INFO] [stdout]     |
[INFO] [stdout] 333 |         let c: String = (0..2000).map(|i| ((i*11+13)%26) as u8 + b'a').map(|c| c as char).collect();
[INFO] [stdout]     |             ^ help: if this is intentional, prefix it with an underscore: `_c`
[INFO] [stdout] 
[INFO] [stdout] 
[INFO] [stdout] warning: unreachable pattern
[INFO] [stdout]    --> crates/core/src/styles.rs:111:66
[INFO] [stdout]     |
[INFO] [stdout] 111 | ...   "api"|"rust"|"wasm"|"http"|"json"|"cpu"|"gpu"|"llm"|"ai"|"http"|"https"|"url"|"id"|"fn"|"let"|"mut"|"struct"|"enum"|"impl"|"c...
[INFO] [stdout]     |                           ------                               ^^^^^^ no value can reach this
[INFO] [stdout]     |                           |
[INFO] [stdout]     |                           matches all the relevant values
[INFO] [stdout]     |
[INFO] [stdout]     = note: `#[warn(unreachable_patterns)]` (part of `#[warn(unused)]`) on by default
[INFO] [stdout] 
[INFO] [stdout] 
[INFO] [stdout] warning: unused variable: `turnitin_bias`
[INFO] [stdout]    --> crates/core/src/detect/detector.rs:368:13
[INFO] [stdout]     |
[INFO] [stdout] 368 |         let turnitin_bias = DetectionModeConfig::for_mode(DetectionMode::Turnitin).strict_bias;
[INFO] [stdout]     |             ^^^^^^^^^^^^^ help: if this is intentional, prefix it with an underscore: `_turnitin_bias`
[INFO] [stdout] 
[INFO] [stdout] 
[INFO] [stdout] warning: variable does not need to be mutable
[INFO] [stdout]    --> crates/core/src/detect/mod.rs:798:9
[INFO] [stdout]     |
[INFO] [stdout] 798 |     let mut ai_signals_mut = ai_signals;
[INFO] [stdout]     |         ----^^^^^^^^^^^^^^
[INFO] [stdout]     |         |
[INFO] [stdout]     |         help: remove this `mut`
[INFO] [stdout]     |
[INFO] [stdout]     = note: `#[warn(unused_mut)]` (part of `#[warn(unused)]`) on by default
[INFO] [stdout] 
[INFO] [stdout] 
[INFO] [stdout] warning: unused variable: `trans_cnt`
[INFO] [stdout]    --> crates/core/src/detect/mod.rs:759:13
[INFO] [stdout]     |
[INFO] [stdout] 759 |         let trans_cnt = ctx.trans_cnt;
[INFO] [stdout]     |             ^^^^^^^^^ help: if this is intentional, prefix it with an underscore: `_trans_cnt`
[INFO] [stdout] 
[INFO] [stdout] 
[INFO] [stdout] warning: function `calc_gptzero_ai_prob` is never used
[INFO] [stdout]    --> crates/core/src/detect/mod.rs:703:4
[INFO] [stdout]     |
[INFO] [stdout] 703 | fn calc_gptzero_ai_prob(text: &str, bias: f32) -> f32 {
[INFO] [stdout]     |    ^^^^^^^^^^^^^^^^^^^^
[INFO] [stdout]     |
[INFO] [stdout]     = note: `#[warn(dead_code)]` (part of `#[warn(unused)]`) on by default
[INFO] [stdout] 
[INFO] [stdout] 
[INFO] [stdout] warning: function `calc_originality_ai_prob` is never used
[INFO] [stdout]    --> crates/core/src/detect/mod.rs:706:4
[INFO] [stdout]     |
[INFO] [stdout] 706 | fn calc_originality_ai_prob(text: &str, bias: f32, segment_size: usize, stride: usize) -> f32 {
[INFO] [stdout]     |    ^^^^^^^^^^^^^^^^^^^^^^^^
[INFO] [stdout] 
[INFO] [stdout] 
[INFO] [stdout] warning: function `calc_binoculars_ai_prob` is never used
[INFO] [stdout]    --> crates/core/src/detect/mod.rs:709:4
[INFO] [stdout]     |
[INFO] [stdout] 709 | fn calc_binoculars_ai_prob(text: &str, bias: f32) -> f32 {
[INFO] [stdout]     |    ^^^^^^^^^^^^^^^^^^^^^^^
[INFO] [stdout] 
[INFO] [stdout] 
[INFO] [stdout] warning: function `fallback_watermark_heuristic` is never used
[INFO] [stdout]    --> crates/core/src/detect/mod.rs:712:4
[INFO] [stdout]     |
[INFO] [stdout] 712 | fn fallback_watermark_heuristic(text: &str, bias: f32) -> f32 {
[INFO] [stdout]     |    ^^^^^^^^^^^^^^^^^^^^^^^^^^^^
[INFO] [stdout] 
[INFO] [stdout] 
[INFO] [stdout] warning: function `calc_watermark_ai_prob` is never used
[INFO] [stdout]    --> crates/core/src/detect/mod.rs:717:4
[INFO] [stdout]     |
[INFO] [stdout] 717 | fn calc_watermark_ai_prob(text: &str, bias: f32) -> f32 {
[INFO] [stdout]     |    ^^^^^^^^^^^^^^^^^^^^^^
[INFO] [stdout] 
[INFO] [stdout] 
[INFO] [stdout] warning: function `calc_turnitin_ai_prob_for_ensemble` is never used
[INFO] [stdout]    --> crates/core/src/detect/mod.rs:724:4
[INFO] [stdout]     |
[INFO] [stdout] 724 | fn calc_turnitin_ai_prob_for_ensemble(text: &str, bias: f32) -> f32 {
[INFO] [stdout]     |    ^^^^^^^^^^^^^^^^^^^^^^^^^^^^^^^^^^
[INFO] [stdout] 
[INFO] [stdout] 
[INFO] [stdout] warning: constant `PATTERNS` is never used
[INFO] [stdout]   --> crates/core/src/markers.rs:15:7
[INFO] [stdout]    |
[INFO] [stdout] 15 | const PATTERNS: &[(&str, &str, &str, &str)] = &[
[INFO] [stdout]    |       ^^^^^^^^
[INFO] [stdout] 
[INFO] [stdout] 
[INFO] [stdout] warning: function `default_temperature` is never used
[INFO] [stdout]   --> crates/core/src/pipeline.rs:40:4
[INFO] [stdout]    |
[INFO] [stdout] 40 | fn default_temperature()->f32{0.0}
[INFO] [stdout]    |    ^^^^^^^^^^^^^^^^^^^
[INFO] [stdout] 
[INFO] [stdout] 
[INFO] [stdout] warning: value assigned to `seed_count_overlap` is never read
[INFO] [stdout]    --> crates/core/src/noplag.rs:403:45
[INFO] [stdout]     |
[INFO] [stdout] 403 |         let mut seed_count_overlap: usize = 0;
[INFO] [stdout]     |                                             ^ this value is reassigned later and never used
[INFO] [stdout] ...
[INFO] [stdout] 442 |             seed_count_overlap = max_inter;
[INFO] [stdout]     |             ------------------------------ `seed_count_overlap` is overwritten here before the previous value is read
[INFO] [stdout]     |
[INFO] [stdout]     = note: `#[warn(unused_assignments)]` (part of `#[warn(unused)]`) on by default
[INFO] [stdout] 
[INFO] [stdout] 
[INFO] [stdout] warning: value assigned to `offset_bytes` is never read
[INFO] [stdout]    --> crates/core/src/grammar.rs:137:35
[INFO] [stdout]     |
[INFO] [stdout] 137 |     let mut offset_bytes: usize = 0;
[INFO] [stdout]     |                                   ^ this value is reassigned later and never used
[INFO] [stdout] ...
[INFO] [stdout] 187 |         offset_bytes = chunk_end_byte;
[INFO] [stdout]     |         ----------------------------- `offset_bytes` is overwritten here before the previous value is read
[INFO] [stdout] 
[INFO] [stdout] 
[INFO] [stdout] warning: value assigned to `offset_chars` is never read
[INFO] [stdout]    --> crates/core/src/grammar.rs:138:35
[INFO] [stdout]     |
[INFO] [stdout] 138 |     let mut offset_chars: usize = 0;
[INFO] [stdout]     |                                   ^ this value is reassigned later and never used
[INFO] [stdout] ...
[INFO] [stdout] 188 |         offset_chars = end_char;
[INFO] [stdout]     |         ----------------------- `offset_chars` is overwritten here before the previous value is read
[INFO] [stdout] 
[INFO] [stdout] 
[INFO] [stdout] warning: variable does not need to be mutable
[INFO] [stdout]  --> crates/core/src/markdown.rs:8:13
[INFO] [stdout]   |
[INFO] [stdout] 8 |         let mut s = line;
[INFO] [stdout]   |             ----^
[INFO] [stdout]   |             |
[INFO] [stdout]   |             help: remove this `mut`
[INFO] [stdout] 
[INFO] [stdout] 
[INFO] [stdout] warning: variable does not need to be mutable
[INFO] [stdout]    --> crates/core/src/pipeline.rs:125:9
[INFO] [stdout]     |
[INFO] [stdout] 125 |     let mut working_text = if opts.remove_markdown { crate::markdown::strip_markdown(text) } else { text.to_string() };
[INFO] [stdout]     |         ----^^^^^^^^^^^^
[INFO] [stdout]     |         |
[INFO] [stdout]     |         help: remove this `mut`
[INFO] [stdout] 
[INFO] [stdout] 
[INFO] [stdout] warning: unreachable pattern
[INFO] [stdout]    --> crates/core/src/styles.rs:111:66
[INFO] [stdout]     |
[INFO] [stdout] 111 | ...   "api"|"rust"|"wasm"|"http"|"json"|"cpu"|"gpu"|"llm"|"ai"|"http"|"https"|"url"|"id"|"fn"|"let"|"mut"|"struct"|"enum"|"impl"|"c...
[INFO] [stdout]     |                           ------                               ^^^^^^ no value can reach this
[INFO] [stdout]     |                           |
[INFO] [stdout]     |                           matches all the relevant values
[INFO] [stdout]     |
[INFO] [stdout]     = note: `#[warn(unreachable_patterns)]` (part of `#[warn(unused)]`) on by default
[INFO] [stdout] 
[INFO] [stdout] 
[INFO] [stdout] warning: function `fallback_watermark_heuristic` is never used
[INFO] [stdout]    --> crates/core/src/detect/mod.rs:712:4
[INFO] [stdout]     |
[INFO] [stdout] 712 | fn fallback_watermark_heuristic(text: &str, bias: f32) -> f32 {
[INFO] [stdout]     |    ^^^^^^^^^^^^^^^^^^^^^^^^^^^^
[INFO] [stdout]     |
[INFO] [stdout]     = note: `#[warn(dead_code)]` (part of `#[warn(unused)]`) on by default
[INFO] [stdout] 
[INFO] [stdout] 
[INFO] [stdout] warning: constant `PATTERNS` is never used
[INFO] [stdout]   --> crates/core/src/markers.rs:15:7
[INFO] [stdout]    |
[INFO] [stdout] 15 | const PATTERNS: &[(&str, &str, &str, &str)] = &[
[INFO] [stdout]    |       ^^^^^^^^
[INFO] [stdout] 
[INFO] [stdout] 
[INFO] [stdout] warning: function `default_temperature` is never used
[INFO] [stdout]   --> crates/core/src/pipeline.rs:40:4
[INFO] [stdout]    |
[INFO] [stdout] 40 | fn default_temperature()->f32{0.0}
[INFO] [stdout]    |    ^^^^^^^^^^^^^^^^^^^
[INFO] [stdout] 
[INFO] [stdout] 
[INFO] [stderr]    Compiling paraphrase-wasm v0.2.0 (/opt/rustwide/workdir/crates/wasm)
[INFO] [stderr]    Compiling paraphrase-server v0.2.0 (/opt/rustwide/workdir/crates/server)
[INFO] [stdout] warning: unused import: `DetectionModeConfig`
[INFO] [stdout]   --> crates/server/src/extractors.rs:10:46
[INFO] [stdout]    |
[INFO] [stdout] 10 | use paraphrase_core::detect::{DetectionMode, DetectionModeConfig, ModeInfo};
[INFO] [stdout]    |                                              ^^^^^^^^^^^^^^^^^^^
[INFO] [stdout]    |
[INFO] [stdout]    = note: `#[warn(unused_imports)]` (part of `#[warn(unused)]`) on by default
[INFO] [stdout] 
[INFO] [stdout] 
[INFO] [stdout] warning: unused import: `MAX_BYTES`
[INFO] [stdout]   --> crates/server/src/extractors.rs:11:94
[INFO] [stdout]    |
[INFO] [stdout] 11 | use paraphrase_core::validated::{ValidatedText as CoreValidated, ValidationError, MAX_CHARS, MAX_BYTES};
[INFO] [stdout]    |                                                                                              ^^^^^^^^^
[INFO] [stdout] 
[INFO] [stdout] 
[INFO] [stdout] warning: unexpected `cfg` condition value: `lexicon-fst`
[INFO] [stdout]    --> crates/server/src/main.rs:439:11
[INFO] [stdout]     |
[INFO] [stdout] 439 |     #[cfg(feature = "lexicon-fst")]
[INFO] [stdout]     |           ^^^^^^^^^^^^^^^^^^^^^^^ help: remove the condition
[INFO] [stdout]     |
[INFO] [stdout]     = note: no expected values for `feature`
[INFO] [stdout]     = help: consider adding `lexicon-fst` as a feature in `Cargo.toml`
[INFO] [stdout]     = note: see <https://doc.rust-lang.org/nightly/rustc/check-cfg/cargo-specifics.html> for more information about checking conditional configuration
[INFO] [stdout]     = note: `#[warn(unexpected_cfgs)]` on by default
[INFO] [stdout] 
[INFO] [stdout] 
[INFO] [stdout] warning: unexpected `cfg` condition value: `lexicon-fst`
[INFO] [stdout]    --> crates/server/src/main.rs:441:15
[INFO] [stdout]     |
[INFO] [stdout] 441 |     #[cfg(not(feature = "lexicon-fst"))]
[INFO] [stdout]     |               ^^^^^^^^^^^^^^^^^^^^^^^ help: remove the condition
[INFO] [stdout]     |
[INFO] [stdout]     = note: no expected values for `feature`
[INFO] [stdout]     = help: consider adding `lexicon-fst` as a feature in `Cargo.toml`
[INFO] [stdout]     = note: see <https://doc.rust-lang.org/nightly/rustc/check-cfg/cargo-specifics.html> for more information about checking conditional configuration
[INFO] [stdout] 
[INFO] [stdout] 
[INFO] [stdout] warning: function `check_text_len` is never used
[INFO] [stdout]   --> crates/server/src/main.rs:19:4
[INFO] [stdout]    |
[INFO] [stdout] 19 | fn check_text_len(text: &str) -> Result<(), String> {
[INFO] [stdout]    |    ^^^^^^^^^^^^^^
[INFO] [stdout]    |
[INFO] [stdout]    = note: `#[warn(dead_code)]` (part of `#[warn(unused)]`) on by default
[INFO] [stdout] 
[INFO] [stdout] 
[INFO] [stdout] warning: field `detailed` is never read
[INFO] [stdout]   --> crates/server/src/main.rs:62:5
[INFO] [stdout]    |
[INFO] [stdout] 59 | struct DetectRequest {
[INFO] [stdout]    |        ------------- field in this struct
[INFO] [stdout] ...
[INFO] [stdout] 62 |     detailed: Option<bool>,
[INFO] [stdout]    |     ^^^^^^^^
[INFO] [stdout] 
[INFO] [stdout] 
[INFO] [stdout] warning: field `apply_fixes` is never read
[INFO] [stdout]   --> crates/server/src/main.rs:73:5
[INFO] [stdout]    |
[INFO] [stdout] 68 | struct GrammarRequest {
[INFO] [stdout]    |        -------------- field in this struct
[INFO] [stdout] ...
[INFO] [stdout] 73 |     apply_fixes: Option<bool>,
[INFO] [stdout]    |     ^^^^^^^^^^^
[INFO] [stdout] 
[INFO] [stdout] 
[INFO] [stdout] warning: struct `ParaphraseResponse` is never constructed
[INFO] [stdout]    --> crates/server/src/main.rs:132:8
[INFO] [stdout]     |
[INFO] [stdout] 132 | struct ParaphraseResponse {
[INFO] [stdout]     |        ^^^^^^^^^^^^^^^^^^
[INFO] [stdout] 
[INFO] [stdout] 
[INFO] [stdout] warning: struct `ErrorBody` is never constructed
[INFO] [stdout]   --> crates/server/src/extractors.rs:25:8
[INFO] [stdout]    |
[INFO] [stdout] 25 | struct ErrorBody { error: String }
[INFO] [stdout]    |        ^^^^^^^^^
[INFO] [stdout] 
[INFO] [stdout] 
[INFO] [stderr]     Finished `test` profile [unoptimized + debuginfo] target(s) in 15.94s
[INFO] running `Command { std: "docker" "inspect" "cddafe2806010164485cfb894649829ab54d7d4d241e5be79afac0aa14bb10da", kill_on_drop: false }`
[INFO] running `Command { std: "docker" "exec" "-e" "SOURCE_DIR=/opt/rustwide/workdir" "-e" "CARGO_HOME=/opt/rustwide/cargo-home" "-e" "RUSTUP_HOME=/opt/rustwide/rustup-home" "-e" "CARGO_TARGET_DIR=/opt/rustwide/target" "-e" "CARGO_INCREMENTAL=0" "-e" "RUST_BACKTRACE=full" "-e" "RUSTFLAGS=--cap-lints=warn" "-e" "RUSTDOCFLAGS=--cap-lints=warn" "-w" "/opt/rustwide/workdir" "--user" "0:0" "cddafe2806010164485cfb894649829ab54d7d4d241e5be79afac0aa14bb10da" "/opt/rustwide/cargo-home/bin/cargo" "+1.99.0-beta.8" "test" "--frozen", kill_on_drop: false }`
[INFO] [stderr]    Compiling paraphrase-core v0.2.0 (/opt/rustwide/workdir/crates/core)
[INFO] [stderr] warning: unused import: `split_words`
[INFO] [stderr]  --> crates/core/src/detect/engine.rs:4:41
[INFO] [stderr]   |
[INFO] [stderr] 4 | use crate::tokenizer::{split_sentences, split_words};
[INFO] [stderr]   |                                         ^^^^^^^^^^^
[INFO] [stderr]   |
[INFO] [stderr]   = note: `#[warn(unused_imports)]` (part of `#[warn(unused)]`) on by default
[INFO] [stderr] 
[INFO] [stderr] warning: unused imports: `burstiness`, `lexical_diversity`, `per_sentence_ai_score`, and `per_sentence_para_score`
[INFO] [stderr]  --> crates/core/src/detect/detector.rs:3:5
[INFO] [stderr]   |
[INFO] [stderr] 3 |     burstiness, lexical_diversity, lexical_diversity_ai_score, percentile_75, per_sentence_ai_score,
[INFO] [stderr]   |     ^^^^^^^^^^  ^^^^^^^^^^^^^^^^^                                             ^^^^^^^^^^^^^^^^^^^^^
[INFO] [stderr] 4 |     per_sentence_para_score, readability_ai_score, sentence_length_ai_score, technical_jargon_score,
[INFO] [stderr]   |     ^^^^^^^^^^^^^^^^^^^^^^^
[INFO] [stderr] 
[INFO] [stderr] warning: unused imports: `AI_MARKERS`, `FORMAL_TRANSITIONS`, and `SYNONYM_VOCAB`
[INFO] [stderr]  --> crates/core/src/detect/detector.rs:8:22
[INFO] [stderr]   |
[INFO] [stderr] 8 | use crate::lexicon::{AI_MARKERS, FORMAL_TRANSITIONS, SYNONYM_VOCAB};
[INFO] [stderr]   |                      ^^^^^^^^^^  ^^^^^^^^^^^^^^^^^^  ^^^^^^^^^^^^^
[INFO] [stderr] 
[INFO] [stderr] warning: unused import: `crate::tokenizer::split_sentences`
[INFO] [stderr]  --> crates/core/src/detect/detector.rs:9:5
[INFO] [stderr]   |
[INFO] [stderr] 9 | use crate::tokenizer::split_sentences;
[INFO] [stderr]   |     ^^^^^^^^^^^^^^^^^^^^^^^^^^^^^^^^^
[INFO] [stderr] 
[INFO] [stderr] warning: unused import: `word_count`
[INFO] [stderr]    --> crates/core/src/detect/mod.rs:755:56
[INFO] [stderr]     |
[INFO] [stderr] 755 |         use crate::detect::engine::{count_occurrences, word_count};
[INFO] [stderr]     |                                                        ^^^^^^^^^^
[INFO] [stderr] 
[INFO] [stderr] warning: unused imports: `SynPreference` and `syllables`
[INFO] [stderr]  --> crates/core/src/pipeline.rs:2:20
[INFO] [stderr]   |
[INFO] [stderr] 2 | use crate::level::{syllables, CefrLevel, LevelConfig, SynPreference};
[INFO] [stderr]   |                    ^^^^^^^^^                          ^^^^^^^^^^^^^
[INFO] [stderr] 
[INFO] [stderr] warning: unused import: `swap_synonyms_with_provider`
[INFO] [stderr]  --> crates/core/src/pipeline.rs:4:22
[INFO] [stderr]   |
[INFO] [stderr] 4 | use crate::synonym::{swap_synonyms_with_provider, swap_synonyms_with_provider_leveled};
[INFO] [stderr]   |                      ^^^^^^^^^^^^^^^^^^^^^^^^^^^
[INFO] [stderr] 
[INFO] [stderr] warning: unused variable: `turnitin_bias`
[INFO] [stderr]    --> crates/core/src/detect/detector.rs:368:13
[INFO] [stderr]     |
[INFO] [stderr] 368 |         let turnitin_bias = DetectionModeConfig::for_mode(DetectionMode::Turnitin).strict_bias;
[INFO] [stderr]     |             ^^^^^^^^^^^^^ help: if this is intentional, prefix it with an underscore: `_turnitin_bias`
[INFO] [stderr]     |
[INFO] [stderr]     = note: `#[warn(unused_variables)]` (part of `#[warn(unused)]`) on by default
[INFO] [stderr] 
[INFO] [stderr] warning: variable does not need to be mutable
[INFO] [stderr]    --> crates/core/src/detect/mod.rs:798:9
[INFO] [stderr]     |
[INFO] [stderr] 798 |     let mut ai_signals_mut = ai_signals;
[INFO] [stderr]     |         ----^^^^^^^^^^^^^^
[INFO] [stderr]     |         |
[INFO] [stderr]     |         help: remove this `mut`
[INFO] [stderr]     |
[INFO] [stderr]     = note: `#[warn(unused_mut)]` (part of `#[warn(unused)]`) on by default
[INFO] [stderr] 
[INFO] [stderr] warning: unused variable: `trans_cnt`
[INFO] [stderr]    --> crates/core/src/detect/mod.rs:759:13
[INFO] [stderr]     |
[INFO] [stderr] 759 |         let trans_cnt = ctx.trans_cnt;
[INFO] [stderr]     |             ^^^^^^^^^ help: if this is intentional, prefix it with an underscore: `_trans_cnt`
[INFO] [stderr] 
[INFO] [stderr] warning: value assigned to `seed_count_overlap` is never read
[INFO] [stderr]    --> crates/core/src/noplag.rs:403:45
[INFO] [stderr]     |
[INFO] [stderr] 403 |         let mut seed_count_overlap: usize = 0;
[INFO] [stderr]     |                                             ^ this value is reassigned later and never used
[INFO] [stderr] ...
[INFO] [stderr] 442 |             seed_count_overlap = max_inter;
[INFO] [stderr]     |             ------------------------------ `seed_count_overlap` is overwritten here before the previous value is read
[INFO] [stderr]     |
[INFO] [stderr]     = note: `#[warn(unused_assignments)]` (part of `#[warn(unused)]`) on by default
[INFO] [stderr] 
[INFO] [stderr] warning: value assigned to `offset_bytes` is never read
[INFO] [stderr]    --> crates/core/src/grammar.rs:137:35
[INFO] [stderr]     |
[INFO] [stderr] 137 |     let mut offset_bytes: usize = 0;
[INFO] [stderr]     |                                   ^ this value is reassigned later and never used
[INFO] [stderr] ...
[INFO] [stderr] 187 |         offset_bytes = chunk_end_byte;
[INFO] [stderr]     |         ----------------------------- `offset_bytes` is overwritten here before the previous value is read
[INFO] [stderr] 
[INFO] [stderr] warning: value assigned to `offset_chars` is never read
[INFO] [stderr]    --> crates/core/src/grammar.rs:138:35
[INFO] [stderr]     |
[INFO] [stderr] 138 |     let mut offset_chars: usize = 0;
[INFO] [stderr]     |                                   ^ this value is reassigned later and never used
[INFO] [stderr] ...
[INFO] [stderr] 188 |         offset_chars = end_char;
[INFO] [stderr]     |         ----------------------- `offset_chars` is overwritten here before the previous value is read
[INFO] [stderr] 
[INFO] [stderr] warning: variable does not need to be mutable
[INFO] [stderr]  --> crates/core/src/markdown.rs:8:13
[INFO] [stderr]   |
[INFO] [stderr] 8 |         let mut s = line;
[INFO] [stderr]   |             ----^
[INFO] [stderr]   |             |
[INFO] [stderr]   |             help: remove this `mut`
[INFO] [stderr] 
[INFO] [stderr] warning: unused variable: `q`
[INFO] [stderr]    --> crates/core/src/alignment.rs:332:13
[INFO] [stderr]     |
[INFO] [stderr] 332 |         let q: String = (0..2000).map(|i| ((i*7+3)%26) as u8 + b'a').map(|c| c as char).collect();
[INFO] [stderr]     |             ^ help: if this is intentional, prefix it with an underscore: `_q`
[INFO] [stderr]     |
[INFO] [stderr]     = note: `#[warn(unused_variables)]` (part of `#[warn(unused)]`) on by default
[INFO] [stderr] 
[INFO] [stderr] warning: unused variable: `c`
[INFO] [stderr]    --> crates/core/src/alignment.rs:333:13
[INFO] [stderr]     |
[INFO] [stderr] 333 |         let c: String = (0..2000).map(|i| ((i*11+13)%26) as u8 + b'a').map(|c| c as char).collect();
[INFO] [stderr]     |             ^ help: if this is intentional, prefix it with an underscore: `_c`
[INFO] [stderr] 
[INFO] [stderr] warning: variable does not need to be mutable
[INFO] [stderr]    --> crates/core/src/pipeline.rs:125:9
[INFO] [stderr]     |
[INFO] [stderr] 125 |     let mut working_text = if opts.remove_markdown { crate::markdown::strip_markdown(text) } else { text.to_string() };
[INFO] [stderr]     |         ----^^^^^^^^^^^^
[INFO] [stderr]     |         |
[INFO] [stderr]     |         help: remove this `mut`
[INFO] [stderr] 
[INFO] [stderr] warning: unused variable: `turnitin_bias`
[INFO] [stderr]    --> crates/core/src/detect/detector.rs:368:13
[INFO] [stderr]     |
[INFO] [stderr] 368 |         let turnitin_bias = DetectionModeConfig::for_mode(DetectionMode::Turnitin).strict_bias;
[INFO] [stderr]     |             ^^^^^^^^^^^^^ help: if this is intentional, prefix it with an underscore: `_turnitin_bias`
[INFO] [stderr] 
[INFO] [stderr] warning: unreachable pattern
[INFO] [stderr]    --> crates/core/src/styles.rs:111:66
[INFO] [stderr]     |
[INFO] [stderr] 111 | ...   "api"|"rust"|"wasm"|"http"|"json"|"cpu"|"gpu"|"llm"|"ai"|"http"|"https"|"url"|"id"|"fn"|"let"|"mut"|"struct"|"enum"|"impl"|"c...
[INFO] [stderr]     |                           ------                               ^^^^^^ no value can reach this
[INFO] [stderr]     |                           |
[INFO] [stderr]     |                           matches all the relevant values
[INFO] [stderr]     |
[INFO] [stderr]     = note: `#[warn(unreachable_patterns)]` (part of `#[warn(unused)]`) on by default
[INFO] [stderr] 
[INFO] [stderr] warning: function `calc_gptzero_ai_prob` is never used
[INFO] [stderr]    --> crates/core/src/detect/mod.rs:703:4
[INFO] [stderr]     |
[INFO] [stderr] 703 | fn calc_gptzero_ai_prob(text: &str, bias: f32) -> f32 {
[INFO] [stderr]     |    ^^^^^^^^^^^^^^^^^^^^
[INFO] [stderr]     |
[INFO] [stderr]     = note: `#[warn(dead_code)]` (part of `#[warn(unused)]`) on by default
[INFO] [stderr] 
[INFO] [stderr] warning: function `calc_originality_ai_prob` is never used
[INFO] [stderr]    --> crates/core/src/detect/mod.rs:706:4
[INFO] [stderr]     |
[INFO] [stderr] 706 | fn calc_originality_ai_prob(text: &str, bias: f32, segment_size: usize, stride: usize) -> f32 {
[INFO] [stderr]     |    ^^^^^^^^^^^^^^^^^^^^^^^^
[INFO] [stderr] 
[INFO] [stderr] warning: function `calc_binoculars_ai_prob` is never used
[INFO] [stderr]    --> crates/core/src/detect/mod.rs:709:4
[INFO] [stderr]     |
[INFO] [stderr] 709 | fn calc_binoculars_ai_prob(text: &str, bias: f32) -> f32 {
[INFO] [stderr]     |    ^^^^^^^^^^^^^^^^^^^^^^^
[INFO] [stderr] 
[INFO] [stderr] warning: function `fallback_watermark_heuristic` is never used
[INFO] [stderr]    --> crates/core/src/detect/mod.rs:712:4
[INFO] [stderr]     |
[INFO] [stderr] 712 | fn fallback_watermark_heuristic(text: &str, bias: f32) -> f32 {
[INFO] [stderr]     |    ^^^^^^^^^^^^^^^^^^^^^^^^^^^^
[INFO] [stderr] 
[INFO] [stderr] warning: function `calc_watermark_ai_prob` is never used
[INFO] [stderr]    --> crates/core/src/detect/mod.rs:717:4
[INFO] [stderr]     |
[INFO] [stderr] 717 | fn calc_watermark_ai_prob(text: &str, bias: f32) -> f32 {
[INFO] [stderr]     |    ^^^^^^^^^^^^^^^^^^^^^^
[INFO] [stderr] 
[INFO] [stderr] warning: function `calc_turnitin_ai_prob_for_ensemble` is never used
[INFO] [stderr]    --> crates/core/src/detect/mod.rs:724:4
[INFO] [stderr]     |
[INFO] [stderr] 724 | fn calc_turnitin_ai_prob_for_ensemble(text: &str, bias: f32) -> f32 {
[INFO] [stderr]     |    ^^^^^^^^^^^^^^^^^^^^^^^^^^^^^^^^^^
[INFO] [stderr] 
[INFO] [stderr] warning: constant `PATTERNS` is never used
[INFO] [stderr]   --> crates/core/src/markers.rs:15:7
[INFO] [stderr]    |
[INFO] [stderr] 15 | const PATTERNS: &[(&str, &str, &str, &str)] = &[
[INFO] [stderr]    |       ^^^^^^^^
[INFO] [stderr] 
[INFO] [stderr] warning: function `default_temperature` is never used
[INFO] [stderr]   --> crates/core/src/pipeline.rs:40:4
[INFO] [stderr]    |
[INFO] [stderr] 40 | fn default_temperature()->f32{0.0}
[INFO] [stderr]    |    ^^^^^^^^^^^^^^^^^^^
[INFO] [stderr] 
[INFO] [stderr] warning: function `fallback_watermark_heuristic` is never used
[INFO] [stderr]    --> crates/core/src/detect/mod.rs:712:4
[INFO] [stderr]     |
[INFO] [stderr] 712 | fn fallback_watermark_heuristic(text: &str, bias: f32) -> f32 {
[INFO] [stderr]     |    ^^^^^^^^^^^^^^^^^^^^^^^^^^^^
[INFO] [stderr]     |
[INFO] [stderr]     = note: `#[warn(dead_code)]` (part of `#[warn(unused)]`) on by default
[INFO] [stderr] 
[INFO] [stderr] warning: `paraphrase-core` (lib) generated 24 warnings (run `cargo fix --lib -p paraphrase-core` to apply 12 suggestions)
[INFO] [stderr]    Compiling paraphrase-server v0.2.0 (/opt/rustwide/workdir/crates/server)
[INFO] [stderr]    Compiling paraphrase-wasm v0.2.0 (/opt/rustwide/workdir/crates/wasm)
[INFO] [stderr] warning: unused import: `DetectionModeConfig`
[INFO] [stderr]   --> crates/server/src/extractors.rs:10:46
[INFO] [stderr]    |
[INFO] [stderr] 10 | use paraphrase_core::detect::{DetectionMode, DetectionModeConfig, ModeInfo};
[INFO] [stderr]    |                                              ^^^^^^^^^^^^^^^^^^^
[INFO] [stderr]    |
[INFO] [stderr]    = note: `#[warn(unused_imports)]` (part of `#[warn(unused)]`) on by default
[INFO] [stderr] 
[INFO] [stderr] warning: unused import: `MAX_BYTES`
[INFO] [stderr]   --> crates/server/src/extractors.rs:11:94
[INFO] [stderr]    |
[INFO] [stderr] 11 | use paraphrase_core::validated::{ValidatedText as CoreValidated, ValidationError, MAX_CHARS, MAX_BYTES};
[INFO] [stderr]    |                                                                                              ^^^^^^^^^
[INFO] [stderr] 
[INFO] [stderr] warning: unexpected `cfg` condition value: `lexicon-fst`
[INFO] [stderr]    --> crates/server/src/main.rs:439:11
[INFO] [stderr]     |
[INFO] [stderr] 439 |     #[cfg(feature = "lexicon-fst")]
[INFO] [stderr]     |           ^^^^^^^^^^^^^^^^^^^^^^^ help: remove the condition
[INFO] [stderr]     |
[INFO] [stderr]     = note: no expected values for `feature`
[INFO] [stderr]     = help: consider adding `lexicon-fst` as a feature in `Cargo.toml`
[INFO] [stderr]     = note: see <https://doc.rust-lang.org/nightly/rustc/check-cfg/cargo-specifics.html> for more information about checking conditional configuration
[INFO] [stderr]     = note: `#[warn(unexpected_cfgs)]` on by default
[INFO] [stderr] 
[INFO] [stderr] warning: unexpected `cfg` condition value: `lexicon-fst`
[INFO] [stderr]    --> crates/server/src/main.rs:441:15
[INFO] [stderr]     |
[INFO] [stderr] 441 |     #[cfg(not(feature = "lexicon-fst"))]
[INFO] [stderr]     |               ^^^^^^^^^^^^^^^^^^^^^^^ help: remove the condition
[INFO] [stderr]     |
[INFO] [stderr]     = note: no expected values for `feature`
[INFO] [stderr]     = help: consider adding `lexicon-fst` as a feature in `Cargo.toml`
[INFO] [stderr]     = note: see <https://doc.rust-lang.org/nightly/rustc/check-cfg/cargo-specifics.html> for more information about checking conditional configuration
[INFO] [stderr] 
[INFO] [stderr] warning: function `check_text_len` is never used
[INFO] [stderr]   --> crates/server/src/main.rs:19:4
[INFO] [stderr]    |
[INFO] [stderr] 19 | fn check_text_len(text: &str) -> Result<(), String> {
[INFO] [stderr]    |    ^^^^^^^^^^^^^^
[INFO] [stderr]    |
[INFO] [stderr]    = note: `#[warn(dead_code)]` (part of `#[warn(unused)]`) on by default
[INFO] [stderr] 
[INFO] [stderr] warning: field `detailed` is never read
[INFO] [stderr]   --> crates/server/src/main.rs:62:5
[INFO] [stderr]    |
[INFO] [stderr] 59 | struct DetectRequest {
[INFO] [stderr]    |        ------------- field in this struct
[INFO] [stderr] ...
[INFO] [stderr] 62 |     detailed: Option<bool>,
[INFO] [stderr]    |     ^^^^^^^^
[INFO] [stderr] 
[INFO] [stderr] warning: field `apply_fixes` is never read
[INFO] [stderr]   --> crates/server/src/main.rs:73:5
[INFO] [stderr]    |
[INFO] [stderr] 68 | struct GrammarRequest {
[INFO] [stderr]    |        -------------- field in this struct
[INFO] [stderr] ...
[INFO] [stderr] 73 |     apply_fixes: Option<bool>,
[INFO] [stderr]    |     ^^^^^^^^^^^
[INFO] [stderr] 
[INFO] [stderr] warning: struct `ParaphraseResponse` is never constructed
[INFO] [stderr]    --> crates/server/src/main.rs:132:8
[INFO] [stderr]     |
[INFO] [stderr] 132 | struct ParaphraseResponse {
[INFO] [stderr]     |        ^^^^^^^^^^^^^^^^^^
[INFO] [stderr] 
[INFO] [stderr] warning: struct `ErrorBody` is never constructed
[INFO] [stderr]   --> crates/server/src/extractors.rs:25:8
[INFO] [stderr]    |
[INFO] [stderr] 25 | struct ErrorBody { error: String }
[INFO] [stderr]    |        ^^^^^^^^^
[INFO] [stderr] 
[INFO] [stderr] warning: `paraphrase-core` (lib test) generated 21 warnings (17 duplicates) (run `cargo fix --lib -p paraphrase-core --tests` to apply 3 suggestions)
[INFO] [stderr] warning: `paraphrase-server` (bin "paraphrase-server" test) generated 9 warnings (run `cargo fix --bin "paraphrase-server" -p paraphrase-server --tests` to apply 2 suggestions)
[INFO] [stderr]     Finished `test` profile [unoptimized + debuginfo] target(s) in 15.12s
[INFO] [stderr]      Running unittests src/lib.rs (/opt/rustwide/target/debug/deps/paraphrase_core-15a6152b4c5e3760)
[INFO] [stdout] 
[INFO] [stdout] running 164 tests
[INFO] [stdout] test alignment::tests::empty_candidate_returns_empty ... ok
[INFO] [stdout] test alignment::tests::empty_query_returns_empty ... ok
[INFO] [stdout] test alignment::tests::identical_full_span_score_one ... ok
[INFO] [stdout] test chunking::tests::empty_returns_empty ... ok
[INFO] [stdout] test alignment::tests::exact_embedded_passage ... ok
[INFO] [stdout] test alignment::tests::query_shorter_than_min_seed_returns_empty ... ok
[INFO] [stdout] test detect::cache::tests::hash_deterministic ... ok
[INFO] [stdout] test detect::config::tests::constants_synced_with_thresholds_json ... ok
[INFO] [stdout] test detect::config::tests::weights_sum_one ... ok
[INFO] [stdout] test alignment::tests::different_random_empty ... ok
[INFO] [stdout] test chunking::tests::single_sentence_one_chunk ... ok
[INFO] [stdout] test detect::tests::copy_signals_empty_longest_zero ... ok
[INFO] [stdout] test detect::tests::all_modes_empty_and_dispatcher ... ok
[INFO] [stdout] test detect::tests::detection_mode_from_str ... ok
[INFO] [stdout] test detect::tests::empty ... ok
[INFO] [stdout] test chunking::tests::fewer_than_per_chunk_one_chunk ... ok
[INFO] [stdout] test chunking::tests::overlap_shared_sentences ... ok
[INFO] [stdout] test chunking::tests::fingerprints_populated ... ok
[INFO] [stdout] test detect::cache::tests::insert_get_roundtrip ... ok
[INFO] [stdout] test chunking::tests::char_offset_invariant ... ok
[INFO] [stdout] test detect::tests::copy_signals_short_text_gated ... ok
[INFO] [stdout] test chunking::tests::multi_chunk_overlap_correctness ... ok
[INFO] [stdout] test detect::tests::overlapping_segments_basic ... ok
[INFO] [stdout] test detect::tests::human_text_low_ai ... ok
[INFO] [stdout] test detect::tests::originality_sensitive_and_pooled ... ok
[INFO] [stdout] test detect::tests::paraphrase_markers ... ok
[INFO] [stdout] test detect::tests::phase5_short_text_banner_data ... ok
[INFO] [stdout] test detect::tests::binoculars_cross_perplexity ... ok
[INFO] [stdout] test detect::tests::qualifying_prose_filter ... ok
[INFO] [stdout] test detect::tests::strictness_params_mapping ... ok
[INFO] [stdout] test detect::tests::ai_marker_high ... ok
[INFO] [stdout] test detect::tests::pooled_sentence_scores_basic ... ok
[INFO] [stdout] test detect::tests::gptzero_config_and_scoring ... ok
[INFO] [stdout] test detect::tests::phase5_entropy_and_gzip ... ok
[INFO] [stdout] test detect::watermark::kirchenbauer::tests::deterministic ... ok
[INFO] [stdout] test detect::tests::ensemble_weighted_average_and_threshold ... ok
[INFO] [stdout] test detect::watermark::kirchenbauer::tests::empty_insufficient ... ok
[INFO] [stdout] test detect::tests::copy_signals_citation_false_on_no_citation ... ok
[INFO] [stdout] test detect::tests::copy_signals_citation_true ... ok
[INFO] [stdout] test detect::watermark::synthid::tests::deterministic ... ok
[INFO] [stdout] test detect::tests::turnitin_gate_under_300 ... ok
[INFO] [stdout] test detect::watermark::synthid::tests::empty_none ... ok
[INFO] [stdout] test detect::watermark::tests::insufficient_fallback ... ok
[INFO] [stdout] test detect::watermark::tests::thresholds_parse ... ok
[INFO] [stdout] test detect::watermark::tests::combined_range ... ok
[INFO] [stdout] test discourse::tests::test_reorder ... ok
[INFO] [stdout] test detect::watermark::kirchenbauer::tests::gamma_effect ... ok
[INFO] [stdout] test fingerprint::tests::between_k_and_w_uses_degenerate ... ok
[INFO] [stdout] test fingerprint::tests::empty_returns_empty ... ok
[INFO] [stdout] test fingerprint::tests::exactly_k_yields_one ... ok
[INFO] [stdout] test fingerprint::tests::citation_strip_not_creating_hash ... ok
[INFO] [stdout] test fingerprint::tests::hash_to_bigint_stable ... ok
[INFO] [stdout] test fingerprint::tests::nfkc_collapses ... ok
[INFO] [stdout] test fingerprint::tests::keeps_legitimate_bracketed_content ... ok
[INFO] [stdout] test fingerprint::tests::normalization_case_and_whitespace_insensitive ... ok
[INFO] [stdout] test fingerprint::tests::rightmost_min_behavior ... ok
[INFO] [stdout] test fingerprint::tests::shorter_than_k_returns_empty ... ok
[INFO] [stdout] test detect::watermark::synthid::tests::mean_range ... ok
[INFO] [stdout] test fingerprint::tests::determinism ... ok
[INFO] [stdout] test detect::tests::watermark_green_token_and_extra_spaces ... ok
[INFO] [stdout] test fingerprint::tests::twelve_char_guarantee ... ok
[INFO] [stdout] test fingerprint::tests::whitespace_only_returns_empty ... ok
[INFO] [stdout] test grammar::tests::empty ... ok
[INFO] [stdout] test detect::watermark::tests::golden_parity_kb_z ... ok
[INFO] [stdout] test humanize::tests::comma ... ok
[INFO] [stdout] test humanize::tests::spaces ... ok
[INFO] [stdout] test humanize::tests::grammar_low_rate ... ok
[INFO] [stdout] test level::freq::tests::size_reasonable ... ok
[INFO] [stdout] test level::tests::cefr_from_str ... ok
[INFO] [stdout] test level::tests::config_bands ... ok
[INFO] [stdout] test level::tests::diagnostic_gaps ... ok
[INFO] [stdout] test level::tests::estimated_from_flesch_boundaries ... ok
[INFO] [stdout] test level::tests::list_levels_count ... ok
[INFO] [stdout] test level::freq::tests::known_ranks ... ok
[INFO] [stdout] test level::tests::diagnostic_monotonic ... ok
[INFO] [stdout] test lexicon::fst_lexicon::tests::from_bytes_empty_err ... ok
[INFO] [stdout] test level::tests::syllables_heuristic ... ok
[INFO] [stdout] test lexicon::fst_lexicon::tests::is_available_reflects_feature ... ok
[INFO] [stdout] test lexicon::fst_lexicon::tests::lookup_crucial ... ok
[INFO] [stdout] test lexicon::fst_lexicon::tests::rank_monotonic ... ok
[INFO] [stdout] test lexicon::provider::tests::rank_exists ... ok
[INFO] [stdout] test level::tests::syn_pct_delta_values ... ok
[INFO] [stdout] test lexicon::provider::tests::trait_object_dyn_compatible ... ok
[INFO] [stdout] test lexicon::registry::tests::invalid_id ... ok
[INFO] [stdout] test lexicon::registry::tests::registry_roundtrip ... ok
[INFO] [stdout] test lexicon::fst_lexicon::tests::from_bytes_ok_nonempty ... ok
[INFO] [stdout] test lexicon::static_thes::tests::synonyms_are_three ... ok
[INFO] [stdout] test lexicon::static_thes::tests::all_synonym_keys_present ... ok
[INFO] [stdout] test lexicon::tests::formal_transitions_subset_of_lexicon_category ... ok
[INFO] [stdout] test lexicon::tests::lexicon_covers_ai_markers ... ok
[INFO] [stdout] test lexicon::static_thes::tests::size_matches_lexicon_keys ... ok
[INFO] [stdout] test lexicon::fst_lexicon::tests::fallback_keys_match_static ... ok
[INFO] [stdout] test lexicon::tests::ai_markers_len_frozen ... ok
[INFO] [stdout] test lexicon::tests::lexicon_covers_synonym_keys ... ok
[INFO] [stdout] test lexicon::tests::lexicon_covers_formal_transitions ... ok
[INFO] [stdout] test lexicon::user_json::tests::multi_word_syn_preserved ... ok
[INFO] [stdout] test lexicon::tests::priority_terms_in_lexicon ... ok
[INFO] [stdout] test lexicon::user_json::tests::parse_valid ... ok
[INFO] [stdout] test lexicon::user_json::tests::reject_dup_case_insensitive ... ok
[INFO] [stdout] test lexicon::user_json::tests::size_and_keys_sorted ... ok
[INFO] [stdout] test markdown::tests::fence ... ok
[INFO] [stdout] test markdown::tests::strips ... ok
[INFO] [stdout] test lexicon::user_json::tests::reject_empty ... ok
[INFO] [stdout] test chunking::tests::overlap_panic - should panic ... ok
[INFO] [stdout] test noplag::tests::preview_parity_original ... ok
[INFO] [stdout] test pipeline::tests::empty_input ... ok
[INFO] [stdout] test pipeline::tests::intensity_1_synonym_only ... ok
[INFO] [stdout] test pipeline::tests::intensity_5_reorders ... ok
[INFO] [stdout] test simplify::tests::custom_provider_simplify ... ok
[INFO] [stdout] test simplify::tests::deterministic_seed ... ok
[INFO] [stdout] test simplify::tests::crucial_to_vital ... ok
[INFO] [stdout] test simplify::tests::heavy_example_balanced ... ok
[INFO] [stdout] test simplify::tests::is_heavy_checks ... ok
[INFO] [stdout] test simplify::tests::leverage_to_use ... ok
[INFO] [stdout] test simplify::tests::level_from_str_and_pct ... ok
[INFO] [stdout] test simplify::tests::no_reorder ... ok
[INFO] [stdout] test simplify::tests::non_heavy_not_swapped ... ok
[INFO] [stdout] test simplify::tests::protected_term_api_unchanged ... ok
[INFO] [stdout] test synonym::tests::custom_overrides_default ... ok
[INFO] [stdout] test simplify::tests::protected_via_is_protected_term ... ok
[INFO] [stdout] test fingerprint::tests::output_fits_signed_int64 ... ok
[INFO] [stdout] test synonym::tests::provider_shim_equals_direct ... ok
[INFO] [stdout] test synonym::tests::test_inflected ... ok
[INFO] [stdout] test syntax::tests::test_clause_split ... ok
[INFO] [stdout] test syntax::tests::test_passive_to_active ... ok
[INFO] [stdout] test tests::smoke ... ok
[INFO] [stdout] test synonym::tests::test_size ... ok
[INFO] [stdout] test synonym::tests::test_swap ... ok
[INFO] [stdout] test tone::detect::tests::formal_threshold ... ok
[INFO] [stdout] test tokenizer::tests::test_abbreviation ... ok
[INFO] [stdout] test tone::detect::tests::informal_threshold ... ok
[INFO] [stdout] test tone::detect::tests::neutral_mid ... ok
[INFO] [stdout] test tokenizer::tests::test_split_basic ... ok
[INFO] [stdout] test tone::tests::contraction_casing ... ok
[INFO] [stdout] test tone::tests::contraction_casual_injects_and_formal_expands_pipeline_style ... ok
[INFO] [stdout] test tone::tests::contraction_forbid_basic ... ok
[INFO] [stdout] test tone::tests::contraction_allow_nochange ... ok
[INFO] [stdout] test tone::tests::contraction_prefer_basic ... ok
[INFO] [stdout] test tone::tests::contraction_preserves_punctuation ... ok
[INFO] [stdout] test tone::detect::tests::short_returns_neutral_low_confidence ... ok
[INFO] [stdout] test detect::tests::phase5_humanize_detection ... ok
[INFO] [stdout] test validated::tests::empty_and_whitespace_rejected ... ok
[INFO] [stdout] test validated::tests::normalized_nfkc ... ok
[INFO] [stdout] test validated::tests::too_long_rejected ... ok
[INFO] [stdout] test validated::tests::truncate_char_boundary_safe_unicode ... ok
[INFO] [stdout] test validated::tests::clamp_boundary_forward ... ok
[INFO] [stdout] test validated::tests::valid_counts ... ok
[INFO] [stdout] test validated::tests::word_count_derived_once ... ok
[INFO] [stdout] test tone::tests::tone_from_str ... ok
[INFO] [stdout] test tone::tests::tone_config_values ... ok
[INFO] [stdout] test wordnet::lemmatizer::tests::lowercase_normalizes ... ok
[INFO] [stdout] test detect::tests::copy_signals_twelve_char_guarantee_self_winnowing ... ok
[INFO] [stdout] test validated::tests::truncate_to_limits_respects_both ... ok
[INFO] [stdout] test detect::tests::phase5_repetition_detection ... ok
[INFO] [stdout] test noplag::tests::preview_parity_self ... ok
[INFO] [stdout] test detect::tests::copy_probability_range ... ok
[INFO] [stdout] test lexicon::user_json::tests::reject_too_many_entries ... ok
[INFO] [stdout] test detect::tests::ai_signals_unchanged_after_copy_split ... ok
[INFO] [stdout] test noplag::tests::copy_parity ... ok
[INFO] [stdout] test detect::tests::noplag_preview_self_vs_original ... ok
[INFO] [stdout] test detect::tests::noplag_preview_performance ... FAILED
[INFO] [stdout] test detect::tests::turnitin_long_pooled_scoring ... ok
[INFO] [stdout] test detect::tests::turnitin_asterisk_suppression ... ok
[INFO] [stdout] test grammar::tests::double_space ... ok
[INFO] [stdout] 
[INFO] [stdout] failures:
[INFO] [stdout] 
[INFO] [stdout] ---- detect::tests::noplag_preview_performance stdout ----
[INFO] [stdout] 
[INFO] [stdout] thread 'detect::tests::noplag_preview_performance' (3447) panicked at crates/core/src/detect/mod.rs:1656:9:
[INFO] [stdout] preview should be <1000ms for 5k chars (debug), got 1744ms
[INFO] [stdout] stack backtrace:
[INFO] [stdout]    0:     0x5d1a501348f1 - std[70759c8f55707aa4]::backtrace_rs::backtrace::libunwind::trace
[INFO] [stdout]                                at /rustc/dfb0accb7f508ae8be965d8629557221c889dd98/library/std/src/../../backtrace/src/backtrace/libunwind.rs:117:9
[INFO] [stdout]    1:     0x5d1a501348f1 - std[70759c8f55707aa4]::backtrace_rs::backtrace::trace_unsynchronized::<std[70759c8f55707aa4]::sys::backtrace::_print_fmt::{closure#1}>
[INFO] [stdout]                                at /rustc/dfb0accb7f508ae8be965d8629557221c889dd98/library/std/src/../../backtrace/src/backtrace/mod.rs:66:14
[INFO] [stdout]    2:     0x5d1a501348f1 - std[70759c8f55707aa4]::sys::backtrace::_print_fmt
[INFO] [stdout]                                at /rustc/dfb0accb7f508ae8be965d8629557221c889dd98/library/std/src/sys/backtrace.rs:74:9
[INFO] [stdout]    3:     0x5d1a501348f1 - <<std[70759c8f55707aa4]::sys::backtrace::BacktraceLock>::print::DisplayBacktrace as core[df12db4294e9bfd3]::fmt::Display>::fmt
[INFO] [stdout]                                at /rustc/dfb0accb7f508ae8be965d8629557221c889dd98/library/std/src/sys/backtrace.rs:44:26
[INFO] [stdout]    4:     0x5d1a5014d32a - <core[df12db4294e9bfd3]::fmt::rt::Argument>::fmt
[INFO] [stdout]                                at /rustc/dfb0accb7f508ae8be965d8629557221c889dd98/library/core/src/fmt/rt.rs:152:76
[INFO] [stdout]    5:     0x5d1a5014d32a - core[df12db4294e9bfd3]::fmt::write
[INFO] [stdout]    6:     0x5d1a50138e8c - core[df12db4294e9bfd3]::io::write::default_write_fmt::<alloc[2182bb758b4b3781]::vec::Vec<u8>>
[INFO] [stdout]                                at /rustc/dfb0accb7f508ae8be965d8629557221c889dd98/library/core/src/io/write.rs:402:11
[INFO] [stdout]    7:     0x5d1a50138e8c - <alloc[2182bb758b4b3781]::vec::Vec<u8> as core[df12db4294e9bfd3]::io::write::Write>::write_fmt
[INFO] [stdout]                                at /rustc/dfb0accb7f508ae8be965d8629557221c889dd98/library/core/src/io/write.rs:335:13
[INFO] [stdout]    8:     0x5d1a501109d6 - <std[70759c8f55707aa4]::sys::backtrace::BacktraceLock>::print
[INFO] [stdout]                                at /rustc/dfb0accb7f508ae8be965d8629557221c889dd98/library/std/src/sys/backtrace.rs:47:9
[INFO] [stdout]    9:     0x5d1a501109d6 - std[70759c8f55707aa4]::panicking::default_hook::{closure#0}
[INFO] [stdout]                                at /rustc/dfb0accb7f508ae8be965d8629557221c889dd98/library/std/src/panicking.rs:292:27
[INFO] [stdout]   10:     0x5d1a5012ce09 - std[70759c8f55707aa4]::panicking::default_hook
[INFO] [stdout]                                at /rustc/dfb0accb7f508ae8be965d8629557221c889dd98/library/std/src/panicking.rs:316:9
[INFO] [stdout]   11:     0x5d1a4f35dd30 - <alloc[2182bb758b4b3781]::boxed::Box<dyn for<'a, 'b> core[df12db4294e9bfd3]::ops::function::Fn<(&'a std[70759c8f55707aa4]::panic::PanicHookInfo<'b>,), Output = ()> + core[df12db4294e9bfd3]::marker::Send + core[df12db4294e9bfd3]::marker::Sync> as core[df12db4294e9bfd3]::ops::function::Fn<(&std[70759c8f55707aa4]::panic::PanicHookInfo,)>>::call
[INFO] [stdout]                                at /rustc/dfb0accb7f508ae8be965d8629557221c889dd98/library/alloc/src/boxed.rs:2334:9
[INFO] [stdout]   12:     0x5d1a4f35dd30 - test[9d35eded1c95d3be]::test_main_inner::<test[9d35eded1c95d3be]::test_main_static::{closure#0}>::{closure#0}
[INFO] [stdout]                                at /rustc/dfb0accb7f508ae8be965d8629557221c889dd98/library/test/src/lib.rs:155:21
[INFO] [stdout]   13:     0x5d1a5012d132 - <alloc[2182bb758b4b3781]::boxed::Box<dyn for<'a, 'b> core[df12db4294e9bfd3]::ops::function::Fn<(&'a std[70759c8f55707aa4]::panic::PanicHookInfo<'b>,), Output = ()> + core[df12db4294e9bfd3]::marker::Send + core[df12db4294e9bfd3]::marker::Sync> as core[df12db4294e9bfd3]::ops::function::Fn<(&std[70759c8f55707aa4]::panic::PanicHookInfo,)>>::call
[INFO] [stdout]                                at /rustc/dfb0accb7f508ae8be965d8629557221c889dd98/library/alloc/src/boxed.rs:2334:9
[INFO] [stdout]   14:     0x5d1a5012d132 - std[70759c8f55707aa4]::panicking::panic_with_hook
[INFO] [stdout]                                at /rustc/dfb0accb7f508ae8be965d8629557221c889dd98/library/std/src/panicking.rs:823:13
[INFO] [stdout]   15:     0x5d1a50110a82 - std[70759c8f55707aa4]::panicking::panic_handler::{closure#0}
[INFO] [stdout]                                at /rustc/dfb0accb7f508ae8be965d8629557221c889dd98/library/std/src/panicking.rs:688:13
[INFO] [stdout]   16:     0x5d1a501097d9 - std[70759c8f55707aa4]::sys::backtrace::__rust_end_short_backtrace::<std[70759c8f55707aa4]::panicking::panic_handler::{closure#0}, !>
[INFO] [stdout]                                at /rustc/dfb0accb7f508ae8be965d8629557221c889dd98/library/std/src/sys/backtrace.rs:182:18
[INFO] [stdout]   17:     0x5d1a5011167d - __rustc[8fa7c3cbc660c2b3]::rust_begin_unwind
[INFO] [stdout]                                at /rustc/dfb0accb7f508ae8be965d8629557221c889dd98/library/std/src/panicking.rs:679:5
[INFO] [stdout]   18:     0x5d1a5014dbcc - core[df12db4294e9bfd3]::panicking::panic_fmt
[INFO] [stdout]                                at /rustc/dfb0accb7f508ae8be965d8629557221c889dd98/library/core/src/panicking.rs:80:14
[INFO] [stdout]   19:     0x5d1a4f347da0 - paraphrase_core[31afb293a9dce1ac]::detect::tests::noplag_preview_performance
[INFO] [stdout]                                at /opt/rustwide/workdir/crates/core/src/detect/mod.rs:1656:9
[INFO] [stdout]   20:     0x5d1a4f335367 - paraphrase_core[31afb293a9dce1ac]::detect::tests::noplag_preview_performance::{closure#0}
[INFO] [stdout]                                at /opt/rustwide/workdir/crates/core/src/detect/mod.rs:1649:36
[INFO] [stdout]   21:     0x5d1a4f2bc416 - <paraphrase_core[31afb293a9dce1ac]::detect::tests::noplag_preview_performance::{closure#0} as core[df12db4294e9bfd3]::ops::function::FnOnce<()>>::call_once
[INFO] [stdout]                                at /rustc/dfb0accb7f508ae8be965d8629557221c889dd98/library/core/src/ops/function.rs:250:5
[INFO] [stdout]   22:     0x5d1a4f35101b - <fn() -> core[df12db4294e9bfd3]::result::Result<(), alloc[2182bb758b4b3781]::string::String> as core[df12db4294e9bfd3]::ops::function::FnOnce<()>>::call_once
[INFO] [stdout]                                at /rustc/dfb0accb7f508ae8be965d8629557221c889dd98/library/core/src/ops/function.rs:250:5
[INFO] [stdout]   23:     0x5d1a4f35101b - test[9d35eded1c95d3be]::__rust_begin_short_backtrace::<core[df12db4294e9bfd3]::result::Result<(), alloc[2182bb758b4b3781]::string::String>, fn() -> core[df12db4294e9bfd3]::result::Result<(), alloc[2182bb758b4b3781]::string::String>>
[INFO] [stdout]                                at /rustc/dfb0accb7f508ae8be965d8629557221c889dd98/library/test/src/lib.rs:733:18
[INFO] [stdout]   24:     0x5d1a4f35e685 - test[9d35eded1c95d3be]::run_test_in_process::{closure#0}
[INFO] [stdout]                                at /rustc/dfb0accb7f508ae8be965d8629557221c889dd98/library/test/src/lib.rs:756:74
[INFO] [stdout]   25:     0x5d1a4f35e685 - <core[df12db4294e9bfd3]::panic::unwind_safe::AssertUnwindSafe<test[9d35eded1c95d3be]::run_test_in_process::{closure#0}> as core[df12db4294e9bfd3]::ops::function::FnOnce<()>>::call_once
[INFO] [stdout]                                at /rustc/dfb0accb7f508ae8be965d8629557221c889dd98/library/core/src/panic/unwind_safe.rs:275:9
[INFO] [stdout]   26:     0x5d1a4f35e685 - std[70759c8f55707aa4]::panicking::catch_unwind::do_call::<core[df12db4294e9bfd3]::panic::unwind_safe::AssertUnwindSafe<test[9d35eded1c95d3be]::run_test_in_process::{closure#0}>, core[df12db4294e9bfd3]::result::Result<(), alloc[2182bb758b4b3781]::string::String>>
[INFO] [stdout]                                at /rustc/dfb0accb7f508ae8be965d8629557221c889dd98/library/std/src/panicking.rs:576:43
[INFO] [stdout]   27:     0x5d1a4f35e685 - std[70759c8f55707aa4]::panicking::catch_unwind::<core[df12db4294e9bfd3]::result::Result<(), alloc[2182bb758b4b3781]::string::String>, core[df12db4294e9bfd3]::panic::unwind_safe::AssertUnwindSafe<test[9d35eded1c95d3be]::run_test_in_process::{closure#0}>>
[INFO] [stdout]                                at /rustc/dfb0accb7f508ae8be965d8629557221c889dd98/library/std/src/panicking.rs:544:19
[INFO] [stdout]   28:     0x5d1a4f35e685 - std[70759c8f55707aa4]::panic::catch_unwind::<core[df12db4294e9bfd3]::panic::unwind_safe::AssertUnwindSafe<test[9d35eded1c95d3be]::run_test_in_process::{closure#0}>, core[df12db4294e9bfd3]::result::Result<(), alloc[2182bb758b4b3781]::string::String>>
[INFO] [stdout]                                at /rustc/dfb0accb7f508ae8be965d8629557221c889dd98/library/std/src/panic.rs:359:14
[INFO] [stdout]   29:     0x5d1a4f35e685 - test[9d35eded1c95d3be]::run_test_in_process
[INFO] [stdout]                                at /rustc/dfb0accb7f508ae8be965d8629557221c889dd98/library/test/src/lib.rs:756:27
[INFO] [stdout]   30:     0x5d1a4f35e685 - test[9d35eded1c95d3be]::run_test::{closure#0}
[INFO] [stdout]                                at /rustc/dfb0accb7f508ae8be965d8629557221c889dd98/library/test/src/lib.rs:677:43
[INFO] [stdout]   31:     0x5d1a4f357f44 - test[9d35eded1c95d3be]::run_test::{closure#1}
[INFO] [stdout]                                at /rustc/dfb0accb7f508ae8be965d8629557221c889dd98/library/test/src/lib.rs:707:41
[INFO] [stdout]   32:     0x5d1a4f357f44 - std[70759c8f55707aa4]::sys::backtrace::__rust_begin_short_backtrace::<test[9d35eded1c95d3be]::run_test::{closure#1}, ()>
[INFO] [stdout]                                at /rustc/dfb0accb7f508ae8be965d8629557221c889dd98/library/std/src/sys/backtrace.rs:166:18
[INFO] [stdout]   33:     0x5d1a4f3617e2 - std[70759c8f55707aa4]::thread::lifecycle::spawn_unchecked::<test[9d35eded1c95d3be]::run_test::{closure#1}, ()>::{closure#1}::{closure#0}
[INFO] [stdout]                                at /rustc/dfb0accb7f508ae8be965d8629557221c889dd98/library/std/src/thread/lifecycle.rs:70:13
[INFO] [stdout]   34:     0x5d1a4f3617e2 - <core[df12db4294e9bfd3]::panic::unwind_safe::AssertUnwindSafe<std[70759c8f55707aa4]::thread::lifecycle::spawn_unchecked<test[9d35eded1c95d3be]::run_test::{closure#1}, ()>::{closure#1}::{closure#0}> as core[df12db4294e9bfd3]::ops::function::FnOnce<()>>::call_once
[INFO] [stdout]                                at /rustc/dfb0accb7f508ae8be965d8629557221c889dd98/library/core/src/panic/unwind_safe.rs:275:9
[INFO] [stdout]   35:     0x5d1a4f3617e2 - std[70759c8f55707aa4]::panicking::catch_unwind::do_call::<core[df12db4294e9bfd3]::panic::unwind_safe::AssertUnwindSafe<std[70759c8f55707aa4]::thread::lifecycle::spawn_unchecked<test[9d35eded1c95d3be]::run_test::{closure#1}, ()>::{closure#1}::{closure#0}>, ()>
[INFO] [stdout]                                at /rustc/dfb0accb7f508ae8be965d8629557221c889dd98/library/std/src/panicking.rs:576:43
[INFO] [stdout]   36:     0x5d1a4f3617e2 - std[70759c8f55707aa4]::panicking::catch_unwind::<(), core[df12db4294e9bfd3]::panic::unwind_safe::AssertUnwindSafe<std[70759c8f55707aa4]::thread::lifecycle::spawn_unchecked<test[9d35eded1c95d3be]::run_test::{closure#1}, ()>::{closure#1}::{closure#0}>>
[INFO] [stdout]                                at /rustc/dfb0accb7f508ae8be965d8629557221c889dd98/library/std/src/panicking.rs:544:19
[INFO] [stdout]   37:     0x5d1a4f3617e2 - std[70759c8f55707aa4]::panic::catch_unwind::<core[df12db4294e9bfd3]::panic::unwind_safe::AssertUnwindSafe<std[70759c8f55707aa4]::thread::lifecycle::spawn_unchecked<test[9d35eded1c95d3be]::run_test::{closure#1}, ()>::{closure#1}::{closure#0}>, ()>
[INFO] [stdout]                                at /rustc/dfb0accb7f508ae8be965d8629557221c889dd98/library/std/src/panic.rs:359:14
[INFO] [stdout]   38:     0x5d1a4f3617e2 - std[70759c8f55707aa4]::thread::lifecycle::spawn_unchecked::<test[9d35eded1c95d3be]::run_test::{closure#1}, ()>::{closure#1}
[INFO] [stdout]                                at /rustc/dfb0accb7f508ae8be965d8629557221c889dd98/library/std/src/thread/lifecycle.rs:68:26
[INFO] [stdout]   39:     0x5d1a4f3617e2 - <std[70759c8f55707aa4]::thread::lifecycle::spawn_unchecked<test[9d35eded1c95d3be]::run_test::{closure#1}, ()>::{closure#1} as core[df12db4294e9bfd3]::ops::function::FnOnce<()>>::call_once::{shim:vtable#0}
[INFO] [stdout]                                at /rustc/dfb0accb7f508ae8be965d8629557221c889dd98/library/core/src/ops/function.rs:250:5
[INFO] [stdout]   40:     0x5d1a501341b9 - <alloc[2182bb758b4b3781]::boxed::Box<dyn core[df12db4294e9bfd3]::ops::function::FnOnce<(), Output = ()> + core[df12db4294e9bfd3]::marker::Send> as core[df12db4294e9bfd3]::ops::function::FnOnce<()>>::call_once
[INFO] [stdout]                                at /rustc/dfb0accb7f508ae8be965d8629557221c889dd98/library/alloc/src/boxed.rs:2320:9
[INFO] [stdout]   41:     0x5d1a501341b9 - <std[70759c8f55707aa4]::sys::thread::unix::Thread>::new::thread_start
[INFO] [stdout]                                at /rustc/dfb0accb7f508ae8be965d8629557221c889dd98/library/std/src/sys/thread/unix.rs:123:17
[INFO] [stdout]   42:     0x7ec75068cdfa - <unknown>
[INFO] [stdout]   43:     0x7ec7507203d4 - clone
[INFO] [stdout]   44:                0x0 - <unknown>
[INFO] [stdout] 
[INFO] [stdout] 
[INFO] [stdout] failures:
[INFO] [stdout]     detect::tests::noplag_preview_performance
[INFO] [stdout] 
[INFO] [stdout] test result: FAILED. 163 passed; 1 failed; 0 ignored; 0 measured; 0 filtered out; finished in 11.56s
[INFO] [stdout] 
[INFO] [stderr] error: test failed, to rerun pass `-p paraphrase-core --lib`
[INFO] running `Command { std: "docker" "inspect" "cddafe2806010164485cfb894649829ab54d7d4d241e5be79afac0aa14bb10da", kill_on_drop: false }`
[INFO] running `Command { std: "docker" "rm" "-f" "cddafe2806010164485cfb894649829ab54d7d4d241e5be79afac0aa14bb10da", kill_on_drop: false }`
[INFO] [stdout] cddafe2806010164485cfb894649829ab54d7d4d241e5be79afac0aa14bb10da
