[INFO] cloning repository https://github.com/dannyota/kiro-trust
[INFO] running `Command { std: "git" "-c" "credential.helper=" "-c" "credential.helper=/workspace/cargo-home/bin/git-credential-null" "clone" "--bare" "https://github.com/dannyota/kiro-trust" "/workspace/cache/git-repos/https%3A%2F%2Fgithub.com%2Fdannyota%2Fkiro-trust", kill_on_drop: false }`
[INFO] [stderr] Cloning into bare repository '/workspace/cache/git-repos/https%3A%2F%2Fgithub.com%2Fdannyota%2Fkiro-trust'...
[INFO] running `Command { std: "git" "rev-parse" "HEAD", kill_on_drop: false }`
[INFO] [stdout] b6b1c9fc6a5c4aa2a88d1e4a6519d998f5c6735f
[INFO] testing dannyota/kiro-trust against 1.99.0-beta.8 for beta-1.100-2
[INFO] running `Command { std: "git" "clone" "/workspace/cache/git-repos/https%3A%2F%2Fgithub.com%2Fdannyota%2Fkiro-trust" "/workspace/builds/worker-2-tc1/source", kill_on_drop: false }`
[INFO] [stderr] Cloning into '/workspace/builds/worker-2-tc1/source'...
[INFO] [stderr] done.
[INFO] removed /workspace/builds/worker-2-tc1/source/.cargo/config.toml
[INFO] removed /workspace/builds/worker-2-tc1/source/rust-toolchain.toml
[INFO] started tweaking git repo https://github.com/dannyota/kiro-trust
[INFO] finished tweaking git repo https://github.com/dannyota/kiro-trust
[INFO] tweaked toml for git repo https://github.com/dannyota/kiro-trust written to /workspace/builds/worker-2-tc1/source/Cargo.toml
[INFO] validating manifest of git repo https://github.com/dannyota/kiro-trust on toolchain 1.99.0-beta.8
[INFO] running `Command { std: CARGO_HOME="/workspace/cargo-home" RUSTUP_HOME="/workspace/rustup-home" "/workspace/cargo-home/bin/cargo" "+1.99.0-beta.8" "metadata" "--manifest-path" "Cargo.toml" "--no-deps", kill_on_drop: false }`
[INFO] crate git repo https://github.com/dannyota/kiro-trust already has a lockfile, it will not be regenerated
[INFO] running `Command { std: CARGO_HOME="/workspace/cargo-home" RUSTUP_HOME="/workspace/rustup-home" "/workspace/cargo-home/bin/cargo" "+1.99.0-beta.8" "fetch" "--manifest-path" "Cargo.toml", kill_on_drop: false }`
[INFO] [stderr]     Updating crates.io index
[INFO] [stderr]  Downloading crates ...
[INFO] [stderr]   Downloaded deadpool-runtime v0.1.4
[INFO] [stderr]   Downloaded rsqlite-vfs v0.1.1
[INFO] [stderr]   Downloaded smallvec v1.16.0
[INFO] [stderr]   Downloaded find-msvc-tools v0.1.12
[INFO] [stderr]   Downloaded hashlink v0.12.2
[INFO] [stderr]   Downloaded deadpool v0.12.3
[INFO] [stderr]   Downloaded crc32fast v1.5.1
[INFO] [stderr]   Downloaded wiremock v0.6.5
[INFO] [stderr]   Downloaded uuid v1.26.0
[INFO] [stderr]   Downloaded cc v1.4.5
[INFO] [stderr]   Downloaded assert-json-diff v2.0.2
[INFO] [stderr]   Downloaded secrecy v0.10.3
[INFO] [stderr]   Downloaded wasm-streams v0.5.0
[INFO] [stderr]   Downloaded syn v3.0.5
[INFO] [stderr]   Downloaded rusqlite v0.40.2
[INFO] [stderr]   Downloaded quinn v0.11.11
[INFO] [stderr]   Downloaded webpki-roots v1.0.9
[INFO] [stderr]   Downloaded yasna v0.6.0
[INFO] [stderr]   Downloaded tinyvec v1.13.2
[INFO] [stderr]   Downloaded rcgen v0.14.10
[INFO] [stderr]   Downloaded quinn-proto v0.11.17
[INFO] [stderr]   Downloaded rusticata-macros v4.1.0
[INFO] [stderr]   Downloaded asn1-rs-impl v0.2.0
[INFO] [stderr]   Downloaded asn1-rs-derive v0.6.0
[INFO] [stderr]   Downloaded oid-registry v0.8.1
[INFO] [stderr]   Downloaded der-parser v10.0.0
[INFO] [stderr]   Downloaded x509-parser v0.18.1
[INFO] [stderr]   Downloaded asn1-rs v0.7.2
[INFO] [stderr]   Downloaded directories v6.0.0
[INFO] [stderr]   Downloaded pem v4.0.0
[INFO] [stderr]   Downloaded libredox v0.1.23
[INFO] [stderr]   Downloaded clap_derive v4.6.4
[INFO] [stderr]   Downloaded clap v4.6.6
[INFO] [stderr]   Downloaded clap_builder v4.6.6
[INFO] [stderr]   Downloaded axum v0.8.9
[INFO] [stderr]   Downloaded libsqlite3-sys v0.38.2
[INFO] [stderr]   Downloaded sqlite-wasm-rs v0.5.5
[INFO] running `Command { std: "docker" "create" "-v" "/var/lib/crater-agent-workspace/builds/worker-2-tc1/source:/opt/rustwide/workdir:ro,Z" "-v" "/var/lib/crater-agent-workspace/builds/worker-2-tc1/target:/opt/rustwide/target:rw,Z" "-v" "/var/lib/crater-agent-workspace/cargo-home:/opt/rustwide/cargo-home:ro,Z" "-v" "/var/lib/crater-agent-workspace/rustup-home:/opt/rustwide/rustup-home:ro,Z" "-m" "1610612736" "--network" "none" "ghcr.io/rust-lang/crates-build-env/linux@sha256:3111399a4047eeb3a02b7a90e478d715f38a8c6669b5c4b49d30a17385265909" "sleep" "infinity", kill_on_drop: false }`
[INFO] [stdout] ce4028bea5fbe7b615b03f131026f79fa4db1e75b92c3014bb023021c79a0a8e
[INFO] running `Command { std: "docker" "start" "ce4028bea5fbe7b615b03f131026f79fa4db1e75b92c3014bb023021c79a0a8e", kill_on_drop: false }`
[INFO] running `Command { std: "docker" "inspect" "ce4028bea5fbe7b615b03f131026f79fa4db1e75b92c3014bb023021c79a0a8e", kill_on_drop: false }`
[INFO] running `Command { std: "docker" "exec" "-e" "SOURCE_DIR=/opt/rustwide/workdir" "-e" "CARGO_HOME=/opt/rustwide/cargo-home" "-e" "RUSTUP_HOME=/opt/rustwide/rustup-home" "-e" "CARGO_TARGET_DIR=/opt/rustwide/target" "-w" "/opt/rustwide/workdir" "--user" "0:0" "ce4028bea5fbe7b615b03f131026f79fa4db1e75b92c3014bb023021c79a0a8e" "/opt/rustwide/cargo-home/bin/cargo" "+1.99.0-beta.8" "metadata" "--no-deps" "--format-version=1", kill_on_drop: false }`
[INFO] running `Command { std: "docker" "inspect" "ce4028bea5fbe7b615b03f131026f79fa4db1e75b92c3014bb023021c79a0a8e", kill_on_drop: false }`
[INFO] running `Command { std: "docker" "exec" "-e" "SOURCE_DIR=/opt/rustwide/workdir" "-e" "CARGO_HOME=/opt/rustwide/cargo-home" "-e" "RUSTUP_HOME=/opt/rustwide/rustup-home" "-e" "CARGO_TARGET_DIR=/opt/rustwide/target" "-e" "CARGO_INCREMENTAL=0" "-e" "RUST_BACKTRACE=full" "-e" "RUSTFLAGS=--cap-lints=warn" "-e" "RUSTDOCFLAGS=--cap-lints=warn" "-w" "/opt/rustwide/workdir" "--user" "0:0" "ce4028bea5fbe7b615b03f131026f79fa4db1e75b92c3014bb023021c79a0a8e" "/opt/rustwide/cargo-home/bin/cargo" "+1.99.0-beta.8" "build" "--frozen" "--message-format=json", kill_on_drop: false }`
[INFO] [stderr]    Compiling proc-macro2 v1.0.107
[INFO] [stderr]    Compiling unicode-ident v1.0.24
[INFO] [stderr]    Compiling quote v1.0.47
[INFO] [stderr]    Compiling libc v0.2.189
[INFO] [stderr]    Compiling pin-project-lite v0.2.17
[INFO] [stderr]    Compiling find-msvc-tools v0.1.12
[INFO] [stderr]    Compiling shlex v2.0.1
[INFO] [stderr]    Compiling memchr v2.8.3
[INFO] [stderr]    Compiling bytes v1.12.1
[INFO] [stderr]    Compiling futures-core v0.3.34
[INFO] [stderr]    Compiling pkg-config v0.3.34
[INFO] [stderr]    Compiling itoa v1.0.18
[INFO] [stderr]    Compiling stable_deref_trait v1.2.1
[INFO] [stderr]    Compiling foldhash v0.2.0
[INFO] [stderr]    Compiling futures-sink v0.3.34
[INFO] [stderr]    Compiling once_cell v1.21.4
[INFO] [stderr]    Compiling smallvec v1.16.0
[INFO] [stderr]    Compiling dunce v1.0.5
[INFO] [stderr]    Compiling slab v0.4.12
[INFO] [stderr]    Compiling fs_extra v1.3.0
[INFO] [stderr]    Compiling equivalent v1.0.2
[INFO] [stderr]    Compiling futures-channel v0.3.34
[INFO] [stderr]    Compiling hashbrown v0.17.1
[INFO] [stderr]    Compiling zeroize v1.9.0
[INFO] [stderr]    Compiling futures-io v0.3.34
[INFO] [stderr]    Compiling writeable v0.6.4
[INFO] [stderr]    Compiling futures-task v0.3.34
[INFO] [stderr]    Compiling litemap v0.8.3
[INFO] [stderr]    Compiling tracing-core v0.1.36
[INFO] [stderr]    Compiling icu_normalizer_data v2.3.0
[INFO] [stderr]    Compiling aws-lc-rs v1.18.1
[INFO] [stderr]    Compiling serde_core v1.0.229
[INFO] [stderr]    Compiling icu_properties_data v2.3.0
[INFO] [stderr]    Compiling cfg-if v1.0.4
[INFO] [stderr]    Compiling rustls-pki-types v1.15.1
[INFO] [stderr]    Compiling percent-encoding v2.3.2
[INFO] [stderr]    Compiling atomic-waker v1.1.2
[INFO] [stderr]    Compiling zmij v1.0.23
[INFO] [stderr]    Compiling serde_json v1.0.151
[INFO] [stderr]    Compiling rustls v0.23.45
[INFO] [stderr]    Compiling bitflags v2.13.1
[INFO] [stderr]    Compiling sync_wrapper v1.0.2
[INFO] [stderr]    Compiling tower-layer v0.3.3
[INFO] [stderr]    Compiling typenum v1.20.1
[INFO] [stderr]    Compiling serde v1.0.229
[INFO] [stderr]    Compiling ipnet v2.12.2
[INFO] [stderr]    Compiling getrandom v0.4.3
[INFO] [stderr]    Compiling subtle v2.6.1
[INFO] [stderr]    Compiling rand_core v0.10.1
[INFO] [stderr]    Compiling form_urlencoded v1.2.2
[INFO] [stderr]    Compiling thiserror v2.0.20
[INFO] [stderr]    Compiling log v0.4.34
[INFO] [stderr]    Compiling http v1.5.0
[INFO] [stderr]    Compiling base64 v0.23.1
[INFO] [stderr]    Compiling openssl-probe v0.2.1
[INFO] [stderr]    Compiling aho-corasick v1.1.5
[INFO] [stderr]    Compiling rustls-native-certs v0.8.4
[INFO] [stderr]    Compiling regex-syntax v0.8.11
[INFO] [stderr]    Compiling crc32fast v1.5.1
[INFO] [stderr]    Compiling sha1_smol v1.0.1
[INFO] [stderr]    Compiling option-ext v0.2.0
[INFO] [stderr]    Compiling anstyle-parse v1.0.0
[INFO] [stderr]    Compiling webpki-roots v1.0.9
[INFO] [stderr]    Compiling deranged v0.5.8
[INFO] [stderr]    Compiling anstyle v1.0.14
[INFO] [stderr]    Compiling powerfmt v0.2.0
[INFO] [stderr]    Compiling syn v3.0.5
[INFO] [stderr]    Compiling syn v2.0.119
[INFO] [stderr]    Compiling indexmap v2.14.2
[INFO] [stderr]    Compiling hashlink v0.12.2
[INFO] [stderr]    Compiling anstyle-query v1.1.5
[INFO] [stderr]    Compiling time-core v0.1.9
[INFO] [stderr]    Compiling cpufeatures v0.3.1
[INFO] [stderr]    Compiling is_terminal_polyfill v1.70.2
[INFO] [stderr]    Compiling num-conv v0.2.2
[INFO] [stderr]    Compiling colorchoice v1.0.5
[INFO] [stderr]    Compiling chacha20 v0.10.2
[INFO] [stderr]    Compiling anstream v1.0.0
[INFO] [stderr]    Compiling secrecy v0.10.3
[INFO] [stderr]    Compiling clap_lex v1.1.0
[INFO] [stderr]    Compiling http-body v1.1.0
[INFO] [stderr]    Compiling mime v0.3.17
[INFO] [stderr]    Compiling thread_local v1.1.10
[INFO] [stderr]    Compiling kiro-trust v0.4.0 (/opt/rustwide/workdir/crates/kiro-trust)
[INFO] [stderr]    Compiling http-body-util v0.1.5
[INFO] [stderr]    Compiling clap_builder v4.6.6
[INFO] [stderr]    Compiling matchit v0.8.4
[INFO] [stderr]    Compiling generic-array v0.14.7
[INFO] [stderr]    Compiling rustix v1.1.4
[INFO] [stderr]    Compiling deadpool-runtime v0.1.4
[INFO] [stderr]    Compiling linux-raw-sys v0.12.1
[INFO] [stderr]    Compiling fastrand v2.5.0
[INFO] [stderr]    Compiling axum-core v0.5.6
[INFO] [stderr]    Compiling jobserver v0.1.35
[INFO] [stderr]    Compiling errno v0.3.14
[INFO] [stderr]    Compiling mio v1.2.3
[INFO] [stderr]    Compiling socket2 v0.6.5
[INFO] [stderr]    Compiling signal-hook-registry v1.4.8
[INFO] [stderr]    Compiling dirs-sys v0.5.0
[INFO] [stderr]    Compiling cc v1.4.5
[INFO] [stderr]    Compiling block-buffer v0.10.4
[INFO] [stderr]    Compiling crypto-common v0.1.7
[INFO] [stderr]    Compiling uuid v1.26.0
[INFO] [stderr]    Compiling time v0.3.55
[INFO] [stderr]    Compiling directories v6.0.0
[INFO] [stderr]    Compiling digest v0.10.7
[INFO] [stderr]    Compiling rand v0.10.2
[INFO] [stderr]    Compiling num_cpus v1.17.0
[INFO] [stderr]    Compiling regex-automata v0.4.18
[INFO] [stderr]    Compiling sha2 v0.10.9
[INFO] [stderr]    Compiling cmake v0.1.58
[INFO] [stderr]    Compiling aws-lc-sys v0.45.0
[INFO] [stderr]    Compiling libsqlite3-sys v0.38.2
[INFO] [stderr]    Compiling serde_path_to_error v0.1.20
[INFO] [stderr]    Compiling tempfile v3.27.0
[INFO] [stderr]    Compiling synstructure v0.13.2
[INFO] [stderr]    Compiling zerofrom-derive v0.1.7
[INFO] [stderr]    Compiling yoke-derive v0.8.2
[INFO] [stderr]    Compiling tracing-attributes v0.1.31
[INFO] [stderr]    Compiling matchers v0.2.0
[INFO] [stderr]    Compiling regex v1.13.1
[INFO] [stderr]    Compiling zerofrom v0.1.8
[INFO] [stderr]    Compiling yoke v0.8.3
[INFO] [stderr]    Compiling tracing v0.1.44
[INFO] [stderr]    Compiling tracing-subscriber v0.3.23
[INFO] [stderr]    Compiling tokio-macros v2.7.2
[INFO] [stderr]    Compiling zerovec-derive v0.11.6
[INFO] [stderr]    Compiling displaydoc v0.2.7
[INFO] [stderr]    Compiling futures-macro v0.3.34
[INFO] [stderr]    Compiling serde_derive v1.0.229
[INFO] [stderr]    Compiling thiserror-impl v2.0.20
[INFO] [stderr]    Compiling clap_derive v4.6.4
[INFO] [stderr]    Compiling async-trait v0.1.92
[INFO] [stderr]    Compiling tokio v1.53.1
[INFO] [stderr]    Compiling zerotrie v0.2.5
[INFO] [stderr]    Compiling futures-util v0.3.34
[INFO] [stderr]    Compiling zerovec v0.11.8
[INFO] [stderr]    Compiling clap v4.6.6
[INFO] [stderr]    Compiling tinystr v0.8.4
[INFO] [stderr]    Compiling potential_utf v0.1.6
[INFO] [stderr]    Compiling icu_locale_core v2.3.0
[INFO] [stderr]    Compiling icu_collections v2.3.0
[INFO] [stderr]    Compiling icu_provider v2.3.1
[INFO] [stderr]    Compiling icu_normalizer v2.3.0
[INFO] [stderr]    Compiling icu_properties v2.3.0
[INFO] [stderr]    Compiling kiro-trust-protocol v0.4.0 (/opt/rustwide/workdir/crates/kiro-trust-protocol)
[INFO] [stderr]    Compiling assert-json-diff v2.0.2
[INFO] [stderr]    Compiling idna_adapter v1.2.2
[INFO] [stderr]    Compiling idna v1.1.0
[INFO] [stderr]    Compiling futures-executor v0.3.34
[INFO] [stderr]    Compiling futures v0.3.34
[INFO] [stderr]    Compiling url v2.5.8
[INFO] [stderr]    Compiling tokio-util v0.7.19
[INFO] [stderr]    Compiling tower v0.5.3
[INFO] [stderr]    Compiling tokio-stream v0.1.19
[INFO] [stderr]    Compiling deadpool v0.12.3
[INFO] [stderr]    Compiling tower-http v0.6.11
[INFO] [stderr]    Compiling h2 v0.4.19
[INFO] [stderr]    Compiling rusqlite v0.40.2
[INFO] [stderr]    Compiling hyper v1.11.1
[INFO] [stderr]    Compiling xtask v0.4.0 (/opt/rustwide/workdir/xtask)
[INFO] [stderr]    Compiling hyper-util v0.1.20
[INFO] [stderr]    Compiling axum v0.8.9
[INFO] [stderr]    Compiling wiremock v0.6.5
[INFO] [stderr]    Compiling rustls-webpki v0.103.15
[INFO] [stderr]    Compiling tokio-rustls v0.26.5
[INFO] [stderr]    Compiling rustls-platform-verifier v0.7.0
[INFO] [stderr]    Compiling hyper-rustls v0.27.9
[INFO] [stderr]    Compiling reqwest v0.13.5
[INFO] [stderr]    Compiling kiro-trust-net v0.4.0 (/opt/rustwide/workdir/crates/kiro-trust-net)
[INFO] [stderr]    Compiling kiro-trust-auth v0.4.0 (/opt/rustwide/workdir/crates/kiro-trust-auth)
[INFO] [stderr]    Compiling kiro-trust-kiro v0.4.0 (/opt/rustwide/workdir/crates/kiro-trust-kiro)
[INFO] [stdout] warning: use of deprecated method `std::sync::atomic::Atomic::<u32>::fetch_update`: renamed to `try_update` for consistency
[INFO] [stdout]   --> crates/kiro-trust-kiro/src/client.rs:37:14
[INFO] [stdout]    |
[INFO] [stdout] 37 |             .fetch_update(Ordering::AcqRel, Ordering::Acquire, |current| {
[INFO] [stdout]    |              ^^^^^^^^^^^^
[INFO] [stdout]    |
[INFO] [stdout]    = note: `#[warn(deprecated)]` on by default
[INFO] [stdout] help: replace the use of the deprecated method
[INFO] [stdout]    |
[INFO] [stdout] 37 -             .fetch_update(Ordering::AcqRel, Ordering::Acquire, |current| {
[INFO] [stdout] 37 +             .try_update(Ordering::AcqRel, Ordering::Acquire, |current| {
[INFO] [stdout]    |
[INFO] [stdout] 
[INFO] [stdout] 
[INFO] [stderr]    Compiling kiro-trust-tests v0.4.0 (/opt/rustwide/workdir/crates/kiro-trust-tests)
[INFO] [stderr]     Finished `dev` profile [unoptimized + debuginfo] target(s) in 1m 44s
[INFO] running `Command { std: "docker" "inspect" "ce4028bea5fbe7b615b03f131026f79fa4db1e75b92c3014bb023021c79a0a8e", kill_on_drop: false }`
[INFO] running `Command { std: "docker" "exec" "-e" "SOURCE_DIR=/opt/rustwide/workdir" "-e" "CARGO_HOME=/opt/rustwide/cargo-home" "-e" "RUSTUP_HOME=/opt/rustwide/rustup-home" "-e" "CARGO_TARGET_DIR=/opt/rustwide/target" "-e" "CARGO_INCREMENTAL=0" "-e" "RUST_BACKTRACE=full" "-e" "RUSTFLAGS=--cap-lints=warn" "-e" "RUSTDOCFLAGS=--cap-lints=warn" "-w" "/opt/rustwide/workdir" "--user" "0:0" "ce4028bea5fbe7b615b03f131026f79fa4db1e75b92c3014bb023021c79a0a8e" "/opt/rustwide/cargo-home/bin/cargo" "+1.99.0-beta.8" "test" "--frozen" "--no-run" "--message-format=json", kill_on_drop: false }`
[INFO] [stderr]    Compiling yasna v0.6.0
[INFO] [stderr]    Compiling pem v4.0.0
[INFO] [stderr]    Compiling xtask v0.4.0 (/opt/rustwide/workdir/xtask)
[INFO] [stderr]    Compiling kiro-trust-protocol v0.4.0 (/opt/rustwide/workdir/crates/kiro-trust-protocol)
[INFO] [stderr]    Compiling kiro-trust-auth v0.4.0 (/opt/rustwide/workdir/crates/kiro-trust-auth)
[INFO] [stderr]    Compiling kiro-trust-kiro v0.4.0 (/opt/rustwide/workdir/crates/kiro-trust-kiro)
[INFO] [stdout] warning: use of deprecated method `std::sync::atomic::Atomic::<u32>::fetch_update`: renamed to `try_update` for consistency
[INFO] [stdout]   --> crates/kiro-trust-kiro/src/client.rs:37:14
[INFO] [stdout]    |
[INFO] [stdout] 37 |             .fetch_update(Ordering::AcqRel, Ordering::Acquire, |current| {
[INFO] [stdout]    |              ^^^^^^^^^^^^
[INFO] [stdout]    |
[INFO] [stdout]    = note: `#[warn(deprecated)]` on by default
[INFO] [stdout] help: replace the use of the deprecated method
[INFO] [stdout]    |
[INFO] [stdout] 37 -             .fetch_update(Ordering::AcqRel, Ordering::Acquire, |current| {
[INFO] [stdout] 37 +             .try_update(Ordering::AcqRel, Ordering::Acquire, |current| {
[INFO] [stdout]    |
[INFO] [stdout] 
[INFO] [stdout] 
[INFO] [stderr]    Compiling kiro-trust v0.4.0 (/opt/rustwide/workdir/crates/kiro-trust)
[INFO] [stderr]    Compiling kiro-trust-tests v0.4.0 (/opt/rustwide/workdir/crates/kiro-trust-tests)
[INFO] [stdout] warning: use of deprecated method `std::sync::atomic::Atomic::<u32>::fetch_update`: renamed to `try_update` for consistency
[INFO] [stdout]   --> crates/kiro-trust-kiro/src/client.rs:37:14
[INFO] [stdout]    |
[INFO] [stdout] 37 |             .fetch_update(Ordering::AcqRel, Ordering::Acquire, |current| {
[INFO] [stdout]    |              ^^^^^^^^^^^^
[INFO] [stdout]    |
[INFO] [stdout]    = note: `#[warn(deprecated)]` on by default
[INFO] [stdout] help: replace the use of the deprecated method
[INFO] [stdout]    |
[INFO] [stdout] 37 -             .fetch_update(Ordering::AcqRel, Ordering::Acquire, |current| {
[INFO] [stdout] 37 +             .try_update(Ordering::AcqRel, Ordering::Acquire, |current| {
[INFO] [stdout]    |
[INFO] [stdout] 
[INFO] [stdout] 
[INFO] [stderr]    Compiling rcgen v0.14.10
[INFO] [stderr]    Compiling kiro-trust-net v0.4.0 (/opt/rustwide/workdir/crates/kiro-trust-net)
[INFO] [stderr]     Finished `test` profile [unoptimized + debuginfo] target(s) in 35.01s
[INFO] running `Command { std: "docker" "inspect" "ce4028bea5fbe7b615b03f131026f79fa4db1e75b92c3014bb023021c79a0a8e", kill_on_drop: false }`
[INFO] running `Command { std: "docker" "exec" "-e" "SOURCE_DIR=/opt/rustwide/workdir" "-e" "CARGO_HOME=/opt/rustwide/cargo-home" "-e" "RUSTUP_HOME=/opt/rustwide/rustup-home" "-e" "CARGO_TARGET_DIR=/opt/rustwide/target" "-e" "CARGO_INCREMENTAL=0" "-e" "RUST_BACKTRACE=full" "-e" "RUSTFLAGS=--cap-lints=warn" "-e" "RUSTDOCFLAGS=--cap-lints=warn" "-w" "/opt/rustwide/workdir" "--user" "0:0" "ce4028bea5fbe7b615b03f131026f79fa4db1e75b92c3014bb023021c79a0a8e" "/opt/rustwide/cargo-home/bin/cargo" "+1.99.0-beta.8" "test" "--frozen", kill_on_drop: false }`
[INFO] [stderr] warning: use of deprecated method `std::sync::atomic::Atomic::<u32>::fetch_update`: renamed to `try_update` for consistency
[INFO] [stderr]   --> crates/kiro-trust-kiro/src/client.rs:37:14
[INFO] [stderr]    |
[INFO] [stderr] 37 |             .fetch_update(Ordering::AcqRel, Ordering::Acquire, |current| {
[INFO] [stderr]    |              ^^^^^^^^^^^^
[INFO] [stderr]    |
[INFO] [stderr]    = note: `#[warn(deprecated)]` on by default
[INFO] [stderr] help: replace the use of the deprecated method
[INFO] [stderr]    |
[INFO] [stderr] 37 -             .fetch_update(Ordering::AcqRel, Ordering::Acquire, |current| {
[INFO] [stderr] 37 +             .try_update(Ordering::AcqRel, Ordering::Acquire, |current| {
[INFO] [stderr]    |
[INFO] [stderr] 
[INFO] [stderr] warning: `kiro-trust-kiro` (lib) generated 1 warning (run `cargo fix --lib -p kiro-trust-kiro` to apply 1 suggestion)
[INFO] [stderr] warning: `kiro-trust-kiro` (lib test) generated 1 warning (1 duplicate)
[INFO] [stderr]     Finished `test` profile [unoptimized + debuginfo] target(s) in 0.37s
[INFO] [stderr]      Running unittests src/lib.rs (/opt/rustwide/target/debug/deps/kiro_trust-7759ef4167cfedc1)
[INFO] [stdout] 
[INFO] [stdout] running 57 tests
[INFO] [stdout] test audit::tests::a_compiled_in_development_feature_fails_the_audit ... ok
[INFO] [stdout] test audit::tests::a_non_read_only_connection_fails_the_audit ... ok
[INFO] [stdout] test audit::tests::abbreviate_home_path_with_covers_home_root_sibling_and_outside_cases ... ok
[INFO] [stdout] test audit::tests::abbreviate_home_in_message_with_covers_home_root_sibling_and_outside_cases ... ok
[INFO] [stdout] test config::tests::only_loopback_addresses_are_accepted ... ok
[INFO] [stdout] test config::tests::exec_accepts_listen_and_token_file_before_the_double_dash ... ok
[INFO] [stdout] test config::tests::exec_preserves_argument_boundaries_and_requires_a_command ... ok
[INFO] [stdout] test audit::tests::an_invalid_runtime_region_is_reported_even_when_the_credential_fails_to_load ... ok
[INFO] [stdout] test config::tests::audit_extra_ca_flag_and_default ... ok
[INFO] [stdout] test config::tests::read_extra_ca_accepts_a_valid_file ... ok
[INFO] [stdout] test audit::tests::report_abbreviates_the_home_directory_in_both_the_path_and_the_problem ... ok
[INFO] [stdout] test config::tests::read_extra_ca_is_none_when_no_path_is_given ... ok
[INFO] [stdout] test config::tests::extra_ca_errors_never_carry_certificate_bytes ... ok
[INFO] [stdout] test config::tests::read_extra_ca_rejects_a_malformed_pem_file ... ok
[INFO] [stdout] test config::tests::an_invalid_log_level_flag_is_rejected_with_a_usage_error ... ok
[INFO] [stdout] test config::tests::serve_config_from_args_extra_ca_is_none_by_default ... ok
[INFO] [stdout] test config::tests::serve_config_applies_defaults_and_validates ... ok
[INFO] [stdout] test config::tests::read_extra_ca_rejects_a_missing_file ... ok
[INFO] [stdout] test config::tests::read_extra_ca_rejects_an_empty_file ... ok
[INFO] [stdout] test env_cmd::tests::fish_quoting_escapes_backslash_and_single_quote_and_leaves_backtick_literal ... ok
[INFO] [stdout] test env_cmd::tests::posix_quoting_escapes_single_quotes_and_leaves_backslash_and_backtick_literal ... ok
[INFO] [stdout] test config::tests::read_extra_ca_rejects_valid_pem_framing_with_invalid_der ... ok
[INFO] [stdout] test env_cmd::tests::missing_token_file_is_a_runtime_failure ... ok
[INFO] [stdout] test exec_cmd::tests::a_loopback_listen_lets_the_token_path_report_its_own_failure ... ok
[INFO] [stdout] test config::tests::subcommands_parse ... ok
[INFO] [stdout] test exec_cmd::tests::unparseable_listen_is_a_usage_error ... ok
[INFO] [stdout] test config::tests::serve_extra_ca_flag_and_default ... ok
[INFO] [stdout] test listener::tests::disarm_is_observed_by_a_clone ... ok
[INFO] [stdout] test listener::tests::is_connection_error_matches_axum_policy ... ok
[INFO] [stdout] test config::tests::serve_config_from_args_fails_on_a_bad_extra_ca_file ... ok
[INFO] [stdout] test logging::tests::an_unparseable_level_falls_back_to_the_documented_default ... ok
[INFO] [stdout] test logging::tests::a_directive_list_in_the_level_string_cannot_inject_a_third_party_directive ... ok
[INFO] [stdout] test notice_sync::crate_notice_matches_workspace_notice ... ok
[INFO] [stdout] test logging::tests::each_accepted_level_raises_only_this_projects_own_crates ... ok
[INFO] [stdout] test logging::tests::third_party_crates_stay_at_warn_at_every_level ... ok
[INFO] [stdout] test exec_cmd::tests::missing_token_file_is_a_runtime_failure ... ok
[INFO] [stdout] test exec_cmd::tests::malformed_token_is_a_runtime_failure ... ok
[INFO] [stdout] test exec_cmd::tests::non_loopback_listen_is_a_usage_error_before_the_token_is_read ... ok
[INFO] [stdout] test config::tests::serve_config_from_args_reads_and_parses_extra_ca ... ok
[INFO] [stdout] test server::messages::tests::capacity_marker_outranks_a_throttling_exception ... ok
[INFO] [stdout] test server::messages::tests::conversation_id_derivation ... ok
[INFO] [stdout] test server::usage::tests::counters_saturate_without_wrapping ... ok
[INFO] [stdout] test token::tests::generates_43_char_urlsafe_tokens_that_differ ... ok
[INFO] [stdout] test token::tests::token_shape_accepts_only_43_base64url_characters ... ok
[INFO] [stdout] test serve::tests::build_policy_installs_a_configured_extra_ca_and_omits_it_otherwise ... ok
[INFO] [stdout] test serve::tests::missing_credentials_fail_before_writing_a_token_file ... ok
[INFO] [stdout] test token::tests::read_token_file_rejects_whitespace_only_contents ... ok
[INFO] [stdout] test token::tests::existing_directory_keeps_its_mode ... ok
[INFO] [stdout] test token::tests::writes_0600_reads_back_and_removes ... ok
[INFO] [stdout] test audit::tests::a_non_loopback_listener_fails_the_audit ... ok
[INFO] [stdout] test audit::tests::a_valid_extra_ca_file_is_shown_abbreviated_and_does_not_fail_the_audit ... ok
[INFO] [stdout] test audit::tests::a_missing_extra_ca_file_fails_the_audit_without_leaking_the_path_verbatim ... ok
[INFO] [stdout] test audit::tests::share_content_warns_but_does_not_fail_the_audit ... ok
[INFO] [stdout] test audit::tests::report_has_every_line_and_no_secrets ... ok
[INFO] [stdout] test audit::tests::extra_ca_never_leaks_certificate_bytes_or_home_directory ... ok
[INFO] [stdout] test audit::tests::local_authentication_text_matches_the_platform ... ok
[INFO] [stdout] test audit::tests::a_malformed_extra_ca_file_fails_the_audit ... ok
[INFO] [stdout] 
[INFO] [stdout] test result: ok. 57 passed; 0 failed; 0 ignored; 0 measured; 0 filtered out; finished in 0.07s
[INFO] [stdout] 
[INFO] [stderr]      Running unittests src/main.rs (/opt/rustwide/target/debug/deps/kiro_trust-1a48c766c880d957)
[INFO] [stdout] 
[INFO] [stdout] running 0 tests
[INFO] [stdout] 
[INFO] [stdout] test result: ok. 0 passed; 0 failed; 0 ignored; 0 measured; 0 filtered out; finished in 0.00s
[INFO] [stdout] 
[INFO] [stderr]      Running tests/doctor_command.rs (/opt/rustwide/target/debug/deps/doctor_command-6d9894c81a3d2e71)
[INFO] [stdout] 
[INFO] [stdout] running 12 tests
[INFO] [stdout] test doctor_invalid_credential_errors_without_refreshing ... ok
[INFO] [stdout] test doctor_near_expiry_warns ... ok
[INFO] [stdout] test doctor_missing_token_warns ... ok
[INFO] [stdout] test doctor_explicit_token_is_presence_only ... ok
[INFO] [stdout] test doctor_expired_warns ... ok
[INFO] [stdout] test doctor_unavailable_database_skips_credential_expiry ... ok
[INFO] [stdout] test doctor_unreadable_metadata_errors ... ok
[INFO] [stdout] test doctor_invalid_configuration_skips_only_the_dependent_listener_check ... ok
[INFO] [stdout] test doctor_symlink_errors ... ok
[INFO] [stdout] test doctor_unix_private_file ... ok
[INFO] [stdout] test doctor_text_paths_escape_control_characters ... ok
[INFO] [stdout] test doctor_network_failure_errors ... ok
[INFO] [stdout] 
[INFO] [stdout] test result: ok. 12 passed; 0 failed; 0 ignored; 0 measured; 0 filtered out; finished in 0.25s
[INFO] [stdout] 
[INFO] [stderr]      Running tests/env_token_output.rs (/opt/rustwide/target/debug/deps/env_token_output-831a09fc1d6ed519)
[INFO] [stdout] 
[INFO] [stdout] running 4 tests
[INFO] [stdout] test a_token_file_containing_a_newline_is_rejected_without_executing_anything ... ok
[INFO] [stdout] test missing_token_file_prints_nothing_to_stdout_and_no_token_anywhere ... ok
[INFO] [stdout] test existing_token_file_prints_the_token_single_quoted_on_exactly_two_lines ... ok
[INFO] [stdout] test tokens_shaped_with_shell_metacharacters_are_rejected ... ok
[INFO] [stdout] 
[INFO] [stdout] test result: ok. 4 passed; 0 failed; 0 ignored; 0 measured; 0 filtered out; finished in 0.02s
[INFO] [stdout] 
[INFO] [stderr]      Running tests/exec_command.rs (/opt/rustwide/target/debug/deps/exec_command-0028a6788f90f66a)
[INFO] [stdout] 
[INFO] [stdout] running 12 tests
[INFO] [stdout] test helper_echoes_argv_and_env ... ok
[INFO] [stdout] test missing_token_file_prints_nothing_to_stdout_and_no_token_anywhere ... ok
[INFO] [stdout] test malformed_token_is_rejected_without_being_echoed ... ok
[INFO] [stdout] test launch_failure_is_exit_1_without_leaking_command_env_or_token ... 
[INFO] [stdout] running 1 test
[INFO] [stdout] ok
[INFO] [stdout] test no_command_is_a_usage_error_exit_2 ... ok
[INFO] [stdout] ENV:ANTHROPIC_BASE_URL=http://127.0.0.1:3456
[INFO] [stdout] ENV:ANTHROPIC_AUTH_TOKEN=RQjIAmaRMKApRMMHuvhsn0MnlsejINutgLCvUXPW2Ao
[INFO] [stdout] PID:4713
[INFO] [stdout] test preserves_spaces_and_shell_metacharacters_as_literal_arguments ... ok
[INFO] [stdout] test forwards_the_childs_exit_code ... ok
[INFO] [stdout] test exec_failure_is_not_killed_by_sigpipe_when_stderr_has_no_reader ... ok
[INFO] [stdout] test sets_the_two_child_env_vars_and_preserves_unrelated_env ... ok
[INFO] [stdout] test tokens_shaped_with_shell_metacharacters_are_rejected ... ok
[INFO] [stdout] test unreadable_token_file_is_exit_1_without_leaking_content ... FAILED
[INFO] [stdout] test on_unix_exec_replaces_the_process_rather_than_spawning_a_wrapper ... ok
[INFO] [stdout] 
[INFO] [stdout] failures:
[INFO] [stdout] 
[INFO] [stdout] ---- unreadable_token_file_is_exit_1_without_leaking_content stdout ----
[INFO] [stdout] 
[INFO] [stdout] thread 'unreadable_token_file_is_exit_1_without_leaking_content' (4702) panicked at crates/kiro-trust/tests/exec_command.rs:394:5:
[INFO] [stdout] assertion `left == right` failed: stdout: 
[INFO] [stdout] stderr: 
[INFO] [stdout]   left: Some(0)
[INFO] [stdout]  right: Some(1)
[INFO] [stdout] stack backtrace:
[INFO] [stdout]    0:     0x5ec108f138d1 - std[70759c8f55707aa4]::backtrace_rs::backtrace::libunwind::trace
[INFO] [stdout]                                at /rustc/dfb0accb7f508ae8be965d8629557221c889dd98/library/std/src/../../backtrace/src/backtrace/libunwind.rs:117:9
[INFO] [stdout]    1:     0x5ec108f138d1 - std[70759c8f55707aa4]::backtrace_rs::backtrace::trace_unsynchronized::<std[70759c8f55707aa4]::sys::backtrace::_print_fmt::{closure#1}>
[INFO] [stdout]                                at /rustc/dfb0accb7f508ae8be965d8629557221c889dd98/library/std/src/../../backtrace/src/backtrace/mod.rs:66:14
[INFO] [stdout]    2:     0x5ec108f138d1 - std[70759c8f55707aa4]::sys::backtrace::_print_fmt
[INFO] [stdout]                                at /rustc/dfb0accb7f508ae8be965d8629557221c889dd98/library/std/src/sys/backtrace.rs:74:9
[INFO] [stdout]    3:     0x5ec108f138d1 - <<std[70759c8f55707aa4]::sys::backtrace::BacktraceLock>::print::DisplayBacktrace as core[df12db4294e9bfd3]::fmt::Display>::fmt
[INFO] [stdout]                                at /rustc/dfb0accb7f508ae8be965d8629557221c889dd98/library/std/src/sys/backtrace.rs:44:26
[INFO] [stdout]    4:     0x5ec108f27f5a - <core[df12db4294e9bfd3]::fmt::rt::Argument>::fmt
[INFO] [stdout]                                at /rustc/dfb0accb7f508ae8be965d8629557221c889dd98/library/core/src/fmt/rt.rs:152:76
[INFO] [stdout]    5:     0x5ec108f27f5a - core[df12db4294e9bfd3]::fmt::write
[INFO] [stdout]    6:     0x5ec108f17fcc - core[df12db4294e9bfd3]::io::write::default_write_fmt::<alloc[2182bb758b4b3781]::vec::Vec<u8>>
[INFO] [stdout]                                at /rustc/dfb0accb7f508ae8be965d8629557221c889dd98/library/core/src/io/write.rs:402:11
[INFO] [stdout]    7:     0x5ec108f17fcc - <alloc[2182bb758b4b3781]::vec::Vec<u8> as core[df12db4294e9bfd3]::io::write::Write>::write_fmt
[INFO] [stdout]                                at /rustc/dfb0accb7f508ae8be965d8629557221c889dd98/library/core/src/io/write.rs:335:13
[INFO] [stdout]    8:     0x5ec108eedd86 - <std[70759c8f55707aa4]::sys::backtrace::BacktraceLock>::print
[INFO] [stdout]                                at /rustc/dfb0accb7f508ae8be965d8629557221c889dd98/library/std/src/sys/backtrace.rs:47:9
[INFO] [stdout]    9:     0x5ec108eedd86 - std[70759c8f55707aa4]::panicking::default_hook::{closure#0}
[INFO] [stdout]                                at /rustc/dfb0accb7f508ae8be965d8629557221c889dd98/library/std/src/panicking.rs:292:27
[INFO] [stdout]   10:     0x5ec108f0b1a9 - std[70759c8f55707aa4]::panicking::default_hook
[INFO] [stdout]                                at /rustc/dfb0accb7f508ae8be965d8629557221c889dd98/library/std/src/panicking.rs:316:9
[INFO] [stdout]   11:     0x5ec108e88660 - <alloc[2182bb758b4b3781]::boxed::Box<dyn for<'a, 'b> core[df12db4294e9bfd3]::ops::function::Fn<(&'a std[70759c8f55707aa4]::panic::PanicHookInfo<'b>,), Output = ()> + core[df12db4294e9bfd3]::marker::Send + core[df12db4294e9bfd3]::marker::Sync> as core[df12db4294e9bfd3]::ops::function::Fn<(&std[70759c8f55707aa4]::panic::PanicHookInfo,)>>::call
[INFO] [stdout]                                at /rustc/dfb0accb7f508ae8be965d8629557221c889dd98/library/alloc/src/boxed.rs:2334:9
[INFO] [stdout]   12:     0x5ec108e88660 - test[9d35eded1c95d3be]::test_main_inner::<test[9d35eded1c95d3be]::test_main_static::{closure#0}>::{closure#0}
[INFO] [stdout]                                at /rustc/dfb0accb7f508ae8be965d8629557221c889dd98/library/test/src/lib.rs:155:21
[INFO] [stdout]   13:     0x5ec108f0b362 - <alloc[2182bb758b4b3781]::boxed::Box<dyn for<'a, 'b> core[df12db4294e9bfd3]::ops::function::Fn<(&'a std[70759c8f55707aa4]::panic::PanicHookInfo<'b>,), Output = ()> + core[df12db4294e9bfd3]::marker::Send + core[df12db4294e9bfd3]::marker::Sync> as core[df12db4294e9bfd3]::ops::function::Fn<(&std[70759c8f55707aa4]::panic::PanicHookInfo,)>>::call
[INFO] [stdout]                                at /rustc/dfb0accb7f508ae8be965d8629557221c889dd98/library/alloc/src/boxed.rs:2334:9
[INFO] [stdout]   14:     0x5ec108f0b362 - std[70759c8f55707aa4]::panicking::panic_with_hook
[INFO] [stdout]                                at /rustc/dfb0accb7f508ae8be965d8629557221c889dd98/library/std/src/panicking.rs:823:13
[INFO] [stdout]   15:     0x5ec108eede32 - std[70759c8f55707aa4]::panicking::panic_handler::{closure#0}
[INFO] [stdout]                                at /rustc/dfb0accb7f508ae8be965d8629557221c889dd98/library/std/src/panicking.rs:688:13
[INFO] [stdout]   16:     0x5ec108ee6a39 - std[70759c8f55707aa4]::sys::backtrace::__rust_end_short_backtrace::<std[70759c8f55707aa4]::panicking::panic_handler::{closure#0}, !>
[INFO] [stdout]                                at /rustc/dfb0accb7f508ae8be965d8629557221c889dd98/library/std/src/sys/backtrace.rs:182:18
[INFO] [stdout]   17:     0x5ec108eeebdd - __rustc[8fa7c3cbc660c2b3]::rust_begin_unwind
[INFO] [stdout]                                at /rustc/dfb0accb7f508ae8be965d8629557221c889dd98/library/std/src/panicking.rs:679:5
[INFO] [stdout]   18:     0x5ec108f2874c - core[df12db4294e9bfd3]::panicking::panic_fmt
[INFO] [stdout]                                at /rustc/dfb0accb7f508ae8be965d8629557221c889dd98/library/core/src/panicking.rs:80:14
[INFO] [stdout]   19:     0x5ec108f28643 - core[df12db4294e9bfd3]::panicking::assert_failed_inner
[INFO] [stdout]                                at /rustc/dfb0accb7f508ae8be965d8629557221c889dd98/library/core/src/panicking.rs:447:23
[INFO] [stdout]   20:     0x5ec108e6662e - core[df12db4294e9bfd3]::panicking::assert_failed::<core[df12db4294e9bfd3]::option::Option<i32>, core[df12db4294e9bfd3]::option::Option<i32>>
[INFO] [stdout]                                at /rustc/dfb0accb7f508ae8be965d8629557221c889dd98/library/core/src/panicking.rs:407:5
[INFO] [stdout]   21:     0x5ec108e6b6d2 - exec_command[badaab348eb5cca2]::unreadable_token_file_is_exit_1_without_leaking_content
[INFO] [stdout]                                at /opt/rustwide/workdir/crates/kiro-trust/tests/exec_command.rs:394:5
[INFO] [stdout]   22:     0x5ec108e66e07 - exec_command[badaab348eb5cca2]::unreadable_token_file_is_exit_1_without_leaking_content::{closure#0}
[INFO] [stdout]                                at /opt/rustwide/workdir/crates/kiro-trust/tests/exec_command.rs:376:61
[INFO] [stdout]   23:     0x5ec108e71e76 - <exec_command[badaab348eb5cca2]::unreadable_token_file_is_exit_1_without_leaking_content::{closure#0} as core[df12db4294e9bfd3]::ops::function::FnOnce<()>>::call_once
[INFO] [stdout]                                at /rustc/dfb0accb7f508ae8be965d8629557221c889dd98/library/core/src/ops/function.rs:250:5
[INFO] [stdout]   24:     0x5ec108e7b94b - <fn() -> core[df12db4294e9bfd3]::result::Result<(), alloc[2182bb758b4b3781]::string::String> as core[df12db4294e9bfd3]::ops::function::FnOnce<()>>::call_once
[INFO] [stdout]                                at /rustc/dfb0accb7f508ae8be965d8629557221c889dd98/library/core/src/ops/function.rs:250:5
[INFO] [stdout]   25:     0x5ec108e7b94b - test[9d35eded1c95d3be]::__rust_begin_short_backtrace::<core[df12db4294e9bfd3]::result::Result<(), alloc[2182bb758b4b3781]::string::String>, fn() -> core[df12db4294e9bfd3]::result::Result<(), alloc[2182bb758b4b3781]::string::String>>
[INFO] [stdout]                                at /rustc/dfb0accb7f508ae8be965d8629557221c889dd98/library/test/src/lib.rs:733:18
[INFO] [stdout]   26:     0x5ec108e88fb5 - test[9d35eded1c95d3be]::run_test_in_process::{closure#0}
[INFO] [stdout]                                at /rustc/dfb0accb7f508ae8be965d8629557221c889dd98/library/test/src/lib.rs:756:74
[INFO] [stdout]   27:     0x5ec108e88fb5 - <core[df12db4294e9bfd3]::panic::unwind_safe::AssertUnwindSafe<test[9d35eded1c95d3be]::run_test_in_process::{closure#0}> as core[df12db4294e9bfd3]::ops::function::FnOnce<()>>::call_once
[INFO] [stdout]                                at /rustc/dfb0accb7f508ae8be965d8629557221c889dd98/library/core/src/panic/unwind_safe.rs:275:9
[INFO] [stdout]   28:     0x5ec108e88fb5 - std[70759c8f55707aa4]::panicking::catch_unwind::do_call::<core[df12db4294e9bfd3]::panic::unwind_safe::AssertUnwindSafe<test[9d35eded1c95d3be]::run_test_in_process::{closure#0}>, core[df12db4294e9bfd3]::result::Result<(), alloc[2182bb758b4b3781]::string::String>>
[INFO] [stdout]                                at /rustc/dfb0accb7f508ae8be965d8629557221c889dd98/library/std/src/panicking.rs:576:43
[INFO] [stdout]   29:     0x5ec108e88fb5 - std[70759c8f55707aa4]::panicking::catch_unwind::<core[df12db4294e9bfd3]::result::Result<(), alloc[2182bb758b4b3781]::string::String>, core[df12db4294e9bfd3]::panic::unwind_safe::AssertUnwindSafe<test[9d35eded1c95d3be]::run_test_in_process::{closure#0}>>
[INFO] [stdout]                                at /rustc/dfb0accb7f508ae8be965d8629557221c889dd98/library/std/src/panicking.rs:544:19
[INFO] [stdout]   30:     0x5ec108e88fb5 - std[70759c8f55707aa4]::panic::catch_unwind::<core[df12db4294e9bfd3]::panic::unwind_safe::AssertUnwindSafe<test[9d35eded1c95d3be]::run_test_in_process::{closure#0}>, core[df12db4294e9bfd3]::result::Result<(), alloc[2182bb758b4b3781]::string::String>>
[INFO] [stdout]                                at /rustc/dfb0accb7f508ae8be965d8629557221c889dd98/library/std/src/panic.rs:359:14
[INFO] [stdout]   31:     0x5ec108e88fb5 - test[9d35eded1c95d3be]::run_test_in_process
[INFO] [stdout]                                at /rustc/dfb0accb7f508ae8be965d8629557221c889dd98/library/test/src/lib.rs:756:27
[INFO] [stdout]   32:     0x5ec108e88fb5 - test[9d35eded1c95d3be]::run_test::{closure#0}
[INFO] [stdout]                                at /rustc/dfb0accb7f508ae8be965d8629557221c889dd98/library/test/src/lib.rs:677:43
[INFO] [stdout]   33:     0x5ec108e82874 - test[9d35eded1c95d3be]::run_test::{closure#1}
[INFO] [stdout]                                at /rustc/dfb0accb7f508ae8be965d8629557221c889dd98/library/test/src/lib.rs:707:41
[INFO] [stdout]   34:     0x5ec108e82874 - std[70759c8f55707aa4]::sys::backtrace::__rust_begin_short_backtrace::<test[9d35eded1c95d3be]::run_test::{closure#1}, ()>
[INFO] [stdout]                                at /rustc/dfb0accb7f508ae8be965d8629557221c889dd98/library/std/src/sys/backtrace.rs:166:18
[INFO] [stdout]   35:     0x5ec108e8c112 - std[70759c8f55707aa4]::thread::lifecycle::spawn_unchecked::<test[9d35eded1c95d3be]::run_test::{closure#1}, ()>::{closure#1}::{closure#0}
[INFO] [stdout]                                at /rustc/dfb0accb7f508ae8be965d8629557221c889dd98/library/std/src/thread/lifecycle.rs:70:13
[INFO] [stdout]   36:     0x5ec108e8c112 - <core[df12db4294e9bfd3]::panic::unwind_safe::AssertUnwindSafe<std[70759c8f55707aa4]::thread::lifecycle::spawn_unchecked<test[9d35eded1c95d3be]::run_test::{closure#1}, ()>::{closure#1}::{closure#0}> as core[df12db4294e9bfd3]::ops::function::FnOnce<()>>::call_once
[INFO] [stdout]                                at /rustc/dfb0accb7f508ae8be965d8629557221c889dd98/library/core/src/panic/unwind_safe.rs:275:9
[INFO] [stdout]   37:     0x5ec108e8c112 - std[70759c8f55707aa4]::panicking::catch_unwind::do_call::<core[df12db4294e9bfd3]::panic::unwind_safe::AssertUnwindSafe<std[70759c8f55707aa4]::thread::lifecycle::spawn_unchecked<test[9d35eded1c95d3be]::run_test::{closure#1}, ()>::{closure#1}::{closure#0}>, ()>
[INFO] [stdout]                                at /rustc/dfb0accb7f508ae8be965d8629557221c889dd98/library/std/src/panicking.rs:576:43
[INFO] [stdout]   38:     0x5ec108e8c112 - std[70759c8f55707aa4]::panicking::catch_unwind::<(), core[df12db4294e9bfd3]::panic::unwind_safe::AssertUnwindSafe<std[70759c8f55707aa4]::thread::lifecycle::spawn_unchecked<test[9d35eded1c95d3be]::run_test::{closure#1}, ()>::{closure#1}::{closure#0}>>
[INFO] [stdout]                                at /rustc/dfb0accb7f508ae8be965d8629557221c889dd98/library/std/src/panicking.rs:544:19
[INFO] [stdout]   39:     0x5ec108e8c112 - std[70759c8f55707aa4]::panic::catch_unwind::<core[df12db4294e9bfd3]::panic::unwind_safe::AssertUnwindSafe<std[70759c8f55707aa4]::thread::lifecycle::spawn_unchecked<test[9d35eded1c95d3be]::run_test::{closure#1}, ()>::{closure#1}::{closure#0}>, ()>
[INFO] [stdout]                                at /rustc/dfb0accb7f508ae8be965d8629557221c889dd98/library/std/src/panic.rs:359:14
[INFO] [stdout]   40:     0x5ec108e8c112 - std[70759c8f55707aa4]::thread::lifecycle::spawn_unchecked::<test[9d35eded1c95d3be]::run_test::{closure#1}, ()>::{closure#1}
[INFO] [stdout]                                at /rustc/dfb0accb7f508ae8be965d8629557221c889dd98/library/std/src/thread/lifecycle.rs:68:26
[INFO] [stdout]   41:     0x5ec108e8c112 - <std[70759c8f55707aa4]::thread::lifecycle::spawn_unchecked<test[9d35eded1c95d3be]::run_test::{closure#1}, ()>::{closure#1} as core[df12db4294e9bfd3]::ops::function::FnOnce<()>>::call_once::{shim:vtable#0}
[INFO] [stdout]                                at /rustc/dfb0accb7f508ae8be965d8629557221c889dd98/library/core/src/ops/function.rs:250:5
[INFO] [stdout]   42:     0x5ec108f12fb9 - <alloc[2182bb758b4b3781]::boxed::Box<dyn core[df12db4294e9bfd3]::ops::function::FnOnce<(), Output = ()> + core[df12db4294e9bfd3]::marker::Send> as core[df12db4294e9bfd3]::ops::function::FnOnce<()>>::call_once
[INFO] [stdout]                                at /rustc/dfb0accb7f508ae8be965d8629557221c889dd98/library/alloc/src/boxed.rs:2320:9
[INFO] [stdout]   43:     0x5ec108f12fb9 - <std[70759c8f55707aa4]::sys::thread::unix::Thread>::new::thread_start
[INFO] [stdout]                                at /rustc/dfb0accb7f508ae8be965d8629557221c889dd98/library/std/src/sys/thread/unix.rs:123:17
[INFO] [stdout]   44:     0x731aebe3cdfa - <unknown>
[INFO] [stdout]   45:     0x731aebed03d4 - clone
[INFO] [stdout]   46:                0x0 - <unknown>
[INFO] [stdout] 
[INFO] [stdout] 
[INFO] [stdout] failures:
[INFO] [stdout]     unreadable_token_file_is_exit_1_without_leaking_content
[INFO] [stdout] 
[INFO] [stdout] test result: FAILED. 11 passed; 1 failed; 0 ignored; 0 measured; 0 filtered out; finished in 0.52s
[INFO] [stdout] 
[INFO] [stderr] error: test failed, to rerun pass `-p kiro-trust --test exec_command`
[INFO] running `Command { std: "docker" "inspect" "ce4028bea5fbe7b615b03f131026f79fa4db1e75b92c3014bb023021c79a0a8e", kill_on_drop: false }`
[INFO] running `Command { std: "docker" "rm" "-f" "ce4028bea5fbe7b615b03f131026f79fa4db1e75b92c3014bb023021c79a0a8e", kill_on_drop: false }`
[INFO] [stdout] ce4028bea5fbe7b615b03f131026f79fa4db1e75b92c3014bb023021c79a0a8e
