[INFO] cloning repository https://github.com/bddap-bot/egdod
[INFO] running `Command { std: "git" "-c" "credential.helper=" "-c" "credential.helper=/workspace/cargo-home/bin/git-credential-null" "clone" "--bare" "https://github.com/bddap-bot/egdod" "/workspace/cache/git-repos/https%3A%2F%2Fgithub.com%2Fbddap-bot%2Fegdod", kill_on_drop: false }`
[INFO] [stderr] Cloning into bare repository '/workspace/cache/git-repos/https%3A%2F%2Fgithub.com%2Fbddap-bot%2Fegdod'...
[INFO] running `Command { std: "git" "rev-parse" "HEAD", kill_on_drop: false }`
[INFO] [stdout] 84e90dcb533c03f3dff9bb2836e524afb7deb8f6
[INFO] testing bddap-bot/egdod against 1.99.0-beta.8 for beta-1.100-2
[INFO] running `Command { std: "git" "clone" "/workspace/cache/git-repos/https%3A%2F%2Fgithub.com%2Fbddap-bot%2Fegdod" "/workspace/builds/worker-5-tc1/source", kill_on_drop: false }`
[INFO] [stderr] Cloning into '/workspace/builds/worker-5-tc1/source'...
[INFO] [stderr] done.
[INFO] started tweaking git repo https://github.com/bddap-bot/egdod
[INFO] finished tweaking git repo https://github.com/bddap-bot/egdod
[INFO] tweaked toml for git repo https://github.com/bddap-bot/egdod written to /workspace/builds/worker-5-tc1/source/Cargo.toml
[INFO] validating manifest of git repo https://github.com/bddap-bot/egdod on toolchain 1.99.0-beta.8
[INFO] running `Command { std: CARGO_HOME="/workspace/cargo-home" RUSTUP_HOME="/workspace/rustup-home" "/workspace/cargo-home/bin/cargo" "+1.99.0-beta.8" "metadata" "--manifest-path" "Cargo.toml" "--no-deps", kill_on_drop: false }`
[INFO] crate git repo https://github.com/bddap-bot/egdod already has a lockfile, it will not be regenerated
[INFO] running `Command { std: CARGO_HOME="/workspace/cargo-home" RUSTUP_HOME="/workspace/rustup-home" "/workspace/cargo-home/bin/cargo" "+1.99.0-beta.8" "fetch" "--manifest-path" "Cargo.toml", kill_on_drop: false }`
[INFO] [stderr]     Updating crates.io index
[INFO] [stderr]     Blocking waiting for file lock on package cache
[INFO] [stderr]  Downloading crates ...
[INFO] [stderr]   Downloaded postcard-derive v0.2.2
[INFO] [stderr]   Downloaded iroh v1.0.3
[INFO] [stderr]   Downloaded portmapper v0.19.1
[INFO] [stderr]   Downloaded wmi v0.18.4
[INFO] [stderr]   Downloaded netwatch v0.19.1
[INFO] [stderr]   Downloaded objc2-security v0.3.2
[INFO] [stderr]   Downloaded netlink-proto v0.12.1
[INFO] [stderr]   Downloaded netlink-packet-core v0.8.1
[INFO] [stderr]   Downloaded netdev v0.45.0
[INFO] [stderr]   Downloaded plist v1.10.0
[INFO] [stderr]   Downloaded netlink-packet-route v0.31.0
[INFO] [stderr]   Downloaded objc2-core-wlan v0.3.2
[INFO] [stderr]   Downloaded objc2-security-foundation v0.3.2
[INFO] [stderr]   Downloaded mac-addr v0.3.0
[INFO] [stderr]   Downloaded dlopen2 v0.8.2
[INFO] [stderr]   Downloaded n0-watcher v1.0.0
[INFO] [stderr]   Downloaded n0-future v0.3.2
[INFO] [stderr]   Downloaded futures-buffered v0.2.13
[INFO] [stderr]   Downloaded diatomic-waker v0.2.3
[INFO] [stderr]   Downloaded cordyceps v0.3.4
[INFO] [stderr]   Downloaded n0-error v1.0.0
[INFO] [stderr]   Downloaded iroh-metrics-derive v1.0.1
[INFO] [stderr]   Downloaded n0-error-macros v1.0.0
[INFO] [stderr]   Downloaded igd-next v0.17.1
[INFO] [stderr]   Downloaded iroh-metrics v1.0.1
[INFO] [stderr]   Downloaded xmltree v0.10.3
[INFO] [stderr]   Downloaded identity-hash v0.1.0
[INFO] [stderr]   Downloaded enum-assoc v1.3.0
[INFO] [stderr]   Downloaded sorted-index-buffer v0.2.1
[INFO] [stderr]   Downloaded seize v0.5.1
[INFO] [stderr]   Downloaded papaya v0.2.4
[INFO] [stderr]   Downloaded noq-proto v1.1.0
[INFO] [stderr]   Downloaded ws_stream_wasm v0.7.5
[INFO] [stderr]   Downloaded pharos v0.5.3
[INFO] [stderr]   Downloaded async_io_stream v0.3.3
[INFO] [stderr]   Downloaded noq v1.1.0
[INFO] [stderr]   Downloaded iroh-relay v1.0.3
[INFO] [stderr]   Downloaded iroh-dns v1.0.3
[INFO] [stderr]   Downloaded iroh-base v1.0.3
[INFO] [stderr]   Downloaded simple-dns v0.11.3
[INFO] [stderr]   Downloaded tokio-websockets v0.13.3
[INFO] [stderr]   Downloaded lru v0.18.1
[INFO] [stderr]   Downloaded data-encoding-macro v0.1.20
[INFO] [stderr]   Downloaded data-encoding-macro-internal v0.1.18
[INFO] [stderr]   Downloaded hickory-resolver v0.26.1
[INFO] [stderr]   Downloaded hickory-net v0.26.1
[INFO] [stderr]   Downloaded hickory-proto v0.26.1
[INFO] [stderr]   Downloaded prefix-trie v0.8.4
[INFO] [stderr]   Downloaded backon v1.6.0
[INFO] [stderr]   Downloaded bluer v0.17.4
[INFO] [stderr]   Downloaded dbus-tokio v0.7.6
[INFO] [stderr]   Downloaded custom_debug v0.6.2
[INFO] [stderr]   Downloaded dbus-crossroads v0.5.3
[INFO] [stderr]   Downloaded custom_debug_derive v0.6.2
[INFO] [stderr]   Downloaded macaddr v1.0.1
[INFO] running `Command { std: "docker" "create" "-v" "/var/lib/crater-agent-workspace/builds/worker-5-tc1/source:/opt/rustwide/workdir:ro,Z" "-v" "/var/lib/crater-agent-workspace/builds/worker-5-tc1/target:/opt/rustwide/target:rw,Z" "-v" "/var/lib/crater-agent-workspace/cargo-home:/opt/rustwide/cargo-home:ro,Z" "-v" "/var/lib/crater-agent-workspace/rustup-home:/opt/rustwide/rustup-home:ro,Z" "-m" "1610612736" "--network" "none" "ghcr.io/rust-lang/crates-build-env/linux@sha256:3111399a4047eeb3a02b7a90e478d715f38a8c6669b5c4b49d30a17385265909" "sleep" "infinity", kill_on_drop: false }`
[INFO] [stdout] a4c88a011dcf5dda74a7980378ddc89a232aaf9de9154f62d49ffe9b0ae2ffee
[INFO] running `Command { std: "docker" "start" "a4c88a011dcf5dda74a7980378ddc89a232aaf9de9154f62d49ffe9b0ae2ffee", kill_on_drop: false }`
[INFO] running `Command { std: "docker" "inspect" "a4c88a011dcf5dda74a7980378ddc89a232aaf9de9154f62d49ffe9b0ae2ffee", kill_on_drop: false }`
[INFO] running `Command { std: "docker" "exec" "-e" "SOURCE_DIR=/opt/rustwide/workdir" "-e" "CARGO_HOME=/opt/rustwide/cargo-home" "-e" "RUSTUP_HOME=/opt/rustwide/rustup-home" "-e" "CARGO_TARGET_DIR=/opt/rustwide/target" "-w" "/opt/rustwide/workdir" "--user" "0:0" "a4c88a011dcf5dda74a7980378ddc89a232aaf9de9154f62d49ffe9b0ae2ffee" "/opt/rustwide/cargo-home/bin/cargo" "+1.99.0-beta.8" "metadata" "--no-deps" "--format-version=1", kill_on_drop: false }`
[INFO] running `Command { std: "docker" "inspect" "a4c88a011dcf5dda74a7980378ddc89a232aaf9de9154f62d49ffe9b0ae2ffee", kill_on_drop: false }`
[INFO] running `Command { std: "docker" "exec" "-e" "SOURCE_DIR=/opt/rustwide/workdir" "-e" "CARGO_HOME=/opt/rustwide/cargo-home" "-e" "RUSTUP_HOME=/opt/rustwide/rustup-home" "-e" "CARGO_TARGET_DIR=/opt/rustwide/target" "-e" "CARGO_INCREMENTAL=0" "-e" "RUST_BACKTRACE=full" "-e" "RUSTFLAGS=--cap-lints=warn" "-e" "RUSTDOCFLAGS=--cap-lints=warn" "-w" "/opt/rustwide/workdir" "--user" "0:0" "a4c88a011dcf5dda74a7980378ddc89a232aaf9de9154f62d49ffe9b0ae2ffee" "/opt/rustwide/cargo-home/bin/cargo" "+1.99.0-beta.8" "build" "--frozen" "--message-format=json", kill_on_drop: false }`
[INFO] [stderr]    Compiling proc-macro2 v1.0.107
[INFO] [stderr]    Compiling quote v1.0.47
[INFO] [stderr]    Compiling unicode-ident v1.0.24
[INFO] [stderr]    Compiling libc v0.2.189
[INFO] [stderr]    Compiling serde_core v1.0.229
[INFO] [stderr]    Compiling serde v1.0.229
[INFO] [stderr]    Compiling futures-core v0.3.33
[INFO] [stderr]    Compiling bytes v1.12.1
[INFO] [stderr]    Compiling futures-io v0.3.33
[INFO] [stderr]    Compiling futures-sink v0.3.33
[INFO] [stderr]    Compiling memchr v2.8.3
[INFO] [stderr]    Compiling slab v0.4.12
[INFO] [stderr]    Compiling log v0.4.33
[INFO] [stderr]    Compiling futures-task v0.3.33
[INFO] [stderr]    Compiling typenum v1.20.1
[INFO] [stderr]    Compiling portable-atomic v1.14.0
[INFO] [stderr]    Compiling shlex v2.0.1
[INFO] [stderr]    Compiling futures-channel v0.3.33
[INFO] [stderr]    Compiling cfg_aliases v0.2.2
[INFO] [stderr]    Compiling critical-section v1.2.0
[INFO] [stderr]    Compiling rand_core v0.10.1
[INFO] [stderr]    Compiling subtle v2.6.1
[INFO] [stderr]    Compiling smallvec v1.15.2
[INFO] [stderr]    Compiling cc v1.4.0
[INFO] [stderr]    Compiling generic-array v0.14.7
[INFO] [stderr]    Compiling getrandom v0.4.3
[INFO] [stderr]    Compiling cpufeatures v0.3.0
[INFO] [stderr]    Compiling semver v1.0.28
[INFO] [stderr]    Compiling allocator-api2 v0.2.21
[INFO] [stderr]    Compiling untrusted v0.9.0
[INFO] [stderr]    Compiling foldhash v0.2.0
[INFO] [stderr]    Compiling thiserror v2.0.19
[INFO] [stderr]    Compiling cpufeatures v0.2.17
[INFO] [stderr]    Compiling rustls v0.23.42
[INFO] [stderr]    Compiling chacha20 v0.10.1
[INFO] [stderr]    Compiling form_urlencoded v1.2.2
[INFO] [stderr]    Compiling heck v0.5.0
[INFO] [stderr]    Compiling unicode-segmentation v1.13.3
[INFO] [stderr]    Compiling bitflags v2.13.1
[INFO] [stderr]    Compiling autocfg v1.5.1
[INFO] [stderr]    Compiling http v1.4.2
[INFO] [stderr]    Compiling rustc_version v0.4.1
[INFO] [stderr]    Compiling hashbrown v0.17.1
[INFO] [stderr]    Compiling rustversion v1.0.23
[INFO] [stderr]    Compiling base64ct v1.8.3
[INFO] [stderr]    Compiling opaque-debug v0.3.1
[INFO] [stderr]    Compiling crossbeam-utils v0.8.22
[INFO] [stderr]    Compiling try-lock v0.2.5
[INFO] [stderr]    Compiling const-oid v0.10.2
[INFO] [stderr]    Compiling fastrand v2.5.0
[INFO] [stderr]    Compiling pem-rfc7468 v1.0.0
[INFO] [stderr]    Compiling want v0.3.1
[INFO] [stderr]    Compiling num-traits v0.2.19
[INFO] [stderr]    Compiling tinyvec v1.12.0
[INFO] [stderr]    Compiling n0-future v0.3.2
[INFO] [stderr]    Compiling convert_case v0.10.0
[INFO] [stderr]    Compiling syn v2.0.119
[INFO] [stderr]    Compiling syn v3.0.3
[INFO] [stderr]    Compiling strsim v0.11.1
[INFO] [stderr]    Compiling data-encoding v2.11.0
[INFO] [stderr]    Compiling diatomic-waker v0.2.3
[INFO] [stderr]    Compiling hybrid-array v0.4.13
[INFO] [stderr]    Compiling winnow v1.0.4
[INFO] [stderr]    Compiling spin v0.10.1
[INFO] [stderr]    Compiling cordyceps v0.3.4
[INFO] [stderr]    Compiling futures-lite v2.6.1
[INFO] [stderr]    Compiling http-body v1.1.0
[INFO] [stderr]    Compiling indexmap v2.14.0
[INFO] [stderr]    Compiling futures-buffered v0.2.13
[INFO] [stderr]    Compiling curve25519-dalek v5.0.0
[INFO] [stderr]    Compiling noq-udp v1.1.0 (/opt/rustwide/workdir/vendor/noq-udp)
[INFO] [stderr]    Compiling toml_datetime v1.1.1+spec-1.1.0
[INFO] [stderr]    Compiling base16ct v1.0.0
[INFO] [stderr]    Compiling either v1.17.0
[INFO] [stderr]    Compiling inout v0.1.4
[INFO] [stderr]    Compiling block-buffer v0.12.1
[INFO] [stderr]    Compiling crypto-common v0.2.2
[INFO] [stderr]    Compiling zmij v1.0.23
[INFO] [stderr]    Compiling ring v0.17.14
[INFO] [stderr]    Compiling pkg-config v0.3.34
[INFO] [stderr]    Compiling crossbeam-epoch v0.9.20
[INFO] [stderr]    Compiling netlink-packet-core v0.8.1
[INFO] [stderr]    Compiling signature v3.0.0
[INFO] [stderr]    Compiling ident_case v1.0.1
[INFO] [stderr]    Compiling serde_json v1.0.151
[INFO] [stderr]    Compiling crossbeam-channel v0.5.16
[INFO] [stderr]    Compiling http-body-util v0.1.4
[INFO] [stderr]    Compiling heapless v0.7.17
[INFO] [stderr]    Compiling getrandom v0.2.17
[INFO] [stderr]    Compiling socket2 v0.6.5
[INFO] [stderr]    Compiling errno v0.3.14
[INFO] [stderr]    Compiling mio v1.2.2
[INFO] [stderr]    Compiling libdbus-sys v0.2.7
[INFO] [stderr]    Compiling parking_lot_core v0.9.12
[INFO] [stderr]    Compiling signal-hook-registry v1.4.8
[INFO] [stderr]    Compiling rand_core v0.6.4
[INFO] [stderr]    Compiling rand v0.10.2
[INFO] [stderr]    Compiling toml_parser v1.1.2+spec-1.1.0
[INFO] [stderr]    Compiling digest v0.11.3
[INFO] [stderr]    Compiling crypto-common v0.1.7
[INFO] [stderr]    Compiling uuid v1.24.0
[INFO] [stderr]    Compiling parking_lot v0.12.5
[INFO] [stderr]    Compiling universal-hash v0.5.1
[INFO] [stderr]    Compiling aead v0.5.2
[INFO] [stderr]    Compiling sync_wrapper v1.0.2
[INFO] [stderr]    Compiling polyval v0.6.2
[INFO] [stderr]    Compiling netdev v0.45.0
[INFO] [stderr]    Compiling tagptr v0.2.0
[INFO] [stderr]    Compiling sha2 v0.11.0
[INFO] [stderr]    Compiling byteorder v1.5.0
[INFO] [stderr]    Compiling openssl-probe v0.2.1
[INFO] [stderr]    Compiling netlink-packet-route v0.31.0
[INFO] [stderr]    Compiling toml_edit v0.25.13+spec-1.1.0
[INFO] [stderr]    Compiling blake3 v1.8.5
[INFO] [stderr]    Compiling spin v0.9.9
[INFO] [stderr]    Compiling ghash v0.5.1
[INFO] [stderr]    Compiling hash32 v0.2.1
[INFO] [stderr]    Compiling rand_pcg v0.10.2
[INFO] [stderr]    Compiling netwatch v0.19.1
[INFO] [stderr]    Compiling iroh-dns v1.0.3
[INFO] [stderr]    Compiling noq v1.1.0
[INFO] [stderr]    Compiling time-core v0.1.9
[INFO] [stderr]    Compiling num-conv v0.2.2
[INFO] [stderr]    Compiling identity-hash v0.1.0
[INFO] [stderr]    Compiling resolv-conf v0.7.6
[INFO] [stderr]    Compiling mac-addr v0.3.0
[INFO] [stderr]    Compiling utf8parse v0.2.2
[INFO] [stderr]    Compiling deranged v0.5.8
[INFO] [stderr]    Compiling powerfmt v0.2.0
[INFO] [stderr]    Compiling lru-slab v0.1.2
[INFO] [stderr]    Compiling xml-rs v0.8.28
[INFO] [stderr]    Compiling sorted-index-buffer v0.2.1
[INFO] [stderr]    Compiling rustc-hash v2.1.3
[INFO] [stderr]    Compiling anstyle-parse v1.0.0
[INFO] [stderr]    Compiling arc-swap v1.9.2
[INFO] [stderr]    Compiling curve25519-dalek v4.1.3
[INFO] [stderr]    Compiling simple-dns v0.11.3
[INFO] [stderr]    Compiling iroh-relay v1.0.3
[INFO] [stderr]    Compiling nix v0.29.0
[INFO] [stderr]    Compiling proc-macro-crate v3.5.0
[INFO] [stderr]    Compiling is_terminal_polyfill v1.70.2
[INFO] [stderr]    Compiling colorchoice v1.0.5
[INFO] [stderr]    Compiling sha1_smol v1.0.1
[INFO] [stderr]    Compiling lazy_static v1.5.0
[INFO] [stderr]    Compiling arrayref v0.3.9
[INFO] [stderr]    Compiling regex-syntax v0.8.11
[INFO] [stderr]    Compiling anstyle-query v1.1.5
[INFO] [stderr]    Compiling constant_time_eq v0.4.2
[INFO] [stderr]    Compiling simdutf8 v0.1.5
[INFO] [stderr]    Compiling anstyle v1.0.14
[INFO] [stderr]    Compiling arrayvec v0.7.8
[INFO] [stderr]    Compiling serde_bytes v0.11.19
[INFO] [stderr]    Compiling seize v0.5.1
[INFO] [stderr]    Compiling block-buffer v0.10.4
[INFO] [stderr]    Compiling anstream v1.0.0
[INFO] [stderr]    Compiling lru v0.18.1
[INFO] [stderr]    Compiling iroh v1.0.3
[INFO] [stderr]    Compiling cmov v0.5.4
[INFO] [stderr]    Compiling xmltree v0.10.3
[INFO] [stderr]    Compiling clap_lex v1.1.0
[INFO] [stderr]    Compiling anyhow v1.0.104
[INFO] [stderr]    Compiling rustix v1.1.4
[INFO] [stderr]    Compiling synstructure v0.13.2
[INFO] [stderr]    Compiling darling_core v0.20.11
[INFO] [stderr]    Compiling ctutils v0.4.2
[INFO] [stderr]    Compiling time v0.3.54
[INFO] [stderr]    Compiling clap_builder v4.6.2
[INFO] [stderr]    Compiling papaya v0.2.4
[INFO] [stderr]    Compiling digest v0.10.7
[INFO] [stderr]    Compiling sharded-slab v0.1.7
[INFO] [stderr]    Compiling poly1305 v0.8.0
[INFO] [stderr]    Compiling thread_local v1.1.10
[INFO] [stderr]    Compiling linux-raw-sys v0.12.1
[INFO] [stderr]    Compiling regex-automata v0.4.16
[INFO] [stderr]    Compiling macaddr v1.0.1
[INFO] [stderr]    Compiling hex v0.4.3
[INFO] [stderr]    Compiling nu-ansi-term v0.50.3
[INFO] [stderr]    Compiling serde_derive v1.0.229
[INFO] [stderr]    Compiling thiserror-impl v2.0.19
[INFO] [stderr]    Compiling async-trait v0.1.91
[INFO] [stderr]    Compiling clap_derive v4.6.4
[INFO] [stderr]    Compiling sha2 v0.10.9
[INFO] [stderr]    Compiling zeroize_derive v1.5.0
[INFO] [stderr]    Compiling futures-macro v0.3.33
[INFO] [stderr]    Compiling tokio-macros v2.7.1
[INFO] [stderr]    Compiling zerofrom-derive v0.1.7
[INFO] [stderr]    Compiling yoke-derive v0.8.2
[INFO] [stderr]    Compiling zerovec-derive v0.11.3
[INFO] [stderr]    Compiling displaydoc v0.2.6
[INFO] [stderr]    Compiling zeroize v1.9.0
[INFO] [stderr]    Compiling tracing-attributes v0.1.31
[INFO] [stderr]    Compiling futures-util v0.3.33
[INFO] [stderr]    Compiling tokio v1.53.1
[INFO] [stderr]    Compiling rustls-pki-types v1.15.1
[INFO] [stderr]    Compiling derive_more-impl v2.1.1
[INFO] [stderr]    Compiling cipher v0.4.4
[INFO] [stderr]    Compiling rustls-webpki v0.103.13
[INFO] [stderr]    Compiling n0-error-macros v1.0.0
[INFO] [stderr]    Compiling spez v0.1.2
[INFO] [stderr]    Compiling pin-project-internal v1.1.13
[INFO] [stderr]    Compiling der v0.8.1
[INFO] [stderr]    Compiling zerofrom v0.1.8
[INFO] [stderr]    Compiling yoke v0.8.3
[INFO] [stderr]    Compiling curve25519-dalek-derive v0.1.1
[INFO] [stderr]    Compiling ctr v0.9.2
[INFO] [stderr]    Compiling zerovec v0.11.6
[INFO] [stderr]    Compiling zerotrie v0.2.4
[INFO] [stderr]    Compiling aes v0.8.4
[INFO] [stderr]    Compiling n0-error v1.0.0
[INFO] [stderr]    Compiling data-encoding-macro-internal v0.1.18
[INFO] [stderr]    Compiling rustls-native-certs v0.8.4
[INFO] [stderr]    Compiling pin-project v1.1.13
[INFO] [stderr]    Compiling tinystr v0.8.3
[INFO] [stderr]    Compiling potential_utf v0.1.5
[INFO] [stderr]    Compiling data-encoding-macro v0.1.20
[INFO] [stderr]    Compiling darling_macro v0.20.11
[INFO] [stderr]    Compiling iroh-metrics-derive v1.0.1
[INFO] [stderr]    Compiling icu_collections v2.2.0
[INFO] [stderr]    Compiling icu_locale_core v2.2.0
[INFO] [stderr]    Compiling aes-gcm v0.10.3
[INFO] [stderr]    Compiling strum_macros v0.28.0
[INFO] [stderr]    Compiling enum-assoc v1.3.0
[INFO] [stderr]    Compiling num_enum_derive v0.7.6
[INFO] [stderr]    Compiling darling v0.20.11
[INFO] [stderr]    Compiling cobs v0.3.0
[INFO] [stderr]    Compiling postcard-derive v0.2.2
[INFO] [stderr]    Compiling custom_debug_derive v0.6.2
[INFO] [stderr]    Compiling spki v0.8.0
[INFO] [stderr]    Compiling webpki-roots v1.0.9
[INFO] [stderr]    Compiling pkcs8 v0.11.0
[INFO] [stderr]    Compiling strum_macros v0.26.4
[INFO] [stderr]    Compiling custom_debug v0.6.2
[INFO] [stderr]    Compiling matchers v0.2.0
[INFO] [stderr]    Compiling chacha20 v0.9.1
[INFO] [stderr]    Compiling num-derive v0.4.2
[INFO] [stderr]    Compiling clap v4.6.4
[INFO] [stderr]    Compiling num_enum v0.7.6
[INFO] [stderr]    Compiling chacha20poly1305 v0.10.1
[INFO] [stderr]    Compiling icu_provider v2.2.0
[INFO] [stderr]    Compiling ipnet v2.12.0
[INFO] [stderr]    Compiling serdect v0.4.3
[INFO] [stderr]    Compiling ed25519 v3.0.0
[INFO] [stderr]    Compiling icu_properties v2.2.0
[INFO] [stderr]    Compiling icu_normalizer v2.2.0
[INFO] [stderr]    Compiling prefix-trie v0.8.4
[INFO] [stderr]    Compiling bluer v0.17.4
[INFO] [stderr]    Compiling once_cell v1.21.4
[INFO] [stderr]    Compiling moka v0.12.15
[INFO] [stderr]    Compiling tracing-core v0.1.36
[INFO] [stderr]    Compiling postcard v1.1.3
[INFO] [stderr]    Compiling x25519-dalek v2.0.1
[INFO] [stderr]    Compiling derive_more v2.1.1
[INFO] [stderr]    Compiling futures-executor v0.3.33
[INFO] [stderr]    Compiling dbus v0.9.12
[INFO] [stderr]    Compiling tracing v0.1.44
[INFO] [stderr]    Compiling tracing-log v0.2.0
[INFO] [stderr]    Compiling strum v0.28.0
[INFO] [stderr]    Compiling futures v0.3.33
[INFO] [stderr]    Compiling iroh-metrics v1.0.1
[INFO] [stderr]    Compiling tracing-subscriber v0.3.23
[INFO] [stderr]    Compiling idna_adapter v1.2.2
[INFO] [stderr]    Compiling idna v1.1.0
[INFO] [stderr]    Compiling ed25519-dalek v3.0.0
[INFO] [stderr]    Compiling strum v0.26.3
[INFO] [stderr]    Compiling url v2.5.8
[INFO] [stderr]    Compiling hickory-proto v0.26.1
[INFO] [stderr]    Compiling iroh-base v1.0.3
[INFO] [stderr]    Compiling attohttpc v0.30.1
[INFO] [stderr]    Compiling tokio-util v0.7.19
[INFO] [stderr]    Compiling netlink-sys v0.8.8
[INFO] [stderr]    Compiling tower v0.5.3
[INFO] [stderr]    Compiling backon v1.6.0
[INFO] [stderr]    Compiling netlink-proto v0.12.1
[INFO] [stderr]    Compiling tower-http v0.6.11
[INFO] [stderr]    Compiling h2 v0.4.15
[INFO] [stderr]    Compiling tokio-stream v0.1.19
[INFO] [stderr]    Compiling n0-watcher v1.0.0
[INFO] [stderr]    Compiling dbus-crossroads v0.5.3
[INFO] [stderr]    Compiling dbus-tokio v0.7.6
[INFO] [stderr]    Compiling tokio-rustls v0.26.4
[INFO] [stderr]    Compiling rustls-platform-verifier v0.7.0
[INFO] [stderr]    Compiling noq-proto v1.1.0
[INFO] [stderr]    Compiling tokio-websockets v0.13.3
[INFO] [stderr]    Compiling hyper v1.11.0
[INFO] [stderr]    Compiling hickory-net v0.26.1
[INFO] [stderr]    Compiling hyper-util v0.1.20
[INFO] [stderr]    Compiling hickory-resolver v0.26.1
[INFO] [stderr]    Compiling hyper-rustls v0.27.9
[INFO] [stderr]    Compiling igd-next v0.17.1
[INFO] [stderr]    Compiling reqwest v0.13.4
[INFO] [stderr]    Compiling portmapper v0.19.1
[INFO] [stderr]    Compiling egdod v0.1.0 (/opt/rustwide/workdir)
[INFO] [stderr]     Finished `dev` profile [unoptimized + debuginfo] target(s) in 3m 02s
[INFO] running `Command { std: "docker" "inspect" "a4c88a011dcf5dda74a7980378ddc89a232aaf9de9154f62d49ffe9b0ae2ffee", kill_on_drop: false }`
[INFO] running `Command { std: "docker" "exec" "-e" "SOURCE_DIR=/opt/rustwide/workdir" "-e" "CARGO_HOME=/opt/rustwide/cargo-home" "-e" "RUSTUP_HOME=/opt/rustwide/rustup-home" "-e" "CARGO_TARGET_DIR=/opt/rustwide/target" "-e" "CARGO_INCREMENTAL=0" "-e" "RUST_BACKTRACE=full" "-e" "RUSTFLAGS=--cap-lints=warn" "-e" "RUSTDOCFLAGS=--cap-lints=warn" "-w" "/opt/rustwide/workdir" "--user" "0:0" "a4c88a011dcf5dda74a7980378ddc89a232aaf9de9154f62d49ffe9b0ae2ffee" "/opt/rustwide/cargo-home/bin/cargo" "+1.99.0-beta.8" "test" "--frozen" "--no-run" "--message-format=json", kill_on_drop: false }`
[INFO] [stderr]    Compiling fastrand v2.5.0
[INFO] [stderr]    Compiling futures-lite v2.6.1
[INFO] [stderr]    Compiling backon v1.6.0
[INFO] [stderr]    Compiling tempfile v3.27.0
[INFO] [stderr]    Compiling n0-future v0.3.2
[INFO] [stderr]    Compiling n0-watcher v1.0.0
[INFO] [stderr]    Compiling iroh-dns v1.0.3
[INFO] [stderr]    Compiling netwatch v0.19.1
[INFO] [stderr]    Compiling portmapper v0.19.1
[INFO] [stderr]    Compiling iroh-relay v1.0.3
[INFO] [stderr]    Compiling iroh v1.0.3
[INFO] [stderr]    Compiling egdod v0.1.0 (/opt/rustwide/workdir)
[INFO] [stderr]     Finished `test` profile [unoptimized + debuginfo] target(s) in 2m 37s
[INFO] running `Command { std: "docker" "inspect" "a4c88a011dcf5dda74a7980378ddc89a232aaf9de9154f62d49ffe9b0ae2ffee", kill_on_drop: false }`
[INFO] running `Command { std: "docker" "exec" "-e" "SOURCE_DIR=/opt/rustwide/workdir" "-e" "CARGO_HOME=/opt/rustwide/cargo-home" "-e" "RUSTUP_HOME=/opt/rustwide/rustup-home" "-e" "CARGO_TARGET_DIR=/opt/rustwide/target" "-e" "CARGO_INCREMENTAL=0" "-e" "RUST_BACKTRACE=full" "-e" "RUSTFLAGS=--cap-lints=warn" "-e" "RUSTDOCFLAGS=--cap-lints=warn" "-w" "/opt/rustwide/workdir" "--user" "0:0" "a4c88a011dcf5dda74a7980378ddc89a232aaf9de9154f62d49ffe9b0ae2ffee" "/opt/rustwide/cargo-home/bin/cargo" "+1.99.0-beta.8" "test" "--frozen", kill_on_drop: false }`
[INFO] [stderr]     Finished `test` profile [unoptimized + debuginfo] target(s) in 0.63s
[INFO] [stderr]      Running unittests src/lib.rs (/opt/rustwide/target/debug/deps/egdod-fd68431fc58d6d68)
[INFO] [stdout] 
[INFO] [stdout] running 33 tests
[INFO] [stdout] test net::tests::path_classification ... ok
[INFO] [stdout] test net::tests::relay_addr_is_never_reported_as_direct ... ok
[INFO] [stdout] test link::tests::known_vector ... ok
[INFO] [stdout] test link::tests::derivation_is_a_pure_function_of_the_node_id ... ok
[INFO] [stdout] test link::tests::confs_carry_the_raw_psk_not_a_passphrase ... ok
[INFO] [stdout] test ble::tests::advertisement_name_is_derived_from_the_agent_node_id ... ok
[INFO] [stdout] test agent::tests::agent_key_is_stable_across_runs ... ok
[INFO] [stdout] test ble::tests::key_and_frame_boundaries_are_domain_separated ... ok
[INFO] [stdout] test ble::tests::hello_has_one_exact_encoding ... ok
[INFO] [stdout] test proto::tests::missing_and_unreadable_are_distinct_replies ... ok
[INFO] [stdout] test ble::tests::credentials_are_authenticated_and_confined_to_network_syntax ... ok
[INFO] [stdout] test proto::tests::declared_over_the_ceiling_is_refused_unwritten ... ok
[INFO] [stdout] test pipe::tests::splices_both_directions_and_propagates_eof ... ok
[INFO] [stdout] test ssh::tests::civil_dates_match_the_calendar ... ok
[INFO] [stdout] test proto::tests::msg_roundtrip_and_framing ... ok
[INFO] [stdout] test proto::tests::exec_output_under_the_ceiling_arrives_whole_with_its_status ... ok
[INFO] [stdout] test ssh::tests::line_carries_options_and_utc_expiry ... ok
[INFO] [stdout] test net::tests::relay_choice_flags ... ok
[INFO] [stdout] test proto::tests::free_space_is_checked_before_anything_is_created ... ok
[INFO] [stdout] test ssh::tests::rerun_replaces_by_blob_and_keeps_strangers ... ok
[INFO] [stdout] test proto::tests::exec_output_past_the_ceiling_is_cut_and_reported ... ok
[INFO] [stdout] test state::tests::approved_list_tolerates_comments_and_junk ... ok
[INFO] [stdout] test ble::tests::install_is_private_atomic_and_cleans_up_failures ... ok
[INFO] [stdout] test proto::tests::lying_stream_is_cut_at_the_announced_length ... ok
[INFO] [stdout] test state::tests::approval_is_by_pubkey_and_survives_restart ... ok
[INFO] [stdout] test state::tests::key_is_stable_and_private ... ok
[INFO] [stdout] test proto::tests::truncated_transfer_is_rejected ... ok
[INFO] [stdout] test proto::tests::corrupt_transfer_leaves_no_destination ... ok
[INFO] [stdout] test ble::tests::verification_rejects_wrong_identity_proofs ... ok
[INFO] [stdout] test proto::tests::copy_verifies_digest_and_preserves_mode ... ok
[INFO] [stdout] test ble::tests::identity_proofs_bind_both_nodes_and_ephemeral_keys ... ok
[INFO] [stdout] test link::tests::addresses_are_link_local_distinct_and_never_reserved ... ok
[INFO] [stdout] test net::tests::probe_of_a_nonexistent_endpoint_fails ... ok
[INFO] [stdout] 
[INFO] [stdout] test result: ok. 33 passed; 0 failed; 0 ignored; 0 measured; 0 filtered out; finished in 6.08s
[INFO] [stdout] 
[INFO] [stderr]      Running unittests src/main.rs (/opt/rustwide/target/debug/deps/egdod-3b7be31a533ddd9c)
[INFO] [stdout] 
[INFO] [stderr]      Running tests/integration.rs (/opt/rustwide/target/debug/deps/integration-0414f9a9053bd814)
[INFO] [stdout] running 0 tests
[INFO] [stdout] 
[INFO] [stdout] test result: ok. 0 passed; 0 failed; 0 ignored; 0 measured; 0 filtered out; finished in 0.00s
[INFO] [stdout] 
[INFO] [stdout] 
[INFO] [stdout] running 2 tests
[INFO] [stdout] test pending_survives_application_packet_loss ... ok
[INFO] [stdout] test controller_and_agent_over_iroh ... FAILED
[INFO] [stdout] 
[INFO] [stdout] failures:
[INFO] [stdout] 
[INFO] [stdout] ---- controller_and_agent_over_iroh stdout ----
[INFO] [stdout] controller node id: 18038208e184c26bd16c537374d460249ffebab7414454182efdbd8f0075cb1f
[INFO] [stdout] state dir: /tmp/.tmpTfp36B/controller
[INFO] [stdout] agent pubkey: 3acb6000e7cb467399e6b7a40696406dd4dd7d2ca35246c1bcf6415240d49269
[INFO] [stdout] egdod: dial 1: controller 18038208e184c26bd16c537374d460249ffebab7414454182efdbd8f0075cb1f via 127.0.0.1:38512 directly, no relay
[INFO] [stdout] egdod: connected to controller via direct-local (127.0.0.1:38512)
[INFO] [stdout] egdod: waiting for approval: the controller has not approved 3acb6000e7cb467399e6b7a40696406dd4dd7d2ca35246c1bcf6415240d49269 yet
[INFO] [stdout] egdod: dial 2: controller 18038208e184c26bd16c537374d460249ffebab7414454182efdbd8f0075cb1f via 127.0.0.1:38512 directly, no relay
[INFO] [stdout] egdod: connected to controller via direct-local (127.0.0.1:38512)
[INFO] [stdout] egdod: session with 3acb6000e7cb467399e6b7a40696406dd4dd7d2ca35246c1bcf6415240d49269 via direct-local (127.0.0.1:54840)
[INFO] [stdout] egdod: session with 3acb6000e7cb467399e6b7a40696406dd4dd7d2ca35246c1bcf6415240d49269 via direct-local (127.0.0.1:54840)
[INFO] [stdout] egdod: session with 3acb6000e7cb467399e6b7a40696406dd4dd7d2ca35246c1bcf6415240d49269 via direct-local (127.0.0.1:54840)
[INFO] [stdout] pushed /tmp/.tmpTfp36B/up.bin -> /tmp/.tmpTfp36B/target-side.bin (5242880 bytes, sha256 16b632f11cf950dda67dc4c184a3f9e0aa1ffa4c18927bb8977e7da97ca25bca)
[INFO] [stdout] egdod: session with 3acb6000e7cb467399e6b7a40696406dd4dd7d2ca35246c1bcf6415240d49269 via direct-local (127.0.0.1:54840)
[INFO] [stdout] pulled /tmp/.tmpTfp36B/target-side.bin -> /tmp/.tmpTfp36B/down.bin (5242880 bytes, sha256 16b632f11cf950dda67dc4c184a3f9e0aa1ffa4c18927bb8977e7da97ca25bca)
[INFO] [stdout] egdod: session with 3acb6000e7cb467399e6b7a40696406dd4dd7d2ca35246c1bcf6415240d49269 via direct-local (127.0.0.1:54840)
[INFO] [stdout] egdod: session with 3acb6000e7cb467399e6b7a40696406dd4dd7d2ca35246c1bcf6415240d49269 via direct-local (127.0.0.1:54840)
[INFO] [stdout] egdod: session with 3acb6000e7cb467399e6b7a40696406dd4dd7d2ca35246c1bcf6415240d49269 via direct-local (127.0.0.1:54840)
[INFO] [stdout] pulled /tmp/.tmpTfp36B/unreadable.bin -> /tmp/.tmpTfp36B/stolen.bin (6 bytes, sha256 2bb80d537b1da3e38bd30361aa855686bde0eacd7162fef6a25fe97bf527a25b)
[INFO] [stdout] 
[INFO] [stdout] thread 'controller_and_agent_over_iroh' (5577) panicked at tests/integration.rs:253:10:
[INFO] [stdout] an unreadable file must not pull successfully: ()
[INFO] [stdout] stack backtrace:
[INFO] [stdout]    0:     0x5e9ca5d93451 - std[70759c8f55707aa4]::backtrace_rs::backtrace::libunwind::trace
[INFO] [stdout]                                at /rustc/dfb0accb7f508ae8be965d8629557221c889dd98/library/std/src/../../backtrace/src/backtrace/libunwind.rs:117:9
[INFO] [stdout]    1:     0x5e9ca5d93451 - std[70759c8f55707aa4]::backtrace_rs::backtrace::trace_unsynchronized::<std[70759c8f55707aa4]::sys::backtrace::_print_fmt::{closure#1}>
[INFO] [stdout]                                at /rustc/dfb0accb7f508ae8be965d8629557221c889dd98/library/std/src/../../backtrace/src/backtrace/mod.rs:66:14
[INFO] [stdout]    2:     0x5e9ca5d93451 - std[70759c8f55707aa4]::sys::backtrace::_print_fmt
[INFO] [stdout]                                at /rustc/dfb0accb7f508ae8be965d8629557221c889dd98/library/std/src/sys/backtrace.rs:74:9
[INFO] [stdout]    3:     0x5e9ca5d93451 - <<std[70759c8f55707aa4]::sys::backtrace::BacktraceLock>::print::DisplayBacktrace as core[df12db4294e9bfd3]::fmt::Display>::fmt
[INFO] [stdout]                                at /rustc/dfb0accb7f508ae8be965d8629557221c889dd98/library/std/src/sys/backtrace.rs:44:26
[INFO] [stdout]    4:     0x5e9ca5daca1a - <core[df12db4294e9bfd3]::fmt::rt::Argument>::fmt
[INFO] [stdout]                                at /rustc/dfb0accb7f508ae8be965d8629557221c889dd98/library/core/src/fmt/rt.rs:152:76
[INFO] [stdout]    5:     0x5e9ca5daca1a - core[df12db4294e9bfd3]::fmt::write
[INFO] [stdout]    6:     0x5e9ca5d9923c - core[df12db4294e9bfd3]::io::write::default_write_fmt::<alloc[2182bb758b4b3781]::vec::Vec<u8>>
[INFO] [stdout]                                at /rustc/dfb0accb7f508ae8be965d8629557221c889dd98/library/core/src/io/write.rs:402:11
[INFO] [stdout]    7:     0x5e9ca5d9923c - <alloc[2182bb758b4b3781]::vec::Vec<u8> as core[df12db4294e9bfd3]::io::write::Write>::write_fmt
[INFO] [stdout]                                at /rustc/dfb0accb7f508ae8be965d8629557221c889dd98/library/core/src/io/write.rs:335:13
[INFO] [stdout]    8:     0x5e9ca5d6a516 - <std[70759c8f55707aa4]::sys::backtrace::BacktraceLock>::print
[INFO] [stdout]                                at /rustc/dfb0accb7f508ae8be965d8629557221c889dd98/library/std/src/sys/backtrace.rs:47:9
[INFO] [stdout]    9:     0x5e9ca5d6a516 - std[70759c8f55707aa4]::panicking::default_hook::{closure#0}
[INFO] [stdout]                                at /rustc/dfb0accb7f508ae8be965d8629557221c889dd98/library/std/src/panicking.rs:292:27
[INFO] [stdout]   10:     0x5e9ca5d895b9 - std[70759c8f55707aa4]::panicking::default_hook
[INFO] [stdout]                                at /rustc/dfb0accb7f508ae8be965d8629557221c889dd98/library/std/src/panicking.rs:316:9
[INFO] [stdout]   11:     0x5e9ca4393670 - <alloc[2182bb758b4b3781]::boxed::Box<dyn for<'a, 'b> core[df12db4294e9bfd3]::ops::function::Fn<(&'a std[70759c8f55707aa4]::panic::PanicHookInfo<'b>,), Output = ()> + core[df12db4294e9bfd3]::marker::Send + core[df12db4294e9bfd3]::marker::Sync> as core[df12db4294e9bfd3]::ops::function::Fn<(&std[70759c8f55707aa4]::panic::PanicHookInfo,)>>::call
[INFO] [stdout]                                at /rustc/dfb0accb7f508ae8be965d8629557221c889dd98/library/alloc/src/boxed.rs:2334:9
[INFO] [stdout]   12:     0x5e9ca4393670 - test[9d35eded1c95d3be]::test_main_inner::<test[9d35eded1c95d3be]::test_main_static::{closure#0}>::{closure#0}
[INFO] [stdout]                                at /rustc/dfb0accb7f508ae8be965d8629557221c889dd98/library/test/src/lib.rs:155:21
[INFO] [stdout]   13:     0x5e9ca5d898e2 - <alloc[2182bb758b4b3781]::boxed::Box<dyn for<'a, 'b> core[df12db4294e9bfd3]::ops::function::Fn<(&'a std[70759c8f55707aa4]::panic::PanicHookInfo<'b>,), Output = ()> + core[df12db4294e9bfd3]::marker::Send + core[df12db4294e9bfd3]::marker::Sync> as core[df12db4294e9bfd3]::ops::function::Fn<(&std[70759c8f55707aa4]::panic::PanicHookInfo,)>>::call
[INFO] [stdout]                                at /rustc/dfb0accb7f508ae8be965d8629557221c889dd98/library/alloc/src/boxed.rs:2334:9
[INFO] [stdout]   14:     0x5e9ca5d898e2 - std[70759c8f55707aa4]::panicking::panic_with_hook
[INFO] [stdout]                                at /rustc/dfb0accb7f508ae8be965d8629557221c889dd98/library/std/src/panicking.rs:823:13
[INFO] [stdout]   15:     0x5e9ca5d6a5c2 - std[70759c8f55707aa4]::panicking::panic_handler::{closure#0}
[INFO] [stdout]                                at /rustc/dfb0accb7f508ae8be965d8629557221c889dd98/library/std/src/panicking.rs:688:13
[INFO] [stdout]   16:     0x5e9ca5d62929 - std[70759c8f55707aa4]::sys::backtrace::__rust_end_short_backtrace::<std[70759c8f55707aa4]::panicking::panic_handler::{closure#0}, !>
[INFO] [stdout]                                at /rustc/dfb0accb7f508ae8be965d8629557221c889dd98/library/std/src/sys/backtrace.rs:182:18
[INFO] [stdout]   17:     0x5e9ca5d6b66d - __rustc[8fa7c3cbc660c2b3]::rust_begin_unwind
[INFO] [stdout]                                at /rustc/dfb0accb7f508ae8be965d8629557221c889dd98/library/std/src/panicking.rs:679:5
[INFO] [stdout]   18:     0x5e9ca5dad26c - core[df12db4294e9bfd3]::panicking::panic_fmt
[INFO] [stdout]                                at /rustc/dfb0accb7f508ae8be965d8629557221c889dd98/library/core/src/panicking.rs:80:14
[INFO] [stdout]   19:     0x5e9ca5dacf92 - core[df12db4294e9bfd3]::result::unwrap_failed
[INFO] [stdout]                                at /rustc/dfb0accb7f508ae8be965d8629557221c889dd98/library/core/src/result.rs:1871:5
[INFO] [stdout]   20:     0x5e9ca4373e8e - <core[df12db4294e9bfd3]::result::Result<(), anyhow[ef392d895c1035bc]::Error>>::expect_err
[INFO] [stdout]                                at /rustc/dfb0accb7f508ae8be965d8629557221c889dd98/library/core/src/result.rs:1297:22
[INFO] [stdout]   21:     0x5e9ca435ae57 - integration[37f04d1280c569c4]::end_to_end::{closure#0}
[INFO] [stdout]                                at /opt/rustwide/workdir/tests/integration.rs:253:10
[INFO] [stdout]   22:     0x5e9ca437b1c9 - <tokio[6166ddeebac399a2]::time::timeout::Timeout<integration[37f04d1280c569c4]::end_to_end::{closure#0}> as core[df12db4294e9bfd3]::future::future::Future>::poll
[INFO] [stdout]                                at /opt/rustwide/cargo-home/registry/src/index.crates.io-1949cf8c6b5b557f/tokio-1.53.1/src/time/timeout.rs:217:42
[INFO] [stdout]   23:     0x5e9ca435c54d - integration[37f04d1280c569c4]::controller_and_agent_over_iroh::{closure#0}
[INFO] [stdout]                                at /opt/rustwide/workdir/tests/integration.rs:45:10
[INFO] [stdout]   24:     0x5e9ca437b3d2 - <core[df12db4294e9bfd3]::pin::Pin<&mut dyn core[df12db4294e9bfd3]::future::future::Future<Output = ()>> as core[df12db4294e9bfd3]::future::future::Future>::poll
[INFO] [stdout]                                at /rustc/dfb0accb7f508ae8be965d8629557221c889dd98/library/core/src/future/future.rs:133:9
[INFO] [stdout]   25:     0x5e9ca437fe9d - <tokio[6166ddeebac399a2]::runtime::park::CachedParkThread>::block_on::<core[df12db4294e9bfd3]::pin::Pin<&mut dyn core[df12db4294e9bfd3]::future::future::Future<Output = ()>>>::{closure#0}
[INFO] [stdout]                                at /opt/rustwide/cargo-home/registry/src/index.crates.io-1949cf8c6b5b557f/tokio-1.53.1/src/runtime/park.rs:284:71
[INFO] [stdout]   26:     0x5e9ca437ddff - tokio[6166ddeebac399a2]::task::coop::with_budget::<core[df12db4294e9bfd3]::task::poll::Poll<()>, <tokio[6166ddeebac399a2]::runtime::park::CachedParkThread>::block_on<core[df12db4294e9bfd3]::pin::Pin<&mut dyn core[df12db4294e9bfd3]::future::future::Future<Output = ()>>>::{closure#0}>
[INFO] [stdout]                                at /opt/rustwide/cargo-home/registry/src/index.crates.io-1949cf8c6b5b557f/tokio-1.53.1/src/task/coop/mod.rs:167:5
[INFO] [stdout]   27:     0x5e9ca437ddff - tokio[6166ddeebac399a2]::task::coop::budget::<core[df12db4294e9bfd3]::task::poll::Poll<()>, <tokio[6166ddeebac399a2]::runtime::park::CachedParkThread>::block_on<core[df12db4294e9bfd3]::pin::Pin<&mut dyn core[df12db4294e9bfd3]::future::future::Future<Output = ()>>>::{closure#0}>
[INFO] [stdout]                                at /opt/rustwide/cargo-home/registry/src/index.crates.io-1949cf8c6b5b557f/tokio-1.53.1/src/task/coop/mod.rs:133:5
[INFO] [stdout]   28:     0x5e9ca437ddff - <tokio[6166ddeebac399a2]::runtime::park::CachedParkThread>::block_on::<core[df12db4294e9bfd3]::pin::Pin<&mut dyn core[df12db4294e9bfd3]::future::future::Future<Output = ()>>>
[INFO] [stdout]                                at /opt/rustwide/cargo-home/registry/src/index.crates.io-1949cf8c6b5b557f/tokio-1.53.1/src/runtime/park.rs:284:31
[INFO] [stdout]   29:     0x5e9ca437cf36 - <tokio[6166ddeebac399a2]::runtime::context::blocking::BlockingRegionGuard>::block_on::<core[df12db4294e9bfd3]::pin::Pin<&mut dyn core[df12db4294e9bfd3]::future::future::Future<Output = ()>>>
[INFO] [stdout]                                at /opt/rustwide/cargo-home/registry/src/index.crates.io-1949cf8c6b5b557f/tokio-1.53.1/src/runtime/context/blocking.rs:66:14
[INFO] [stdout]   30:     0x5e9ca4379e88 - <tokio[6166ddeebac399a2]::runtime::scheduler::multi_thread::MultiThread>::block_on::<core[df12db4294e9bfd3]::pin::Pin<&mut dyn core[df12db4294e9bfd3]::future::future::Future<Output = ()>>>::{closure#0}
[INFO] [stdout]                                at /opt/rustwide/cargo-home/registry/src/index.crates.io-1949cf8c6b5b557f/tokio-1.53.1/src/runtime/scheduler/multi_thread/mod.rs:92:22
[INFO] [stdout]   31:     0x5e9ca4371e73 - tokio[6166ddeebac399a2]::runtime::context::runtime::enter_runtime::<<tokio[6166ddeebac399a2]::runtime::scheduler::multi_thread::MultiThread>::block_on<core[df12db4294e9bfd3]::pin::Pin<&mut dyn core[df12db4294e9bfd3]::future::future::Future<Output = ()>>>::{closure#0}, ()>
[INFO] [stdout]                                at /opt/rustwide/cargo-home/registry/src/index.crates.io-1949cf8c6b5b557f/tokio-1.53.1/src/runtime/context/runtime.rs:65:16
[INFO] [stdout]   32:     0x5e9ca4376254 - <tokio[6166ddeebac399a2]::runtime::scheduler::multi_thread::MultiThread>::block_on::<core[df12db4294e9bfd3]::pin::Pin<&mut dyn core[df12db4294e9bfd3]::future::future::Future<Output = ()>>>
[INFO] [stdout]                                at /opt/rustwide/cargo-home/registry/src/index.crates.io-1949cf8c6b5b557f/tokio-1.53.1/src/runtime/scheduler/multi_thread/mod.rs:91:9
[INFO] [stdout]   33:     0x5e9ca4374f9f - <tokio[6166ddeebac399a2]::runtime::runtime::Runtime>::block_on_inner::<core[df12db4294e9bfd3]::pin::Pin<&mut dyn core[df12db4294e9bfd3]::future::future::Future<Output = ()>>>
[INFO] [stdout]                                at /opt/rustwide/cargo-home/registry/src/index.crates.io-1949cf8c6b5b557f/tokio-1.53.1/src/runtime/runtime.rs:376:50
[INFO] [stdout]   34:     0x5e9ca437511b - <tokio[6166ddeebac399a2]::runtime::runtime::Runtime>::block_on::<core[df12db4294e9bfd3]::pin::Pin<&mut dyn core[df12db4294e9bfd3]::future::future::Future<Output = ()>>>
[INFO] [stdout]                                at /opt/rustwide/cargo-home/registry/src/index.crates.io-1949cf8c6b5b557f/tokio-1.53.1/src/runtime/runtime.rs:343:18
[INFO] [stdout]   35:     0x5e9ca435ec94 - integration[37f04d1280c569c4]::controller_and_agent_over_iroh
[INFO] [stdout]                                at /opt/rustwide/workdir/tests/integration.rs:46:68
[INFO] [stdout]   36:     0x5e9ca435c367 - integration[37f04d1280c569c4]::controller_and_agent_over_iroh::{closure#0}
[INFO] [stdout]                                at /opt/rustwide/workdir/tests/integration.rs:43:42
[INFO] [stdout]   37:     0x5e9ca436e576 - <integration[37f04d1280c569c4]::controller_and_agent_over_iroh::{closure#0} as core[df12db4294e9bfd3]::ops::function::FnOnce<()>>::call_once
[INFO] [stdout]                                at /rustc/dfb0accb7f508ae8be965d8629557221c889dd98/library/core/src/ops/function.rs:250:5
[INFO] [stdout]   38:     0x5e9ca438695b - <fn() -> core[df12db4294e9bfd3]::result::Result<(), alloc[2182bb758b4b3781]::string::String> as core[df12db4294e9bfd3]::ops::function::FnOnce<()>>::call_once
[INFO] [stdout]                                at /rustc/dfb0accb7f508ae8be965d8629557221c889dd98/library/core/src/ops/function.rs:250:5
[INFO] [stdout]   39:     0x5e9ca438695b - test[9d35eded1c95d3be]::__rust_begin_short_backtrace::<core[df12db4294e9bfd3]::result::Result<(), alloc[2182bb758b4b3781]::string::String>, fn() -> core[df12db4294e9bfd3]::result::Result<(), alloc[2182bb758b4b3781]::string::String>>
[INFO] [stdout]                                at /rustc/dfb0accb7f508ae8be965d8629557221c889dd98/library/test/src/lib.rs:733:18
[INFO] [stdout]   40:     0x5e9ca4393fc5 - test[9d35eded1c95d3be]::run_test_in_process::{closure#0}
[INFO] [stdout]                                at /rustc/dfb0accb7f508ae8be965d8629557221c889dd98/library/test/src/lib.rs:756:74
[INFO] [stdout]   41:     0x5e9ca4393fc5 - <core[df12db4294e9bfd3]::panic::unwind_safe::AssertUnwindSafe<test[9d35eded1c95d3be]::run_test_in_process::{closure#0}> as core[df12db4294e9bfd3]::ops::function::FnOnce<()>>::call_once
[INFO] [stdout]                                at /rustc/dfb0accb7f508ae8be965d8629557221c889dd98/library/core/src/panic/unwind_safe.rs:275:9
[INFO] [stdout]   42:     0x5e9ca4393fc5 - std[70759c8f55707aa4]::panicking::catch_unwind::do_call::<core[df12db4294e9bfd3]::panic::unwind_safe::AssertUnwindSafe<test[9d35eded1c95d3be]::run_test_in_process::{closure#0}>, core[df12db4294e9bfd3]::result::Result<(), alloc[2182bb758b4b3781]::string::String>>
[INFO] [stdout]                                at /rustc/dfb0accb7f508ae8be965d8629557221c889dd98/library/std/src/panicking.rs:576:43
[INFO] [stdout]   43:     0x5e9ca4393fc5 - std[70759c8f55707aa4]::panicking::catch_unwind::<core[df12db4294e9bfd3]::result::Result<(), alloc[2182bb758b4b3781]::string::String>, core[df12db4294e9bfd3]::panic::unwind_safe::AssertUnwindSafe<test[9d35eded1c95d3be]::run_test_in_process::{closure#0}>>
[INFO] [stdout]                                at /rustc/dfb0accb7f508ae8be965d8629557221c889dd98/library/std/src/panicking.rs:544:19
[INFO] [stdout]   44:     0x5e9ca4393fc5 - std[70759c8f55707aa4]::panic::catch_unwind::<core[df12db4294e9bfd3]::panic::unwind_safe::AssertUnwindSafe<test[9d35eded1c95d3be]::run_test_in_process::{closure#0}>, core[df12db4294e9bfd3]::result::Result<(), alloc[2182bb758b4b3781]::string::String>>
[INFO] [stdout]                                at /rustc/dfb0accb7f508ae8be965d8629557221c889dd98/library/std/src/panic.rs:359:14
[INFO] [stdout]   45:     0x5e9ca4393fc5 - test[9d35eded1c95d3be]::run_test_in_process
[INFO] [stdout]                                at /rustc/dfb0accb7f508ae8be965d8629557221c889dd98/library/test/src/lib.rs:756:27
[INFO] [stdout]   46:     0x5e9ca4393fc5 - test[9d35eded1c95d3be]::run_test::{closure#0}
[INFO] [stdout]                                at /rustc/dfb0accb7f508ae8be965d8629557221c889dd98/library/test/src/lib.rs:677:43
[INFO] [stdout]   47:     0x5e9ca438d884 - test[9d35eded1c95d3be]::run_test::{closure#1}
[INFO] [stdout]                                at /rustc/dfb0accb7f508ae8be965d8629557221c889dd98/library/test/src/lib.rs:707:41
[INFO] [stdout]   48:     0x5e9ca438d884 - std[70759c8f55707aa4]::sys::backtrace::__rust_begin_short_backtrace::<test[9d35eded1c95d3be]::run_test::{closure#1}, ()>
[INFO] [stdout]                                at /rustc/dfb0accb7f508ae8be965d8629557221c889dd98/library/std/src/sys/backtrace.rs:166:18
[INFO] [stdout]   49:     0x5e9ca4397122 - std[70759c8f55707aa4]::thread::lifecycle::spawn_unchecked::<test[9d35eded1c95d3be]::run_test::{closure#1}, ()>::{closure#1}::{closure#0}
[INFO] [stdout]                                at /rustc/dfb0accb7f508ae8be965d8629557221c889dd98/library/std/src/thread/lifecycle.rs:70:13
[INFO] [stdout]   50:     0x5e9ca4397122 - <core[df12db4294e9bfd3]::panic::unwind_safe::AssertUnwindSafe<std[70759c8f55707aa4]::thread::lifecycle::spawn_unchecked<test[9d35eded1c95d3be]::run_test::{closure#1}, ()>::{closure#1}::{closure#0}> as core[df12db4294e9bfd3]::ops::function::FnOnce<()>>::call_once
[INFO] [stdout]                                at /rustc/dfb0accb7f508ae8be965d8629557221c889dd98/library/core/src/panic/unwind_safe.rs:275:9
[INFO] [stdout]   51:     0x5e9ca4397122 - std[70759c8f55707aa4]::panicking::catch_unwind::do_call::<core[df12db4294e9bfd3]::panic::unwind_safe::AssertUnwindSafe<std[70759c8f55707aa4]::thread::lifecycle::spawn_unchecked<test[9d35eded1c95d3be]::run_test::{closure#1}, ()>::{closure#1}::{closure#0}>, ()>
[INFO] [stdout]                                at /rustc/dfb0accb7f508ae8be965d8629557221c889dd98/library/std/src/panicking.rs:576:43
[INFO] [stdout]   52:     0x5e9ca4397122 - std[70759c8f55707aa4]::panicking::catch_unwind::<(), core[df12db4294e9bfd3]::panic::unwind_safe::AssertUnwindSafe<std[70759c8f55707aa4]::thread::lifecycle::spawn_unchecked<test[9d35eded1c95d3be]::run_test::{closure#1}, ()>::{closure#1}::{closure#0}>>
[INFO] [stdout]                                at /rustc/dfb0accb7f508ae8be965d8629557221c889dd98/library/std/src/panicking.rs:544:19
[INFO] [stdout]   53:     0x5e9ca4397122 - std[70759c8f55707aa4]::panic::catch_unwind::<core[df12db4294e9bfd3]::panic::unwind_safe::AssertUnwindSafe<std[70759c8f55707aa4]::thread::lifecycle::spawn_unchecked<test[9d35eded1c95d3be]::run_test::{closure#1}, ()>::{closure#1}::{closure#0}>, ()>
[INFO] [stdout]                                at /rustc/dfb0accb7f508ae8be965d8629557221c889dd98/library/std/src/panic.rs:359:14
[INFO] [stdout]   54:     0x5e9ca4397122 - std[70759c8f55707aa4]::thread::lifecycle::spawn_unchecked::<test[9d35eded1c95d3be]::run_test::{closure#1}, ()>::{closure#1}
[INFO] [stdout]                                at /rustc/dfb0accb7f508ae8be965d8629557221c889dd98/library/std/src/thread/lifecycle.rs:68:26
[INFO] [stdout]   55:     0x5e9ca4397122 - <std[70759c8f55707aa4]::thread::lifecycle::spawn_unchecked<test[9d35eded1c95d3be]::run_test::{closure#1}, ()>::{closure#1} as core[df12db4294e9bfd3]::ops::function::FnOnce<()>>::call_once::{shim:vtable#0}
[INFO] [stdout]                                at /rustc/dfb0accb7f508ae8be965d8629557221c889dd98/library/core/src/ops/function.rs:250:5
[INFO] [stdout]   56:     0x5e9ca5d91e79 - <alloc[2182bb758b4b3781]::boxed::Box<dyn core[df12db4294e9bfd3]::ops::function::FnOnce<(), Output = ()> + core[df12db4294e9bfd3]::marker::Send> as core[df12db4294e9bfd3]::ops::function::FnOnce<()>>::call_once
[INFO] [stdout]                                at /rustc/dfb0accb7f508ae8be965d8629557221c889dd98/library/alloc/src/boxed.rs:2320:9
[INFO] [stdout]   57:     0x5e9ca5d91e79 - <std[70759c8f55707aa4]::sys::thread::unix::Thread>::new::thread_start
[INFO] [stdout]                                at /rustc/dfb0accb7f508ae8be965d8629557221c889dd98/library/std/src/sys/thread/unix.rs:123:17
[INFO] [stdout]   58:     0x74a9bf822dfa - <unknown>
[INFO] [stdout]   59:     0x74a9bf8b63d4 - clone
[INFO] [stdout]   60:                0x0 - <unknown>
[INFO] [stdout] 
[INFO] [stdout] 
[INFO] [stdout] failures:
[INFO] [stdout]     controller_and_agent_over_iroh
[INFO] [stdout] 
[INFO] [stdout] test result: FAILED. 1 passed; 1 failed; 0 ignored; 0 measured; 0 filtered out; finished in 6.70s
[INFO] [stdout] 
[INFO] [stderr] error: test failed, to rerun pass `--test integration`
[INFO] running `Command { std: "docker" "inspect" "a4c88a011dcf5dda74a7980378ddc89a232aaf9de9154f62d49ffe9b0ae2ffee", kill_on_drop: false }`
[INFO] running `Command { std: "docker" "rm" "-f" "a4c88a011dcf5dda74a7980378ddc89a232aaf9de9154f62d49ffe9b0ae2ffee", kill_on_drop: false }`
[INFO] [stdout] a4c88a011dcf5dda74a7980378ddc89a232aaf9de9154f62d49ffe9b0ae2ffee
