[INFO] cloning repository https://github.com/atalii/egui-neko
[INFO] running `Command { std: "git" "-c" "credential.helper=" "-c" "credential.helper=/workspace/cargo-home/bin/git-credential-null" "clone" "--bare" "https://github.com/atalii/egui-neko" "/workspace/cache/git-repos/https%3A%2F%2Fgithub.com%2Fatalii%2Fegui-neko", kill_on_drop: false }`
[INFO] [stderr] Cloning into bare repository '/workspace/cache/git-repos/https%3A%2F%2Fgithub.com%2Fatalii%2Fegui-neko'...
[INFO] running `Command { std: "git" "rev-parse" "HEAD", kill_on_drop: false }`
[INFO] [stdout] cbaec101daf0aa292b7357c1bfee5374145e653c
[INFO] testing atalii/egui-neko against 1.100.0-beta.1 for beta-1.100-2
[INFO] running `Command { std: "git" "clone" "/workspace/cache/git-repos/https%3A%2F%2Fgithub.com%2Fatalii%2Fegui-neko" "/workspace/builds/worker-4-tc2/source", kill_on_drop: false }`
[INFO] [stderr] Cloning into '/workspace/builds/worker-4-tc2/source'...
[INFO] [stderr] done.
[INFO] started tweaking git repo https://github.com/atalii/egui-neko
[INFO] finished tweaking git repo https://github.com/atalii/egui-neko
[INFO] tweaked toml for git repo https://github.com/atalii/egui-neko written to /workspace/builds/worker-4-tc2/source/Cargo.toml
[INFO] validating manifest of git repo https://github.com/atalii/egui-neko on toolchain 1.100.0-beta.1
[INFO] running `Command { std: CARGO_HOME="/workspace/cargo-home" RUSTUP_HOME="/workspace/rustup-home" "/workspace/cargo-home/bin/cargo" "+1.100.0-beta.1" "metadata" "--manifest-path" "Cargo.toml" "--no-deps", kill_on_drop: false }`
[INFO] crate git repo https://github.com/atalii/egui-neko already has a lockfile, it will not be regenerated
[INFO] running `Command { std: CARGO_HOME="/workspace/cargo-home" RUSTUP_HOME="/workspace/rustup-home" "/workspace/cargo-home/bin/cargo" "+1.100.0-beta.1" "fetch" "--manifest-path" "Cargo.toml", kill_on_drop: false }`
[INFO] [stderr]     Blocking waiting for file lock on package cache
[INFO] [stderr]     Blocking waiting for file lock on package cache
[ERROR] error running command: no output for 300 seconds
[INFO] testing atalii/egui-neko against 1.100.0-beta.1 for beta-1.100-2
[INFO] running `Command { std: "git" "clone" "/workspace/cache/git-repos/https%3A%2F%2Fgithub.com%2Fatalii%2Fegui-neko" "/workspace/builds/worker-4-tc2/source", kill_on_drop: false }`
[INFO] [stderr] Cloning into '/workspace/builds/worker-4-tc2/source'...
[INFO] [stderr] done.
[INFO] started tweaking git repo https://github.com/atalii/egui-neko
[INFO] finished tweaking git repo https://github.com/atalii/egui-neko
[INFO] tweaked toml for git repo https://github.com/atalii/egui-neko written to /workspace/builds/worker-4-tc2/source/Cargo.toml
[INFO] validating manifest of git repo https://github.com/atalii/egui-neko on toolchain 1.100.0-beta.1
[INFO] running `Command { std: CARGO_HOME="/workspace/cargo-home" RUSTUP_HOME="/workspace/rustup-home" "/workspace/cargo-home/bin/cargo" "+1.100.0-beta.1" "metadata" "--manifest-path" "Cargo.toml" "--no-deps", kill_on_drop: false }`
[INFO] crate git repo https://github.com/atalii/egui-neko already has a lockfile, it will not be regenerated
[INFO] running `Command { std: CARGO_HOME="/workspace/cargo-home" RUSTUP_HOME="/workspace/rustup-home" "/workspace/cargo-home/bin/cargo" "+1.100.0-beta.1" "fetch" "--manifest-path" "Cargo.toml", kill_on_drop: false }`
[INFO] [stderr]     Blocking waiting for file lock on package cache
[INFO] [stderr]     Blocking waiting for file lock on package cache
[ERROR] error running command: no output for 300 seconds
[INFO] testing atalii/egui-neko against 1.100.0-beta.1 for beta-1.100-2
[INFO] running `Command { std: "git" "clone" "/workspace/cache/git-repos/https%3A%2F%2Fgithub.com%2Fatalii%2Fegui-neko" "/workspace/builds/worker-4-tc2/source", kill_on_drop: false }`
[INFO] [stderr] Cloning into '/workspace/builds/worker-4-tc2/source'...
[INFO] [stderr] done.
[INFO] started tweaking git repo https://github.com/atalii/egui-neko
[INFO] finished tweaking git repo https://github.com/atalii/egui-neko
[INFO] tweaked toml for git repo https://github.com/atalii/egui-neko written to /workspace/builds/worker-4-tc2/source/Cargo.toml
[INFO] validating manifest of git repo https://github.com/atalii/egui-neko on toolchain 1.100.0-beta.1
[INFO] running `Command { std: CARGO_HOME="/workspace/cargo-home" RUSTUP_HOME="/workspace/rustup-home" "/workspace/cargo-home/bin/cargo" "+1.100.0-beta.1" "metadata" "--manifest-path" "Cargo.toml" "--no-deps", kill_on_drop: false }`
[INFO] crate git repo https://github.com/atalii/egui-neko already has a lockfile, it will not be regenerated
[INFO] running `Command { std: CARGO_HOME="/workspace/cargo-home" RUSTUP_HOME="/workspace/rustup-home" "/workspace/cargo-home/bin/cargo" "+1.100.0-beta.1" "fetch" "--manifest-path" "Cargo.toml", kill_on_drop: false }`
[INFO] [stderr]     Blocking waiting for file lock on package cache
[INFO] [stderr]     Blocking waiting for file lock on package cache
[ERROR] error running command: no output for 300 seconds
[INFO] testing atalii/egui-neko against 1.100.0-beta.1 for beta-1.100-2
[INFO] running `Command { std: "git" "clone" "/workspace/cache/git-repos/https%3A%2F%2Fgithub.com%2Fatalii%2Fegui-neko" "/workspace/builds/worker-4-tc2/source", kill_on_drop: false }`
[INFO] [stderr] Cloning into '/workspace/builds/worker-4-tc2/source'...
[INFO] [stderr] done.
[INFO] started tweaking git repo https://github.com/atalii/egui-neko
[INFO] finished tweaking git repo https://github.com/atalii/egui-neko
[INFO] tweaked toml for git repo https://github.com/atalii/egui-neko written to /workspace/builds/worker-4-tc2/source/Cargo.toml
[INFO] validating manifest of git repo https://github.com/atalii/egui-neko on toolchain 1.100.0-beta.1
[INFO] running `Command { std: CARGO_HOME="/workspace/cargo-home" RUSTUP_HOME="/workspace/rustup-home" "/workspace/cargo-home/bin/cargo" "+1.100.0-beta.1" "metadata" "--manifest-path" "Cargo.toml" "--no-deps", kill_on_drop: false }`
[INFO] crate git repo https://github.com/atalii/egui-neko already has a lockfile, it will not be regenerated
[INFO] running `Command { std: CARGO_HOME="/workspace/cargo-home" RUSTUP_HOME="/workspace/rustup-home" "/workspace/cargo-home/bin/cargo" "+1.100.0-beta.1" "fetch" "--manifest-path" "Cargo.toml", kill_on_drop: false }`
[INFO] [stderr]     Blocking waiting for file lock on package cache
[INFO] [stderr]     Blocking waiting for file lock on package cache
[ERROR] error running command: no output for 300 seconds
[INFO] testing atalii/egui-neko against 1.100.0-beta.1 for beta-1.100-2
[INFO] running `Command { std: "git" "clone" "/workspace/cache/git-repos/https%3A%2F%2Fgithub.com%2Fatalii%2Fegui-neko" "/workspace/builds/worker-4-tc2/source", kill_on_drop: false }`
[INFO] [stderr] Cloning into '/workspace/builds/worker-4-tc2/source'...
[INFO] [stderr] done.
[INFO] started tweaking git repo https://github.com/atalii/egui-neko
[INFO] finished tweaking git repo https://github.com/atalii/egui-neko
[INFO] tweaked toml for git repo https://github.com/atalii/egui-neko written to /workspace/builds/worker-4-tc2/source/Cargo.toml
[INFO] validating manifest of git repo https://github.com/atalii/egui-neko on toolchain 1.100.0-beta.1
[INFO] running `Command { std: CARGO_HOME="/workspace/cargo-home" RUSTUP_HOME="/workspace/rustup-home" "/workspace/cargo-home/bin/cargo" "+1.100.0-beta.1" "metadata" "--manifest-path" "Cargo.toml" "--no-deps", kill_on_drop: false }`
[INFO] crate git repo https://github.com/atalii/egui-neko already has a lockfile, it will not be regenerated
[INFO] running `Command { std: CARGO_HOME="/workspace/cargo-home" RUSTUP_HOME="/workspace/rustup-home" "/workspace/cargo-home/bin/cargo" "+1.100.0-beta.1" "fetch" "--manifest-path" "Cargo.toml", kill_on_drop: false }`
[INFO] [stderr]     Blocking waiting for file lock on package cache
[INFO] [stderr]     Blocking waiting for file lock on package cache
[INFO] [stderr]  Downloading crates ...
[INFO] [stderr]   Downloaded flate2 v1.1.2
[INFO] [stderr]   Downloaded bytemuck_derive v1.10.0
[INFO] [stderr]   Downloaded mime_guess2 v2.3.1
[INFO] [stderr]   Downloaded ab_glyph v0.2.31
[INFO] [stderr]   Downloaded egui_extras v0.32.0
[INFO] [stderr]   Downloaded bytemuck v1.23.1
[INFO] [stderr]   Downloaded zerocopy-derive v0.8.26
[INFO] [stderr]   Downloaded ecolor v0.32.0
[INFO] [stderr]   Downloaded ab_glyph_rasterizer v0.1.9
[INFO] [stderr]   Downloaded emath v0.32.0
[INFO] [stderr]   Downloaded libloading v0.8.8
[INFO] [stderr]   Downloaded wayland-sys v0.31.7
[INFO] [stderr]   Downloaded wayland-cursor v0.31.11
[INFO] [stderr]   Downloaded accesskit v0.19.0
[INFO] [stderr]   Downloaded wayland-protocols-plasma v0.3.9
[INFO] [stderr]   Downloaded wayland-scanner v0.31.7
[INFO] [stderr]   Downloaded wayland-client v0.31.11
[INFO] [stderr]   Downloaded memmap2 v0.9.7
[INFO] [stderr]   Downloaded wayland-protocols-wlr v0.3.9
[INFO] [stderr]   Downloaded wayland-backend v0.3.11
[INFO] [stderr]   Downloaded epaint v0.32.0
[INFO] [stderr]   Downloaded eframe v0.32.0
[INFO] [stderr]   Downloaded wayland-protocols v0.32.9
[INFO] [stderr]   Downloaded zerocopy v0.8.26
[INFO] [stderr]   Downloaded egui v0.32.0
[INFO] [stderr]   Downloaded winit v0.30.12
[INFO] [stderr]   Downloaded epaint_default_fonts v0.32.0
[INFO] [stderr]   Downloaded num_enum v0.7.4
[INFO] [stderr]   Downloaded num_enum_derive v0.7.4
[INFO] [stderr]   Downloaded objc2-io-surface v0.3.1
[INFO] [stderr]   Downloaded xml-rs v0.8.27
[INFO] [stderr]   Downloaded objc2-core-graphics v0.3.1
[INFO] [stderr]   Downloaded objc2-app-kit v0.3.1
[INFO] [stderr]   Downloaded zerovec v0.11.3
[INFO] [stderr]   Downloaded egui_glow v0.32.0
[INFO] [stderr]   Downloaded webbrowser v1.0.5
[INFO] [stderr]   Downloaded accesskit_windows v0.27.0
[INFO] [stderr]   Downloaded egui-winit v0.32.0
[INFO] [stderr]   Downloaded smithay-clipboard v0.7.2
[INFO] [stderr]   Downloaded arboard v3.6.0
[INFO] [stderr]   Downloaded accesskit_winit v0.27.0
[INFO] [stderr]   Downloaded accesskit_consumer v0.28.0
[INFO] [stderr]   Downloaded accesskit_unix v0.15.0
[INFO] [stderr]   Downloaded egui-wgpu v0.32.0
[INFO] [stderr]   Downloaded accesskit_atspi_common v0.12.0
[INFO] [stderr]   Downloaded accesskit_macos v0.20.0
[INFO] [stderr]   Downloaded zbus_xml v5.0.2
[INFO] [stderr]   Downloaded zbus-lockstep-macros v0.5.1
[INFO] [stderr]   Downloaded zbus-lockstep v0.5.1
[INFO] [stderr]   Downloaded wgpu-hal v25.0.2
[INFO] [stderr]   Downloaded wgpu-core-deps-windows-linux-android v25.0.0
[INFO] [stderr]   Downloaded wgpu-types v25.0.0
[INFO] [stderr]   Downloaded litrs v0.4.2
[INFO] [stderr]   Downloaded wgpu v25.0.2
[INFO] [stderr]   Downloaded unicode-width v0.2.1
[INFO] [stderr]   Downloaded wgpu-core v25.0.2
[INFO] [stderr]   Downloaded naga v25.0.1
[INFO] running `Command { std: "docker" "create" "-v" "/var/lib/crater-agent-workspace/builds/worker-4-tc2/source:/opt/rustwide/workdir:ro,Z" "-v" "/var/lib/crater-agent-workspace/builds/worker-4-tc2/target:/opt/rustwide/target:rw,Z" "-v" "/var/lib/crater-agent-workspace/cargo-home:/opt/rustwide/cargo-home:ro,Z" "-v" "/var/lib/crater-agent-workspace/rustup-home:/opt/rustwide/rustup-home:ro,Z" "-m" "1610612736" "--network" "none" "ghcr.io/rust-lang/crates-build-env/linux@sha256:3111399a4047eeb3a02b7a90e478d715f38a8c6669b5c4b49d30a17385265909" "sleep" "infinity", kill_on_drop: false }`
[INFO] [stdout] 7e0694fd8396dd1c6a5a13c62072b633147b7e8de4e79878877e7514305777de
[INFO] running `Command { std: "docker" "start" "7e0694fd8396dd1c6a5a13c62072b633147b7e8de4e79878877e7514305777de", kill_on_drop: false }`
[INFO] running `Command { std: "docker" "inspect" "7e0694fd8396dd1c6a5a13c62072b633147b7e8de4e79878877e7514305777de", kill_on_drop: false }`
[INFO] running `Command { std: "docker" "exec" "-e" "SOURCE_DIR=/opt/rustwide/workdir" "-e" "CARGO_HOME=/opt/rustwide/cargo-home" "-e" "RUSTUP_HOME=/opt/rustwide/rustup-home" "-e" "CARGO_TARGET_DIR=/opt/rustwide/target" "-w" "/opt/rustwide/workdir" "--user" "0:0" "7e0694fd8396dd1c6a5a13c62072b633147b7e8de4e79878877e7514305777de" "/opt/rustwide/cargo-home/bin/cargo" "+1.100.0-beta.1" "metadata" "--no-deps" "--format-version=1", kill_on_drop: false }`
[INFO] running `Command { std: "docker" "inspect" "7e0694fd8396dd1c6a5a13c62072b633147b7e8de4e79878877e7514305777de", kill_on_drop: false }`
[INFO] running `Command { std: "docker" "exec" "-e" "SOURCE_DIR=/opt/rustwide/workdir" "-e" "CARGO_HOME=/opt/rustwide/cargo-home" "-e" "RUSTUP_HOME=/opt/rustwide/rustup-home" "-e" "CARGO_TARGET_DIR=/opt/rustwide/target" "-e" "CARGO_INCREMENTAL=0" "-e" "RUST_BACKTRACE=full" "-e" "RUSTFLAGS=--cap-lints=warn" "-e" "RUSTDOCFLAGS=--cap-lints=warn" "-w" "/opt/rustwide/workdir" "--user" "0:0" "7e0694fd8396dd1c6a5a13c62072b633147b7e8de4e79878877e7514305777de" "/opt/rustwide/cargo-home/bin/cargo" "+1.100.0-beta.1" "build" "--frozen" "--message-format=json", kill_on_drop: false }`
[INFO] [stderr]    Compiling libc v0.2.174
[INFO] [stderr]    Compiling cfg-if v1.0.1
[INFO] [stderr]    Compiling unicase v2.8.1
[INFO] [stderr]    Compiling siphasher v1.0.1
[INFO] [stderr]    Compiling zerocopy v0.8.26
[INFO] [stderr]    Compiling once_cell v1.21.3
[INFO] [stderr]    Compiling emath v0.32.0
[INFO] [stderr]    Compiling ahash v0.8.12
[INFO] [stderr]    Compiling ab_glyph_rasterizer v0.1.9
[INFO] [stderr]    Compiling proc-macro2 v1.0.95
[INFO] [stderr]    Compiling epaint_default_fonts v0.32.0
[INFO] [stderr]    Compiling bytemuck v1.23.1
[INFO] [stderr]    Compiling bitflags v2.9.1
[INFO] [stderr]    Compiling ab_glyph v0.2.31
[INFO] [stderr]    Compiling phf_shared v0.11.3
[INFO] [stderr]    Compiling image v0.25.6
[INFO] [stderr]    Compiling phf v0.11.3
[INFO] [stderr]    Compiling ecolor v0.32.0
[INFO] [stderr]    Compiling mime_guess2 v2.3.1
[INFO] [stderr]    Compiling quote v1.0.40
[INFO] [stderr]    Compiling syn v2.0.104
[INFO] [stderr]    Compiling parking_lot_core v0.9.11
[INFO] [stderr]    Compiling parking_lot v0.12.4
[INFO] [stderr]    Compiling epaint v0.32.0
[INFO] [stderr]    Compiling enum-map-derive v0.17.0
[INFO] [stderr]    Compiling enum-map v2.7.3
[INFO] [stderr]    Compiling egui v0.32.0
[INFO] [stderr]    Compiling egui_extras v0.32.0
[INFO] [stderr]    Compiling egui-neko v0.1.1 (/opt/rustwide/workdir)
[INFO] [stderr] warning: unused dependency `egui_extras`
[INFO] [stderr]  --> Cargo.toml:4:15
[INFO] [stderr]   |
[INFO] [stderr] 4 | [dependencies.egui_extras]
[INFO] [stderr]   |               ^^^^^^^^^^^^
[INFO] [stderr]   |
[INFO] [stderr]   = note: `cargo::unused_dependencies` is set to `warn` by default
[INFO] [stderr] help: consider removing the dependency on `egui_extras`
[INFO] [stderr] warning: `egui-neko` (manifest) generated 1 warning
[INFO] [stderr]     Finished `dev` profile [unoptimized + debuginfo] target(s) in 11.69s
[INFO] running `Command { std: "docker" "inspect" "7e0694fd8396dd1c6a5a13c62072b633147b7e8de4e79878877e7514305777de", kill_on_drop: false }`
[INFO] running `Command { std: "docker" "exec" "-e" "SOURCE_DIR=/opt/rustwide/workdir" "-e" "CARGO_HOME=/opt/rustwide/cargo-home" "-e" "RUSTUP_HOME=/opt/rustwide/rustup-home" "-e" "CARGO_TARGET_DIR=/opt/rustwide/target" "-e" "CARGO_INCREMENTAL=0" "-e" "RUST_BACKTRACE=full" "-e" "RUSTFLAGS=--cap-lints=warn" "-e" "RUSTDOCFLAGS=--cap-lints=warn" "-w" "/opt/rustwide/workdir" "--user" "0:0" "7e0694fd8396dd1c6a5a13c62072b633147b7e8de4e79878877e7514305777de" "/opt/rustwide/cargo-home/bin/cargo" "+1.100.0-beta.1" "test" "--frozen" "--no-run" "--message-format=json", kill_on_drop: false }`
[INFO] [stderr]    Compiling proc-macro2 v1.0.95
[INFO] [stderr]    Compiling bitflags v2.9.1
[INFO] [stderr]    Compiling libc v0.2.174
[INFO] [stderr]    Compiling rustix v1.0.8
[INFO] [stderr]    Compiling linux-raw-sys v0.9.4
[INFO] [stderr]    Compiling memchr v2.7.5
[INFO] [stderr]    Compiling serde v1.0.219
[INFO] [stderr]    Compiling winnow v0.7.12
[INFO] [stderr]    Compiling hashbrown v0.15.4
[INFO] [stderr]    Compiling toml_datetime v0.6.11
[INFO] [stderr]    Compiling libloading v0.8.8
[INFO] [stderr]    Compiling slab v0.4.10
[INFO] [stderr]    Compiling endi v1.1.0
[INFO] [stderr]    Compiling wayland-sys v0.31.7
[INFO] [stderr]    Compiling cc v1.2.31
[INFO] [stderr]    Compiling event-listener v5.4.1
[INFO] [stderr]    Compiling futures-lite v2.6.1
[INFO] [stderr]    Compiling wayland-client v0.31.11
[INFO] [stderr]    Compiling dlib v0.5.2
[INFO] [stderr]    Compiling event-listener-strategy v0.5.4
[INFO] [stderr]    Compiling rustix v0.38.44
[INFO] [stderr]    Compiling tracing-core v0.1.34
[INFO] [stderr]    Compiling linux-raw-sys v0.4.15
[INFO] [stderr]    Compiling getrandom v0.3.3
[INFO] [stderr]    Compiling nix v0.30.1
[INFO] [stderr]    Compiling async-lock v3.4.1
[INFO] [stderr]    Compiling async-channel v2.5.0
[INFO] [stderr]    Compiling async-broadcast v0.7.2
[INFO] [stderr]    Compiling quote v1.0.40
[INFO] [stderr]    Compiling indexmap v2.10.0
[INFO] [stderr]    Compiling quick-xml v0.37.5
[INFO] [stderr]    Compiling syn v2.0.104
[INFO] [stderr]    Compiling ordered-stream v0.2.0
[INFO] [stderr]    Compiling accesskit v0.19.0
[INFO] [stderr]    Compiling xml-rs v0.8.27
[INFO] [stderr]    Compiling log v0.4.27
[INFO] [stderr]    Compiling x11-dl v2.21.0
[INFO] [stderr]    Compiling async-executor v1.13.2
[INFO] [stderr]    Compiling blocking v1.6.2
[INFO] [stderr]    Compiling smithay-client-toolkit v0.19.2
[INFO] [stderr]    Compiling miniz_oxide v0.8.9
[INFO] [stderr]    Compiling crc32fast v1.5.0
[INFO] [stderr]    Compiling strict-num v0.1.1
[INFO] [stderr]    Compiling x11rb-protocol v0.13.1
[INFO] [stderr]    Compiling winit v0.30.12
[INFO] [stderr]    Compiling wayland-scanner v0.31.7
[INFO] [stderr]    Compiling gl_generator v0.14.0
[INFO] [stderr]    Compiling xkbcommon-dl v0.4.2
[INFO] [stderr]    Compiling dpi v0.1.2
[INFO] [stderr]    Compiling accesskit_consumer v0.28.0
[INFO] [stderr]    Compiling form_urlencoded v1.2.1
[INFO] [stderr]    Compiling glutin v0.32.3
[INFO] [stderr]    Compiling glutin-winit v0.5.0
[INFO] [stderr]    Compiling signal-hook-registry v1.4.6
[INFO] [stderr]    Compiling ahash v0.8.12
[INFO] [stderr]    Compiling toml_edit v0.22.27
[INFO] [stderr]    Compiling wayland-backend v0.3.11
[INFO] [stderr]    Compiling parking_lot_core v0.9.11
[INFO] [stderr]    Compiling memmap2 v0.9.7
[INFO] [stderr]    Compiling flate2 v1.1.2
[INFO] [stderr]    Compiling glutin_egl_sys v0.7.1
[INFO] [stderr]    Compiling glutin_glx_sys v0.6.1
[INFO] [stderr]    Compiling parking_lot v0.12.4
[INFO] [stderr]    Compiling web-time v1.1.0
[INFO] [stderr]    Compiling litrs v0.4.2
[INFO] [stderr]    Compiling png v0.17.16
[INFO] [stderr]    Compiling document-features v0.2.11
[INFO] [stderr]    Compiling proc-macro-crate v3.3.0
[INFO] [stderr]    Compiling polling v3.10.0
[INFO] [stderr]    Compiling async-io v2.5.0
[INFO] [stderr]    Compiling synstructure v0.13.2
[INFO] [stderr]    Compiling async-signal v0.2.12
[INFO] [stderr]    Compiling async-process v2.4.0
[INFO] [stderr]    Compiling wayland-csd-frame v0.3.0
[INFO] [stderr]    Compiling serde_derive v1.0.219
[INFO] [stderr]    Compiling enumflags2_derive v0.7.12
[INFO] [stderr]    Compiling bytemuck_derive v1.10.0
[INFO] [stderr]    Compiling zerofrom-derive v0.1.6
[INFO] [stderr]    Compiling yoke-derive v0.8.0
[INFO] [stderr]    Compiling zerovec-derive v0.11.1
[INFO] [stderr]    Compiling thiserror-impl v1.0.69
[INFO] [stderr]    Compiling displaydoc v0.2.5
[INFO] [stderr]    Compiling tracing-attributes v0.1.30
[INFO] [stderr]    Compiling serde_repr v0.1.20
[INFO] [stderr]    Compiling async-trait v0.1.88
[INFO] [stderr]    Compiling wayland-protocols v0.32.9
[INFO] [stderr]    Compiling wayland-cursor v0.31.11
[INFO] [stderr]    Compiling futures-macro v0.3.31
[INFO] [stderr]    Compiling enum-map-derive v0.17.0
[INFO] [stderr]    Compiling enum-map v2.7.3
[INFO] [stderr]    Compiling zerofrom v0.1.6
[INFO] [stderr]    Compiling thiserror v1.0.69
[INFO] [stderr]    Compiling futures-util v0.3.31
[INFO] [stderr]    Compiling bytemuck v1.23.1
[INFO] [stderr]    Compiling calloop v0.13.0
[INFO] [stderr]    Compiling yoke v0.8.0
[INFO] [stderr]    Compiling tracing v0.1.41
[INFO] [stderr]    Compiling zerovec v0.11.3
[INFO] [stderr]    Compiling zerotrie v0.2.2
[INFO] [stderr]    Compiling emath v0.32.0
[INFO] [stderr]    Compiling tiny-skia-path v0.11.4
[INFO] [stderr]    Compiling image v0.25.6
[INFO] [stderr]    Compiling ecolor v0.32.0
[INFO] [stderr]    Compiling calloop-wayland-source v0.3.0
[INFO] [stderr]    Compiling epaint v0.32.0
[INFO] [stderr]    Compiling tiny-skia v0.11.4
[INFO] [stderr]    Compiling tinystr v0.8.1
[INFO] [stderr]    Compiling potential_utf v0.1.2
[INFO] [stderr]    Compiling icu_collections v2.0.0
[INFO] [stderr]    Compiling icu_locale_core v2.0.0
[INFO] [stderr]    Compiling egui v0.32.0
[INFO] [stderr]    Compiling icu_provider v2.0.0
[INFO] [stderr]    Compiling icu_properties v2.0.1
[INFO] [stderr]    Compiling icu_normalizer v2.0.0
[INFO] [stderr]    Compiling idna_adapter v1.2.1
[INFO] [stderr]    Compiling idna v1.0.3
[INFO] [stderr]    Compiling url v2.5.4
[INFO] [stderr]    Compiling zvariant_utils v3.2.0
[INFO] [stderr]    Compiling enumflags2 v0.7.12
[INFO] [stderr]    Compiling quick-xml v0.36.2
[INFO] [stderr]    Compiling webbrowser v1.0.5
[INFO] [stderr]    Compiling wayland-protocols-wlr v0.3.9
[INFO] [stderr]    Compiling wayland-protocols-plasma v0.3.9
[INFO] [stderr]    Compiling zvariant_derive v5.6.0
[INFO] [stderr]    Compiling x11rb v0.13.1
[INFO] [stderr]    Compiling zvariant v5.6.0
[INFO] [stderr]    Compiling zbus_names v4.2.0
[INFO] [stderr] error: could not compile `egui` (lib)
[INFO] [stderr] 
[INFO] [stderr] Caused by:
[INFO] [stderr]   process didn't exit successfully: `/opt/rustwide/rustup-home/toolchains/1.100.0-beta.1-x86_64-unknown-linux-gnu/bin/rustc --crate-name egui --edition=2024 /opt/rustwide/cargo-home/registry/src/index.crates.io-1949cf8c6b5b557f/egui-0.32.0/src/lib.rs --error-format=json --json=diagnostic-rendered-ansi,artifacts,future-incompat,unused-externs-silent --crate-type lib --emit=dep-info,metadata,link -C embed-bitcode=no -C debuginfo=2 --cfg 'feature="accesskit"' --cfg 'feature="bytemuck"' --cfg 'feature="default"' --cfg 'feature="default_fonts"' --cfg 'feature="log"' --check-cfg 'cfg(docsrs,test)' --check-cfg 'cfg(feature, values("_override_unity", "accesskit", "bytemuck", "callstack", "cint", "color-hex", "deadlock_detection", "default", "default_fonts", "document-features", "log", "mint", "persistence", "rayon", "ron", "serde", "unity"))' -C metadata=0c58c8acf6e05e2f -C extra-filename=-fca947f9a5229565 --out-dir /opt/rustwide/target/debug/build/egui/fca947f9a5229565/out -L dependency=/opt/rustwide/target/debug/build/ab_glyph/bfb287350cec6df5/out -L dependency=/opt/rustwide/target/debug/build/ab_glyph_rasterizer/66d5114102b31247/out -L dependency=/opt/rustwide/target/debug/build/ahash/07b20d064ad6d9e5/out -L dependency=/opt/rustwide/target/debug/build/bytemuck/05323d77aa4e533b/out -L dependency=/opt/rustwide/target/debug/build/bytemuck_derive/832a230eaa3ec8b8/out -L dependency=/opt/rustwide/target/debug/build/cfg-if/3a213765134f0c85/out -L dependency=/opt/rustwide/target/debug/build/ecolor/a0552fdeb0371f22/out -L dependency=/opt/rustwide/target/debug/build/emath/127f8cefae0a0795/out -L dependency=/opt/rustwide/target/debug/build/epaint_default_fonts/ce96d8475a8400ad/out -L dependency=/opt/rustwide/target/debug/build/getrandom/0c05dfbf5b7e078c/out -L dependency=/opt/rustwide/target/debug/build/libc/8effa9a3cdcc5c1b/out -L dependency=/opt/rustwide/target/debug/build/lock_api/2e9dabb47f2eef10/out -L dependency=/opt/rustwide/target/debug/build/log/d6f7bb1298e9acd0/out -L dependency=/opt/rustwide/target/debug/build/nohash-hasher/d70a43ff1b8813cc/out -L dependency=/opt/rustwide/target/debug/build/once_cell/e9252a7b5119f3eb/out -L dependency=/opt/rustwide/target/debug/build/owned_ttf_parser/0020509782d71ae9/out -L dependency=/opt/rustwide/target/debug/build/parking_lot/db9a477aa6d90185/out -L dependency=/opt/rustwide/target/debug/build/parking_lot_core/9f29ffacd03bdf96/out -L dependency=/opt/rustwide/target/debug/build/profiling/aaf925c122df92f4/out -L dependency=/opt/rustwide/target/debug/build/scopeguard/7ec2214574194454/out -L dependency=/opt/rustwide/target/debug/build/smallvec/6c6c590a496f6ac5/out -L dependency=/opt/rustwide/target/debug/build/ttf-parser/3e292cefac450fbd/out -L dependency=/opt/rustwide/target/debug/build/zerocopy/57f1b6f6b592ba8f/out --extern accesskit=/opt/rustwide/target/debug/build/accesskit/1c28c16f141fb9db/out/libaccesskit-1c28c16f141fb9db.rmeta --extern ahash=/opt/rustwide/target/debug/build/ahash/07b20d064ad6d9e5/out/libahash-07b20d064ad6d9e5.rmeta --extern bitflags=/opt/rustwide/target/debug/build/bitflags/ff7cd226995c6b8d/out/libbitflags-ff7cd226995c6b8d.rmeta --extern emath=/opt/rustwide/target/debug/build/emath/127f8cefae0a0795/out/libemath-127f8cefae0a0795.rmeta --extern epaint=/opt/rustwide/target/debug/build/epaint/97448199913bf16a/out/libepaint-97448199913bf16a.rmeta --extern log=/opt/rustwide/target/debug/build/log/d6f7bb1298e9acd0/out/liblog-d6f7bb1298e9acd0.rmeta --extern nohash_hasher=/opt/rustwide/target/debug/build/nohash-hasher/d70a43ff1b8813cc/out/libnohash_hasher-d70a43ff1b8813cc.rmeta --extern profiling=/opt/rustwide/target/debug/build/profiling/aaf925c122df92f4/out/libprofiling-aaf925c122df92f4.rmeta --extern smallvec=/opt/rustwide/target/debug/build/smallvec/6c6c590a496f6ac5/out/libsmallvec-6c6c590a496f6ac5.rmeta --extern unicode_segmentation=/opt/rustwide/target/debug/build/unicode-segmentation/421de088ab714999/out/libunicode_segmentation-421de088ab714999.rmeta --cap-lints allow --cap-lints=warn --force-warn=unused_crate_dependencies` (signal: 9, SIGKILL: kill)
[INFO] [stderr] warning: build failed, waiting for other jobs to finish...
[INFO] [stderr] error: could not compile `x11rb-protocol` (lib)
[INFO] [stderr] 
[INFO] [stderr] Caused by:
[INFO] [stderr]   process didn't exit successfully: `/opt/rustwide/rustup-home/toolchains/1.100.0-beta.1-x86_64-unknown-linux-gnu/bin/rustc --crate-name x11rb_protocol --edition=2021 /opt/rustwide/cargo-home/registry/src/index.crates.io-1949cf8c6b5b557f/x11rb-protocol-0.13.1/src/lib.rs --error-format=json --json=diagnostic-rendered-ansi,artifacts,future-incompat,unused-externs-silent --crate-type lib --emit=dep-info,metadata,link -C embed-bitcode=no -C debuginfo=2 --cfg 'feature="randr"' --cfg 'feature="render"' --cfg 'feature="resource_manager"' --cfg 'feature="shape"' --cfg 'feature="std"' --cfg 'feature="xfixes"' --cfg 'feature="xinput"' --cfg 'feature="xkb"' --check-cfg 'cfg(docsrs,test)' --check-cfg 'cfg(feature, values("all-extensions", "composite", "damage", "dbe", "default", "dpms", "dri2", "dri3", "extra-traits", "glx", "present", "randr", "record", "render", "request-parsing", "res", "resource_manager", "screensaver", "serde", "shape", "shm", "std", "sync", "xevie", "xf86dri", "xf86vidmode", "xfixes", "xinerama", "xinput", "xkb", "xprint", "xselinux", "xtest", "xv", "xvmc"))' -C metadata=b43324046a7d8482 -C extra-filename=-765fba94a9c75117 --out-dir /opt/rustwide/target/debug/build/x11rb-protocol/765fba94a9c75117/out --cap-lints allow --cap-lints=warn --force-warn=unused_crate_dependencies` (signal: 9, SIGKILL: kill)
[INFO] running `Command { std: "docker" "inspect" "7e0694fd8396dd1c6a5a13c62072b633147b7e8de4e79878877e7514305777de", kill_on_drop: false }`
[INFO] running `Command { std: "docker" "rm" "-f" "7e0694fd8396dd1c6a5a13c62072b633147b7e8de4e79878877e7514305777de", kill_on_drop: false }`
[INFO] [stdout] 7e0694fd8396dd1c6a5a13c62072b633147b7e8de4e79878877e7514305777de
