[INFO] fetching crate solo-api 0.11.5...
[INFO] testing solo-api-0.11.5 against 1.100.0-beta.1 for beta-1.100-2
[INFO] extracting crate solo-api 0.11.5 into /workspace/builds/worker-4-tc2/source
[INFO] started tweaking crates.io crate solo-api 0.11.5
[INFO] finished tweaking crates.io crate solo-api 0.11.5
[INFO] tweaked toml for crates.io crate solo-api 0.11.5 written to /workspace/builds/worker-4-tc2/source/Cargo.toml
[INFO] validating manifest of crates.io crate solo-api 0.11.5 on toolchain 1.100.0-beta.1
[INFO] running `Command { std: CARGO_HOME="/workspace/cargo-home" RUSTUP_HOME="/workspace/rustup-home" "/workspace/cargo-home/bin/cargo" "+1.100.0-beta.1" "metadata" "--manifest-path" "Cargo.toml" "--no-deps", kill_on_drop: false }`
[INFO] crate crates.io crate solo-api 0.11.5 already has a lockfile, it will not be regenerated
[INFO] running `Command { std: CARGO_HOME="/workspace/cargo-home" RUSTUP_HOME="/workspace/rustup-home" "/workspace/cargo-home/bin/cargo" "+1.100.0-beta.1" "fetch" "--manifest-path" "Cargo.toml", kill_on_drop: false }`
[INFO] running `Command { std: "docker" "create" "-v" "/var/lib/crater-agent-workspace/builds/worker-4-tc2/source:/opt/rustwide/workdir:ro,Z" "-v" "/var/lib/crater-agent-workspace/builds/worker-4-tc2/target:/opt/rustwide/target:rw,Z" "-v" "/var/lib/crater-agent-workspace/cargo-home:/opt/rustwide/cargo-home:ro,Z" "-v" "/var/lib/crater-agent-workspace/rustup-home:/opt/rustwide/rustup-home:ro,Z" "-m" "1610612736" "--network" "none" "ghcr.io/rust-lang/crates-build-env/linux@sha256:3111399a4047eeb3a02b7a90e478d715f38a8c6669b5c4b49d30a17385265909" "sleep" "infinity", kill_on_drop: false }`
[INFO] [stdout] 656f8121fa540d18967d8f72225693b8e68f13ac231d54ac711d7939c5361123
[INFO] running `Command { std: "docker" "start" "656f8121fa540d18967d8f72225693b8e68f13ac231d54ac711d7939c5361123", kill_on_drop: false }`
[INFO] running `Command { std: "docker" "inspect" "656f8121fa540d18967d8f72225693b8e68f13ac231d54ac711d7939c5361123", kill_on_drop: false }`
[INFO] running `Command { std: "docker" "exec" "-e" "SOURCE_DIR=/opt/rustwide/workdir" "-e" "CARGO_HOME=/opt/rustwide/cargo-home" "-e" "RUSTUP_HOME=/opt/rustwide/rustup-home" "-e" "CARGO_TARGET_DIR=/opt/rustwide/target" "-w" "/opt/rustwide/workdir" "--user" "0:0" "656f8121fa540d18967d8f72225693b8e68f13ac231d54ac711d7939c5361123" "/opt/rustwide/cargo-home/bin/cargo" "+1.100.0-beta.1" "metadata" "--no-deps" "--format-version=1", kill_on_drop: false }`
[INFO] running `Command { std: "docker" "inspect" "656f8121fa540d18967d8f72225693b8e68f13ac231d54ac711d7939c5361123", kill_on_drop: false }`
[INFO] running `Command { std: "docker" "exec" "-e" "SOURCE_DIR=/opt/rustwide/workdir" "-e" "CARGO_HOME=/opt/rustwide/cargo-home" "-e" "RUSTUP_HOME=/opt/rustwide/rustup-home" "-e" "CARGO_TARGET_DIR=/opt/rustwide/target" "-e" "CARGO_INCREMENTAL=0" "-e" "RUST_BACKTRACE=full" "-e" "RUSTFLAGS=--cap-lints=warn" "-e" "RUSTDOCFLAGS=--cap-lints=warn" "-w" "/opt/rustwide/workdir" "--user" "0:0" "656f8121fa540d18967d8f72225693b8e68f13ac231d54ac711d7939c5361123" "/opt/rustwide/cargo-home/bin/cargo" "+1.100.0-beta.1" "build" "--frozen" "--message-format=json", kill_on_drop: false }`
[INFO] [stderr]    Compiling libc v0.2.186
[INFO] [stderr]    Compiling typenum v1.20.0
[INFO] [stderr]    Compiling log v0.4.29
[INFO] [stderr]    Compiling zeroize_derive v1.4.3
[INFO] [stderr]    Compiling serde v1.0.228
[INFO] [stderr]    Compiling zerofrom v0.1.7
[INFO] [stderr]    Compiling serde_json v1.0.149
[INFO] [stderr]    Compiling futures-util v0.3.32
[INFO] [stderr]    Compiling rand v0.8.6
[INFO] [stderr]    Compiling aho-corasick v1.1.4
[INFO] [stderr]    Compiling hashbrown v0.17.0
[INFO] [stderr]    Compiling lazy_static v1.5.0
[INFO] [stderr]    Compiling cfg_aliases v0.2.1
[INFO] [stderr]    Compiling yoke v0.8.2
[INFO] [stderr]    Compiling tracing v0.1.44
[INFO] [stderr]    Compiling getrandom v0.4.2
[INFO] [stderr]    Compiling nix v0.30.1
[INFO] [stderr]    Compiling num-integer v0.1.46
[INFO] [stderr]    Compiling anstream v1.0.0
[INFO] [stderr]    Compiling hashbrown v0.16.1
[INFO] [stderr]    Compiling zerovec v0.11.6
[INFO] [stderr]    Compiling zerotrie v0.2.4
[INFO] [stderr]    Compiling enum-as-inner v0.6.1
[INFO] [stderr]    Compiling phf_generator v0.11.3
[INFO] [stderr]    Compiling phf v0.11.3
[INFO] [stderr]    Compiling string_cache_codegen v0.5.4
[INFO] [stderr]    Compiling phf_codegen v0.11.3
[INFO] [stderr]    Compiling chrono v0.4.44
[INFO] [stderr]    Compiling zeroize v1.8.2
[INFO] [stderr]    Compiling async-trait v0.1.89
[INFO] [stderr]    Compiling serde_core v1.0.228
[INFO] [stderr]    Compiling zstd-safe v7.2.4
[INFO] [stderr]    Compiling either v1.15.0
[INFO] [stderr]    Compiling generic-array v0.14.7
[INFO] [stderr]    Compiling der v0.7.10
[INFO] [stderr]    Compiling rustls-pki-types v1.14.1
[INFO] [stderr]    Compiling jiff v0.2.24
[INFO] [stderr]    Compiling rayon v1.12.0
[INFO] [stderr]    Compiling jobserver v0.1.34
[INFO] [stderr]    Compiling tinystr v0.8.3
[INFO] [stderr]    Compiling potential_utf v0.1.5
[INFO] [stderr]    Compiling indexmap v2.14.0
[INFO] [stderr]    Compiling icu_locale_core v2.2.0
[INFO] [stderr]    Compiling cc v1.2.61
[INFO] [stderr]    Compiling icu_collections v2.2.0
[INFO] [stderr]    Compiling regex-automata v0.4.14
[INFO] [stderr]    Compiling crypto-common v0.1.7
[INFO] [stderr]    Compiling block-buffer v0.10.4
[INFO] [stderr]    Compiling digest v0.10.7
[INFO] [stderr]    Compiling block-padding v0.3.3
[INFO] [stderr]    Compiling markup5ever v0.14.1
[INFO] [stderr]    Compiling inout v0.1.4
[INFO] [stderr]    Compiling sha2 v0.10.9
[INFO] [stderr]    Compiling hmac v0.12.1
[INFO] [stderr]    Compiling cipher v0.4.4
[INFO] [stderr]    Compiling hkdf v0.12.4
[INFO] [stderr]    Compiling rfc6979 v0.4.0
[INFO] [stderr]    Compiling cbc v0.1.2
[INFO] [stderr]    Compiling aes v0.8.4
[INFO] [stderr]    Compiling ecb v0.1.2
[INFO] [stderr]    Compiling md-5 v0.10.6
[INFO] [stderr]    Compiling spki v0.7.3
[INFO] [stderr]    Compiling webpki-roots v1.0.7
[INFO] [stderr]    Compiling darling_core v0.23.0
[INFO] [stderr]    Compiling pkcs8 v0.10.2
[INFO] [stderr]    Compiling hashlink v0.11.0
[INFO] [stderr]    Compiling serde_urlencoded v0.7.1
[INFO] [stderr]    Compiling bytemuck v1.25.0
[INFO] [stderr]    Compiling icu_provider v2.2.0
[INFO] [stderr]    Compiling openssl-src v300.6.0+3.6.2
[INFO] [stderr]    Compiling sec1 v0.7.3
[INFO] [stderr]    Compiling toml_datetime v0.6.11
[INFO] [stderr]    Compiling serde_spanned v0.6.9
[INFO] [stderr]    Compiling curve25519-dalek v4.1.3
[INFO] [stderr]    Compiling match_token v0.1.0
[INFO] [stderr]    Compiling combine v4.6.7
[INFO] [stderr]    Compiling winnow v0.7.15
[INFO] [stderr]    Compiling icu_properties v2.2.0
[INFO] [stderr]    Compiling icu_normalizer v2.2.0
[INFO] [stderr]    Compiling getrandom v0.2.17
[INFO] [stderr]    Compiling parking_lot_core v0.9.12
[INFO] [stderr]    Compiling errno v0.3.14
[INFO] [stderr]    Compiling socket2 v0.6.3
[INFO] [stderr]    Compiling rand_core v0.6.4
[INFO] [stderr]    Compiling signal-hook-registry v1.4.8
[INFO] [stderr]    Compiling mio v1.2.0
[INFO] [stderr]    Compiling parking_lot v0.12.5
[INFO] [stderr]    Compiling getrandom v0.3.4
[INFO] [stderr]    Compiling num_cpus v1.17.0
[INFO] [stderr]    Compiling ring v0.17.14
[INFO] [stderr]    Compiling openssl-sys v0.9.115
[INFO] [stderr]    Compiling tokio v1.52.2
[INFO] [stderr]    Compiling signature v2.2.0
[INFO] [stderr]    Compiling ff v0.13.1
[INFO] [stderr]    Compiling rand_core v0.9.5
[INFO] [stderr]    Compiling zstd-sys v2.0.16+zstd.1.5.7
[INFO] [stderr]    Compiling group v0.13.0
[INFO] [stderr]    Compiling crypto-bigint v0.5.5
[INFO] [stderr]    Compiling libsqlite3-sys v0.36.0
[INFO] [stderr]    Compiling rand_chacha v0.9.0
[INFO] [stderr]    Compiling string_cache v0.8.9
[INFO] [stderr]    Compiling regex v1.12.3
[INFO] [stderr]    Compiling rand v0.9.4
[INFO] [stderr]    Compiling uuid v1.23.1
[INFO] [stderr]    Compiling rand_chacha v0.3.1
[INFO] [stderr]    Compiling idna_adapter v1.2.2
[INFO] [stderr]    Compiling idna v1.1.0
[INFO] [stderr]    Compiling env_filter v1.0.1
[INFO] [stderr]    Compiling blake3 v1.8.5
[INFO] [stderr]    Compiling cpu-time v1.0.0
[INFO] [stderr]    Compiling env_logger v0.11.10
[INFO] [stderr]    Compiling url v2.5.8
[INFO] [stderr]    Compiling sysctl v0.6.0
[INFO] [stderr]    Compiling elliptic-curve v0.13.8
[INFO] [stderr]    Compiling num-conv v0.2.1
[INFO] [stderr]    Compiling num-bigint-dig v0.8.6
[INFO] [stderr]    Compiling time-macros v0.2.27
[INFO] [stderr]    Compiling html5ever v0.29.1
[INFO] [stderr]    Compiling toml_edit v0.22.27
[INFO] [stderr]    Compiling anndists v0.1.5
[INFO] [stderr]    Compiling ecdsa v0.16.9
[INFO] [stderr]    Compiling primeorder v0.13.6
[INFO] [stderr]    Compiling lopdf v0.38.0
[INFO] [stderr]    Compiling darling_macro v0.23.0
[INFO] [stderr]    Compiling solo-core v0.11.5
[INFO] [stderr]    Compiling password-hash v0.5.0
[INFO] [stderr]    Compiling dirs-sys v0.4.1
[INFO] [stderr]    Compiling nom v7.1.3
[INFO] [stderr]    Compiling blake2 v0.10.6
[INFO] [stderr]    Compiling bincode v1.3.3
[INFO] [stderr]    Compiling num-iter v0.1.45
[INFO] [stderr]    Compiling euclid v0.20.14
[INFO] [stderr]    Compiling curve25519-dalek-derive v0.1.1
[INFO] [stderr]    Compiling twox-hash v2.1.2
[INFO] [stderr]    Compiling arrayvec v0.7.6
[INFO] [stderr]    Compiling memchr v2.8.0
[INFO] [stderr]    Compiling lz4_flex v0.11.6
[INFO] [stderr]    Compiling argon2 v0.5.3
[INFO] [stderr]    Compiling rustls v0.23.40
[INFO] [stderr]    Compiling mmap-rs v0.7.0
[INFO] [stderr]    Compiling time v0.3.47
[INFO] [stderr]    Compiling dirs v5.0.1
[INFO] [stderr]    Compiling darling v0.23.0
[INFO] [stderr]    Compiling ed25519 v2.2.3
[INFO] [stderr]    Compiling futures-executor v0.3.32
[INFO] [stderr]    Compiling toml v0.8.23
[INFO] [stderr]    Compiling sysinfo v0.32.1
[INFO] [stderr]    Compiling pkcs1 v0.7.5
[INFO] [stderr]    Compiling num-bigint v0.4.6
[INFO] [stderr]    Compiling html2text v0.13.6
[INFO] [stderr]    Compiling keyring v3.6.3
[INFO] [stderr]    Compiling rustls-webpki v0.103.13
[INFO] [stderr]    Compiling hnsw_rs v0.3.4
[INFO] [stderr]    Compiling rmcp v1.7.0
[INFO] [stderr]    Compiling schemars v1.2.1
[INFO] [stderr]    Compiling rsa v0.9.10
[INFO] [stderr]    Compiling pdf-extract v0.10.0
[INFO] [stderr]    Compiling simple_asn1 v0.6.4
[INFO] [stderr]    Compiling ed25519-dalek v2.2.0
[INFO] [stderr]    Compiling futures v0.3.32
[INFO] [stderr]    Compiling p384 v0.13.1
[INFO] [stderr]    Compiling p256 v0.13.2
[INFO] [stderr]    Compiling axum-core v0.5.6
[INFO] [stderr]    Compiling serde_path_to_error v0.1.20
[INFO] [stderr]    Compiling rmcp-macros v1.7.0
[INFO] [stderr]    Compiling matchit v0.8.4
[INFO] [stderr]    Compiling hyper v1.9.0
[INFO] [stderr]    Compiling tower v0.5.3
[INFO] [stderr]    Compiling deadpool-runtime v0.3.1
[INFO] [stderr]    Compiling solo-steward v0.11.5
[INFO] [stderr]    Compiling deadpool-sync v0.2.0
[INFO] [stderr]    Compiling deadpool v0.13.0
[INFO] [stderr]    Compiling tokio-util v0.7.18
[INFO] [stderr]    Compiling tower-http v0.6.9
[INFO] [stderr]    Compiling pastey v0.2.2
[INFO] [stderr]    Compiling dashmap v6.2.1
[INFO] [stderr]    Compiling jsonwebtoken v10.4.0
[INFO] [stderr]    Compiling hyper-util v0.1.20
[INFO] [stderr]    Compiling tokio-rustls v0.26.4
[INFO] [stderr]    Compiling axum v0.8.9
[INFO] [stderr]    Compiling zstd v0.13.3
[INFO] [stderr]    Compiling hyper-rustls v0.27.9
[INFO] [stderr]    Compiling reqwest v0.12.28
[INFO] [stderr]    Compiling rusqlite v0.38.0
[INFO] [stderr]    Compiling deadpool-sqlite v0.13.0
[INFO] [stderr]    Compiling solo-storage v0.11.5
[INFO] [stderr]    Compiling solo-query v0.11.5
[INFO] [stderr]    Compiling solo-api v0.11.5 (/opt/rustwide/workdir)
[INFO] [stderr]     Finished `dev` profile [unoptimized + debuginfo] target(s) in 4m 14s
[INFO] [stderr] warning: the following packages contain code that will be rejected by a future version of Rust: nix v0.30.1
[INFO] [stderr] note: to see what the problems were, use the option `--future-incompat-report`, or run `cargo report future-incompatibilities --id 5`
[INFO] running `Command { std: "docker" "inspect" "656f8121fa540d18967d8f72225693b8e68f13ac231d54ac711d7939c5361123", kill_on_drop: false }`
[INFO] running `Command { std: "docker" "exec" "-e" "SOURCE_DIR=/opt/rustwide/workdir" "-e" "CARGO_HOME=/opt/rustwide/cargo-home" "-e" "RUSTUP_HOME=/opt/rustwide/rustup-home" "-e" "CARGO_TARGET_DIR=/opt/rustwide/target" "-e" "CARGO_INCREMENTAL=0" "-e" "RUST_BACKTRACE=full" "-e" "RUSTFLAGS=--cap-lints=warn" "-e" "RUSTDOCFLAGS=--cap-lints=warn" "-w" "/opt/rustwide/workdir" "--user" "0:0" "656f8121fa540d18967d8f72225693b8e68f13ac231d54ac711d7939c5361123" "/opt/rustwide/cargo-home/bin/cargo" "+1.100.0-beta.1" "test" "--frozen" "--no-run" "--message-format=json", kill_on_drop: false }`
[INFO] [stderr]    Compiling futures-util v0.3.32
[INFO] [stderr]    Compiling tokio-util v0.7.18
[INFO] [stderr]    Compiling sysctl v0.6.0
[INFO] [stderr]    Compiling nix v0.30.1
[INFO] [stderr]    Compiling lopdf v0.38.0
[INFO] [stderr]    Compiling rusqlite v0.38.0
[INFO] [stderr]    Compiling tempfile v3.27.0
[INFO] [stderr]    Compiling rmcp v1.7.0
[INFO] [stderr]    Compiling tokio-stream v0.1.18
[INFO] [stderr]    Compiling test-log-core v0.2.20
[INFO] [stderr]    Compiling deadpool-runtime v0.1.4
[INFO] [stderr]    Compiling assert-json-diff v2.0.2
[INFO] [stderr]    Compiling deadpool v0.12.3
[INFO] [stderr]    Compiling test-log-macros v0.2.20
[INFO] [stderr]    Compiling test-log v0.2.20
[INFO] [stderr]    Compiling h2 v0.4.14
[INFO] [stderr]    Compiling mmap-rs v0.7.0
[INFO] [stderr]    Compiling hnsw_rs v0.3.4
[INFO] [stderr]    Compiling deadpool-sqlite v0.13.0
[INFO] [stderr]    Compiling tower v0.5.3
[INFO] [stderr]    Compiling futures-executor v0.3.32
[INFO] [stderr]    Compiling pdf-extract v0.10.0
[INFO] [stderr]    Compiling futures v0.3.32
[INFO] [stderr]    Compiling tower-http v0.6.9
[INFO] [stderr]    Compiling hyper v1.9.0
[INFO] [stderr]    Compiling hyper-util v0.1.20
[INFO] [stderr]    Compiling hyper-rustls v0.27.9
[INFO] [stderr]    Compiling axum v0.8.9
[INFO] [stderr]    Compiling wiremock v0.6.5
[INFO] [stderr]    Compiling reqwest v0.12.28
[INFO] [stderr]    Compiling solo-storage v0.11.5
[INFO] [stderr]    Compiling solo-query v0.11.5
[INFO] [stderr]    Compiling solo-api v0.11.5 (/opt/rustwide/workdir)
[INFO] [stderr]     Finished `test` profile [unoptimized + debuginfo] target(s) in 1m 57s
[INFO] [stderr] warning: the following packages contain code that will be rejected by a future version of Rust: nix v0.30.1
[INFO] [stderr] note: to see what the problems were, use the option `--future-incompat-report`, or run `cargo report future-incompatibilities --id 5`
[INFO] running `Command { std: "docker" "inspect" "656f8121fa540d18967d8f72225693b8e68f13ac231d54ac711d7939c5361123", kill_on_drop: false }`
[INFO] running `Command { std: "docker" "exec" "-e" "SOURCE_DIR=/opt/rustwide/workdir" "-e" "CARGO_HOME=/opt/rustwide/cargo-home" "-e" "RUSTUP_HOME=/opt/rustwide/rustup-home" "-e" "CARGO_TARGET_DIR=/opt/rustwide/target" "-e" "CARGO_INCREMENTAL=0" "-e" "RUST_BACKTRACE=full" "-e" "RUSTFLAGS=--cap-lints=warn" "-e" "RUSTDOCFLAGS=--cap-lints=warn" "-w" "/opt/rustwide/workdir" "--user" "0:0" "656f8121fa540d18967d8f72225693b8e68f13ac231d54ac711d7939c5361123" "/opt/rustwide/cargo-home/bin/cargo" "+1.100.0-beta.1" "test" "--frozen", kill_on_drop: false }`
[INFO] [stderr]     Finished `test` profile [unoptimized + debuginfo] target(s) in 0.70s
[INFO] [stderr] warning: the following packages contain code that will be rejected by a future version of Rust: nix v0.30.1
[INFO] [stderr] note: to see what the problems were, use the option `--future-incompat-report`, or run `cargo report future-incompatibilities --id 5`
[INFO] [stderr]      Running unittests src/lib.rs (/opt/rustwide/target/debug/build/solo-api/122272bdf0e8f5f7/out/solo_api-122272bdf0e8f5f7)
[INFO] [stdout] 
[INFO] [stdout] running 328 tests
[INFO] [stdout] test auth::bearer::tests::rejects_malformed_header_no_bearer_prefix ... ok
[INFO] [stdout] test auth::bearer::tests::rejects_missing_header ... ok
[INFO] [stdout] test auth::bearer::tests::rejects_wrong_token ... ok
[INFO] [stdout] test auth::bearer::tests::accepts_correct_token ... ok
[INFO] [stdout] test auth::oidc::tests::parse_max_age_handles_typical_headers ... ok
[INFO] [stdout] test http::cors_tests::rejects_non_http_schemes ... ok
[INFO] [stdout] test http::cors_tests::rejects_dns_rebinding_tricks ... ok
[INFO] [stdout] test http::cors_tests::rejects_malformed ... ok
[INFO] [stdout] test http::cors_tests::rejects_remote_origins ... ok
[INFO] [stdout] test http::cors_tests::accepts_canonical_localhost_origins ... ok
[INFO] [stdout] test auth::middleware::tests::bearer_wrong_token_returns_401 ... ok
[INFO] [stdout] test auth::middleware::tests::bearer_inserts_principal_into_extension ... ok
[INFO] [stdout] test auth::middleware::tests::bearer_missing_returns_401_with_www_authenticate ... ok
[INFO] [stdout] test auth::oidc::tests::oidc_jwks_cache_respects_cache_control_max_age ... ok
[INFO] [stdout] test auth::oidc::tests::oidc_missing_tenant_claim ... ok
[INFO] [stdout] test auth::oidc::tests::oidc_invalid_tenant_claim_format ... ok
[INFO] [stdout] test auth::oidc::tests::oidc_happy_path ... ok
[INFO] [stdout] test auth::oidc::tests::oidc_jwks_cache_within_ttl_no_refetch ... ok
[INFO] [stdout] test auth::oidc::tests::oidc_invalid_audience ... ok
[INFO] [stdout] test auth::oidc::tests::oidc_key_rotation ... ok
[INFO] [stdout] test auth::oidc::tests::oidc_expired_token ... ok
[INFO] [stdout] test http::handler_tests::cors_preflight_allows_last_event_id_header ... ok
[INFO] [stdout] test http::handler_tests::contradictions_endpoint_returns_empty_array_on_empty_db ... ok
[INFO] [stdout] test http::handler_tests::auth_response_includes_www_authenticate_header ... ok
[INFO] [stdout] test http::handler_tests::edges_rejects_semantic_type_with_400 ... ok
[INFO] [stdout] test http::handler_tests::derived_endpoints_require_bearer_when_auth_enabled ... ok
[INFO] [stdout] test http::handler_tests::auth_required_routes_reject_missing_token ... ok
[INFO] [stdout] test http::handler_tests::document_endpoints_require_bearer_when_auth_enabled ... ok
[INFO] [stdout] test http::handler_tests::consolidate_endpoint_returns_report ... ok
[INFO] [stdout] test http::handler_tests::document_endpoints_accept_correct_bearer_token ... ok
[INFO] [stdout] test http::handler_tests::edges_respects_auth_when_enabled ... ok
[INFO] [stdout] test http::handler_tests::contradiction_resolve_endpoint_updates_lifecycle ... ok
[INFO] [stdout] test http::handler_tests::edges_filter_by_type_works ... ok
[INFO] [stdout] test http::handler_tests::edges_respects_tenant_scoping ... ok
[INFO] [stdout] test http::handler_tests::edges_returns_all_default_kinds ... ok
[INFO] [stdout] test http::handler_tests::edges_filter_by_node_id_finds_incident_edges ... ok
[INFO] [stdout] test http::handler_tests::empty_content_returns_400 ... ok
[INFO] [stdout] test http::handler_tests::expand_400_on_invalid_kind ... ok
[INFO] [stdout] test http::handler_tests::empty_query_returns_400 ... ok
[INFO] [stdout] test http::handler_tests::entities_endpoint_returns_matching_graph_entities ... ok
[INFO] [stdout] test http::handler_tests::expand_404_on_missing_node_id ... ok
[INFO] [stdout] test http::handler_tests::expand_bad_node_id_prefix_returns_400 ... ok
[INFO] [stdout] test http::handler_tests::expand_cluster_member_from_episode_returns_clusters ... ok
[INFO] [stdout] test http::handler_tests::expand_400_on_invalid_node_for_kind ... ok
[INFO] [stdout] test http::handler_tests::filter_bearer_principal_returns_all ... ok
[INFO] [stdout] test http::handler_tests::filter_no_principal_returns_all ... ok
[INFO] [stdout] test http::handler_tests::filter_oidc_principal_keeps_only_claim ... ok
[INFO] [stdout] test http::handler_tests::filter_oidc_principal_with_no_claim_returns_empty ... ok
[INFO] [stdout] test http::handler_tests::expand_document_chunk_from_chunk_returns_parent_document ... ok
[INFO] [stdout] test http::handler_tests::expand_document_chunk_from_document_returns_chunks ... ok
[INFO] [stdout] test http::handler_tests::expand_respects_auth_when_enabled ... ok
[INFO] [stdout] test http::handler_tests::expand_cluster_member_from_cluster_returns_episodes ... ok
[INFO] [stdout] test http::handler_tests::expand_semantic_from_episode_returns_similar ... ok
[INFO] [stdout] test http::handler_tests::edges_pagination_round_trip ... ok
[INFO] [stdout] test http::handler_tests::expand_respects_tenant_scoping_via_unknown_tenant_header ... ok
[INFO] [stdout] test http::handler_tests::facts_about_endpoint_parses_include_as_object_query_param ... ok
[INFO] [stdout] test http::handler_tests::expand_works_when_auth_none ... ok
[INFO] [stdout] test http::handler_tests::facts_about_endpoint_requires_subject ... ok
[INFO] [stdout] test http::handler_tests::expand_triple_from_entity_returns_episodes ... ok
[INFO] [stdout] test http::handler_tests::expand_triple_from_episode_returns_entities ... ok
[INFO] [stdout] test http::handler_tests::facts_about_endpoint_rejects_blank_subject ... ok
[INFO] [stdout] test http::handler_tests::facts_about_endpoint_returns_empty_array_for_unknown_subject ... ok
[INFO] [stdout] test http::handler_tests::forget_document_endpoint_rejects_malformed_id ... ok
[INFO] [stdout] test http::handler_tests::forget_unknown_returns_404 ... ok
[INFO] [stdout] test http::handler_tests::health_endpoint_does_not_require_auth ... ok
[INFO] [stdout] test http::handler_tests::forget_document_endpoint_unknown_id_returns_404 ... ok
[INFO] [stdout] test http::handler_tests::http_oidc_accept_resolves_to_tenant_from_claim ... ok
[INFO] [stdout] test http::handler_tests::http_oidc_reject_missing_token_returns_401 ... ok
[INFO] [stdout] test http::handler_tests::full_remember_recall_inspect_forget_round_trip ... ok
[INFO] [stdout] test http::handler_tests::inspect_400_on_invalid_prefix ... ok
[INFO] [stdout] test http::handler_tests::ingest_document_endpoint_rejects_empty_path ... ok
[INFO] [stdout] test http::handler_tests::health_returns_ok ... ok
[INFO] [stdout] test http::handler_tests::inspect_cluster_endpoint_passes_full_content_query_param ... ok
[INFO] [stdout] test http::handler_tests::inspect_cluster_endpoint_unknown_id_returns_404 ... ok
[INFO] [stdout] test http::handler_tests::inspect_404_on_missing_node ... ok
[INFO] [stdout] test http::handler_tests::inspect_chunk_returns_text ... ok
[INFO] [stdout] test http::handler_tests::is_single_principal_bearer_discriminator ... ok
[INFO] [stdout] test http::handler_tests::inspect_cluster_returns_label_and_abstraction ... ok
[INFO] [stdout] test http::handler_tests::inspect_document_endpoint_rejects_malformed_id ... ok
[INFO] [stdout] test http::handler_tests::inspect_document_returns_full_text_concatenated_from_chunks ... ok
[INFO] [stdout] test http::handler_tests::inspect_document_endpoint_unknown_id_returns_404 ... ok
[INFO] [stdout] test http::handler_tests::inspect_entity_with_zero_triples_returns_404 ... ok
[INFO] [stdout] test http::handler_tests::inspect_invalid_id_returns_400 ... ok
[INFO] [stdout] test http::handler_tests::invalidate_event_translates_to_mcp_notifications_message ... ok
[INFO] [stdout] test http::handler_tests::inspect_episode_triples_in_is_empty_for_v10p1 ... ok
[INFO] [stdout] test http::handler_tests::inspect_respects_auth_when_enabled ... ok
[INFO] [stdout] test http::handler_tests::inspect_episode_returns_full_text_plus_triples_out ... ok
[INFO] [stdout] test http::handler_tests::inspect_entity_returns_triples_only ... ok
[INFO] [stdout] test http::handler_tests::inspect_unknown_returns_404 ... ok
[INFO] [stdout] test http::handler_tests::inspect_respects_tenant_scoping ... ok
[INFO] [stdout] test http::handler_tests::invalidate_event_published_to_correct_session_only ... ok
[INFO] [stdout] test http::handler_tests::list_documents_endpoint_parses_query_params ... ok
[INFO] [stdout] test http::handler_tests::list_documents_endpoint_returns_empty_array_on_empty_db ... ok
[INFO] [stdout] test http::handler_tests::mcp_delete_with_valid_session_id_terminates ... ok
[INFO] [stdout] test http::handler_tests::mcp_delete_without_session_id_returns_400 ... ok
[INFO] [stdout] test http::handler_tests::mcp_get_emits_lagged_when_last_event_id_too_old ... ok
[INFO] [stdout] test http::handler_tests::mcp_http_initialize_returns_solo_server_info ... ok
[INFO] [stdout] test http::handler_tests::mcp_get_resumes_from_last_event_id ... ok
[INFO] [stdout] test http::handler_tests::mcp_get_with_expired_session_id_returns_404 ... ok
[INFO] [stdout] test http::handler_tests::mcp_get_with_valid_session_id_subscribes ... ok
[INFO] [stdout] test http::handler_tests::mcp_get_without_session_id_returns_404 ... ok
[INFO] [stdout] test http::handler_tests::mcp_http_notification_returns_202_accepted ... ok
[INFO] [stdout] test http::handler_tests::mcp_http_ingest_document_emits_parsed_and_chunked_progress_events ... ok
[INFO] [stdout] test http::handler_tests::mcp_http_post_rejects_unknown_tenant_header ... ok
[INFO] [stdout] test http::handler_tests::mcp_http_cors_preflight_allows_mcp_session_id_header ... ok
[INFO] [stdout] test http::handler_tests::mcp_http_malformed_body_returns_400 ... ok
[INFO] [stdout] test http::handler_tests::mcp_get_subscriber_receives_notifications_message_event ... ok
[INFO] [stdout] test http::handler_tests::mcp_http_post_rejects_invalid_tenant_header ... ok
[INFO] [stdout] test http::handler_tests::mcp_http_post_respects_bearer_auth ... ok
[INFO] [stdout] test http::handler_tests::mcp_http_progress_event_subscribers_receive_via_get_mcp_stream ... ok
[INFO] [stdout] test http::handler_tests::mcp_http_recall_returns_just_remembered_episode ... ok
[INFO] [stdout] test http::handler_tests::mcp_http_remember_batch_items_visible_via_graph_nodes ... ok
[INFO] [stdout] test http::handler_tests::mcp_http_unknown_method_returns_in_body_method_not_found ... ok
[INFO] [stdout] test http::handler_tests::mcp_http_remember_batch_rejects_entries_envelope ... ok
[INFO] [stdout] test http::handler_tests::mcp_http_wrong_jsonrpc_version_returns_400 ... ok
[INFO] [stdout] test http::handler_tests::mcp_http_tools_list_returns_eighteen_canonical_tools ... ok
[INFO] [stdout] test http::handler_tests::mcp_post_without_session_id_creates_new_session ... ok
[INFO] [stdout] test http::handler_tests::mcp_post_with_unknown_session_id_returns_404 ... ok
[INFO] [stdout] test http::handler_tests::mcp_http_remember_writes_episode_visible_via_graph_nodes ... ok
[INFO] [stdout] test http::handler_tests::mcp_post_with_expired_session_id_returns_404 ... ok
[INFO] [stdout] test http::handler_tests::expand_limit_clamped_at_100 ... ok
[INFO] [stdout] test http::handler_tests::mcp_post_with_valid_session_id_continues_session ... ok
[INFO] [stdout] test http::handler_tests::memory_context_endpoint_returns_bundle ... ok
[INFO] [stdout] test http::handler_tests::memory_update_cors_preflight_allows_patch ... ok
[INFO] [stdout] test http::handler_tests::neighbors_both_default_returns_combined ... ok
[INFO] [stdout] test http::handler_tests::mcp_get_heartbeats_after_init ... ok
[INFO] [stdout] test http::handler_tests::neighbors_entity_returns_triples_only ... ok
[INFO] [stdout] test http::handler_tests::neighbors_respects_tenant_scoping ... ok
[INFO] [stdout] test http::handler_tests::neighbors_dedupes_semantic_when_explicit_exists ... ok
[INFO] [stdout] test http::handler_tests::neighbors_respects_auth_when_enabled ... ok
[INFO] [stdout] test http::handler_tests::neighbors_semantic_rejects_cluster_source ... ok
[INFO] [stdout] test http::handler_tests::neighbors_semantic_only_returns_no_explicit_edges ... ok
[INFO] [stdout] test http::handler_tests::neighbors_semantic_rejects_document_source ... ok
[INFO] [stdout] test http::handler_tests::neighbors_explicit_only_returns_no_semantic_edges ... ok
[INFO] [stdout] test http::handler_tests::nodes_filter_by_single_kind ... ok
[INFO] [stdout] test http::handler_tests::nodes_respects_tenant_scoping ... ok
[INFO] [stdout] test http::handler_tests::nodes_respects_auth_when_enabled ... ok
[INFO] [stdout] test http::handler_tests::openapi_json_describes_all_endpoints ... ok
[INFO] [stdout] test http::handler_tests::neighbors_threshold_filters_low_similarity ... ok
[INFO] [stdout] test http::handler_tests::nodes_works_with_auth_none ... ok
[INFO] [stdout] test http::handler_tests::nodes_since_until_filter_works ... ok
[INFO] [stdout] test http::handler_tests::nodes_filter_by_multiple_kinds ... ok
[INFO] [stdout] test http::handler_tests::nodes_returns_all_kinds_when_no_filter ... ok
[INFO] [stdout] test http::handler_tests::remember_returns_memory_id ... ok
[INFO] [stdout] test http::handler_tests::search_docs_endpoint_rejects_empty_query ... ok
[INFO] [stdout] test http::handler_tests::openapi_json_is_exempt_from_bearer_auth ... ok
[INFO] [stdout] test http::handler_tests::status_respects_auth_when_enabled ... ok
[INFO] [stdout] test http::handler_tests::session_subscribes_to_tenant_invalidate_on_creation ... ok
[INFO] [stdout] test http::handler_tests::status_respects_tenant_scoping ... ok
[INFO] [stdout] test http::handler_tests::stream_concurrent_subscribers_same_tenant ... ok
[INFO] [stdout] test http::handler_tests::stream_emits_invalidate_after_writer_event ... ok
[INFO] [stdout] test http::handler_tests::status_returns_tenant_aware_payload ... ok
[INFO] [stdout] test http::handler_tests::stream_respects_auth_accepts_valid_token ... ok
[INFO] [stdout] test http::handler_tests::stream_respects_tenant_scoping ... ok
[INFO] [stdout] test http::handler_tests::stream_respects_auth_when_enabled ... ok
[INFO] [stdout] test http::handler_tests::stream_emits_init_event_on_connect ... ok
[INFO] [stdout] test http::handler_tests::stream_emits_invalidate_for_each_writer_command ... ok
[INFO] [stdout] test http::handler_tests::stream_works_with_auth_none ... ok
[INFO] [stdout] test http::handler_tests::stream_handles_client_disconnect_gracefully ... ok
[INFO] [stdout] test http::handler_tests::tenant_header_default_resolves ... ok
[INFO] [stdout] test http::handler_tests::tenant_header_invalid_returns_400 ... ok
[INFO] [stdout] test http::handler_tests::tenant_header_unknown_returns_404 ... ok
[INFO] [stdout] test http::handler_tests::tenant_header_missing_defaults_to_state_default_tenant ... ok
[INFO] [stdout] test http::handler_tests::tenants_filters_to_principal_claim_when_oidc ... ok
[INFO] [stdout] test http::handler_tests::tenants_response_omits_cap_header_when_under_cap ... ok
[INFO] [stdout] test http::handler_tests::tenants_respects_auth_when_enabled ... ok
[INFO] [stdout] test http::handler_tests::tenants_response_sets_cap_reached_header_when_over_cap ... ok
[INFO] [stdout] test http::handler_tests::nodes_pagination_round_trip ... ok
[INFO] [stdout] test http::handler_tests::tenants_response_shape_matches_solo_web_types ... ok
[INFO] [stdout] test http::handler_tests::tenants_returns_all_when_auth_none ... ok
[INFO] [stdout] test http::handler_tests::tenants_response_surfaces_last_accessed_after_tenant_request ... ok
[INFO] [stdout] test http::handler_tests::tenants_returns_empty_array_when_no_tenants_registered ... ok
[INFO] [stdout] test llm::peer_concurrency::peer_create_message_handles_concurrent_calls_without_cross_wiring ... ok
[INFO] [stdout] test llm::peer_concurrency::peer_create_message_serial_calls_get_correct_responses ... ok
[INFO] [stdout] test http::handler_tests::tenants_returns_all_when_bearer_auth ... ok
[INFO] [stdout] test llm::peer_concurrency::peer_create_message_handles_slow_call_among_fast_ones ... ok
[INFO] [stdout] test http::handler_tests::stream_emits_heartbeat_when_no_events ... ok
[INFO] [stderr] 2026-10-06 19:02:14.640: ERROR CORE sqlcipher_page_cipher: hmac check failed for pgno=1
[INFO] [stderr] 2026-10-06 19:02:14.643: ERROR CORE sqlite3Codec: error decrypting page 1 data: 1
[INFO] [stderr] 2026-10-06 19:02:14.643: ERROR CORE sqlcipher_codec_ctx_set_error 1
[INFO] [stderr] 2026-10-06 19:02:14.652: ERROR CORE sqlcipher_page_cipher: hmac check failed for pgno=1
[INFO] [stderr] 2026-10-06 19:02:14.652: ERROR CORE sqlite3Codec: error decrypting page 1 data: 1
[INFO] [stderr] 2026-10-06 19:02:14.652: ERROR CORE sqlcipher_codec_ctx_set_error 1
[INFO] [stdout] test http::handler_tests::tenants_response_pct_used_null_when_quota_null ... ok
[INFO] [stderr] 2026-10-06 19:02:14.691: ERROR CORE sqlcipher_page_cipher: hmac check failed for pgno=1
[INFO] [stderr] 2026-10-06 19:02:14.691: ERROR CORE sqlite3Codec: error decrypting page 1 data: 1
[INFO] [stderr] 2026-10-06 19:02:14.691: ERROR CORE sqlcipher_codec_ctx_set_error 1
[INFO] [stdout] test http::handler_tests::tenants_response_computes_pct_used_when_quota_set ... ok
[INFO] [stdout] test http::handler_tests::tenants_response_hydrates_size_bytes_from_db_file ... ok
[INFO] [stdout] test http::handler_tests::tenants_status_filter_excludes_non_active ... ok
[INFO] [stdout] test llm::sampling::tests::extract_text_empty_middle_block_inserts_blank_line ... ok
[INFO] [stdout] test llm::sampling::tests::extract_text_joins_multi_block_with_newline_separator ... ok
[INFO] [stdout] test llm::sampling::tests::extract_text_preserves_trailing_newlines_in_blocks ... ok
[INFO] [stdout] test llm::sampling::tests::extract_text_pulls_text_from_single_block ... ok
[INFO] [stdout] test llm::sampling::tests::extract_text_rejects_empty_content ... ok
[INFO] [stdout] test llm::sampling::tests::extract_text_rejects_non_assistant_role ... ok
[INFO] [stdout] test llm::sampling::tests::extract_text_single_block_returns_verbatim_including_inner_newlines ... ok
[INFO] [stdout] test http::handler_tests::tenants_returns_empty_when_oidc_claim_unmatched ... ok
[INFO] [stdout] test llm::sampling::tests::next_pow2_bucket_table ... ok
[INFO] [stdout] test http::handler_tests::themes_endpoint_returns_empty_array_on_empty_db ... ok
[INFO] [stdout] test http::handler_tests::themes_endpoint_passes_through_query_params ... ok
[INFO] [stderr] 2026-10-06 19:02:14.841: ERROR CORE sqlcipher_page_cipher: hmac check failed for pgno=1
[INFO] [stderr] 2026-10-06 19:02:14.841: ERROR CORE sqlite3Codec: error decrypting page 1 data: 1
[INFO] [stderr] 2026-10-06 19:02:14.841: ERROR CORE sqlcipher_codec_ctx_set_error 1
[INFO] [stdout] test http::handler_tests::update_memory_rewrites_content_and_inspect_sees_it ... ok
[INFO] [stdout] test http::handler_tests::tenants_response_hydrates_episode_count_when_tenant_has_data ... ok
[INFO] [stdout] test llm::sampling::tests::sampling_error_classify_maps_fake_variants ... ok
[INFO] [stdout] test http::handler_tests::nodes_entity_synthesis_caps_at_200 ... ok
[INFO] [stdout] test http::handler_tests::neighbors_limit_clamped_at_100 ... ok
[INFO] [stdout] test llm::sampling::tests::build_request_splits_system_from_messages ... ok
[INFO] [stdout] test llm::sampling_coordinator::tests::coalesced_rpc_failure_surfaces_to_every_submission ... ok
[INFO] [stdout] test llm::sampling_coordinator::tests::coalesces_n_concurrent_submissions_into_one_create_message_call ... ok
[INFO] [stdout] test llm::sampling_coordinator::tests::demux_propagates_per_request_failures ... ok
[INFO] [stdout] test llm::sampling_coordinator::tests::flushes_at_max_batch_before_window_expires ... ok
[INFO] [stdout] test llm::sampling_coordinator::tests::single_submission_passes_through_unwrapped ... ok
[INFO] [stdout] test llm::sampling_coordinator::tests::window_expiry_flushes_each_submission_individually ... ok
[INFO] [stdout] test mcp::dispatch_tests::contradiction_resolve_updates_lifecycle ... ok
[INFO] [stdout] test mcp::dispatch_tests::contradictions_returns_json_array_on_empty_db ... ok
[INFO] [stdout] test mcp::dispatch_tests::empty_recall_query_returns_invalid_params ... ok
[INFO] [stdout] test llm::sampling::tests::malformed_response_returns_error_with_reason ... ok
[INFO] [stdout] test mcp::dispatch_tests::entities_returns_matching_graph_entities ... ok
[INFO] [stdout] test mcp::dispatch_tests::empty_remember_returns_invalid_params ... ok
[INFO] [stdout] test mcp::dispatch_tests::facts_about_accepts_include_as_object_arg ... ok
[INFO] [stdout] test mcp::dispatch_tests::facts_about_rejects_empty_subject ... ok
[INFO] [stdout] test mcp::dispatch_tests::forget_document_args_parse_with_required_doc_id ... ok
[INFO] [stdout] test mcp::dispatch_tests::facts_about_returns_array_for_unknown_subject ... ok
[INFO] [stdout] test mcp::dispatch_tests::forget_document_rejects_malformed_id ... ok
[INFO] [stdout] test mcp::dispatch_tests::forget_excludes_row_from_subsequent_recall ... ok
[INFO] [stdout] test mcp::dispatch_tests::ingest_document_args_parse_with_required_path ... ok
[INFO] [stdout] test llm::sampling::tests::parallel_completes_serialise_audit_rows ... ok
[INFO] [stdout] test mcp::dispatch_tests::forget_unknown_id_returns_invalid_params ... ok
[INFO] [stdout] test mcp::dispatch_tests::ingest_document_rejects_empty_path ... ok
[INFO] [stdout] test mcp::dispatch_tests::inspect_document_args_parse_with_required_doc_id ... ok
[INFO] [stdout] test mcp::dispatch_tests::inspect_cluster_rejects_empty_id ... ok
[INFO] [stdout] test mcp::dispatch_tests::inspect_cluster_unknown_id_returns_invalid_params ... ok
[INFO] [stdout] test mcp::dispatch_tests::inspect_document_rejects_malformed_id ... ok
[INFO] [stdout] test mcp::dispatch_tests::list_documents_args_parse_with_all_defaults ... ok
[INFO] [stdout] test mcp::dispatch_tests::inspect_document_unknown_id_returns_invalid_params ... ok
[INFO] [stdout] test mcp::dispatch_tests::inspect_with_invalid_id_returns_invalid_params ... ok
[INFO] [stdout] test mcp::dispatch_tests::list_documents_passes_through_limit_offset_include_args ... ok
[INFO] [stdout] test mcp::dispatch_tests::list_documents_returns_empty_array_on_empty_db ... ok
[INFO] [stdout] test llm::sampling::tests::build_request_includes_claude_model_hint ... ok
[INFO] [stdout] test mcp::dispatch_tests::progress_event_id_monotonic_per_session ... ok
[INFO] [stdout] test mcp::dispatch_tests::memory_context_returns_json_bundle ... ok
[INFO] [stdout] test mcp::dispatch_tests::remember_batch_maxitems_matches_max_batch_size ... ok
[INFO] [stdout] test mcp::dispatch_tests::remember_batch_emits_no_progress_when_size_below_threshold ... ok
[INFO] [stdout] test llm::sampling::tests::client_refusal_returns_forbidden_and_audits ... ok
[INFO] [stdout] test mcp::dispatch_tests::remember_batch_empty_items_returns_invalid_params ... ok
[INFO] [stdout] test mcp::dispatch_tests::remember_batch_over_cap_returns_invalid_params ... ok
[INFO] [stdout] test mcp::dispatch_tests::remember_batch_rejects_per_item_empty_content ... ok
[INFO] [stdout] test mcp::dispatch_tests::remember_batch_rejects_per_item_salience_out_of_range ... ok
[INFO] [stdout] test mcp::dispatch_tests::remember_batch_returns_ids_in_order ... ok
[INFO] [stdout] test mcp::dispatch_tests::remember_then_recall_round_trip ... ok
[INFO] [stdout] test mcp::dispatch_tests::search_docs_args_parse_with_default_limit ... ok
[INFO] [stdout] test mcp::dispatch_tests::remember_batch_emits_progress_only_when_size_above_50 ... ok
[INFO] [stdout] test mcp::dispatch_tests::remember_with_explicit_salience_round_trips ... ok
[INFO] [stdout] test llm::sampling::tests::audit_row_bucket_prompt_chars_to_pow2 ... ok
[INFO] [stdout] test mcp::dispatch_tests::remember_with_out_of_range_salience_returns_invalid_params ... ok
[INFO] [stdout] test llm::sampling::tests::sampling_complete_happy_path_returns_text ... ok
[INFO] [stdout] test llm::sampling::tests::coordinator_coalesces_concurrent_calls_into_one_inner_rpc ... ok
[INFO] [stdout] test mcp::dispatch_tests::remember_with_boundary_salience_succeeds ... ok
[INFO] [stdout] test mcp::dispatch_tests::search_docs_emits_no_progress_when_top_k_below_threshold ... ok
[INFO] [stdout] test mcp::dispatch_tests::tool_names_match_cross_provider_regex ... ok
[INFO] [stdout] test mcp::dispatch_tests::search_docs_emits_progress_only_when_top_k_above_100 ... ok
[INFO] [stdout] test mcp::dispatch_tests::search_docs_rejects_empty_query ... ok
[INFO] [stdout] test llm::sampling::tests::no_principal_emits_audit_with_null_principal ... ok
[INFO] [stdout] test mcp::initialize_decision_tests::llm_anthropic_allows_initialize_regardless_of_sampling_capability ... ok
[INFO] [stdout] test mcp::initialize_decision_tests::llm_mcp_sampling_with_sampling_capability_populates_slot ... ok
[INFO] [stdout] test mcp::dispatch_tests::stdio_transport_does_not_emit_progress_events ... ok
[INFO] [stdout] test mcp::initialize_decision_tests::llm_none_allows_initialize_regardless_of_sampling_capability ... ok
[INFO] [stdout] test mcp::initialize_decision_tests::llm_mcp_sampling_without_sampling_capability_rejects ... ok
[INFO] [stdout] test mcp::initialize_decision_tests::llm_ollama_allows_initialize_regardless_of_sampling_capability ... ok
[INFO] [stdout] test mcp::initialize_decision_tests::no_llm_block_allows_initialize_regardless_of_sampling_capability ... ok
[INFO] [stdout] test mcp::initialize_decision_tests::sampling_capability_missing_error_message_contains_all_alternatives ... ok
[INFO] [stdout] test mcp::principal_extraction_tests::http_empty_bearer_header_falls_through_to_env ... ok
[INFO] [stdout] test mcp::principal_extraction_tests::http_header_beats_env_var ... ok
[INFO] [stdout] test mcp::principal_extraction_tests::http_header_resolves_to_bearer_token_principal ... ok
[INFO] [stdout] test mcp::principal_extraction_tests::http_malformed_header_falls_through_to_env ... ok
[INFO] [stdout] test mcp::principal_extraction_tests::stable_across_multiple_resolutions ... ok
[INFO] [stdout] test mcp::principal_extraction_tests::stdio_no_env_var_resolves_to_none ... ok
[INFO] [stdout] test mcp::principal_extraction_tests::stdio_whitespace_env_var_resolves_to_none ... ok
[INFO] [stdout] test mcp_dispatch::tests::jsonrpc_error_serialises_with_error_field ... ok
[INFO] [stdout] test mcp_dispatch::tests::jsonrpc_notification_has_no_id ... ok
[INFO] [stdout] test mcp_dispatch::tests::jsonrpc_request_with_null_id_parses_as_notification ... ok
[INFO] [stdout] test mcp_dispatch::tests::jsonrpc_success_serialises_with_jsonrpc_field ... ok
[INFO] [stdout] test mcp_notify::tests::bridge_exits_when_tenant_invalidate_channel_closes ... ok
[INFO] [stdout] test mcp::principal_extraction_tests::stdio_env_var_resolves_to_principal ... ok
[INFO] [stdout] test mcp_notify::tests::map_invalidate_to_message_routes_each_kind_to_data_discriminator ... ok
[INFO] [stdout] test mcp::dispatch_tests::server_info_identity_is_solo_not_rmcp_or_solo_api ... ok
[INFO] [stdout] test mcp_notify::tests::map_invalidate_to_message_uses_jsonrpc_notifications_message_method ... ok
[INFO] [stdout] test mcp::dispatch_tests::themes_returns_json_array_on_empty_db ... ok
[INFO] [stdout] test mcp_notify::tests::mcp_message_payload_includes_level_and_data ... ok
[INFO] [stdout] test mcp_notify::tests::run_invalidate_bridge_publishes_mcp_message_to_session ... ok
[INFO] [stdout] test mcp_notify::tests::session_task_exits_when_session_dropped ... ok
[INFO] [stdout] test mcp_progress::tests::progress_reporter_publishes_spec_shape ... ok
[INFO] [stdout] test mcp_progress::tests::progress_reporter_omits_total_and_message_when_absent ... ok
[INFO] [stdout] test mcp_progress::tests::progress_reporter_emits_monotonic_event_ids ... ok
[INFO] [stdout] test mcp_progress::tests::progress_token_from_meta_rejects_object_token ... ok
[INFO] [stdout] test mcp_progress::tests::progress_token_from_meta_reads_string_token ... ok
[INFO] [stdout] test mcp_progress::tests::progress_token_from_meta_reads_number_token ... ok
[INFO] [stdout] test mcp_progress::tests::progress_token_from_meta_returns_none_for_null_token ... ok
[INFO] [stdout] test mcp_progress::tests::report_if_some_noop_when_none ... ok
[INFO] [stdout] test mcp_session::tests::session_id_parse_rejects_empty_string ... ok
[INFO] [stdout] test mcp_session::tests::session_id_round_trips_through_string ... ok
[INFO] [stdout] test mcp_progress::tests::report_if_some_publishes_when_present ... ok
[INFO] [stdout] test mcp_progress::tests::progress_token_from_meta_returns_none_without_meta ... ok
[INFO] [stdout] test mcp_session::tests::session_state_publish_event_broadcasts_to_subscribers ... ok
[INFO] [stdout] test mcp_session::tests::session_state_event_buffer_capacity_256 ... ok
[INFO] [stdout] test mcp_session::tests::session_state_publish_event_no_subscribers_is_lossless_to_buffer ... ok
[INFO] [stdout] test mcp_session::tests::session_state_publish_event_returns_monotonic_ids ... ok
[INFO] [stdout] test mcp_session::tests::session_store_background_sweep_removes_expired ... ok
[INFO] [stdout] test mcp_session::tests::session_store_delete_returns_false_when_absent ... ok
[INFO] [stdout] test mcp_session::tests::session_store_delete_returns_true_when_present ... ok
[INFO] [stdout] test mcp_session::tests::session_store_get_returns_none_when_expired_by_absolute_ttl ... ok
[INFO] [stdout] test mcp_session::tests::session_store_get_returns_state_when_present ... ok
[INFO] [stdout] test mcp_session::tests::session_store_get_returns_none_when_expired_by_inactivity ... ok
[INFO] [stdout] test mcp_session::tests::session_store_insert_returns_unique_id ... ok
[INFO] [stdout] test test_support::fake_mcp_client::tests::default_with_no_response_returns_transport_error ... ok
[INFO] [stdout] test mcp_session::tests::session_store_sweep_now_removes_expired ... ok
[INFO] [stdout] test test_support::fake_mcp_client::tests::empty_content_returns_zero_content_blocks ... ok
[INFO] [stdout] test mcp_session::tests::session_store_get_refreshes_last_accessed_on_hit ... ok
[INFO] [stdout] test test_support::fake_mcp_client::tests::happy_path_returns_canned_text ... ok
[INFO] [stdout] test test_support::fake_mcp_client::tests::record_requests_captures_each_call ... ok
[INFO] [stdout] test test_support::fake_mcp_client::tests::respond_with_replaces_response ... ok
[INFO] [stdout] test test_support::fake_mcp_client::tests::reject_with_returns_refused_error ... ok
[INFO] [stdout] test test_support::fake_mcp_client::tests::respond_each_sequences_and_wraps_to_last ... ok
[INFO] [stdout] test mcp::dispatch_tests::themes_passes_through_window_and_limit_args ... ok
[INFO] [stdout] test mcp_notify::tests::bridge_logs_and_continues_on_lagged_subscriber ... ok
[INFO] [stdout] test test_support::fake_mcp_client::tests::slow_response_actually_sleeps ... ok
[INFO] [stdout] test mcp::dispatch_tests::tools_list_returns_eighteen_canonical_tools ... ok
[INFO] [stdout] test mcp::dispatch_tests::tool_descriptions_avoid_internal_jargon ... ok
[INFO] [stdout] test mcp::dispatch_tests::update_rewrites_memory_content ... ok
[INFO] [stdout] test mcp::dispatch_tests::unknown_tool_name_returns_invalid_params ... ok
[INFO] [stdout] test llm::sampling::tests::with_max_tokens_overrides_default ... ok
[INFO] [stdout] test llm::sampling::tests::coordinator_max_batch_one_acts_as_passthrough ... ok
[INFO] [stdout] test llm::sampling::tests::timeout_returns_error_with_timeout_reason ... ok
[INFO] [stdout] test llm::sampling::tests::sampling_llm_client_uses_coordinator_in_production_path ... ok
[INFO] [stdout] test llm::sampling::tests::reconfigurable_fake_distinguishes_audit_rows ... ok
[INFO] [stdout] test llm::sampling::tests::audit_row_bucket_prompt_chars_is_stable_within_bucket ... ok
[INFO] [stdout] test llm::sampling::tests::audit_row_omits_raw_prompt_text ... ok
[INFO] [stdout] 
[INFO] [stdout] test result: ok. 328 passed; 0 failed; 0 ignored; 0 measured; 0 filtered out; finished in 58.94s
[INFO] [stdout] 
[INFO] [stderr]    Doc-tests solo_api
[INFO] [stdout] 
[INFO] [stdout] running 0 tests
[INFO] [stdout] 
[INFO] [stdout] test result: ok. 0 passed; 0 failed; 0 ignored; 0 measured; 0 filtered out; finished in 0.00s
[INFO] [stdout] 
[INFO] running `Command { std: "docker" "inspect" "656f8121fa540d18967d8f72225693b8e68f13ac231d54ac711d7939c5361123", kill_on_drop: false }`
[INFO] running `Command { std: "docker" "rm" "-f" "656f8121fa540d18967d8f72225693b8e68f13ac231d54ac711d7939c5361123", kill_on_drop: false }`
[INFO] [stdout] 656f8121fa540d18967d8f72225693b8e68f13ac231d54ac711d7939c5361123
