[INFO] fetching crate slint-backend-kindle 0.7.1...
[INFO] testing slint-backend-kindle-0.7.1 against 1.100.0-beta.1 for beta-1.100-2
[INFO] extracting crate slint-backend-kindle 0.7.1 into /workspace/builds/worker-6-tc2/source
[INFO] started tweaking crates.io crate slint-backend-kindle 0.7.1
[INFO] finished tweaking crates.io crate slint-backend-kindle 0.7.1
[INFO] tweaked toml for crates.io crate slint-backend-kindle 0.7.1 written to /workspace/builds/worker-6-tc2/source/Cargo.toml
[INFO] validating manifest of crates.io crate slint-backend-kindle 0.7.1 on toolchain 1.100.0-beta.1
[INFO] running `Command { std: CARGO_HOME="/workspace/cargo-home" RUSTUP_HOME="/workspace/rustup-home" "/workspace/cargo-home/bin/cargo" "+1.100.0-beta.1" "metadata" "--manifest-path" "Cargo.toml" "--no-deps", kill_on_drop: false }`
[INFO] crate crates.io crate slint-backend-kindle 0.7.1 already has a lockfile, it will not be regenerated
[INFO] running `Command { std: CARGO_HOME="/workspace/cargo-home" RUSTUP_HOME="/workspace/rustup-home" "/workspace/cargo-home/bin/cargo" "+1.100.0-beta.1" "fetch" "--manifest-path" "Cargo.toml", kill_on_drop: false }`
[INFO] [stderr] warning: `package.homepage` is redundant with `package.repository`
[INFO] [stderr]   --> Cargo.toml:39:12
[INFO] [stderr]    |
[INFO] [stderr] 39 | homepage = "https://github.com/sverrejb/slint-kindle-backend"
[INFO] [stderr]    |            ^^^^^^^^^^^^^^^^^^^^^^^^^^^^^^^^^^^^^^^^^^^^^^^^^^
[INFO] [stderr] ...
[INFO] [stderr] 44 | repository = "https://github.com/sverrejb/slint-kindle-backend"
[INFO] [stderr]    |              --------------------------------------------------
[INFO] [stderr]    |
[INFO] [stderr]    = note: `cargo::redundant_homepage` is set to `warn` by default
[INFO] [stderr] help: consider removing `package.homepage`
[INFO] [stderr] warning: `slint-backend-kindle` (manifest) generated 1 warning
[INFO] running `Command { std: "docker" "create" "-v" "/var/lib/crater-agent-workspace/builds/worker-6-tc2/source:/opt/rustwide/workdir:ro,Z" "-v" "/var/lib/crater-agent-workspace/builds/worker-6-tc2/target:/opt/rustwide/target:rw,Z" "-v" "/var/lib/crater-agent-workspace/cargo-home:/opt/rustwide/cargo-home:ro,Z" "-v" "/var/lib/crater-agent-workspace/rustup-home:/opt/rustwide/rustup-home:ro,Z" "-m" "1610612736" "--network" "none" "ghcr.io/rust-lang/crates-build-env/linux@sha256:3111399a4047eeb3a02b7a90e478d715f38a8c6669b5c4b49d30a17385265909" "sleep" "infinity", kill_on_drop: false }`
[INFO] [stdout] ffefa5f2a88b1ba5a4bfa0a9b0392ed73998dc42969814ec59658068b126763f
[INFO] running `Command { std: "docker" "start" "ffefa5f2a88b1ba5a4bfa0a9b0392ed73998dc42969814ec59658068b126763f", kill_on_drop: false }`
[INFO] running `Command { std: "docker" "inspect" "ffefa5f2a88b1ba5a4bfa0a9b0392ed73998dc42969814ec59658068b126763f", kill_on_drop: false }`
[INFO] running `Command { std: "docker" "exec" "-e" "SOURCE_DIR=/opt/rustwide/workdir" "-e" "CARGO_HOME=/opt/rustwide/cargo-home" "-e" "RUSTUP_HOME=/opt/rustwide/rustup-home" "-e" "CARGO_TARGET_DIR=/opt/rustwide/target" "-w" "/opt/rustwide/workdir" "--user" "0:0" "ffefa5f2a88b1ba5a4bfa0a9b0392ed73998dc42969814ec59658068b126763f" "/opt/rustwide/cargo-home/bin/cargo" "+1.100.0-beta.1" "metadata" "--no-deps" "--format-version=1", kill_on_drop: false }`
[INFO] running `Command { std: "docker" "inspect" "ffefa5f2a88b1ba5a4bfa0a9b0392ed73998dc42969814ec59658068b126763f", kill_on_drop: false }`
[INFO] running `Command { std: "docker" "exec" "-e" "SOURCE_DIR=/opt/rustwide/workdir" "-e" "CARGO_HOME=/opt/rustwide/cargo-home" "-e" "RUSTUP_HOME=/opt/rustwide/rustup-home" "-e" "CARGO_TARGET_DIR=/opt/rustwide/target" "-e" "CARGO_INCREMENTAL=0" "-e" "RUST_BACKTRACE=full" "-e" "RUSTFLAGS=--cap-lints=warn" "-e" "RUSTDOCFLAGS=--cap-lints=warn" "-w" "/opt/rustwide/workdir" "--user" "0:0" "ffefa5f2a88b1ba5a4bfa0a9b0392ed73998dc42969814ec59658068b126763f" "/opt/rustwide/cargo-home/bin/cargo" "+1.100.0-beta.1" "build" "--frozen" "--message-format=json", kill_on_drop: false }`
[INFO] [stderr] warning: `package.homepage` is redundant with `package.repository`
[INFO] [stderr]   --> Cargo.toml:39:12
[INFO] [stderr]    |
[INFO] [stderr] 39 | homepage = "https://github.com/sverrejb/slint-kindle-backend"
[INFO] [stderr]    |            ^^^^^^^^^^^^^^^^^^^^^^^^^^^^^^^^^^^^^^^^^^^^^^^^^^
[INFO] [stderr] ...
[INFO] [stderr] 44 | repository = "https://github.com/sverrejb/slint-kindle-backend"
[INFO] [stderr]    |              --------------------------------------------------
[INFO] [stderr]    |
[INFO] [stderr]    = note: `cargo::redundant_homepage` is set to `warn` by default
[INFO] [stderr] help: consider removing `package.homepage`
[INFO] [stderr] warning: `slint-backend-kindle` (manifest) generated 1 warning
[INFO] [stderr]    Compiling proc-macro2 v1.0.106
[INFO] [stderr]    Compiling quote v1.0.45
[INFO] [stderr]    Compiling unicode-ident v1.0.24
[INFO] [stderr]    Compiling autocfg v1.5.1
[INFO] [stderr]    Compiling utf8_iter v1.0.4
[INFO] [stderr]    Compiling stable_deref_trait v1.2.1
[INFO] [stderr]    Compiling libm v0.2.16
[INFO] [stderr]    Compiling writeable v0.6.3
[INFO] [stderr]    Compiling portable-atomic v1.13.1
[INFO] [stderr]    Compiling icu_properties_data v2.2.0
[INFO] [stderr]    Compiling critical-section v1.2.0
[INFO] [stderr]    Compiling icu_normalizer_data v2.2.0
[INFO] [stderr]    Compiling litemap v0.8.2
[INFO] [stderr]    Compiling memchr v2.8.0
[INFO] [stderr]    Compiling unicode-segmentation v1.13.2
[INFO] [stderr]    Compiling bitflags v2.11.1
[INFO] [stderr]    Compiling num-traits v0.2.19
[INFO] [stderr]    Compiling memoffset v0.9.1
[INFO] [stderr]    Compiling unicode-xid v0.2.6
[INFO] [stderr]    Compiling pulldown-cmark v0.13.4
[INFO] [stderr]    Compiling libc v0.2.186
[INFO] [stderr]    Compiling icu_locale_data v2.2.0
[INFO] [stderr]    Compiling equivalent v1.0.2
[INFO] [stderr]    Compiling unicase v2.9.0
[INFO] [stderr]    Compiling smallvec v1.15.1
[INFO] [stderr]    Compiling convert_case v0.10.0
[INFO] [stderr]    Compiling pkg-config v0.3.33
[INFO] [stderr]    Compiling semver v1.0.28
[INFO] [stderr]    Compiling htmlparser v0.2.1
[INFO] [stderr]    Compiling syn v2.0.117
[INFO] [stderr]    Compiling once_cell v1.21.4
[INFO] [stderr]    Compiling foldhash v0.2.0
[INFO] [stderr]    Compiling cfg-if v1.0.4
[INFO] [stderr]    Compiling libloading v0.8.9
[INFO] [stderr]    Compiling yeslogic-fontconfig-sys v6.0.1
[INFO] [stderr]    Compiling rustc_version v0.4.1
[INFO] [stderr]    Compiling syn v3.0.6
[INFO] [stderr]    Compiling version_check v0.9.5
[INFO] [stderr]    Compiling arrayvec v0.7.6
[INFO] [stderr]    Compiling slotmap v1.1.1
[INFO] [stderr]    Compiling field-offset v0.3.6
[INFO] [stderr]    Compiling dlib v0.5.3
[INFO] [stderr]    Compiling heck v0.5.0
[INFO] [stderr]    Compiling zmij v1.0.21
[INFO] [stderr]    Compiling winnow v1.0.3
[INFO] [stderr]    Compiling hashbrown v0.17.1
[INFO] [stderr]    Compiling serde_core v1.0.228
[INFO] [stderr]    Compiling icu_segmenter_data v2.2.0
[INFO] [stderr]    Compiling euclid v0.22.14
[INFO] [stderr]    Compiling icu_decimal_data v2.2.0
[INFO] [stderr]    Compiling memmap2 v0.9.10
[INFO] [stderr]    Compiling indexmap v2.14.0
[INFO] [stderr]    Compiling thiserror v2.0.18
[INFO] [stderr]    Compiling serde_json v1.0.150
[INFO] [stderr]    Compiling linebender_resource_handle v0.1.1
[INFO] [stderr]    Compiling lyon_geom v1.0.19
[INFO] [stderr]    Compiling parlance v0.1.0
[INFO] [stderr]    Compiling toml_parser v1.1.3+spec-1.1.0
[INFO] [stderr]    Compiling toml_datetime v1.1.1+spec-1.1.0
[INFO] [stderr]    Compiling lyon_path v1.0.19
[INFO] [stderr]    Compiling toml_edit v0.25.11+spec-1.1.0
[INFO] [stderr]    Compiling itoa v1.0.18
[INFO] [stderr]    Compiling rustversion v1.0.22
[INFO] [stderr]    Compiling percent-encoding v2.3.2
[INFO] [stderr]    Compiling zeno v0.3.3
[INFO] [stderr]    Compiling iana-time-zone v0.1.65
[INFO] [stderr]    Compiling yazi v0.2.1
[INFO] [stderr]    Compiling proc-macro-crate v3.5.0
[INFO] [stderr]    Compiling chrono v0.4.44
[INFO] [stderr]    Compiling form_urlencoded v1.2.2
[INFO] [stderr]    Compiling taffy v0.10.1
[INFO] [stderr]    Compiling lyon_algorithms v1.0.20
[INFO] [stderr]    Compiling synstructure v0.13.2
[INFO] [stderr]    Compiling i-slint-compiler v1.18.1
[INFO] [stderr]    Compiling const-field-offset-macro v0.2.1
[INFO] [stderr]    Compiling vtable-macro v0.5.0
[INFO] [stderr]    Compiling slab v0.4.12
[INFO] [stderr]    Compiling hashbrown v0.14.5
[INFO] [stderr]    Compiling allocator-api2 v0.2.21
[INFO] [stderr]    Compiling scopeguard v1.2.0
[INFO] [stderr]    Compiling const-field-offset v0.2.1
[INFO] [stderr]    Compiling text-size v1.1.1
[INFO] [stderr]    Compiling sys-locale v0.3.2
[INFO] [stderr]    Compiling countme v3.0.1
[INFO] [stderr]    Compiling vtable v0.5.0
[INFO] [stderr]    Compiling unicode-width v0.2.2
[INFO] [stderr]    Compiling pin-weak v1.1.0
[INFO] [stderr]    Compiling anstyle v1.0.14
[INFO] [stderr]    Compiling cfg_aliases v0.2.2
[INFO] [stderr]    Compiling rustc-hash v1.1.0
[INFO] [stderr]    Compiling either v1.16.0
[INFO] [stderr]    Compiling hashbrown v0.16.1
[INFO] [stderr]    Compiling annotate-snippets v0.12.16
[INFO] [stderr]    Compiling data-url v0.3.2
[INFO] [stderr]    Compiling rowan v0.17.0
[INFO] [stderr]    Compiling itertools v0.15.0
[INFO] [stderr]    Compiling pin-utils v0.1.0
[INFO] [stderr]    Compiling smol_str v0.3.6
[INFO] [stderr]    Compiling typed-index-collections v3.5.0
[INFO] [stderr]    Compiling by_address v1.2.1
[INFO] [stderr]    Compiling spin_on v0.1.1
[INFO] [stderr]    Compiling tinyvec_macros v0.1.1
[INFO] [stderr]    Compiling tinyvec v1.11.0
[INFO] [stderr]    Compiling log v0.4.30
[INFO] [stderr]    Compiling clru v0.6.3
[INFO] [stderr]    Compiling zerofrom-derive v0.1.7
[INFO] [stderr]    Compiling yoke-derive v0.8.2
[INFO] [stderr]    Compiling zerovec-derive v0.11.3
[INFO] [stderr]    Compiling displaydoc v0.2.5
[INFO] [stderr]    Compiling bytemuck_derive v1.10.2
[INFO] [stderr]    Compiling derive_more-impl v2.1.1
[INFO] [stderr]    Compiling thiserror-impl v2.0.18
[INFO] [stderr]    Compiling strum_macros v0.28.0
[INFO] [stderr]    Compiling fixed_decimal v0.7.2
[INFO] [stderr]    Compiling pin-project-internal v1.1.13
[INFO] [stderr]    Compiling zerofrom v0.1.8
[INFO] [stderr]    Compiling yoke v0.8.2
[INFO] [stderr]    Compiling zerovec v0.11.6
[INFO] [stderr]    Compiling zerotrie v0.2.4
[INFO] [stderr]    Compiling bytemuck v1.25.0
[INFO] [stderr]    Compiling font-types v0.12.5
[INFO] [stderr]    Compiling font-types v0.11.3
[INFO] [stderr]    Compiling read-fonts v0.41.0
[INFO] [stderr]    Compiling lyon_extra v1.1.0
[INFO] [stderr]    Compiling pin-project v1.1.13
[INFO] [stderr]    Compiling tinystr v0.8.3
[INFO] [stderr]    Compiling potential_utf v0.1.5
[INFO] [stderr]    Compiling icu_collections v2.2.0
[INFO] [stderr]    Compiling icu_locale_core v2.2.0
[INFO] [stderr]    Compiling read-fonts v0.37.0
[INFO] [stderr]    Compiling rgb v0.8.53
[INFO] [stderr]    Compiling i-slint-core-macros v1.18.1
[INFO] [stderr]    Compiling strum v0.28.0
[INFO] [stderr]    Compiling num_enum_derive v0.7.6
[INFO] [stderr]    Compiling icu_provider v2.2.0
[INFO] [stderr]    Compiling fontdb v0.24.0
[INFO] [stderr]    Compiling icu_normalizer v2.2.0
[INFO] [stderr]    Compiling icu_locale v2.2.0
[INFO] [stderr]    Compiling icu_properties v2.2.0
[INFO] [stderr]    Compiling num_enum v0.7.6
[INFO] [stderr]    Compiling derive_more v2.1.1
[INFO] [stderr]    Compiling i-slint-common v1.18.1
[INFO] [stderr]    Compiling icu_segmenter v2.2.0
[INFO] [stderr]    Compiling icu_decimal v2.2.0
[INFO] [stderr]    Compiling i-slint-backend-selector v1.18.1
[INFO] [stderr]    Compiling idna_adapter v1.2.2
[INFO] [stderr]    Compiling idna v1.1.0
[INFO] [stderr]    Compiling parley_data v0.11.1
[INFO] [stderr]    Compiling url v2.5.8
[INFO] [stderr]    Compiling skrifa v0.40.0
[INFO] [stderr]    Compiling fontique v0.11.1
[INFO] [stderr]    Compiling skrifa v0.44.0
[INFO] [stderr]    Compiling harfrust v0.12.0
[INFO] [stderr]    Compiling swash v0.2.7
[INFO] [stderr]    Compiling parley v0.11.1
[INFO] [stderr]    Compiling i-slint-core v1.18.1
[INFO] [stderr]    Compiling i-slint-renderer-software v1.18.1
[INFO] [stderr]    Compiling slint-macros v1.18.1
[INFO] [stderr]    Compiling slint v1.18.1
[INFO] [stderr]    Compiling slint-backend-kindle v0.7.1 (/opt/rustwide/workdir)
[INFO] [stderr] warning: unused dependency `fontdb`
[INFO] [stderr]  --> Cargo.toml:1:15
[INFO] [stderr]   |
[INFO] [stderr] 1 | [dependencies.fontdb]
[INFO] [stderr]   |               ^^^^^^^
[INFO] [stderr]   |
[INFO] [stderr]   = note: `cargo::unused_dependencies` is set to `warn` by default
[INFO] [stderr] help: consider removing the dependency on `fontdb`
[INFO] [stderr] warning: `slint-backend-kindle` (manifest) generated 1 warning
[INFO] [stderr]     Finished `dev` profile [unoptimized + debuginfo] target(s) in 3m 00s
[INFO] running `Command { std: "docker" "inspect" "ffefa5f2a88b1ba5a4bfa0a9b0392ed73998dc42969814ec59658068b126763f", kill_on_drop: false }`
[INFO] running `Command { std: "docker" "exec" "-e" "SOURCE_DIR=/opt/rustwide/workdir" "-e" "CARGO_HOME=/opt/rustwide/cargo-home" "-e" "RUSTUP_HOME=/opt/rustwide/rustup-home" "-e" "CARGO_TARGET_DIR=/opt/rustwide/target" "-e" "CARGO_INCREMENTAL=0" "-e" "RUST_BACKTRACE=full" "-e" "RUSTFLAGS=--cap-lints=warn" "-e" "RUSTDOCFLAGS=--cap-lints=warn" "-w" "/opt/rustwide/workdir" "--user" "0:0" "ffefa5f2a88b1ba5a4bfa0a9b0392ed73998dc42969814ec59658068b126763f" "/opt/rustwide/cargo-home/bin/cargo" "+1.100.0-beta.1" "test" "--frozen" "--no-run" "--message-format=json", kill_on_drop: false }`
[INFO] [stderr] warning: `package.homepage` is redundant with `package.repository`
[INFO] [stderr]   --> Cargo.toml:39:12
[INFO] [stderr]    |
[INFO] [stderr] 39 | homepage = "https://github.com/sverrejb/slint-kindle-backend"
[INFO] [stderr]    |            ^^^^^^^^^^^^^^^^^^^^^^^^^^^^^^^^^^^^^^^^^^^^^^^^^^
[INFO] [stderr] ...
[INFO] [stderr] 44 | repository = "https://github.com/sverrejb/slint-kindle-backend"
[INFO] [stderr]    |              --------------------------------------------------
[INFO] [stderr]    |
[INFO] [stderr]    = note: `cargo::redundant_homepage` is set to `warn` by default
[INFO] [stderr] help: consider removing `package.homepage`
[INFO] [stderr] warning: `slint-backend-kindle` (manifest) generated 1 warning
[INFO] [stderr]    Compiling slint-backend-kindle v0.7.1 (/opt/rustwide/workdir)
[INFO] [stderr] warning: unused dependency `fontdb`
[INFO] [stderr]  --> Cargo.toml:1:15
[INFO] [stderr]   |
[INFO] [stderr] 1 | [dependencies.fontdb]
[INFO] [stderr]   |               ^^^^^^^
[INFO] [stderr]   |
[INFO] [stderr]   = note: `cargo::unused_dependencies` is set to `warn` by default
[INFO] [stderr] help: consider removing the dependency on `fontdb`
[INFO] [stderr] warning: `slint-backend-kindle` (manifest) generated 1 warning
[INFO] [stderr]     Finished `test` profile [unoptimized + debuginfo] target(s) in 2.86s
[INFO] running `Command { std: "docker" "inspect" "ffefa5f2a88b1ba5a4bfa0a9b0392ed73998dc42969814ec59658068b126763f", kill_on_drop: false }`
[INFO] running `Command { std: "docker" "exec" "-e" "SOURCE_DIR=/opt/rustwide/workdir" "-e" "CARGO_HOME=/opt/rustwide/cargo-home" "-e" "RUSTUP_HOME=/opt/rustwide/rustup-home" "-e" "CARGO_TARGET_DIR=/opt/rustwide/target" "-e" "CARGO_INCREMENTAL=0" "-e" "RUST_BACKTRACE=full" "-e" "RUSTFLAGS=--cap-lints=warn" "-e" "RUSTDOCFLAGS=--cap-lints=warn" "-w" "/opt/rustwide/workdir" "--user" "0:0" "ffefa5f2a88b1ba5a4bfa0a9b0392ed73998dc42969814ec59658068b126763f" "/opt/rustwide/cargo-home/bin/cargo" "+1.100.0-beta.1" "test" "--frozen", kill_on_drop: false }`
[INFO] [stderr] warning: `package.homepage` is redundant with `package.repository`
[INFO] [stderr]   --> Cargo.toml:39:12
[INFO] [stderr]    |
[INFO] [stderr] 39 | homepage = "https://github.com/sverrejb/slint-kindle-backend"
[INFO] [stderr]    |            ^^^^^^^^^^^^^^^^^^^^^^^^^^^^^^^^^^^^^^^^^^^^^^^^^^
[INFO] [stderr] ...
[INFO] [stderr] 44 | repository = "https://github.com/sverrejb/slint-kindle-backend"
[INFO] [stderr]    |              --------------------------------------------------
[INFO] [stderr]    |
[INFO] [stderr]    = note: `cargo::redundant_homepage` is set to `warn` by default
[INFO] [stderr] help: consider removing `package.homepage`
[INFO] [stderr] warning: `slint-backend-kindle` (manifest) generated 1 warning
[INFO] [stderr] warning: unused dependency `fontdb`
[INFO] [stderr]  --> Cargo.toml:1:15
[INFO] [stderr]   |
[INFO] [stderr] 1 | [dependencies.fontdb]
[INFO] [stderr]   |               ^^^^^^^
[INFO] [stderr]   |
[INFO] [stderr]   = note: `cargo::unused_dependencies` is set to `warn` by default
[INFO] [stderr] help: consider removing the dependency on `fontdb`
[INFO] [stderr] warning: `slint-backend-kindle` (manifest) generated 1 warning
[INFO] [stderr]     Finished `test` profile [unoptimized + debuginfo] target(s) in 0.46s
[INFO] [stderr]      Running unittests src/lib.rs (/opt/rustwide/target/debug/build/slint-backend-kindle/e203af0de7d46814/out/slint_backend_kindle-e203af0de7d46814)
[INFO] [stdout] 
[INFO] [stdout] running 2 tests
[INFO] [stdout] test touch::tests::accelerometer_is_a_pressure_only_device ... ok
[INFO] [stdout] test touch::tests::undo_rotation_inverts_slints_rendering_rotation ... ok
[INFO] [stdout] 
[INFO] [stdout] test result: ok. 2 passed; 0 failed; 0 ignored; 0 measured; 0 filtered out; finished in 0.00s
[INFO] [stdout] 
[INFO] [stderr]    Doc-tests slint_backend_kindle
[INFO] [stdout] 
[INFO] [stdout] running 1 test
[INFO] [stdout] test src/lib.rs - (line 5) - compile ... FAILED
[INFO] [stdout] 
[INFO] [stdout] failures:
[INFO] [stdout] 
[INFO] [stdout] ---- src/lib.rs - (line 5) stdout ----
[INFO] [stdout] error: environment variable `SLINT_INCLUDE_GENERATED` not defined at compile time
[INFO] [stdout]  --> src/lib.rs:7:1
[INFO] [stdout]   |
[INFO] [stdout] 7 | slint::include_modules!();
[INFO] [stdout]   | ^^^^^^^^^^^^^^^^^^^^^^^^^
[INFO] [stdout]   |
[INFO] [stdout]   = help: use `std::env::var("SLINT_INCLUDE_GENERATED")` to read the variable at run time
[INFO] [stdout]   = note: this error originates in the macro `env` which comes from the expansion of the macro `slint::include_modules` (in Nightly builds, run with -Z macro-backtrace for more info)
[INFO] [stdout] 
[INFO] [stdout] error: couldn't read `src/../ui/MyFont.ttf`: No such file or directory (os error 2)
[INFO] [stdout]  --> src/lib.rs:9:30
[INFO] [stdout]   |
[INFO] [stdout] 9 | static DEFAULT_FONT: &[u8] = include_bytes!("../ui/MyFont.ttf");
[INFO] [stdout]   |                              ^^^^^^^^^^^^^^^^^^^^^^^^^^^^^^^^^^
[INFO] [stdout] 
[INFO] [stdout] error: couldn't read `src/../ui/MySerif.ttf`: No such file or directory (os error 2)
[INFO] [stdout]   --> src/lib.rs:10:28
[INFO] [stdout]    |
[INFO] [stdout] 10 | static SERIF_FONT: &[u8] = include_bytes!("../ui/MySerif.ttf");
[INFO] [stdout]    |                            ^^^^^^^^^^^^^^^^^^^^^^^^^^^^^^^^^^^
[INFO] [stdout] 
[INFO] [stdout] error[E0433]: cannot find type `AppWindow` in this scope
[INFO] [stdout]   --> src/lib.rs:15:15
[INFO] [stdout]    |
[INFO] [stdout] 15 |     let app = AppWindow::new().expect("failed to create window");
[INFO] [stdout]    |               ^^^^^^^^^ use of undeclared type `AppWindow`
[INFO] [stdout] 
[INFO] [stdout] error: aborting due to 4 previous errors
[INFO] [stdout] 
[INFO] [stdout] For more information about this error, try `rustc --explain E0433`.
[INFO] [stdout] Couldn't compile the test.
[INFO] [stdout] 
[INFO] [stdout] failures:
[INFO] [stdout]     src/lib.rs - (line 5)
[INFO] [stdout] 
[INFO] [stdout] test result: FAILED. 0 passed; 1 failed; 0 ignored; 0 measured; 0 filtered out; finished in 0.19s
[INFO] [stdout] 
[INFO] [stdout] all doctests ran in 0.33s; merged doctests compilation took 0.14s
[INFO] [stderr] error: doctest failed, to rerun pass `--doc`
[INFO] running `Command { std: "docker" "inspect" "ffefa5f2a88b1ba5a4bfa0a9b0392ed73998dc42969814ec59658068b126763f", kill_on_drop: false }`
[INFO] running `Command { std: "docker" "rm" "-f" "ffefa5f2a88b1ba5a4bfa0a9b0392ed73998dc42969814ec59658068b126763f", kill_on_drop: false }`
[INFO] [stdout] ffefa5f2a88b1ba5a4bfa0a9b0392ed73998dc42969814ec59658068b126763f
