[INFO] fetching crate shex_ast 0.3.24...
[INFO] testing shex_ast-0.3.24 against 1.100.0-beta.1 for beta-1.100-2
[INFO] extracting crate shex_ast 0.3.24 into /workspace/builds/worker-7-tc2/source
[INFO] started tweaking crates.io crate shex_ast 0.3.24
[INFO] removed 0 missing tests
[INFO] finished tweaking crates.io crate shex_ast 0.3.24
[INFO] tweaked toml for crates.io crate shex_ast 0.3.24 written to /workspace/builds/worker-7-tc2/source/Cargo.toml
[INFO] validating manifest of crates.io crate shex_ast 0.3.24 on toolchain 1.100.0-beta.1
[INFO] running `Command { std: CARGO_HOME="/workspace/cargo-home" RUSTUP_HOME="/workspace/rustup-home" "/workspace/cargo-home/bin/cargo" "+1.100.0-beta.1" "metadata" "--manifest-path" "Cargo.toml" "--no-deps", kill_on_drop: false }`
[INFO] crate crates.io crate shex_ast 0.3.24 already has a lockfile, it will not be regenerated
[INFO] running `Command { std: CARGO_HOME="/workspace/cargo-home" RUSTUP_HOME="/workspace/rustup-home" "/workspace/cargo-home/bin/cargo" "+1.100.0-beta.1" "fetch" "--manifest-path" "Cargo.toml", kill_on_drop: false }`
[INFO] running `Command { std: "docker" "create" "-v" "/var/lib/crater-agent-workspace/builds/worker-7-tc2/source:/opt/rustwide/workdir:ro,Z" "-v" "/var/lib/crater-agent-workspace/builds/worker-7-tc2/target:/opt/rustwide/target:rw,Z" "-v" "/var/lib/crater-agent-workspace/cargo-home:/opt/rustwide/cargo-home:ro,Z" "-v" "/var/lib/crater-agent-workspace/rustup-home:/opt/rustwide/rustup-home:ro,Z" "-m" "1610612736" "--network" "none" "ghcr.io/rust-lang/crates-build-env/linux@sha256:3111399a4047eeb3a02b7a90e478d715f38a8c6669b5c4b49d30a17385265909" "sleep" "infinity", kill_on_drop: false }`
[INFO] [stdout] 6a36f5e9155302872d150ee6ab454b80ece6f75d3f7e292f5c800643ddb600a4
[INFO] running `Command { std: "docker" "start" "6a36f5e9155302872d150ee6ab454b80ece6f75d3f7e292f5c800643ddb600a4", kill_on_drop: false }`
[INFO] running `Command { std: "docker" "inspect" "6a36f5e9155302872d150ee6ab454b80ece6f75d3f7e292f5c800643ddb600a4", kill_on_drop: false }`
[INFO] running `Command { std: "docker" "exec" "-e" "SOURCE_DIR=/opt/rustwide/workdir" "-e" "CARGO_HOME=/opt/rustwide/cargo-home" "-e" "RUSTUP_HOME=/opt/rustwide/rustup-home" "-e" "CARGO_TARGET_DIR=/opt/rustwide/target" "-w" "/opt/rustwide/workdir" "--user" "0:0" "6a36f5e9155302872d150ee6ab454b80ece6f75d3f7e292f5c800643ddb600a4" "/opt/rustwide/cargo-home/bin/cargo" "+1.100.0-beta.1" "metadata" "--no-deps" "--format-version=1", kill_on_drop: false }`
[INFO] running `Command { std: "docker" "inspect" "6a36f5e9155302872d150ee6ab454b80ece6f75d3f7e292f5c800643ddb600a4", kill_on_drop: false }`
[INFO] running `Command { std: "docker" "exec" "-e" "SOURCE_DIR=/opt/rustwide/workdir" "-e" "CARGO_HOME=/opt/rustwide/cargo-home" "-e" "RUSTUP_HOME=/opt/rustwide/rustup-home" "-e" "CARGO_TARGET_DIR=/opt/rustwide/target" "-e" "CARGO_INCREMENTAL=0" "-e" "RUST_BACKTRACE=full" "-e" "RUSTFLAGS=--cap-lints=warn" "-e" "RUSTDOCFLAGS=--cap-lints=warn" "-w" "/opt/rustwide/workdir" "--user" "0:0" "6a36f5e9155302872d150ee6ab454b80ece6f75d3f7e292f5c800643ddb600a4" "/opt/rustwide/cargo-home/bin/cargo" "+1.100.0-beta.1" "build" "--frozen" "--message-format=json", kill_on_drop: false }`
[INFO] [stderr]    Compiling smallvec v1.16.1
[INFO] [stderr]    Compiling zerocopy v0.8.57
[INFO] [stderr]    Compiling block-buffer v0.12.1
[INFO] [stderr]    Compiling find-msvc-tools v0.1.12
[INFO] [stderr]    Compiling syn v3.0.5
[INFO] [stderr]    Compiling getrandom v0.3.4
[INFO] [stderr]    Compiling rustls-pki-types v1.15.1
[INFO] [stderr]    Compiling oxiri v0.2.11
[INFO] [stderr]    Compiling getrandom v0.2.17
[INFO] [stderr]    Compiling mio v1.2.3
[INFO] [stderr]    Compiling rustls v0.23.45
[INFO] [stderr]    Compiling futures-sink v0.3.34
[INFO] [stderr]    Compiling http-body v1.1.0
[INFO] [stderr]    Compiling arrayvec v0.7.8
[INFO] [stderr]    Compiling num-traits v0.2.19
[INFO] [stderr]    Compiling tracing v0.1.44
[INFO] [stderr]    Compiling futures-util v0.3.34
[INFO] [stderr]    Compiling rand_core v0.9.5
[INFO] [stderr]    Compiling digest v0.11.3
[INFO] [stderr]    Compiling cc v1.4.6
[INFO] [stderr]    Compiling parking_lot_core v0.9.12
[INFO] [stderr]    Compiling futures-channel v0.3.34
[INFO] [stderr]    Compiling getrandom v0.4.3
[INFO] [stderr]    Compiling peg-runtime v0.8.6
[INFO] [stderr]    Compiling nom v7.1.3
[INFO] [stderr]    Compiling sha2 v0.11.0
[INFO] [stderr]    Compiling vte v0.14.1
[INFO] [stderr]    Compiling quick-xml v0.37.5
[INFO] [stderr]    Compiling json-event-parser v0.2.3
[INFO] [stderr]    Compiling parking_lot v0.12.5
[INFO] [stderr]    Compiling peg-macros v0.8.6
[INFO] [stderr]    Compiling rustls-native-certs v0.8.4
[INFO] [stderr]    Compiling webpki-roots v1.0.9
[INFO] [stderr]    Compiling indexmap v2.14.2
[INFO] [stderr]    Compiling serde_json v1.0.151
[INFO] [stderr]    Compiling crossbeam-utils v0.8.23
[INFO] [stderr]    Compiling winnow v1.0.4
[INFO] [stderr]    Compiling aho-corasick v1.1.5
[INFO] [stderr]    Compiling rand_xorshift v0.4.0
[INFO] [stderr]    Compiling http-body-util v0.1.5
[INFO] [stderr]    Compiling proc-macro-error-attr2 v2.0.0
[INFO] [stderr]    Compiling serde_spanned v1.1.1
[INFO] [stderr]    Compiling toml_datetime v0.7.5+spec-1.1.0
[INFO] [stderr]    Compiling bytecount v0.6.9
[INFO] [stderr]    Compiling toml_parser v1.1.3+spec-1.1.0
[INFO] [stderr]    Compiling ryu-js v1.0.3
[INFO] [stderr]    Compiling toml_writer v1.1.2+spec-1.1.0
[INFO] [stderr]    Compiling winnow v0.7.15
[INFO] [stderr]    Compiling dirs-sys v0.5.0
[INFO] [stderr]    Compiling proc-macro-error2 v2.0.1
[INFO] [stderr]    Compiling heapless v0.7.17
[INFO] [stderr]    Compiling sha1 v0.11.0
[INFO] [stderr]    Compiling md-5 v0.11.0
[INFO] [stderr]    Compiling oxiri v0.3.1
[INFO] [stderr]    Compiling rust_decimal v1.43.0
[INFO] [stderr]    Compiling tempfile v3.27.0
[INFO] [stderr]    Compiling tabled_derive v0.11.0
[INFO] [stderr]    Compiling ansitok v0.3.0
[INFO] [stderr]    Compiling dashmap v6.2.1
[INFO] [stderr]    Compiling const_format_proc_macros v0.2.34
[INFO] [stderr]    Compiling hash32 v0.2.1
[INFO] [stderr]    Compiling ring v0.17.14
[INFO] [stderr]    Compiling regex-automata v0.4.18
[INFO] [stderr]    Compiling peg v0.8.6
[INFO] [stderr]    Compiling dirs v6.0.0
[INFO] [stderr]    Compiling include_dir_macros v0.7.4
[INFO] [stderr]    Compiling spin v0.9.9
[INFO] [stderr]    Compiling csv-core v0.1.13
[INFO] [stderr]    Compiling typed-arena v2.0.2
[INFO] [stderr]    Compiling arrayvec v0.5.2
[INFO] [stderr]    Compiling ansi-str v0.9.0
[INFO] [stderr]    Compiling testing_table v0.3.0
[INFO] [stderr]    Compiling csv v1.4.0
[INFO] [stderr]    Compiling nom v8.0.0
[INFO] [stderr]    Compiling hashbag v0.1.13
[INFO] [stderr]    Compiling include_dir v0.7.4
[INFO] [stderr]    Compiling pretty v0.12.5
[INFO] [stderr]    Compiling term_size v0.3.2
[INFO] [stderr]    Compiling papergrid v0.17.0
[INFO] [stderr]    Compiling const_format v0.2.36
[INFO] [stderr]    Compiling toml v0.9.12+spec-1.1.0
[INFO] [stderr]    Compiling tabled v0.20.0
[INFO] [stderr]    Compiling serde_derive v1.0.229
[INFO] [stderr]    Compiling thiserror-impl v2.0.20
[INFO] [stderr]    Compiling zerovec-derive v0.11.6
[INFO] [stderr]    Compiling displaydoc v0.2.7
[INFO] [stderr]    Compiling tokio-macros v2.7.2
[INFO] [stderr]    Compiling regex v1.13.1
[INFO] [stderr]    Compiling tokio v1.53.1
[INFO] [stderr]    Compiling zerotrie v0.2.5
[INFO] [stderr]    Compiling ppv-lite86 v0.2.21
[INFO] [stderr]    Compiling zerovec v0.11.8
[INFO] [stderr]    Compiling thiserror v2.0.20
[INFO] [stderr]    Compiling oxsdatatypes v0.2.3
[INFO] [stderr]    Compiling cobs v0.3.0
[INFO] [stderr]    Compiling rand_chacha v0.9.0
[INFO] [stderr]    Compiling rand v0.9.5
[INFO] [stderr]    Compiling lazy-regex-proc_macros v3.6.1
[INFO] [stderr]    Compiling tinystr v0.8.4
[INFO] [stderr]    Compiling potential_utf v0.1.6
[INFO] [stderr]    Compiling nom_locate v5.0.0
[INFO] [stderr]    Compiling icu_collections v2.3.0
[INFO] [stderr]    Compiling icu_locale_core v2.3.0
[INFO] [stderr]    Compiling proptest v1.11.0
[INFO] [stderr]    Compiling lazy-regex v3.6.1
[INFO] [stderr]    Compiling serde v1.0.229
[INFO] [stderr]    Compiling icu_provider v2.3.1
[INFO] [stderr]    Compiling oxilangtag v0.1.6
[INFO] [stderr]    Compiling serde_urlencoded v0.7.1
[INFO] [stderr]    Compiling either v1.18.0
[INFO] [stderr]    Compiling rudof_viz v0.3.24
[INFO] [stderr]    Compiling rudof_config v0.3.24
[INFO] [stderr]    Compiling petgraph v0.8.3
[INFO] [stderr]    Compiling oxrdf v0.3.4
[INFO] [stderr]    Compiling icu_normalizer v2.3.0
[INFO] [stderr]    Compiling icu_properties v2.3.0
[INFO] [stderr]    Compiling itertools v0.14.0
[INFO] [stderr]    Compiling postcard v1.1.3
[INFO] [stderr]    Compiling spargebra v0.4.7
[INFO] [stderr]    Compiling oxjsonld v0.2.6
[INFO] [stderr]    Compiling oxrdfxml v0.2.4
[INFO] [stderr]    Compiling oxttl v0.2.4
[INFO] [stderr]    Compiling sparesults v0.3.4
[INFO] [stderr]    Compiling idna_adapter v1.2.2
[INFO] [stderr]    Compiling idna v1.1.0
[INFO] [stderr]    Compiling oxrdfio v0.2.6
[INFO] [stderr]    Compiling url v2.5.8
[INFO] [stderr]    Compiling rbe v0.3.24
[INFO] [stderr]    Compiling rustls-webpki v0.103.15
[INFO] [stderr]    Compiling hyper v1.11.1
[INFO] [stderr]    Compiling tower v0.5.3
[INFO] [stderr]    Compiling sparopt v0.3.7
[INFO] [stderr]    Compiling spareval v0.2.7
[INFO] [stderr]    Compiling tower-http v0.6.11
[INFO] [stderr]    Compiling hyper-util v0.1.20
[INFO] [stderr]    Compiling tokio-rustls v0.26.5
[INFO] [stderr]    Compiling rustls-platform-verifier v0.7.0
[INFO] [stderr]    Compiling oxhttp v0.3.3
[INFO] [stderr]    Compiling hyper-rustls v0.27.9
[INFO] [stderr]    Compiling reqwest v0.12.28
[INFO] [stderr]    Compiling oxigraph v0.5.11
[INFO] [stderr]    Compiling rudof_iri v0.3.24
[INFO] [stderr]    Compiling prefixmap v0.3.24
[INFO] [stderr]    Compiling rudof_rdf v0.3.24
[INFO] [stderr]    Compiling shex_ast v0.3.24 (/opt/rustwide/workdir)
[INFO] [stderr] warning: unused dependency `term_size`
[INFO] [stderr]   --> Cargo.toml:66:15
[INFO] [stderr]    |
[INFO] [stderr] 66 | [dependencies.term_size]
[INFO] [stderr]    |               ^^^^^^^^^^
[INFO] [stderr]    |
[INFO] [stderr]    = note: `cargo::unused_dependencies` is set to `warn` by default
[INFO] [stderr] help: consider removing the dependency on `term_size`
[INFO] [stderr] warning: `shex_ast` (manifest) generated 1 warning
[INFO] [stderr]     Finished `dev` profile [unoptimized + debuginfo] target(s) in 38.94s
[INFO] [stderr] warning: the following packages contain code that will be rejected by a future version of Rust: proc-macro-error2 v2.0.1
[INFO] [stderr] note: to see what the problems were, use the option `--future-incompat-report`, or run `cargo report future-incompatibilities --id 4`
[INFO] running `Command { std: "docker" "inspect" "6a36f5e9155302872d150ee6ab454b80ece6f75d3f7e292f5c800643ddb600a4", kill_on_drop: false }`
[INFO] running `Command { std: "docker" "exec" "-e" "SOURCE_DIR=/opt/rustwide/workdir" "-e" "CARGO_HOME=/opt/rustwide/cargo-home" "-e" "RUSTUP_HOME=/opt/rustwide/rustup-home" "-e" "CARGO_TARGET_DIR=/opt/rustwide/target" "-e" "CARGO_INCREMENTAL=0" "-e" "RUST_BACKTRACE=full" "-e" "RUSTFLAGS=--cap-lints=warn" "-e" "RUSTDOCFLAGS=--cap-lints=warn" "-w" "/opt/rustwide/workdir" "--user" "0:0" "6a36f5e9155302872d150ee6ab454b80ece6f75d3f7e292f5c800643ddb600a4" "/opt/rustwide/cargo-home/bin/cargo" "+1.100.0-beta.1" "test" "--frozen" "--no-run" "--message-format=json", kill_on_drop: false }`
[INFO] [stderr]    Compiling shex_ast v0.3.24 (/opt/rustwide/workdir)
[INFO] [stderr] warning: unused dependency `term_size`
[INFO] [stderr]   --> Cargo.toml:66:15
[INFO] [stderr]    |
[INFO] [stderr] 66 | [dependencies.term_size]
[INFO] [stderr]    |               ^^^^^^^^^^
[INFO] [stderr]    |
[INFO] [stderr]    = note: `cargo::unused_dependencies` is set to `warn` by default
[INFO] [stderr] help: consider removing the dependency on `term_size`
[INFO] [stderr] warning: `shex_ast` (manifest) generated 1 warning
[INFO] [stderr]     Finished `test` profile [unoptimized + debuginfo] target(s) in 9.40s
[INFO] [stderr] warning: the following packages contain code that will be rejected by a future version of Rust: proc-macro-error2 v2.0.1
[INFO] [stderr] note: to see what the problems were, use the option `--future-incompat-report`, or run `cargo report future-incompatibilities --id 4`
[INFO] running `Command { std: "docker" "inspect" "6a36f5e9155302872d150ee6ab454b80ece6f75d3f7e292f5c800643ddb600a4", kill_on_drop: false }`
[INFO] running `Command { std: "docker" "exec" "-e" "SOURCE_DIR=/opt/rustwide/workdir" "-e" "CARGO_HOME=/opt/rustwide/cargo-home" "-e" "RUSTUP_HOME=/opt/rustwide/rustup-home" "-e" "CARGO_TARGET_DIR=/opt/rustwide/target" "-e" "CARGO_INCREMENTAL=0" "-e" "RUST_BACKTRACE=full" "-e" "RUSTFLAGS=--cap-lints=warn" "-e" "RUSTDOCFLAGS=--cap-lints=warn" "-w" "/opt/rustwide/workdir" "--user" "0:0" "6a36f5e9155302872d150ee6ab454b80ece6f75d3f7e292f5c800643ddb600a4" "/opt/rustwide/cargo-home/bin/cargo" "+1.100.0-beta.1" "test" "--frozen", kill_on_drop: false }`
[INFO] [stderr] warning: unused dependency `term_size`
[INFO] [stderr]   --> Cargo.toml:66:15
[INFO] [stderr]    |
[INFO] [stderr] 66 | [dependencies.term_size]
[INFO] [stderr]    |               ^^^^^^^^^^
[INFO] [stderr]    |
[INFO] [stderr]    = note: `cargo::unused_dependencies` is set to `warn` by default
[INFO] [stderr] help: consider removing the dependency on `term_size`
[INFO] [stderr] warning: `shex_ast` (manifest) generated 1 warning
[INFO] [stderr]     Finished `test` profile [unoptimized + debuginfo] target(s) in 0.35s
[INFO] [stderr] warning: the following packages contain code that will be rejected by a future version of Rust: proc-macro-error2 v2.0.1
[INFO] [stderr] note: to see what the problems were, use the option `--future-incompat-report`, or run `cargo report future-incompatibilities --id 4`
[INFO] [stderr]      Running unittests src/lib.rs (/opt/rustwide/target/debug/build/shex_ast/09bb6ab697b5e6da/out/shex_ast-09bb6ab697b5e6da)
[INFO] [stdout] 
[INFO] [stdout] running 103 tests
[INFO] [stdout] test ast::node_constraint::tests::test_deserialize_node_kind_iri ... ok
[INFO] [stdout] test ast::node_constraint::tests::test_deserialize_pattern ... ok
[INFO] [stdout] test ast::node_constraint::tests::test_deserialize_pattern_flags ... ok
[INFO] [stdout] test ast::node_constraint::tests::test_serialize_pattern ... ok
[INFO] [stdout] test ast::node_constraint::tests::test_serialize_pattern_flags ... ok
[INFO] [stdout] test ast::node_constraint::tests::test_serialize_node_kind_iri ... ok
[INFO] [stdout] test ast::object_value::tests::numeric_values_keep_lexical_form ... ok
[INFO] [stdout] test ast::object_value::tests::numeric_values_with_invalid_lexical_form_are_rejected ... ok
[INFO] [stdout] test ast::shape_expr::tests::test_serde_xsfacet_pattern ... ok
[INFO] [stdout] test ast::object_value::tests::numeric_values_roundtrip_through_json ... ok
[INFO] [stdout] test ast::tests::test_shape_expr_triple_constraint ... ok
[INFO] [stdout] test ast::tests::test_triple ... ok
[INFO] [stdout] test ast::tests::test_json ... ok
[INFO] [stdout] test ast::value_set_value::tests::numeric_value_set_values_keep_lexical_form ... ok
[INFO] [stdout] test ast::xs_facet::tests::test_serde_xsfacet_pattern ... ok
[INFO] [stdout] test compact::shapemap_grammar::tests::test_focus_object ... ok
[INFO] [stdout] test compact::shapemap_grammar::tests::test_shapemap_statement_multiple_no_trailing_comma ... ok
[INFO] [stdout] test compact::shapemap_grammar::tests::test_shapemap_statement_no_trailing_comma ... ok
[INFO] [stdout] test compact::shapemap_grammar::tests::test_triple_pattern_inner ... ok
[INFO] [stdout] test compact::shapemap_grammar::tests::test_shapemap_statement_multiple_with_trailing_comma_and_space ... ok
[INFO] [stdout] test compact::grammar::tests::multi_comment_accepts_stars_and_slashes ... ok
[INFO] [stdout] test compact::shapemap_grammar::tests::test_shapemap_statement_multiple_with_trailing_comma ... ok
[INFO] [stdout] test compact::shapemap_grammar::tests::test_focus ... ok
[INFO] [stdout] test compact::shapemap_parser::tests::test_prefix ... ok
[INFO] [stdout] test compact::shapemap_grammar::tests::example_shapemap_sparql ... ok
[INFO] [stdout] test compact::shapemap_grammar::tests::test_triple_pattern ... ok
[INFO] [stdout] test compact::shapemap_grammar::tests::shapemap_triple_pattern ... ok
[INFO] [stdout] test compact::shapemap_grammar::tests::test_shapemap_statement_with_trailing_comma ... ok
[INFO] [stdout] test compact::shex_compact_printer::tests::empty_schema ... ok
[INFO] [stdout] test ast::xs_facet::tests::test_serde_xsfacet_pattern_flags ... ok
[INFO] [stdout] test compact::shex_grammar::tests::test_basic_shape_decl ... ok
[INFO] [stdout] test compact::shapemap_grammar::tests::example_shapemap ... ok
[INFO] [stdout] test compact::shex_grammar::tests::test_inline_shape_expr ... ok
[INFO] [stdout] test compact::shex_grammar::tests::test_node_constraint_value_set ... ok
[INFO] [stdout] test compact::shex_grammar::tests::test_iri_ref_uchar ... ok
[INFO] [stdout] test compact::shex_grammar::tests::test_tws_statement ... ok
[INFO] [stdout] test ast::tests::test_shape_expr_ref ... ok
[INFO] [stdout] test ast::tests::test_triple_constraint1 ... ok
[INFO] [stdout] test compact::shex_grammar::tests::test_string_literal ... ok
[INFO] [stdout] test compact::shex_grammar::tests::test_value_set ... ok
[INFO] [stdout] test compact::shex_grammar::tests::test_prefix_id_with_dots ... ok
[INFO] [stdout] test compact::shex_grammar::tests::test_triple_constraint ... ok
[INFO] [stdout] test compact::shex_parser::tests::test_node_constraint_annotations_and_sem_acts ... ok
[INFO] [stdout] test compact::shex_grammar::tests::test_shape_atom_node_constraint ... ok
[INFO] [stdout] test ir::actions::map_action_extension::tests::map_valid_iri_with_object ... ok
[INFO] [stdout] test ir::actions::map_action_extension::tests::map_no_object_in_context_returns_error ... ok
[INFO] [stdout] test ir::actions::semantic_actions_registry::tests::empty_registry_returns_error ... ok
[INFO] [stdout] test ir::actions::map_action_extension::tests::map_state_is_updated ... ok
[INFO] [stdout] test ir::actions::semantic_actions_registry::tests::find_code_returns_extension ... ok
[INFO] [stdout] test ir::actions::semantic_actions_registry::tests::find_code_unknown_returns_error ... ok
[INFO] [stdout] test ir::actions::test_action_extension::tests::empty_parameter ... ok
[INFO] [stdout] test ir::actions::map_action_extension::tests::map_no_parameter_returns_error ... ok
[INFO] [stdout] test ast::schema::tests::test_deser_user ... ok
[INFO] [stdout] test ir::actions::semantic_actions_registry::tests::unknown_iri_returns_error ... ok
[INFO] [stdout] test ir::actions::semantic_actions_registry::tests::fail_dispatches_to_test_extension ... ok
[INFO] [stdout] test ir::actions::test_action_extension::tests::fail_object ... ok
[INFO] [stdout] test ir::dependency_graph::tests::test_neg_cycle_yes ... ok
[INFO] [stdout] test ir::actions::test_action_extension::tests::fail_literal ... ok
[INFO] [stdout] test compact::shex_parser::tests::test_prefix ... ok
[INFO] [stdout] test ir::actions::test_action_extension::tests::print_subject ... ok
[INFO] [stdout] test ir::actions::semantic_actions_registry::tests::print_dispatches_to_test_extension ... ok
[INFO] [stdout] test ir::external_resolver::tests::available_lists_two_built_ins ... ok
[INFO] [stdout] test ir::actions::test_action_extension::tests::print_literal ... ok
[INFO] [stdout] test ir::actions::test_action_extension::tests::invalid_parameter ... ok
[INFO] [stdout] test ir::actions::test_action_extension::tests::print_escaped_literal ... ok
[INFO] [stdout] test ast::schema::tests::test_deser_nplus1 ... ok
[INFO] [stdout] test ir::actions::test_action_extension::tests::fail_node ... ok
[INFO] [stdout] test ir::actions::test_action_extension::tests::print_backslash_literal ... ok
[INFO] [stdout] test ir::dependency_graph::tests::test_neg_cycle_no ... ok
[INFO] [stdout] test ir::external_resolver::tests::registry_runs_user_resolvers_before_default ... ok
[INFO] [stdout] test ir::external_resolver::tests::empty_registry_abstains ... ok
[INFO] [stdout] test ir::external_resolver::tests::schema_resolver_leaves_unknown_labels_external ... ok
[INFO] [stdout] test ir::external_resolver::tests::schema_resolver_substitutes_matching_label ... ok
[INFO] [stdout] test ir::external_resolver::tests::default_registry_rejects ... ok
[INFO] [stdout] test ir::external_resolver::tests::spec_unknown_kind_reports_available ... ok
[INFO] [stdout] test ir::external_resolver::tests::spec_reject_all_with_arg_is_rejected ... ok
[INFO] [stdout] test ir::external_resolver::tests::spec_schema_missing_arg ... ok
[INFO] [stdout] test materialize::materializer::tests::test_no_start_shape_returns_error ... ok
[INFO] [stdout] test ir::schema_ir::tests::schema_ir_cache_rejects_non_cache_input ... ok
[INFO] [stdout] test ir::external_resolver::tests::spec_reject_all ... ok
[INFO] [stdout] test materialize::materializer::tests::test_each_of_two_leaf_properties ... ok
[INFO] [stdout] test materialize::materializer::tests::test_non_map_semantic_action_is_ignored ... ok
[INFO] [stdout] test materialize::materializer::tests::test_leaf_property_map_iri_not_in_state_emits_no_triple ... ok
[INFO] [stdout] test shapemap::shapemap_config::tests::defaults ... ok
[INFO] [stdout] test ir::schema_ir::tests::schema_ir_postcard_round_trip_value_set_literal ... ok
[INFO] [stdout] test materialize::materializer::tests::test_explicit_initial_iri_node_as_subject ... ok
[INFO] [stdout] test ir::schema_ir::tests::test_find_component ... ok
[INFO] [stdout] test ir::schema_ir::tests::schema_ir_cache_round_trip_with_numeric_facets ... ok
[INFO] [stdout] test ir::schema_ir::tests::schema_ir_postcard_round_trip_and_of_two_shapes ... ok
[INFO] [stdout] test materialize::materializer::tests::test_start_field_references_named_shape ... ok
[INFO] [stdout] test ir::schema_ir::tests::schema_ir_cache_round_trip_from_shexc ... ok
[INFO] [stdout] test ir::schema_ir::tests::test_ir_references ... ok
[INFO] [stdout] test shapemap::shapemap_config::tests::partial_toml_fills_remaining_defaults ... ok
[INFO] [stdout] test shapemap::shapemap_config::tests::toml_round_trip ... ok
[INFO] [stdout] test shexr::shexr_builder::tests::builds_a_single_triple_constraint ... ok
[INFO] [stdout] test shexr::shexr_builder::tests::builds_an_empty_shape_declaration ... ok
[INFO] [stdout] test shexr::shexr_builder::tests::reuses_the_same_bnode_for_a_repeated_blank_shape_label ... ok
[INFO] [stdout] test shexr::shexr_builder::tests::unsupported_shape_expr_reports_unsupported_not_a_panic ... ok
[INFO] [stdout] test ir::schema_ir::tests::test_ir_references_and ... ok
[INFO] [stdout] test materialize::materializer::tests::test_shape_reference_creates_nested_bnode ... ok
[INFO] [stdout] test materialize::materializer::tests::test_single_leaf_property_with_map_action ... ok
[INFO] [stdout] test compact::shex_compact_printer::tests::numeric_datatype_literals_with_non_bare_lexical_form_are_quoted ... ok
[INFO] [stdout] test compact::shex_compact_printer::tests::numeric_literals_are_printed_bare_and_roundtrip ... ok
[INFO] [stdout] 
[INFO] [stdout] test result: ok. 103 passed; 0 failed; 0 ignored; 0 measured; 0 filtered out; finished in 0.05s
[INFO] [stdout] 
[INFO] [stderr]      Running tests/extend_alternatives.rs (/opt/rustwide/target/debug/build/shex_ast/ede6b326c919fd48/out/extend_alternatives-ede6b326c919fd48)
[INFO] [stdout] 
[INFO] [stdout] running 6 tests
[INFO] [stdout] test plain_shape_parent_is_single_bucket ... ok
[INFO] [stdout] test ref_parent_single_alternative ... ok
[INFO] [stdout] test or_parent_one_alternative_per_branch ... ok
[INFO] [stdout] test person_six_selections_with_item_diamond_deduplicated ... ok
[INFO] [stdout] test person_contact_two_alternatives_with_shared_item ... ok
[INFO] [stdout] test person_tools_three_alternatives ... ok
[INFO] [stdout] 
[INFO] [stdout] test result: ok. 6 passed; 0 failed; 0 ignored; 0 measured; 0 filtered out; finished in 0.11s
[INFO] [stdout] 
[INFO] [stderr]      Running tests/shexr_builder_fixtures.rs (/opt/rustwide/target/debug/build/shex_ast/076e5cd9ff32510e/out/shexr_builder_fixtures-076e5cd9ff32510e)
[INFO] [stdout] 
[INFO] [stdout] running 1 test
[INFO] [stdout] test shexr_builder_matches_shextest_schemas_corpus ... FAILED
[INFO] [stdout] 
[INFO] [stdout] failures:
[INFO] [stdout] 
[INFO] [stdout] ---- shexr_builder_matches_shextest_schemas_corpus stdout ----
[INFO] [stdout] 
[INFO] [stdout] thread 'shexr_builder_matches_shextest_schemas_corpus' (2365) panicked at tests/common/mod.rs:43:69:
[INFO] [stdout] reading shexTest schemas manifest: Os { code: 2, kind: NotFound, message: "No such file or directory" }
[INFO] [stdout] stack backtrace:
[INFO] [stdout]    0:     0x61db7ee2d771 - std[617be2ca0a6fd877]::backtrace_rs::backtrace::libunwind::trace
[INFO] [stdout]                                at /rustc/e3feeb59cd1bdd011a2bfcc0747b55125d9b8527/library/std/src/../../backtrace/src/backtrace/libunwind.rs:117:9
[INFO] [stdout]    1:     0x61db7ee2d771 - std[617be2ca0a6fd877]::backtrace_rs::backtrace::trace_unsynchronized::<std[617be2ca0a6fd877]::sys::backtrace::_print_fmt::{closure#1}>
[INFO] [stdout]                                at /rustc/e3feeb59cd1bdd011a2bfcc0747b55125d9b8527/library/std/src/../../backtrace/src/backtrace/mod.rs:66:14
[INFO] [stdout]    2:     0x61db7ee2d771 - std[617be2ca0a6fd877]::sys::backtrace::_print_fmt
[INFO] [stdout]                                at /rustc/e3feeb59cd1bdd011a2bfcc0747b55125d9b8527/library/std/src/sys/backtrace.rs:74:9
[INFO] [stdout]    3:     0x61db7ee2d771 - <<std[617be2ca0a6fd877]::sys::backtrace::BacktraceLock>::print::DisplayBacktrace as core[a373ad73a504971]::fmt::Display>::fmt
[INFO] [stdout]                                at /rustc/e3feeb59cd1bdd011a2bfcc0747b55125d9b8527/library/std/src/sys/backtrace.rs:44:26
[INFO] [stdout]    4:     0x61db7ee4534a - <core[a373ad73a504971]::fmt::rt::Argument>::fmt
[INFO] [stdout]                                at /rustc/e3feeb59cd1bdd011a2bfcc0747b55125d9b8527/library/core/src/fmt/rt.rs:152:76
[INFO] [stdout]    5:     0x61db7ee4534a - core[a373ad73a504971]::fmt::write
[INFO] [stdout]    6:     0x61db7ee319ac - core[a373ad73a504971]::io::write::default_write_fmt::<alloc[2e1b2a31b91974c5]::vec::Vec<u8>>
[INFO] [stdout]                                at /rustc/e3feeb59cd1bdd011a2bfcc0747b55125d9b8527/library/core/src/io/write.rs:402:11
[INFO] [stdout]    7:     0x61db7ee319ac - <alloc[2e1b2a31b91974c5]::vec::Vec<u8> as core[a373ad73a504971]::io::write::Write>::write_fmt
[INFO] [stdout]                                at /rustc/e3feeb59cd1bdd011a2bfcc0747b55125d9b8527/library/core/src/io/write.rs:335:13
[INFO] [stdout]    8:     0x61db7ee094d6 - <std[617be2ca0a6fd877]::sys::backtrace::BacktraceLock>::print
[INFO] [stdout]                                at /rustc/e3feeb59cd1bdd011a2bfcc0747b55125d9b8527/library/std/src/sys/backtrace.rs:47:9
[INFO] [stdout]    9:     0x61db7ee094d6 - std[617be2ca0a6fd877]::panicking::default_hook::{closure#0}
[INFO] [stdout]                                at /rustc/e3feeb59cd1bdd011a2bfcc0747b55125d9b8527/library/std/src/panicking.rs:289:27
[INFO] [stdout]   10:     0x61db7ee25919 - std[617be2ca0a6fd877]::panicking::default_hook
[INFO] [stdout]                                at /rustc/e3feeb59cd1bdd011a2bfcc0747b55125d9b8527/library/std/src/panicking.rs:313:9
[INFO] [stdout]   11:     0x61db7e84f910 - <alloc[2e1b2a31b91974c5]::boxed::Box<dyn for<'a, 'b> core[a373ad73a504971]::ops::function::Fn<(&'a std[617be2ca0a6fd877]::panic::PanicHookInfo<'b>,), Output = ()> + core[a373ad73a504971]::marker::Sync + core[a373ad73a504971]::marker::Send> as core[a373ad73a504971]::ops::function::Fn<(&std[617be2ca0a6fd877]::panic::PanicHookInfo,)>>::call
[INFO] [stdout]                                at /rustc/e3feeb59cd1bdd011a2bfcc0747b55125d9b8527/library/alloc/src/boxed.rs:2328:9
[INFO] [stdout]   12:     0x61db7e84f910 - test[aada8e7e76ba119b]::test_main_inner::{closure#0}
[INFO] [stdout]                                at /rustc/e3feeb59cd1bdd011a2bfcc0747b55125d9b8527/library/test/src/lib.rs:137:21
[INFO] [stdout]   13:     0x61db7ee25ad2 - <alloc[2e1b2a31b91974c5]::boxed::Box<dyn for<'a, 'b> core[a373ad73a504971]::ops::function::Fn<(&'a std[617be2ca0a6fd877]::panic::PanicHookInfo<'b>,), Output = ()> + core[a373ad73a504971]::marker::Sync + core[a373ad73a504971]::marker::Send> as core[a373ad73a504971]::ops::function::Fn<(&std[617be2ca0a6fd877]::panic::PanicHookInfo,)>>::call
[INFO] [stdout]                                at /rustc/e3feeb59cd1bdd011a2bfcc0747b55125d9b8527/library/alloc/src/boxed.rs:2328:9
[INFO] [stdout]   14:     0x61db7ee25ad2 - std[617be2ca0a6fd877]::panicking::panic_with_hook
[INFO] [stdout]                                at /rustc/e3feeb59cd1bdd011a2bfcc0747b55125d9b8527/library/std/src/panicking.rs:819:13
[INFO] [stdout]   15:     0x61db7ee09582 - std[617be2ca0a6fd877]::panicking::panic_handler::{closure#0}
[INFO] [stdout]                                at /rustc/e3feeb59cd1bdd011a2bfcc0747b55125d9b8527/library/std/src/panicking.rs:685:13
[INFO] [stdout]   16:     0x61db7ee02109 - std[617be2ca0a6fd877]::sys::backtrace::__rust_end_short_backtrace::<std[617be2ca0a6fd877]::panicking::panic_handler::{closure#0}, !>
[INFO] [stdout]                                at /rustc/e3feeb59cd1bdd011a2bfcc0747b55125d9b8527/library/std/src/sys/backtrace.rs:182:18
[INFO] [stdout]   17:     0x61db7ee0a18d - __rustc[ea4f61d10b84890b]::rust_begin_unwind
[INFO] [stdout]                                at /rustc/e3feeb59cd1bdd011a2bfcc0747b55125d9b8527/library/std/src/panicking.rs:676:5
[INFO] [stdout]   18:     0x61db7ee45bec - core[a373ad73a504971]::panicking::panic_fmt
[INFO] [stdout]                                at /rustc/e3feeb59cd1bdd011a2bfcc0747b55125d9b8527/library/core/src/panicking.rs:80:14
[INFO] [stdout]   19:     0x61db7ee45942 - core[a373ad73a504971]::result::unwrap_failed
[INFO] [stdout]                                at /rustc/e3feeb59cd1bdd011a2bfcc0747b55125d9b8527/library/core/src/result.rs:1870:5
[INFO] [stdout]   20:     0x61db7e8371a3 - <core[a373ad73a504971]::result::Result<alloc[2e1b2a31b91974c5]::string::String, core[a373ad73a504971]::io::error::Error>>::expect
[INFO] [stdout]                                at /rustc/e3feeb59cd1bdd011a2bfcc0747b55125d9b8527/library/core/src/result.rs:1184:23
[INFO] [stdout]   21:     0x61db7e82f97f - shexr_builder_fixtures[58e4924653a406f4]::common::read_manifest
[INFO] [stdout]                                at /opt/rustwide/workdir/tests/common/mod.rs:43:69
[INFO] [stdout]   22:     0x61db7e83e96c - shexr_builder_fixtures[58e4924653a406f4]::shexr_builder_matches_shextest_schemas_corpus
[INFO] [stdout]                                at /opt/rustwide/workdir/tests/shexr_builder_fixtures.rs:27:19
[INFO] [stdout]   23:     0x61db7e83e497 - shexr_builder_fixtures[58e4924653a406f4]::shexr_builder_matches_shextest_schemas_corpus::{closure#0}
[INFO] [stdout]                                at /opt/rustwide/workdir/tests/shexr_builder_fixtures.rs:25:51
[INFO] [stdout]   24:     0x61db7e83b096 - <shexr_builder_fixtures[58e4924653a406f4]::shexr_builder_matches_shextest_schemas_corpus::{closure#0} as core[a373ad73a504971]::ops::function::FnOnce<()>>::call_once
[INFO] [stdout]                                at /rustc/e3feeb59cd1bdd011a2bfcc0747b55125d9b8527/library/core/src/ops/function.rs:250:5
[INFO] [stdout]   25:     0x61db7e842d5b - <fn() -> core[a373ad73a504971]::result::Result<(), alloc[2e1b2a31b91974c5]::string::String> as core[a373ad73a504971]::ops::function::FnOnce<()>>::call_once
[INFO] [stdout]                                at /rustc/e3feeb59cd1bdd011a2bfcc0747b55125d9b8527/library/core/src/ops/function.rs:250:5
[INFO] [stdout]   26:     0x61db7e842d5b - test[aada8e7e76ba119b]::__rust_begin_short_backtrace::<core[a373ad73a504971]::result::Result<(), alloc[2e1b2a31b91974c5]::string::String>, fn() -> core[a373ad73a504971]::result::Result<(), alloc[2e1b2a31b91974c5]::string::String>>
[INFO] [stdout]                                at /rustc/e3feeb59cd1bdd011a2bfcc0747b55125d9b8527/library/test/src/lib.rs:701:18
[INFO] [stdout]   27:     0x61db7e84ff35 - test[aada8e7e76ba119b]::run_test_in_process::{closure#0}
[INFO] [stdout]                                at /rustc/e3feeb59cd1bdd011a2bfcc0747b55125d9b8527/library/test/src/lib.rs:724:74
[INFO] [stdout]   28:     0x61db7e84ff35 - <core[a373ad73a504971]::panic::unwind_safe::AssertUnwindSafe<test[aada8e7e76ba119b]::run_test_in_process::{closure#0}> as core[a373ad73a504971]::ops::function::FnOnce<()>>::call_once
[INFO] [stdout]                                at /rustc/e3feeb59cd1bdd011a2bfcc0747b55125d9b8527/library/core/src/panic/unwind_safe.rs:275:9
[INFO] [stdout]   29:     0x61db7e84ff35 - std[617be2ca0a6fd877]::panicking::catch_unwind::do_call::<core[a373ad73a504971]::panic::unwind_safe::AssertUnwindSafe<test[aada8e7e76ba119b]::run_test_in_process::{closure#0}>, core[a373ad73a504971]::result::Result<(), alloc[2e1b2a31b91974c5]::string::String>>
[INFO] [stdout]                                at /rustc/e3feeb59cd1bdd011a2bfcc0747b55125d9b8527/library/std/src/panicking.rs:573:43
[INFO] [stdout]   30:     0x61db7e84ff35 - std[617be2ca0a6fd877]::panicking::catch_unwind::<core[a373ad73a504971]::result::Result<(), alloc[2e1b2a31b91974c5]::string::String>, core[a373ad73a504971]::panic::unwind_safe::AssertUnwindSafe<test[aada8e7e76ba119b]::run_test_in_process::{closure#0}>>
[INFO] [stdout]                                at /rustc/e3feeb59cd1bdd011a2bfcc0747b55125d9b8527/library/std/src/panicking.rs:541:19
[INFO] [stdout]   31:     0x61db7e84ff35 - std[617be2ca0a6fd877]::panic::catch_unwind::<core[a373ad73a504971]::panic::unwind_safe::AssertUnwindSafe<test[aada8e7e76ba119b]::run_test_in_process::{closure#0}>, core[a373ad73a504971]::result::Result<(), alloc[2e1b2a31b91974c5]::string::String>>
[INFO] [stdout]                                at /rustc/e3feeb59cd1bdd011a2bfcc0747b55125d9b8527/library/std/src/panic.rs:359:14
[INFO] [stdout]   32:     0x61db7e84ff35 - test[aada8e7e76ba119b]::run_test_in_process
[INFO] [stdout]                                at /rustc/e3feeb59cd1bdd011a2bfcc0747b55125d9b8527/library/test/src/lib.rs:724:27
[INFO] [stdout]   33:     0x61db7e84ff35 - test[aada8e7e76ba119b]::run_test::{closure#0}
[INFO] [stdout]                                at /rustc/e3feeb59cd1bdd011a2bfcc0747b55125d9b8527/library/test/src/lib.rs:645:43
[INFO] [stdout]   34:     0x61db7e849824 - test[aada8e7e76ba119b]::run_test::{closure#1}
[INFO] [stdout]                                at /rustc/e3feeb59cd1bdd011a2bfcc0747b55125d9b8527/library/test/src/lib.rs:675:41
[INFO] [stdout]   35:     0x61db7e849824 - std[617be2ca0a6fd877]::sys::backtrace::__rust_begin_short_backtrace::<test[aada8e7e76ba119b]::run_test::{closure#1}, ()>
[INFO] [stdout]                                at /rustc/e3feeb59cd1bdd011a2bfcc0747b55125d9b8527/library/std/src/sys/backtrace.rs:166:18
[INFO] [stdout]   36:     0x61db7e852fc2 - std[617be2ca0a6fd877]::thread::lifecycle::spawn_unchecked::<test[aada8e7e76ba119b]::run_test::{closure#1}, ()>::{closure#1}::{closure#0}
[INFO] [stdout]                                at /rustc/e3feeb59cd1bdd011a2bfcc0747b55125d9b8527/library/std/src/thread/lifecycle.rs:70:13
[INFO] [stdout]   37:     0x61db7e852fc2 - <core[a373ad73a504971]::panic::unwind_safe::AssertUnwindSafe<std[617be2ca0a6fd877]::thread::lifecycle::spawn_unchecked<test[aada8e7e76ba119b]::run_test::{closure#1}, ()>::{closure#1}::{closure#0}> as core[a373ad73a504971]::ops::function::FnOnce<()>>::call_once
[INFO] [stdout]                                at /rustc/e3feeb59cd1bdd011a2bfcc0747b55125d9b8527/library/core/src/panic/unwind_safe.rs:275:9
[INFO] [stdout]   38:     0x61db7e852fc2 - std[617be2ca0a6fd877]::panicking::catch_unwind::do_call::<core[a373ad73a504971]::panic::unwind_safe::AssertUnwindSafe<std[617be2ca0a6fd877]::thread::lifecycle::spawn_unchecked<test[aada8e7e76ba119b]::run_test::{closure#1}, ()>::{closure#1}::{closure#0}>, ()>
[INFO] [stdout]                                at /rustc/e3feeb59cd1bdd011a2bfcc0747b55125d9b8527/library/std/src/panicking.rs:573:43
[INFO] [stdout]   39:     0x61db7e852fc2 - std[617be2ca0a6fd877]::panicking::catch_unwind::<(), core[a373ad73a504971]::panic::unwind_safe::AssertUnwindSafe<std[617be2ca0a6fd877]::thread::lifecycle::spawn_unchecked<test[aada8e7e76ba119b]::run_test::{closure#1}, ()>::{closure#1}::{closure#0}>>
[INFO] [stdout]                                at /rustc/e3feeb59cd1bdd011a2bfcc0747b55125d9b8527/library/std/src/panicking.rs:541:19
[INFO] [stdout]   40:     0x61db7e852fc2 - std[617be2ca0a6fd877]::panic::catch_unwind::<core[a373ad73a504971]::panic::unwind_safe::AssertUnwindSafe<std[617be2ca0a6fd877]::thread::lifecycle::spawn_unchecked<test[aada8e7e76ba119b]::run_test::{closure#1}, ()>::{closure#1}::{closure#0}>, ()>
[INFO] [stdout]                                at /rustc/e3feeb59cd1bdd011a2bfcc0747b55125d9b8527/library/std/src/panic.rs:359:14
[INFO] [stdout]   41:     0x61db7e852fc2 - std[617be2ca0a6fd877]::thread::lifecycle::spawn_unchecked::<test[aada8e7e76ba119b]::run_test::{closure#1}, ()>::{closure#1}
[INFO] [stdout]                                at /rustc/e3feeb59cd1bdd011a2bfcc0747b55125d9b8527/library/std/src/thread/lifecycle.rs:68:26
[INFO] [stdout]   42:     0x61db7e852fc2 - <std[617be2ca0a6fd877]::thread::lifecycle::spawn_unchecked<test[aada8e7e76ba119b]::run_test::{closure#1}, ()>::{closure#1} as core[a373ad73a504971]::ops::function::FnOnce<()>>::call_once::{shim:vtable#0}
[INFO] [stdout]                                at /rustc/e3feeb59cd1bdd011a2bfcc0747b55125d9b8527/library/core/src/ops/function.rs:250:5
[INFO] [stdout]   43:     0x61db7ee2cc3f - <alloc[2e1b2a31b91974c5]::boxed::Box<dyn core[a373ad73a504971]::ops::function::FnOnce<(), Output = ()> + core[a373ad73a504971]::marker::Send> as core[a373ad73a504971]::ops::function::FnOnce<()>>::call_once
[INFO] [stdout]                                at /rustc/e3feeb59cd1bdd011a2bfcc0747b55125d9b8527/library/alloc/src/boxed.rs:2314:9
[INFO] [stdout]   44:     0x61db7ee2cc3f - <std[617be2ca0a6fd877]::sys::thread::unix::Thread>::new::thread_start
[INFO] [stdout]                                at /rustc/e3feeb59cd1bdd011a2bfcc0747b55125d9b8527/library/std/src/sys/thread/unix.rs:127:17
[INFO] [stdout]   45:     0x7467c8f12dfa - <unknown>
[INFO] [stdout]   46:     0x7467c8fa63d4 - clone
[INFO] [stdout]   47:                0x0 - <unknown>
[INFO] [stdout] 
[INFO] [stdout] 
[INFO] [stdout] failures:
[INFO] [stdout]     shexr_builder_matches_shextest_schemas_corpus
[INFO] [stdout] 
[INFO] [stdout] test result: FAILED. 0 passed; 1 failed; 0 ignored; 0 measured; 0 filtered out; finished in 0.34s
[INFO] [stdout] 
[INFO] [stderr] error: test failed, to rerun pass `--test shexr_builder_fixtures`
[INFO] running `Command { std: "docker" "inspect" "6a36f5e9155302872d150ee6ab454b80ece6f75d3f7e292f5c800643ddb600a4", kill_on_drop: false }`
[INFO] running `Command { std: "docker" "rm" "-f" "6a36f5e9155302872d150ee6ab454b80ece6f75d3f7e292f5c800643ddb600a4", kill_on_drop: false }`
[INFO] [stdout] 6a36f5e9155302872d150ee6ab454b80ece6f75d3f7e292f5c800643ddb600a4
