[INFO] fetching crate rust-hdf5 0.7.0...
[INFO] testing rust-hdf5-0.7.0 against 1.100.0-beta.1 for beta-1.100-2
[INFO] extracting crate rust-hdf5 0.7.0 into /workspace/builds/worker-7-tc2/source
[INFO] started tweaking crates.io crate rust-hdf5 0.7.0
[INFO] removed 0 missing tests
[INFO] finished tweaking crates.io crate rust-hdf5 0.7.0
[INFO] tweaked toml for crates.io crate rust-hdf5 0.7.0 written to /workspace/builds/worker-7-tc2/source/Cargo.toml
[INFO] validating manifest of crates.io crate rust-hdf5 0.7.0 on toolchain 1.100.0-beta.1
[INFO] running `Command { std: CARGO_HOME="/workspace/cargo-home" RUSTUP_HOME="/workspace/rustup-home" "/workspace/cargo-home/bin/cargo" "+1.100.0-beta.1" "metadata" "--manifest-path" "Cargo.toml" "--no-deps", kill_on_drop: false }`
[INFO] crate crates.io crate rust-hdf5 0.7.0 already has a lockfile, it will not be regenerated
[INFO] running `Command { std: CARGO_HOME="/workspace/cargo-home" RUSTUP_HOME="/workspace/rustup-home" "/workspace/cargo-home/bin/cargo" "+1.100.0-beta.1" "fetch" "--manifest-path" "Cargo.toml", kill_on_drop: false }`
[INFO] running `Command { std: "docker" "create" "-v" "/var/lib/crater-agent-workspace/builds/worker-7-tc2/source:/opt/rustwide/workdir:ro,Z" "-v" "/var/lib/crater-agent-workspace/builds/worker-7-tc2/target:/opt/rustwide/target:rw,Z" "-v" "/var/lib/crater-agent-workspace/cargo-home:/opt/rustwide/cargo-home:ro,Z" "-v" "/var/lib/crater-agent-workspace/rustup-home:/opt/rustwide/rustup-home:ro,Z" "-m" "1610612736" "--network" "none" "ghcr.io/rust-lang/crates-build-env/linux@sha256:3111399a4047eeb3a02b7a90e478d715f38a8c6669b5c4b49d30a17385265909" "sleep" "infinity", kill_on_drop: false }`
[INFO] [stdout] b37c02a3f79e4332048f646822961f3edc85263dcccfe61a847e574d21b1d85b
[INFO] running `Command { std: "docker" "start" "b37c02a3f79e4332048f646822961f3edc85263dcccfe61a847e574d21b1d85b", kill_on_drop: false }`
[INFO] running `Command { std: "docker" "inspect" "b37c02a3f79e4332048f646822961f3edc85263dcccfe61a847e574d21b1d85b", kill_on_drop: false }`
[INFO] running `Command { std: "docker" "exec" "-e" "SOURCE_DIR=/opt/rustwide/workdir" "-e" "CARGO_HOME=/opt/rustwide/cargo-home" "-e" "RUSTUP_HOME=/opt/rustwide/rustup-home" "-e" "CARGO_TARGET_DIR=/opt/rustwide/target" "-w" "/opt/rustwide/workdir" "--user" "0:0" "b37c02a3f79e4332048f646822961f3edc85263dcccfe61a847e574d21b1d85b" "/opt/rustwide/cargo-home/bin/cargo" "+1.100.0-beta.1" "metadata" "--no-deps" "--format-version=1", kill_on_drop: false }`
[INFO] running `Command { std: "docker" "inspect" "b37c02a3f79e4332048f646822961f3edc85263dcccfe61a847e574d21b1d85b", kill_on_drop: false }`
[INFO] running `Command { std: "docker" "exec" "-e" "SOURCE_DIR=/opt/rustwide/workdir" "-e" "CARGO_HOME=/opt/rustwide/cargo-home" "-e" "RUSTUP_HOME=/opt/rustwide/rustup-home" "-e" "CARGO_TARGET_DIR=/opt/rustwide/target" "-e" "CARGO_INCREMENTAL=0" "-e" "RUST_BACKTRACE=full" "-e" "RUSTFLAGS=--cap-lints=warn" "-e" "RUSTDOCFLAGS=--cap-lints=warn" "-w" "/opt/rustwide/workdir" "--user" "0:0" "b37c02a3f79e4332048f646822961f3edc85263dcccfe61a847e574d21b1d85b" "/opt/rustwide/cargo-home/bin/cargo" "+1.100.0-beta.1" "build" "--frozen" "--message-format=json", kill_on_drop: false }`
[INFO] [stderr]    Compiling fearless_simd v1.0.0
[INFO] [stderr]    Compiling zlib-rs v0.6.7
[INFO] [stderr]    Compiling miniz_oxide v0.8.9
[INFO] [stderr]    Compiling syn v3.0.6
[INFO] [stderr]    Compiling flate2 v1.1.9
[INFO] [stderr]    Compiling fearless_simd_macros v0.1.0
[INFO] [stderr]    Compiling rust-hdf5 v0.7.0 (/opt/rustwide/workdir)
[INFO] [stderr]     Finished `dev` profile [unoptimized + debuginfo] target(s) in 24.11s
[INFO] running `Command { std: "docker" "inspect" "b37c02a3f79e4332048f646822961f3edc85263dcccfe61a847e574d21b1d85b", kill_on_drop: false }`
[INFO] running `Command { std: "docker" "exec" "-e" "SOURCE_DIR=/opt/rustwide/workdir" "-e" "CARGO_HOME=/opt/rustwide/cargo-home" "-e" "RUSTUP_HOME=/opt/rustwide/rustup-home" "-e" "CARGO_TARGET_DIR=/opt/rustwide/target" "-e" "CARGO_INCREMENTAL=0" "-e" "RUST_BACKTRACE=full" "-e" "RUSTFLAGS=--cap-lints=warn" "-e" "RUSTDOCFLAGS=--cap-lints=warn" "-w" "/opt/rustwide/workdir" "--user" "0:0" "b37c02a3f79e4332048f646822961f3edc85263dcccfe61a847e574d21b1d85b" "/opt/rustwide/cargo-home/bin/cargo" "+1.100.0-beta.1" "test" "--frozen" "--no-run" "--message-format=json", kill_on_drop: false }`
[INFO] [stderr]    Compiling syn v3.0.6
[INFO] [stderr]    Compiling either v1.17.0
[INFO] [stderr]    Compiling zerocopy-derive v0.8.56
[INFO] [stderr]    Compiling clap_builder v4.6.6
[INFO] [stderr]    Compiling serde_json v1.0.151
[INFO] [stderr]    Compiling regex-automata v0.4.18
[INFO] [stderr]    Compiling is-terminal v0.4.17
[INFO] [stderr]    Compiling itertools v0.10.5
[INFO] [stderr]    Compiling rayon v1.12.0
[INFO] [stderr]    Compiling zerocopy v0.8.56
[INFO] [stderr]    Compiling criterion-plot v0.5.0
[INFO] [stderr]    Compiling clap v4.6.6
[INFO] [stderr]    Compiling regex v1.13.1
[INFO] [stderr]    Compiling serde_derive v1.0.229
[INFO] [stderr]    Compiling fearless_simd_macros v0.1.0
[INFO] [stderr]    Compiling rust-hdf5 v0.7.0 (/opt/rustwide/workdir)
[INFO] [stderr]    Compiling serde v1.0.229
[INFO] [stderr]    Compiling tinytemplate v1.2.1
[INFO] [stderr]    Compiling half v2.7.1
[INFO] [stderr]    Compiling ciborium-ll v0.2.2
[INFO] [stderr]    Compiling ciborium v0.2.2
[INFO] [stderr]    Compiling criterion v0.5.1
[INFO] [stderr]     Finished `test` profile [unoptimized + debuginfo] target(s) in 1m 15s
[INFO] running `Command { std: "docker" "inspect" "b37c02a3f79e4332048f646822961f3edc85263dcccfe61a847e574d21b1d85b", kill_on_drop: false }`
[INFO] running `Command { std: "docker" "exec" "-e" "SOURCE_DIR=/opt/rustwide/workdir" "-e" "CARGO_HOME=/opt/rustwide/cargo-home" "-e" "RUSTUP_HOME=/opt/rustwide/rustup-home" "-e" "CARGO_TARGET_DIR=/opt/rustwide/target" "-e" "CARGO_INCREMENTAL=0" "-e" "RUST_BACKTRACE=full" "-e" "RUSTFLAGS=--cap-lints=warn" "-e" "RUSTDOCFLAGS=--cap-lints=warn" "-w" "/opt/rustwide/workdir" "--user" "0:0" "b37c02a3f79e4332048f646822961f3edc85263dcccfe61a847e574d21b1d85b" "/opt/rustwide/cargo-home/bin/cargo" "+1.100.0-beta.1" "test" "--frozen", kill_on_drop: false }`
[INFO] [stderr]     Finished `test` profile [unoptimized + debuginfo] target(s) in 0.22s
[INFO] [stderr]      Running unittests src/lib.rs (/opt/rustwide/target/debug/build/rust-hdf5/ebdb49126a8a5f61/out/rust_hdf5-ebdb49126a8a5f61)
[INFO] [stdout] 
[INFO] [stdout] running 1131 tests
[INFO] [stdout] test dataset::numeric::tests::f16_widening_is_exact ... ok
[INFO] [stdout] test dataset::numeric::tests::non_ieee_float_is_refused ... ok
[INFO] [stdout] test dataset::numeric::tests::f16_source_converts_and_honors_byte_order ... ok
[INFO] [stdout] test dataset::tests::a_printf_source_name_needs_the_mapping_shape_that_uses_it ... ok
[INFO] [stdout] test dataset::tests::a_reopened_compact_dataset_keeps_its_image ... ok
[INFO] [stdout] test dataset::tests::a_relative_source_resolves_next_to_the_virtual_dataset ... ok
[INFO] [stdout] test dataset::tests::all_numeric_types_roundtrip ... ok
[INFO] [stdout] test dataset::tests::a_virtual_dataset_refuses_every_write ... ok
[INFO] [stdout] test dataset::tests::a_staged_chunk_carries_only_what_its_stream_decoded ... ok
[INFO] [stdout] test dataset::tests::a_printf_gap_looks_past_the_missing_block ... ok
[INFO] [stdout] test dataset::tests::a_virtual_dataset_cannot_also_be_chunked_or_external ... ok
[INFO] [stdout] test dataset::tests::a_compact_dataset_lands_in_its_group ... ok
[INFO] [stdout] test dataset::tests::a_compact_dataset_stores_its_data_in_the_layout_message ... ok
[INFO] [stdout] test dataset::tests::an_edge_chunk_pads_with_zero_not_the_chunk_written_before_it ... ok
[INFO] [stdout] test dataset::tests::a_chunk_that_decodes_short_of_its_image_reads_as_fill ... ok
[INFO] [stdout] test dataset::tests::a_source_that_cannot_be_opened_reads_as_the_fill_value ... ok
[INFO] [stdout] test dataset::tests::a_committed_type_that_cannot_be_shared_creates_no_dataset ... ok
[INFO] [stdout] test dataset::tests::an_escaped_percent_is_a_literal_in_a_source_name ... ok
[INFO] [stdout] test dataset::tests::a_printf_mapping_stitches_one_source_per_block ... ok
[INFO] [stdout] test dataset::tests::an_unlimited_external_slot_reads_zero_past_the_end_of_its_file ... ok
[INFO] [stdout] test dataset::tests::an_unlimited_mapping_takes_its_extent_from_its_source ... ok
[INFO] [stdout] test dataset::tests::an_unlimited_virtual_selection_over_a_limited_source_is_refused ... ok
[INFO] [stdout] test dataset::tests::an_external_or_virtual_dataset_never_reaches_the_edge_write_cap ... ok
[INFO] [stdout] test dataset::tests::array_attr_roundtrip ... ok
[INFO] [stdout] test dataset::tests::append_to_a_btree_v2_dataset_survives_close ... ok
[INFO] [stdout] test dataset::tests::attr_datatype_in_write_mode_errors ... ok
[INFO] [stdout] test dataset::tests::attr_read_numeric_as_converts ... ok
[INFO] [stdout] test dataset::tests::a_partial_edge_chunk_does_not_grow_past_the_declared_maximum ... ok
[INFO] [stdout] test dataset::tests::an_unwritten_compact_dataset_reads_back_as_its_fill_value ... ok
[INFO] [stdout] test dataset::tests::append_partial_chunk_flushed_on_close ... ok
[INFO] [stdout] test dataset::tests::append_scatters_frames_across_narrow_chunk_tiles ... ok
[INFO] [stdout] test dataset::tests::attr_read_numeric_validates_datatype ... ok
[INFO] [stdout] test dataset::tests::append_to_a_full_fixed_array_dataset_errors ... ok
[INFO] [stdout] test dataset::tests::attr_datatype_exposes_class_and_sign ... ok
[INFO] [stdout] test dataset::tests::append_1d_chunked ... ok
[INFO] [stdout] test dataset::tests::builder_rejects_a_chunk_wider_than_a_fixed_max_dimension ... ok
[INFO] [stdout] test dataset::tests::builder_requires_shape ... ok
[INFO] [stdout] test dataset::tests::attr_read_roundtrip ... ok
[INFO] [stdout] test dataset::tests::cannot_create_dataset_in_read_mode ... ok
[INFO] [stdout] test dataset::tests::datatype_exposes_class_sign_and_byteorder ... ok
[INFO] [stdout] test dataset::tests::datatype_in_write_mode_errors ... ok
[INFO] [stdout] test dataset::tests::compact_rejects_chunking_filters_growth_and_a_null_dataspace ... ok
[INFO] [stdout] test dataset::tests::append_chunked_roundtrip ... ok
[INFO] [stdout] test dataset::tests::btree_v2_multi_unlimited_roundtrip ... ok
[INFO] [stdout] test dataset::tests::cannot_write_in_read_mode ... ok
[INFO] [stdout] test dataset::tests::chunk_index_reports_the_stored_kind ... ok
[INFO] [stdout] test dataset::tests::deleting_a_group_takes_the_committed_datatypes_it_named ... ok
[INFO] [stdout] test dataset::tests::dataset_survives_file_move ... ok
[INFO] [stdout] test dataset::tests::early_allocation_writes_the_implicit_index ... ok
[INFO] [stdout] test dataset::tests::append_after_reopen_keeps_the_partial_chunk_it_lands_in ... ok
[INFO] [stdout] test dataset::tests::builder_accepts_an_unlimited_inner_dimension ... ok
[INFO] [stdout] test dataset::tests::duplicate_dataset_name_rejected ... ok
[INFO] [stdout] test dataset::tests::cannot_read_in_write_mode ... ok
[INFO] [stdout] test dataset::tests::external_files_reports_the_stored_segments ... ok
[INFO] [stdout] test dataset::tests::extend_cannot_shrink ... ok
[INFO] [stdout] test dataset::tests::fill_value_reports_the_stored_value ... ok
[INFO] [stdout] test dataset::tests::extend_beyond_the_maximum_is_rejected ... ok
[INFO] [stdout] test dataset::tests::compressed_multi_unlimited_dataset_roundtrips ... ok
[INFO] [stdout] test dataset::tests::deleting_a_virtual_dataset_frees_its_mapping_list ... ok
[INFO] [stdout] test dataset::tests::extend_does_not_move_buffered_appends ... ok
[INFO] [stdout] test dataset::tests::fill_value_chunked_roundtrip ... ok
[INFO] [stdout] test dataset::tests::fill_value_size_mismatch_errors ... ok
[INFO] [stdout] test dataset::tests::filter_without_chunk_autochunks_and_roundtrips ... ok
[INFO] [stdout] test dataset::tests::group_nx_class_attribute_roundtrip ... ok
[INFO] [stdout] test dataset::tests::fill_value_partial_chunk_padded_with_fill ... ok
[INFO] [stdout] test dataset::tests::fill_value_contiguous_roundtrip ... ok
[INFO] [stdout] test dataset::tests::fill_value_read_missing_chunks ... ok
[INFO] [stdout] test dataset::tests::fixed_array_growable_inner_dimension_keeps_chunk_slots ... ok
[INFO] [stdout] test dataset::tests::fixed_array_with_a_larger_max_shape_grows_and_survives_close ... ok
[INFO] [stdout] test dataset::tests::numeric_big_endian_decode ... ok
[INFO] [stdout] test dataset::tests::null_dataspace_distinct_from_scalar ... ok
[INFO] [stdout] test dataset::tests::early_allocation_only_picks_implicit_where_libhdf5_does ... ok
[INFO] [stdout] test dataset::tests::implicit_index_survives_a_reopen ... ok
[INFO] [stdout] test dataset::tests::filters_reports_the_stored_pipeline ... ok
[INFO] [stdout] test dataset::tests::numeric_float_widening_only ... ok
[INFO] [stdout] test dataset::tests::numeric_int_checked_conversion_boundaries ... ok
[INFO] [stdout] test dataset::tests::numeric_slice_conversion ... ok
[INFO] [stdout] test dataset::tests::null_dataspace_rejects_writes ... ok
[INFO] [stdout] test dataset::tests::numeric_attr_roundtrip ... ok
[INFO] [stdout] test dataset::tests::numeric_cross_class_and_non_numeric_rejected ... ok
[INFO] [stdout] test dataset::tests::read_into_matches_vec_single_chunk ... ok
[INFO] [stdout] test dataset::tests::read_into_wrong_element_size_rejected ... ok
[INFO] [stdout] test dataset::tests::read_into_matches_vec_contiguous ... ok
[INFO] [stdout] test dataset::tests::read_into_wrong_buffer_size_rejected ... ok
[INFO] [stdout] test dataset::tests::read_strings_also_reads_variable_length_strings ... ok
[INFO] [stdout] test dataset::tests::implicit_index_fills_every_chunk_at_create ... ok
[INFO] [stdout] test dataset::tests::read_into_matches_vec_chunked_unfiltered ... ok
[INFO] [stdout] test dataset::tests::read_full_3d_chunked_edge_roundtrips ... ok
[INFO] [stdout] test dataset::tests::read_strings_rejects_a_non_string_dataset ... ok
[INFO] [stdout] test dataset::tests::read_into_matches_vec_chunked_deflate ... ok
[INFO] [stdout] test dataset::tests::one_whole_dataset_chunk_writes_the_single_chunk_index ... ok
[INFO] [stdout] test dataset::tests::new_attr_scalar_string ... ok
[INFO] [stdout] test dataset::tests::null_dataspace_rejects_chunking_and_fill_value ... ok
[INFO] [stdout] test dataset::tests::read_strings_rejects_a_zero_width_fixed_string_dataset ... ok
[INFO] [stdout] test dataset::tests::max_shape_reports_unlimited_and_fixed_axes ... ok
[INFO] [stdout] test dataset::tests::read_strings_enforces_the_character_set_and_lossy_does_not ... ok
[INFO] [stdout] test dataset::tests::roundtrip_u8_1d ... ok
[INFO] [stdout] test dataset::tests::roundtrip_i32_2d ... ok
[INFO] [stdout] test dataset::tests::read_strings_reads_utf8_fixed_strings ... ok
[INFO] [stdout] test dataset::tests::shape_accessor ... ok
[INFO] [stdout] test dataset::tests::roundtrip_f64_3d ... ok
[INFO] [stdout] test dataset::tests::read_strings_rejects_reserved_datatype_codes ... ok
[INFO] [stdout] test dataset::tests::read_strings_handles_any_fixed_width ... ok
[INFO] [stdout] test dataset::tests::rewriting_an_unfiltered_fixed_array_chunk_stays_in_place ... ok
[INFO] [stdout] test dataset::tests::rewriting_an_unfiltered_extensible_array_chunk_stays_in_place ... ok
[INFO] [stdout] test dataset::tests::storage_layout_errors_in_write_mode ... ok
[INFO] [stdout] test dataset::tests::storage_layout_reports_each_class ... ok
[INFO] [stdout] test dataset::tests::read_strings_reads_a_compressed_fixed_string_dataset ... ok
[INFO] [stdout] test dataset::tests::shuffle_records_the_stored_element_width ... ok
[INFO] [stdout] test dataset::tests::runtime_compound_via_datatype_override_and_raw_bytes ... ok
[INFO] [stdout] test dataset::tests::read_strings_honors_every_padding_rule ... ok
[INFO] [stdout] test dataset::tests::rewriting_a_filtered_chunk_recycles_the_released_block ... ok
[INFO] [stdout] test dataset::tests::rewriting_an_unfiltered_btree_v2_chunk_stays_in_place ... ok
[INFO] [stdout] test dataset::tests::to_host_byte_order_converts_scalars_and_refuses_composites ... ok
[INFO] [stdout] test dataset::tests::to_stored_byte_order_converts_scalars_and_refuses_composites ... ok
[INFO] [stdout] test dataset::tests::the_access_property_list_reads_back_and_refuses_hsize_undef ... ok
[INFO] [stdout] test dataset::tests::subframe_chunking_roundtrip ... ok
[INFO] [stdout] test dataset::tests::the_first_missing_view_ignores_the_printf_gap ... ok
[INFO] [stdout] test dataset::tests::slice_roundtrip_2d ... ok
[INFO] [stdout] test dataset::tests::the_first_open_of_a_virtual_dataset_fixes_the_properties_for_later_opens ... ok
[INFO] [stdout] test dataset::tests::repeated_flushes_do_not_grow_a_btree_v2_index ... ok
[INFO] [stdout] test dataset::tests::the_compact_ceiling_is_checked_in_bytes ... ok
[INFO] [stdout] test dataset::tests::virtual_mappings_reports_the_stored_mappings ... ok
[INFO] [stdout] test dataset::tests::shuffle_composes_with_deflate ... ok
[INFO] [stdout] test dataset::tests::the_view_decides_whether_a_trailing_gap_is_inside_the_extent ... ok
[INFO] [stdout] test dataset::tests::shuffle_alone_is_a_filter_pipeline ... ok
[INFO] [stdout] test dataset::tests::the_edge_write_cap_holds_for_the_v2_btree_index ... ok
[INFO] [stdout] test dataset::tests::type_mismatch_element_size ... ok
[INFO] [stdout] test dataset::tests::write_chunk_raw_at_round_trips_on_btree_v2 ... ok
[INFO] [stdout] test dataset::tests::write_chunk_raw_at_rejects_an_oversized_btree_v2_chunk ... ok
[INFO] [stdout] test dataset::tests::write_chunk_raw_at_rejects_an_unfiltered_btree_v2 ... ok
[INFO] [stdout] test dataset::tests::write_chunk_raw_ea_per_chunk_mask_roundtrip ... ok
[INFO] [stdout] test dataset::tests::vlen_append_after_reopen_filtered ... ok
[INFO] [stdout] test dataset::tests::write_chunk_raw_ea_roundtrip_mask0 ... ok
[INFO] [stdout] test dataset::tests::vlen_append_after_reopen_filtered_data_block ... ok
[INFO] [stdout] test dataset::tests::write_chunk_raw_rejects_oversized_chunk ... ok
[INFO] [stdout] test dataset::tests::vlen_append_after_reopen_data_block ... ok
[INFO] [stdout] test dataset::tests::vlen_append_after_reopen_preserves_existing ... ok
[INFO] [stdout] test dataset::tests::write_chunk_raw_at_round_trips_on_the_array_indexes ... ok
[INFO] [stdout] test dataset::tests::write_chunk_raw_rejects_unfiltered ... ok
[INFO] [stdout] test dataset::tests::write_chunk_raw_sends_btree_v2_to_the_coordinate_form ... ok
[INFO] [stdout] test dataset::tests::write_chunk_raw_fixed_array_roundtrip_mask0 ... ok
[INFO] [stdout] test dataset::tests::write_raw_size_mismatch ... ok
[INFO] [stdout] test dataset::tests::write_raw_ea_compressed_roundtrips ... ok
[INFO] [stdout] test dataset::tests::the_unlimited_external_slot_keeps_its_three_rules ... FAILED
[INFO] [stdout] test dataset::tests::write_chunk_raw_fixed_array_per_chunk_mask_roundtrip ... ok
[INFO] [stdout] test dataset::tests::write_slice_2d ... ok
[INFO] [stdout] test dataset::tests::write_slice_out_of_bounds_rejected ... ok
[INFO] [stdout] test dataset::tests::write_raw_multichunk_edge_roundtrips ... ok
[INFO] [stdout] test dataset::tests::write_slice_into_the_buffered_tail_survives_close ... ok
[INFO] [stdout] test dataset::tests::write_raw_unfiltered_chunked_roundtrips ... ok
[INFO] [stdout] test dataset::tests::write_vlen_strings_slice_checks_its_range ... ok
[INFO] [stdout] test dataset::tests::write_vlen_strings_slice_enforces_the_ascii_character_set ... ok
[INFO] [stdout] test dataset::tests::write_vlen_strings_slice_rejects_a_multidimensional_dataset ... ok
[INFO] [stdout] test dataset::tests::vlen_append_after_reopen_super_block ... ok
[INFO] [stdout] test dataset::tests::write_vlen_strings_slice_keeps_the_untouched_strings_readable ... ok
[INFO] [stdout] test error::tests::display_invalid_state ... ok
[INFO] [stdout] test error::tests::display_not_found ... ok
[INFO] [stdout] test error::tests::display_type_mismatch ... ok
[INFO] [stdout] test dataset::tests::write_vlen_strings_slice_replaces_one_element ... ok
[INFO] [stdout] test error::tests::from_io_error ... ok
[INFO] [stdout] test file::h5py_compat_tests::read_h5py_generated_file ... ok
[INFO] [stdout] test file::h5py_compat_tests::h5dump_validates_our_files ... ok
[INFO] [stdout] test dataset::tests::write_chunk_raw_records_filter_mask ... ok
[INFO] [stdout] test dataset::tests::write_vlen_strings_slice_rejects_a_non_vlen_dataset ... ok
[INFO] [stdout] test dataset::tests::write_vlen_strings_slice_frees_an_emptied_collection ... ok
[INFO] [stdout] test file::h5py_compat_tests::open_refuses_a_create_only_option ... ok
[INFO] [stdout] test dataset::tests::write_vlen_strings_slice_updates_buffered_elements ... ok
[INFO] [stdout] test dataset::tests::write_vlen_strings_slice_releases_a_buffered_elements_object ... ok
[INFO] [stdout] test dataset::tests::ea_super_block_open_append ... ok
[INFO] [stdout] test file::h5py_compat_tests::open_rw_refuses_every_create_only_option ... ok
[INFO] [stdout] test file::integration_tests::append_vlen_strings_uncompressed ... ok
[INFO] [stdout] test file::integration_tests::chunked_write_read_roundtrip ... ok
[INFO] [stdout] test dataset::tests::write_vlen_strings_slice_spans_chunks_after_reopen ... ok
[INFO] [stdout] test file::integration_tests::append_mode ... ok
[INFO] [stdout] test file::integration_tests::file_level_attributes ... ok
[INFO] [stdout] test file::integration_tests::delete_and_recreate_group ... ok
[INFO] [stdout] test file::integration_tests::dataset_writer_reopens_for_attributes ... ok
[INFO] [stdout] test file::integration_tests::delete_group_roundtrip ... ok
[INFO] [stdout] test file::integration_tests::delete_dataset_roundtrip ... ok
[INFO] [stdout] test file::integration_tests::group_hierarchy_roundtrip ... ok
[INFO] [stdout] test file::integration_tests::group_vlen_string_writer_declares_ascii ... ok
[INFO] [stdout] test file::integration_tests::compressed_chunked_roundtrip ... ok
[INFO] [stdout] test file::integration_tests::vlen_bytes_in_group_with_attribute ... ok
[INFO] [stdout] test file::integration_tests::append_mode_extend_chunked ... ok
[INFO] [stdout] test file::integration_tests::scalar_dataset_roundtrip ... ok
[INFO] [stdout] test file::integration_tests::vlen_bytes_is_the_u8_case_of_vlen_numeric ... ok
[INFO] [stdout] test dataset::tests::write_vlen_strings_slice_reuses_the_freed_heap_block ... ok
[INFO] [stdout] test file::integration_tests::nested_groups_via_file_create_group ... ok
[INFO] [stdout] test file::integration_tests::vlen_bytes_write_read ... ok
[INFO] [stdout] test dataset::tests::write_vlen_strings_slice_keeps_an_oversized_collections_block_whole ... ok
[INFO] [stdout] test file::integration_tests::open_rw_delete_recreate_group ... ok
[INFO] [stdout] test file::integration_tests::vlen_dataset_returns_handle_for_attributes ... ok
[INFO] [stdout] test file::integration_tests::vlen_string_write_read ... ok
[INFO] [stdout] test file::integration_tests::open_rw_set_attr_preserves_file ... ok
[INFO] [stdout] test file::integration_tests::write_dataset_with_attributes ... ok
[INFO] [stdout] test file::integration_tests::vlen_string_writers_declare_their_character_set ... ok
[INFO] [stdout] test file::tests::close_no_sync_produces_valid_readable_file ... ok
[INFO] [stdout] test file::integration_tests::write_chunked_file_for_h5dump ... ok
[INFO] [stdout] test file::tests::close_no_sync_chunked_dataset_valid ... ok
[INFO] [stdout] test file::integration_tests::open_rw_attr_with_compressed_dataset ... ok
[INFO] [stdout] test file::integration_tests::write_file_for_h5dump ... ok
[INFO] [stdout] test file::tests::create_and_drop_empty ... ok
[INFO] [stdout] test file::tests::create_and_close_empty ... ok
[INFO] [stdout] test file::tests::close_is_idempotent ... ok
[INFO] [stdout] test format::btree_v1::tests::a_bulk_loaded_chunk_tree_keys_the_way_libhdf5_does ... ok
[INFO] [stdout] test file::integration_tests::vlen_numeric_write_read ... ok
[INFO] [stdout] test format::btree_v1::tests::a_bulk_loaded_chunk_tree_grows_a_level_past_2k ... ok
[INFO] [stdout] test format::btree_v1::tests::a_chunk_btree_node_is_not_encoded_by_the_group_encoder ... ok
[INFO] [stdout] test format::btree_v1::tests::a_chunk_node_wider_than_its_record_is_refused ... ok
[INFO] [stdout] test format::btree_v1::tests::a_group_btree_node_refuses_a_key_count_that_does_not_bound_its_children ... ok
[INFO] [stdout] test format::btree_v1::tests::an_empty_chunk_tree_has_no_root ... ok
[INFO] [stdout] test file::integration_tests::write_chunked_many_frames_for_h5dump ... ok
[INFO] [stdout] test file::tests::create_over_existing_file_truncates ... ok
[INFO] [stdout] test file::tests::write_and_read_f64 ... ok
[INFO] [stdout] test file::tests::dataset_not_found ... ok
[INFO] [stdout] test file::tests::multiple_datasets ... ok
[INFO] [stdout] test file::integration_tests::vlen_string_deflate_roundtrip ... ok
[INFO] [stdout] test format::btree_v1::tests::an_encoded_group_btree_node_round_trips_an_empty_root ... ok
[INFO] [stdout] test format::btree_v1::tests::an_encoded_group_btree_node_round_trips_an_interior_level ... ok
[INFO] [stdout] test format::btree_v1::tests::decode_bad_sig ... ok
[INFO] [stdout] test format::btree_v1::tests::decode_chunk_filtered_key ... ok
[INFO] [stdout] test format::btree_v1::tests::decode_chunk_internal_2d ... ok
[INFO] [stdout] test format::btree_v1::tests::decode_chunk_leaf_1d ... ok
[INFO] [stdout] test format::btree_v1::tests::decode_chunk_rejects_entries_beyond_two_k ... ok
[INFO] [stdout] test format::btree_v1::tests::an_encoded_group_btree_node_matches_the_bytes_libhdf5_wrote ... ok
[INFO] [stdout] test format::btree_v1::tests::decode_4byte ... ok
[INFO] [stdout] test format::btree_v1::tests::decode_chunk_bad_sig ... ok
[INFO] [stdout] test format::btree_v1::tests::decode_chunk_too_short ... ok
[INFO] [stdout] test format::btree_v1::tests::decode_chunk_rejects_group_node ... ok
[INFO] [stdout] test format::btree_v1::tests::decode_internal_node ... ok
[INFO] [stdout] test format::btree_v1::tests::decode_leaf_node ... ok
[INFO] [stdout] test format::btree_v1::tests::decode_unsupported_type ... ok
[INFO] [stdout] test format::btree_v1::tests::decode_rejects_entries_beyond_two_k ... ok
[INFO] [stdout] test format::btree_v1::tests::decode_single_entry ... ok
[INFO] [stdout] test format::btree_v1::tests::node_sizes_match_upstream_formula ... ok
[INFO] [stdout] test format::btree_v1::tests::non_default_k_scales_every_node_size ... ok
[INFO] [stdout] test format::btree_v1::tests::decode_chunk_4byte_addr ... ok
[INFO] [stdout] test format::btree_v1::tests::decode_too_short ... ok
[INFO] [stdout] test format::checksum::tests::test_jenkins_different_initval ... ok
[INFO] [stdout] test format::bytes::tests::addr_all_ones_is_undef ... ok
[INFO] [stdout] test format::bytes::tests::addr_empty_buffer_is_not_undef ... ok
[INFO] [stdout] test format::bytes::tests::uint_basic_widths ... ok
[INFO] [stdout] test format::checksum::tests::test_checksum_metadata ... ok
[INFO] [stdout] test format::checksum::tests::test_jenkins_13_bytes ... ok
[INFO] [stdout] test format::checksum::tests::test_jenkins_empty ... ok
[INFO] [stdout] test format::checksum::tests::test_jenkins_exactly_12_bytes ... ok
[INFO] [stdout] test format::checksum::tests::test_jenkins_hello ... ok
[INFO] [stdout] test format::checksum::tests::test_jenkins_no_collisions_small_inputs ... ok
[INFO] [stdout] test format::checksum::tests::test_jenkins_reference_vectors ... ok
[INFO] [stdout] test format::checksum::tests::test_jenkins_various_lengths ... ok
[INFO] [stdout] test format::chunk_index::btree_v2::tests::a_tree_that_fits_one_node_stays_a_single_leaf ... ok
[INFO] [stdout] test format::chunk_index::btree_v2::tests::bt2_geometry_is_panic_free_on_degenerate_params ... ok
[INFO] [stdout] test format::chunk_index::btree_v2::tests::chunk_index_ctx4_roundtrip ... ok
[INFO] [stdout] test format::bytes::tests::uint_clamps_oversized_n_without_panic ... ok
[INFO] [stdout] test format::checksum::tests::test_jenkins_deterministic ... ok
[INFO] [stdout] test format::chunk_index::btree_v2::tests::bulk_load_honors_a_foreign_node_size ... ok
[INFO] [stdout] test format::chunk_index::btree_v2::tests::chunk_index_encode_decode_roundtrip ... ok
[INFO] [stdout] test format::chunk_index::btree_v2::tests::chunk_index_insert_and_lookup ... ok
[INFO] [stdout] test format::chunk_index::btree_v2::tests::chunk_index_insert_replaces ... ok
[INFO] [stdout] test format::chunk_index::btree_v2::tests::chunk_index_iterate ... ok
[INFO] [stdout] test format::chunk_index::btree_v2::tests::filtered_records_are_ordered_however_they_are_inserted ... ok
[INFO] [stdout] test format::chunk_index::btree_v2::tests::filtered_chunk_index_encode_decode_roundtrip ... ok
[INFO] [stdout] test format::chunk_index::btree_v2::tests::header_bad_signature ... ok
[INFO] [stdout] test format::chunk_index::btree_v2::tests::header_decode_rejects_malformed_geometry_fields ... ok
[INFO] [stdout] test format::chunk_index::btree_v2::tests::header_checksum_mismatch ... ok
[INFO] [stdout] test format::chunk_index::btree_v2::tests::header_filtered_roundtrip ... ok
[INFO] [stdout] test format::chunk_index::btree_v2::tests::bt2_geometry_matches_libhdf5 ... ok
[INFO] [stdout] test format::chunk_index::btree_v2::tests::empty_chunk_index ... ok
[INFO] [stdout] test format::chunk_index::btree_v2::tests::header_roundtrip ... ok
[INFO] [stdout] test format::chunk_index::btree_v2::tests::header_roundtrip_ctx4 ... ok
[INFO] [stdout] test format::chunk_index::btree_v2::tests::filtered_records_survive_a_split_tree ... ok
[INFO] [stdout] test format::chunk_index::btree_v2::tests::leaf_node_empty ... ok
[INFO] [stdout] test format::chunk_index::btree_v2::tests::internal_node_depth2_roundtrip ... ok
[INFO] [stdout] test format::chunk_index::btree_v2::tests::internal_node_roundtrip ... ok
[INFO] [stdout] test format::chunk_index::btree_v2::tests::one_record_past_a_leaf_grows_the_tree_a_level ... ok
[INFO] [stdout] test format::chunk_index::btree_v2::tests::leaf_node_bad_checksum ... ok
[INFO] [stdout] test format::chunk_index::btree_v2::tests::unfiltered_record_is_address_first ... ok
[INFO] [stdout] test format::chunk_index::extensible_array::tests::compute_nsblk_addrs_default ... ok
[INFO] [stdout] test format::chunk_index::btree_v2::tests::leaf_node_roundtrip ... ok
[INFO] [stdout] test format::chunk_index::extensible_array::tests::data_block_roundtrip ... ok
[INFO] [stdout] test format::chunk_index::extensible_array::tests::ea_geometry_matches_libhdf5 ... ok
[INFO] [stdout] test format::chunk_index::extensible_array::tests::ea_geometry_rejects_malformed_params ... ok
[INFO] [stdout] test format::chunk_index::extensible_array::tests::ea_locate_rejects_out_of_capacity_index ... ok
[INFO] [stdout] test format::chunk_index::extensible_array::tests::header_bad_signature ... ok
[INFO] [stdout] test format::chunk_index::extensible_array::tests::header_checksum_mismatch ... ok
[INFO] [stdout] test format::chunk_index::extensible_array::tests::header_roundtrip ... ok
[INFO] [stdout] test format::chunk_index::extensible_array::tests::header_roundtrip_ctx4 ... ok
[INFO] [stdout] test format::chunk_index::extensible_array::tests::compute_ndblk_addrs_default ... ok
[INFO] [stdout] test format::chunk_index::btree_v2::tests::records_are_ordered_however_they_are_inserted ... ok
[INFO] [stdout] test format::chunk_index::extensible_array::tests::index_block_roundtrip ... ok
[INFO] [stdout] test format::chunk_index::extensible_array::tests::index_block_bad_checksum ... ok
[INFO] [stdout] test format::chunk_index::extensible_array::tests::data_block_offset_size ... ok
[INFO] [stdout] test format::chunk_index::fixed_array::tests::data_block_filtered_roundtrip ... ok
[INFO] [stdout] test format::chunk_index::fixed_array::tests::data_block_unfiltered_roundtrip ... ok
[INFO] [stdout] test format::chunk_index::extensible_array::tests::index_block_roundtrip_ctx4 ... ok
[INFO] [stdout] test format::chunk_index::fixed_array::tests::data_block_unfiltered_bad_checksum ... ok
[INFO] [stdout] test format::chunk_index::fixed_array::tests::data_block_unfiltered_roundtrip_ctx4 ... ok
[INFO] [stdout] test format::chunk_index::fixed_array::tests::filtered_page_encode_decode_roundtrip ... ok
[INFO] [stdout] test format::chunk_index::fixed_array::tests::empty_data_block ... ok
[INFO] [stdout] test format::chunk_index::fixed_array::tests::filtered_page_roundtrip ... ok
[INFO] [stdout] test format::chunk_index::fixed_array::tests::header_bad_signature ... ok
[INFO] [stdout] test format::chunk_index::fixed_array::tests::header_checksum_mismatch ... ok
[INFO] [stdout] test format::chunk_index::fixed_array::tests::header_filtered_roundtrip ... ok
[INFO] [stdout] test format::chunk_index::fixed_array::tests::header_paging_geometry ... ok
[INFO] [stdout] test format::chunk_index::fixed_array::tests::header_roundtrip ... ok
[INFO] [stdout] test format::chunk_index::fixed_array::tests::header_roundtrip_ctx4 ... ok
[INFO] [stdout] test format::chunk_index::fixed_array::tests::paged_prefix_bad_checksum ... ok
[INFO] [stdout] test format::chunk_index::fixed_array::tests::paged_prefix_encode_matches_test_builder ... ok
[INFO] [stdout] test format::chunk_index::fixed_array::tests::paged_prefix_roundtrip_and_bitmap ... ok
[INFO] [stdout] test format::chunk_index::fixed_array::tests::paged_prefix_encode_decode_roundtrip ... ok
[INFO] [stdout] test format::chunk_index::fixed_array::tests::unfiltered_page_encode_decode_roundtrip ... ok
[INFO] [stdout] test format::chunk_index::btree_v2::tests::every_node_occupies_the_same_size_block_at_any_depth ... ok
[INFO] [stdout] test format::chunk_index::fixed_array::tests::unfiltered_page_roundtrip ... ok
[INFO] [stdout] test format::creation_order::tests::indexed_implies_tracked ... ok
[INFO] [stdout] test format::creation_order::tests::a_lone_indexed_flag_reads_as_untracked ... ok
[INFO] [stdout] test format::creation_order::tests::the_default_is_untracked ... ok
[INFO] [stdout] test format::dense_attr::tests::a_dozen_attributes_round_trip_through_dense_storage ... ok
[INFO] [stdout] test format::chunk_index::fixed_array::tests::page_too_short_errors ... ok
[INFO] [stdout] test format::dense_attr::tests::a_tracked_object_gets_a_creation_order_index ... ok
[INFO] [stdout] test file::tests::write_and_read_roundtrip ... ok
[INFO] [stdout] test dataset::tests::write_vlen_strings_slice_frees_an_empty_strings_object ... ok
[INFO] [stdout] test file::integration_tests::shuffle_deflate_roundtrip ... ok
[INFO] [stdout] test format::dense_attr::tests::dense_ainfo_without_name_index_is_an_error ... ok
[INFO] [stdout] test format::dense_attr::tests::compact_ainfo_reads_no_dense_attributes ... ok
[INFO] [stdout] test format::dense_attr::tests::each_attribute_keeps_the_creation_index_it_carries ... ok
[INFO] [stdout] test format::chunk_index::fixed_array::tests::unfiltered_page_bad_checksum ... ok
[INFO] [stdout] test format::dense_attr::tests::an_object_with_no_attributes_yields_an_empty_index ... ok
[INFO] [stdout] test format::dense_attr::tests::name_records_are_ordered_by_hash ... ok
[INFO] [stdout] test format::dense_link::tests::a_dozen_links_round_trip_through_dense_storage ... ok
[INFO] [stdout] test format::chunk_index::btree_v2::tests::the_record_walk_returns_key_order_across_levels ... ok
[INFO] [stdout] test format::dense_link::tests::a_tracked_group_gets_a_creation_order_index ... ok
[INFO] [stdout] test format::dense_link::tests::dense_linfo_without_name_index_is_an_error ... ok
[INFO] [stdout] test format::dense_link::tests::a_group_with_no_links_yields_an_empty_index ... ok
[INFO] [stdout] test format::dense_link::tests::an_untracked_group_gets_no_creation_order_index ... ok
[INFO] [stdout] test format::dense_link::tests::the_heap_uses_the_group_parameters ... ok
[INFO] [stdout] test format::dense_link::tests::compact_linfo_reads_no_dense_links ... ok
[INFO] [stdout] test dataset::tests::ea_filtered_super_block_roundtrip ... ok
[INFO] [stdout] test format::dense_link::tests::name_records_are_ordered_by_hash ... ok
[INFO] [stdout] test format::fractal_heap::tests::size_of_offset_bits_basic ... ok
[INFO] [stdout] test format::fractal_heap::tests::too_short_rejected ... ok
[INFO] [stdout] test format::fractal_heap_write::tests::an_object_larger_than_a_row_skips_to_a_row_that_fits ... ok
[INFO] [stdout] test format::fractal_heap::tests::log2_of2_basic ... ok
[INFO] [stdout] test format::fractal_heap_write::tests::a_heap_of_only_huge_objects_has_no_managed_blocks ... ok
[INFO] [stdout] test format::fractal_heap_write::tests::a_single_object_round_trips_through_a_root_direct_block ... ok
[INFO] [stdout] test format::fractal_heap_write::tests::the_root_stays_a_direct_block_while_one_block_holds_everything ... ok
[INFO] [stdout] test format::dense_link::tests::a_soft_link_round_trips_beside_hard_ones ... ok
[INFO] [stdout] test format::chunk_index::btree_v2::tests::a_tree_grows_a_second_level ... ok
[INFO] [stdout] test format::dense_attr::tests::an_attribute_past_the_managed_size_round_trips_as_a_huge_object ... ok
[INFO] [stdout] test format::fractal_heap_write::tests::objects_past_one_block_grow_a_root_indirect_block ... ok
[INFO] [stdout] test format::free_space::tests::a_corrupt_header_checksum_is_rejected ... ok
[INFO] [stdout] test format::fractal_heap_write::tests::header_round_trips_with_its_derived_widths ... ok
[INFO] [stdout] test format::dense_link::tests::a_tracked_but_unindexed_group_records_the_maximum_and_no_index ... ok
[INFO] [stdout] test format::dense_link::tests::tracking_links_that_carry_no_creation_order_is_refused ... ok
[INFO] [stdout] test format::free_space::tests::disjoint_accepts_adjacent_blocks_and_rejects_overlapping_ones ... ok
[INFO] [stdout] test format::free_space::tests::a_sections_block_naming_the_wrong_header_is_rejected ... ok
[INFO] [stdout] test format::free_space::tests::decodes_the_libhdf5_header ... ok
[INFO] [stdout] test format::free_space::tests::decodes_the_libhdf5_sections ... ok
[INFO] [stdout] test format::free_space::tests::header_reencodes_byte_for_byte ... ok
[INFO] [stdout] test format::free_space::tests::sections_reencode_byte_for_byte ... ok
[INFO] [stdout] test format::global_heap::tests::decode_bad_signature ... ok
[INFO] [stdout] test format::global_heap::tests::ctx4_roundtrip ... ok
[INFO] [stdout] test format::global_heap::tests::decode_bad_version ... ok
[INFO] [stdout] test format::global_heap::tests::decode_buffer_too_short ... ok
[INFO] [stdout] test format::fractal_heap_write::tests::an_object_too_big_for_a_managed_block_goes_huge ... ok
[INFO] [stdout] test format::global_heap::tests::empty_collection_roundtrip ... ok
[INFO] [stdout] test format::global_heap::tests::empty_data_object ... ok
[INFO] [stdout] test format::global_heap::tests::encode_at_size_holds_an_oversized_collection_open ... ok
[INFO] [stdout] test format::global_heap::tests::multiple_objects_roundtrip ... ok
[INFO] [stdout] test format::free_space::tests::empty_managers_serialize_to_the_prefix_alone ... ok
[INFO] [stdout] test format::global_heap::tests::object_data_alignment ... ok
[INFO] [stdout] test format::free_space::tests::encoding_widths_follow_the_header ... ok
[INFO] [stdout] test format::global_heap::tests::remove_object_keeps_the_survivors_indices ... ok
[INFO] [stdout] test format::free_space::tests::header_size_matches_upstream ... ok
[INFO] [stdout] test format::global_heap::tests::rewrite_preserves_a_foreign_objects_ref_count ... ok
[INFO] [stdout] test format::global_heap::tests::single_object_roundtrip ... ok
[INFO] [stdout] test format::global_heap::tests::vlen_reference_4byte_roundtrip ... ok
[INFO] [stdout] test format::global_heap::tests::vlen_reference_size_check ... ok
[INFO] [stdout] test format::global_heap::tests::vlen_seq_len_bounds ... ok
[INFO] [stdout] test format::local_heap::tests::a_four_byte_local_heap_header_pads_to_its_alignment ... ok
[INFO] [stdout] test format::local_heap::tests::a_heap_image_lays_names_out_the_way_libhdf5_does ... ok
[INFO] [stdout] test format::local_heap::tests::a_heap_object_is_padded_after_its_terminator_not_before ... ok
[INFO] [stdout] test format::local_heap::tests::a_local_heap_header_matches_the_bytes_libhdf5_wrote ... ok
[INFO] [stdout] test format::local_heap::tests::decode_4byte ... ok
[INFO] [stdout] test format::local_heap::tests::decode_bad_sig ... ok
[INFO] [stdout] test format::local_heap::tests::decode_bad_version ... ok
[INFO] [stdout] test format::local_heap::tests::decode_basic ... ok
[INFO] [stdout] test format::local_heap::tests::decode_too_short ... ok
[INFO] [stdout] test format::local_heap::tests::get_string_basic ... ok
[INFO] [stdout] test format::global_heap::tests::get_object_not_found ... ok
[INFO] [stdout] test format::local_heap::tests::get_string_out_of_range ... ok
[INFO] [stdout] test format::global_heap::tests::padding_to_8 ... ok
[INFO] [stdout] test format::messages::attr_info::tests::decode_buffer_too_short ... ok
[INFO] [stdout] test format::messages::attr_info::tests::decode_bad_version ... ok
[INFO] [stdout] test format::messages::attr_info::tests::roundtrip_dense ... ok
[INFO] [stdout] test format::messages::attr_info::tests::roundtrip_with_creation_order ... ok
[INFO] [stdout] test format::messages::attr_info::tests::the_max_creation_index_is_one_past_the_largest_not_the_count ... ok
[INFO] [stdout] test format::messages::attribute::tests::a_legacy_attribute_matches_the_bytes_libhdf5_wrote ... ok
[INFO] [stdout] test format::messages::attribute::tests::decode_bad_version ... ok
[INFO] [stdout] test format::free_space::tests::a_padded_image_checksums_over_the_whole_block ... ok
[INFO] [stdout] test format::messages::attribute::tests::decode_buffer_too_short ... ok
[INFO] [stdout] test format::messages::attribute::tests::scalar_string_empty ... ok
[INFO] [stdout] test format::messages::attribute::tests::scalar_string_roundtrip ... ok
[INFO] [stdout] test format::messages::attribute::tests::scalar_string_utf8_content ... ok
[INFO] [stdout] test format::messages::continuation::tests::decode_buffer_too_short ... ok
[INFO] [stdout] test format::messages::continuation::tests::decode_buffer_too_short_ctx4 ... ok
[INFO] [stdout] test format::messages::continuation::tests::encode_size ... ok
[INFO] [stdout] test format::messages::continuation::tests::roundtrip_ctx4 ... ok
[INFO] [stdout] test format::messages::continuation::tests::roundtrip_ctx8 ... ok
[INFO] [stdout] test format::messages::continuation::tests::roundtrip_large_values ... ok
[INFO] [stdout] test format::messages::continuation::tests::roundtrip_zero ... ok
[INFO] [stdout] test format::messages::data_layout::tests::check_against_dataset_chunk_rank_boundaries ... ok
[INFO] [stdout] test format::messages::data_layout::tests::check_against_dataset_compact_size_boundaries ... ok
[INFO] [stdout] test format::messages::data_layout::tests::chunked_v3_rejects_ndims_too_small ... ok
[INFO] [stdout] test format::messages::data_layout::tests::chunked_v3_rejects_zero_dim ... ok
[INFO] [stdout] test format::messages::data_layout::tests::chunked_v3_truncated ... ok
[INFO] [stdout] test format::messages::attr_info::tests::decode_truncated_after_flags ... ok
[INFO] [stdout] test format::messages::attr_info::tests::roundtrip_compact ... ok
[INFO] [stdout] test format::messages::attr_info::tests::roundtrip_compact_ctx4 ... ok
[INFO] [stdout] test format::messages::data_layout::tests::chunked_v3_undef_btree_addr ... ok
[INFO] [stdout] test format::global_heap::tests::vlen_reference_roundtrip ... ok
[INFO] [stdout] test format::messages::attribute::tests::a_legacy_attribute_round_trips_at_every_field_padding ... ok
[INFO] [stdout] test format::messages::attribute::tests::version_is_three ... ok
[INFO] [stdout] test format::messages::attribute::tests::array_numeric_1d_roundtrip ... ok
[INFO] [stdout] test format::fractal_heap::tests::bad_signature_rejected ... ok
[INFO] [stdout] test format::global_heap::tests::new_objects_encode_a_zero_ref_count ... ok
[INFO] [stdout] test format::messages::data_layout::tests::decode_buffer_too_short ... ok
[INFO] [stdout] test format::messages::data_layout::tests::decode_legacy_version_is_unsupported_not_invalid ... ok
[INFO] [stdout] test format::messages::data_layout::tests::decode_contiguous_truncated ... ok
[INFO] [stdout] test format::messages::data_layout::tests::roundtrip_chunked_v3_btree_v1 ... ok
[INFO] [stdout] test format::messages::data_layout::tests::chunked_v4_large_dims ... ok
[INFO] [stdout] test format::messages::data_layout::tests::decode_contiguous_and_compact_at_every_modern_version ... ok
[INFO] [stdout] test format::messages::data_layout::tests::roundtrip_chunked_v3_btree_v1_2d_ctx4 ... ok
[INFO] [stdout] test format::messages::data_layout::tests::roundtrip_chunked_v4_single ... ok
[INFO] [stdout] test format::messages::data_layout::tests::roundtrip_compact_empty ... ok
[INFO] [stdout] test format::messages::data_layout::tests::roundtrip_chunked_v4_single_filtered ... ok
[INFO] [stdout] test format::messages::data_layout::tests::roundtrip_contiguous_ctx4 ... ok
[INFO] [stdout] test format::messages::data_layout::tests::roundtrip_contiguous_unallocated ... ok
[INFO] [stdout] test format::messages::data_layout::tests::roundtrip_contiguous_undef_ctx4 ... ok
[INFO] [stdout] test format::messages::data_layout::tests::roundtrip_chunked_v4_btree_v2_params ... ok
[INFO] [stdout] test format::messages::data_layout::tests::version_and_class_bytes ... ok
[INFO] [stdout] test format::messages::data_layout::tests::virtual_layout_rejects_version_3 ... ok
[INFO] [stdout] test format::messages::data_layout::tests::virtual_layout_undefined_heap_address ... ok
[INFO] [stdout] test format::messages::dataspace::tests::a_constructed_simple_dataspace_carries_its_maximum ... ok
[INFO] [stdout] test format::messages::dataspace::tests::a_decoded_message_with_no_maximum_re_encodes_without_one ... ok
[INFO] [stdout] test format::messages::dataspace::tests::a_legacy_dataspace_matches_the_bytes_libhdf5_wrote ... ok
[INFO] [stdout] test format::messages::dataspace::tests::a_legacy_scalar_dataspace_round_trips_as_scalar ... ok
[INFO] [stdout] test format::messages::dataspace::tests::a_null_dataspace_stays_at_version_2_in_a_legacy_file ... ok
[INFO] [stdout] test format::messages::dataspace::tests::decode_bad_version ... ok
[INFO] [stdout] test format::messages::dataspace::tests::decode_buffer_too_short ... ok
[INFO] [stdout] test format::messages::dataspace::tests::decode_buffer_too_short_for_dims ... ok
[INFO] [stdout] test format::messages::dataspace::tests::decode_v1_is_never_null ... ok
[INFO] [stdout] test format::messages::dataspace::tests::decode_v1_simple_1d ... ok
[INFO] [stdout] test format::messages::dataspace::tests::decode_v1_with_max_dims ... ok
[INFO] [stdout] test format::messages::data_layout::tests::roundtrip_virtual_layout ... ok
[INFO] [stdout] test format::messages::dataspace::tests::decode_v2_bad_type_byte ... ok
[INFO] [stdout] test format::messages::data_layout::tests::roundtrip_chunked_v4_earray ... ok
[INFO] [stdout] test format::messages::data_layout::tests::roundtrip_chunked_v5_earray ... ok
[INFO] [stdout] test format::messages::data_layout::tests::roundtrip_chunked_v4_earray_ctx4 ... ok
[INFO] [stdout] test format::messages::data_layout::tests::chunked_v4_enc_bytes ... ok
[INFO] [stdout] test format::messages::data_layout::tests::decode_bad_version ... ok
[INFO] [stdout] test format::messages::data_layout::tests::decode_unsupported_class ... ok
[INFO] [stdout] test format::messages::data_layout::tests::roundtrip_contiguous ... ok
[INFO] [stdout] test format::messages::dataspace::tests::roundtrip_null ... ok
[INFO] [stdout] test format::messages::dataspace::tests::roundtrip_partial_max ... ok
[INFO] [stdout] test format::messages::dataspace::tests::roundtrip_simple_1d ... ok
[INFO] [stdout] test format::messages::dataspace::tests::roundtrip_scalar ... ok
[INFO] [stdout] test format::messages::dataspace::tests::roundtrip_simple_3d_ctx4 ... ok
[INFO] [stdout] test format::messages::dataspace::tests::roundtrip_unlimited ... ok
[INFO] [stdout] test format::messages::dataspace::tests::version_byte_is_two ... ok
[INFO] [stdout] test format::messages::datatype::tests::a_composite_is_at_least_as_new_as_what_it_holds ... ok
[INFO] [stdout] test format::messages::data_layout::tests::roundtrip_compact ... ok
[INFO] [stdout] test format::messages::dataspace::tests::null_and_scalar_are_distinct ... ok
[INFO] [stdout] test format::messages::datatype::tests::an_array_at_the_earliest_bound_is_a_version_2_message ... ok
[INFO] [stdout] test format::messages::datatype::tests::a_compound_at_the_earliest_bound_is_a_version_1_message ... ok
[INFO] [stdout] test format::messages::datatype::tests::array_element_size ... ok
[INFO] [stdout] test format::messages::datatype::tests::array_class_encoding ... ok
[INFO] [stdout] test format::messages::datatype::tests::a_higher_bound_moves_only_the_version_nibble ... ok
[INFO] [stdout] test format::messages::datatype::tests::an_array_member_lifts_its_compound_to_version_2 ... ok
[INFO] [stdout] test format::messages::datatype::tests::bit_6_is_vax_only_for_a_version_3_float ... ok
[INFO] [stdout] test format::messages::datatype::tests::array_element_size_saturates_on_absurd_dims ... ok
[INFO] [stdout] test format::messages::datatype::tests::compound_class_encoding ... ok
[INFO] [stdout] test format::messages::datatype::tests::decode_opaque_from_libhdf5 ... ok
[INFO] [stdout] test format::messages::datatype::tests::decode_rejects_array_version_1 ... ok
[INFO] [stdout] test format::messages::datatype::tests::decode_accepts_version_4_compound ... ok
[INFO] [stdout] test format::messages::datatype::tests::decode_reports_the_complex_class_as_unsupported ... ok
[INFO] [stdout] test format::messages::datatype::tests::decode_rejects_vax_byte_order ... ok
[INFO] [stdout] test format::messages::datatype::tests::decode_rejects_the_vax_bit_without_the_big_endian_bit ... ok
[INFO] [stdout] test format::messages::datatype::tests::decode_unsupported_class ... ok
[INFO] [stdout] test format::messages::datatype::tests::decode_v2_compound_name_padding_past_end_errors ... ok
[INFO] [stdout] test format::messages::datatype::tests::decode_rejects_deeply_nested_datatype ... ok
[INFO] [stdout] test format::messages::datatype::tests::decode_v2_compound_pads_member_names ... ok
[INFO] [stdout] test format::messages::datatype::tests::decode_vlen_string_pad_from_libhdf5 ... ok
[INFO] [stdout] test format::messages::datatype::tests::decode_accepts_versions_4_and_5 ... ok
[INFO] [stdout] test format::messages::datatype::tests::decode_bitfield_from_libhdf5 ... ok
[INFO] [stdout] test format::messages::datatype::tests::decode_opaque_rejects_unaligned_tag_field ... ok
[INFO] [stdout] test format::messages::datatype::tests::enum_element_size ... ok
[INFO] [stdout] test format::messages::datatype::tests::enum_name_padding_follows_the_message_version ... ok
[INFO] [stdout] test format::messages::datatype::tests::every_bound_round_trips_and_rewrites_to_the_same_bytes ... ok
[INFO] [stdout] test format::messages::datatype::tests::fixed_string_charset_encoding ... ok
[INFO] [stdout] test format::messages::datatype::tests::compound_element_size ... ok
[INFO] [stdout] test format::messages::datatype::tests::fixed_point_big_endian ... ok
[INFO] [stdout] test format::messages::datatype::tests::decode_buffer_too_short ... ok
[INFO] [stdout] test format::messages::datatype::tests::enum_class_encoding ... ok
[INFO] [stdout] test format::messages::datatype::tests::fixed_string_class_encoding ... ok
[INFO] [stdout] test format::messages::datatype::tests::decode_rejects_versions_outside_the_format ... ok
[INFO] [stdout] test format::messages::datatype::tests::message_version_follows_the_libver_bound ... ok
[INFO] [stdout] test format::messages::datatype::tests::reference_versions_ignore_the_bound ... ok
[INFO] [stdout] test format::messages::datatype::tests::roundtrip_array_1d ... ok
[INFO] [stdout] test format::messages::datatype::tests::roundtrip_array_2d ... ok
[INFO] [stdout] test format::messages::datatype::tests::fixed_string_element_size ... ok
[INFO] [stdout] test format::messages::datatype::tests::floating_point_big_endian ... ok
[INFO] [stdout] test format::messages::datatype::tests::roundtrip_array_of_compound ... ok
[INFO] [stdout] test format::messages::datatype::tests::roundtrip_compound_simple ... ok
[INFO] [stdout] test format::messages::datatype::tests::roundtrip_enum_simple ... ok
[INFO] [stdout] test format::messages::datatype::tests::roundtrip_f32 ... ok
[INFO] [stdout] test format::messages::datatype::tests::roundtrip_f64 ... ok
[INFO] [stdout] test format::messages::datatype::tests::roundtrip_compound_nested ... ok
[INFO] [stdout] test format::messages::datatype::tests::roundtrip_fixed_string_ascii ... ok
[INFO] [stdout] test format::messages::datatype::tests::roundtrip_fixed_string_utf8 ... ok
[INFO] [stdout] test format::messages::datatype::tests::roundtrip_i64 ... ok
[INFO] [stdout] test format::messages::datatype::tests::roundtrip_u32 ... ok
[INFO] [stdout] test format::messages::datatype::tests::roundtrip_i16 ... ok
[INFO] [stdout] test format::messages::datatype::tests::roundtrip_i32 ... ok
[INFO] [stdout] test format::messages::datatype::tests::roundtrip_u64 ... ok
[INFO] [stdout] test format::messages::datatype::tests::roundtrip_u8 ... ok
[INFO] [stdout] test format::messages::datatype::tests::roundtrip_vlen_bytes ... ok
[INFO] [stdout] test format::messages::datatype::tests::roundtrip_vlen_string_utf8 ... ok
[INFO] [stdout] test format::messages::datatype::tests::signed_flag_encoding ... ok
[INFO] [stdout] test format::messages::datatype::tests::roundtrip_vlen_string_ascii ... ok
[INFO] [stdout] test format::messages::datatype::tests::fixed_string_content_follows_the_declared_pad ... ok
[INFO] [stdout] test format::messages::datatype::tests::roundtrip_i8 ... ok
[INFO] [stdout] test format::messages::datatype::tests::roundtrip_opaque_tag_padding ... ok
[INFO] [stdout] test format::messages::datatype::tests::roundtrip_bitfield_be_narrow ... ok
[INFO] [stdout] test format::messages::datatype::tests::roundtrip_vlen_string_pad_and_charset ... ok
[INFO] [stdout] test format::messages::datatype::tests::roundtrip_u16 ... ok
[INFO] [stdout] test format::messages::datatype::tests::version_encoding ... ok
[INFO] [stdout] test format::messages::datatype::tests::vlen_bytes_4byte_ctx ... ok
[INFO] [stdout] test format::messages::datatype::tests::vlen_bytes_class_encoding ... ok
[INFO] [stdout] test format::messages::datatype::tests::vlen_bytes_element_size ... ok
[INFO] [stdout] test format::messages::datatype::tests::the_default_bound_is_the_earliest_one ... ok
[INFO] [stdout] test format::messages::datatype::tests::vlen_string_class_encoding ... ok
[INFO] [stdout] test format::messages::datatype::tests::vlen_string_4byte_ctx ... ok
[INFO] [stdout] test format::messages::datatype::tests::vlen_string_element_size ... ok
[INFO] [stdout] test format::messages::external_file_list::tests::decode_ctx4 ... ok
[INFO] [stdout] test format::messages::external_file_list::tests::decode_multi_slot ... ok
[INFO] [stdout] test format::messages::external_file_list::tests::decode_rejects_bad_version ... ok
[INFO] [stdout] test format::messages::external_file_list::tests::decode_truncated ... ok
[INFO] [stdout] test format::messages::external_file_list::tests::decode_rejects_undefined_heap_addr ... ok
[INFO] [stdout] test format::messages::external_file_list::tests::decode_rejects_zero_nalloc ... ok
[INFO] [stdout] test format::messages::external_file_list::tests::encode_matches_the_captured_single_slot_message ... ok
[INFO] [stdout] test format::messages::external_file_list::tests::decode_preserves_unlimited_sentinel ... ok
[INFO] [stdout] test format::messages::external_file_list::tests::encode_roundtrips_multi_slot_at_ctx4 ... ok
[INFO] [stdout] test format::messages::external_file_list::tests::decode_single_slot ... ok
[INFO] [stdout] test format::messages::fill_value::tests::a_legacy_undefined_fill_value_writes_no_size ... ok
[INFO] [stdout] test format::messages::fill_value::tests::a_legacy_user_fill_value_round_trips ... ok
[INFO] [stdout] test format::messages::fill_value::tests::decode_bad_version ... ok
[INFO] [stdout] test format::messages::fill_value::tests::decode_v3_unknown_flag_rejected ... ok
[INFO] [stdout] test format::fractal_heap_write::tests::objects_past_the_direct_rows_grow_child_indirect_blocks ... ok
[INFO] [stdout] test format::messages::fill_value::tests::a_legacy_fill_value_matches_the_bytes_libhdf5_wrote ... ok
[INFO] [stdout] test format::messages::fill_value::tests::decode_buffer_too_short ... ok
[INFO] [stdout] test format::messages::fill_value::tests::decode_v3_truncated_data ... ok
[INFO] [stdout] test format::messages::fill_value::tests::roundtrip_default ... ok
[INFO] [stdout] test format::messages::fill_value::tests::empty_user_data_normalizes_to_default ... ok
[INFO] [stdout] test format::messages::fill_value::tests::decode_version_1_message ... ok
[INFO] [stdout] test format::messages::fill_value::tests::decode_version_2_defined_without_value ... ok
[INFO] [stdout] test format::messages::fill_value::tests::decode_version_2_message_libhdf5_default ... ok
[INFO] [stdout] test format::messages::fill_value::tests::roundtrip_user_defined ... ok
[INFO] [stdout] test format::messages::fill_value::tests::version_3_flags_byte_layout ... ok
[INFO] [stdout] test format::messages::fill_value::tests::tiled_fill_repeats_pattern ... ok
[INFO] [stdout] test format::messages::external_file_list::tests::decode_rejects_nused_over_nalloc ... ok
[INFO] [stdout] test format::messages::fill_value::tests::decode_v3_truncated_size ... ok
[INFO] [stdout] test format::messages::fill_value::tests::roundtrip_undefined ... ok
[INFO] [stdout] test format::messages::fill_value::tests::version_3_undefined_flag ... ok
[INFO] [stdout] test file::integration_tests::compressed_chunked_many_frames ... ok
[INFO] [stdout] test format::messages::fill_value::tests::version_byte ... ok
[INFO] [stdout] test format::messages::filter::tests::bitshuffle_canonical_nocomp_vectors ... ok
[INFO] [stdout] test format::messages::filter::tests::decode_buffer_too_short ... ok
[INFO] [stdout] test format::messages::filter::tests::bitshuffle_no_compression_roundtrip ... ok
[INFO] [stdout] test format::messages::filter::tests::decode_bad_version ... ok
[INFO] [stdout] test format::messages::filter::tests::decode_version_1_deflate ... ok
[INFO] [stdout] test format::messages::filter::tests::deflate_level_zero ... ok
[INFO] [stdout] test format::messages::filter::tests::bitround_golden_f64 ... ok
[INFO] [stdout] test format::messages::filter::tests::deflate_compress_decompress_roundtrip ... ok
[INFO] [stdout] test format::messages::filter::tests::decode_version_1_shuffle_then_deflate ... ok
[INFO] [stdout] test format::messages::filter::tests::bitgroom_golden_f32 ... ok
[INFO] [stdout] test format::messages::filter::tests::encode_decode_deflate ... ok
[INFO] [stdout] test format::messages::filter::tests::encode_decode_empty ... ok
[INFO] [stdout] test format::messages::filter::tests::deflate_level_nine ... ok
[INFO] [stdout] test format::messages::filter::tests::encode_decode_multiple_filters ... ok
[INFO] [stdout] test format::messages::filter::tests::encode_decode_all_filter_ids ... ok
[INFO] [stdout] test format::messages::filter::tests::fletcher32_roundtrip ... ok
[INFO] [stdout] test format::messages::filter::tests::fletcher32_matches_libhdf5 ... ok
[INFO] [stdout] test format::messages::filter::tests::fletcher32_trailer_byte_order_matches_libhdf5 ... ok
[INFO] [stdout] test format::messages::filter::tests::lzf_declared_size_is_a_hint_not_a_reservation ... ok
[INFO] [stdout] test format::messages::filter::tests::lzf_golden_known_pattern ... ok
[INFO] [stdout] test format::messages::filter::tests::lzf_incompressible ... ok
[INFO] [stdout] test format::messages::filter::tests::nbit_atomic_roundtrip_packs_12bit ... ok
[INFO] [stdout] test format::messages::filter::tests::deflate_tolerates_trailing_bytes_but_not_a_cut_stream ... ok
[INFO] [stdout] test format::messages::filter::tests::nbit_atomic_cd_values_layout ... ok
[INFO] [stdout] test format::messages::filter::tests::reverse_filters_masked_skips_masked_filter ... ok
[INFO] [stdout] test format::messages::filter::tests::shuffle_unshuffle_roundtrip ... ok
[INFO] [stdout] test format::messages::filter::tests::lzf_roundtrip ... ok
[INFO] [stdout] test format::messages::filter::tests::scaleoffset_cd_values_layout ... ok
[INFO] [stdout] test format::messages::filter::tests::scaleoffset_pipeline_roundtrips_its_own_chunk ... ok
[INFO] [stdout] test format::messages::filter::tests::shuffle_filter_pipeline_roundtrip ... ok
[INFO] [stdout] test format::messages::filter::tests::shuffle_deflate_roundtrip ... ok
[INFO] [stdout] test format::messages::filter::tests::version_1_names_only_the_filters_libhdf5_registers ... ok
[INFO] [stdout] test format::messages::filter::tests::version_1_round_trips_through_the_decoder ... ok
[INFO] [stdout] test format::messages::group_info::tests::decode_bad_version ... ok
[INFO] [stdout] test format::messages::group_info::tests::decode_buffer_too_short ... ok
[INFO] [stdout] test format::messages::group_info::tests::roundtrip_estimates ... ok
[INFO] [stdout] test format::messages::group_info::tests::decode_truncated_phase_change ... ok
[INFO] [stdout] test format::messages::group_info::tests::version_byte ... ok
[INFO] [stdout] test format::messages::filter::tests::the_object_format_picks_the_pipeline_version ... ok
[INFO] [stdout] test format::messages::group_info::tests::roundtrip_all_fields ... ok
[INFO] [stdout] test format::messages::group_info::tests::roundtrip_phase_change ... ok
[INFO] [stdout] test format::messages::link::tests::a_symbol_table_name_keeps_the_default_charset ... ok
[INFO] [stdout] test format::messages::group_info::tests::roundtrip_default ... ok
[INFO] [stdout] test format::messages::link::tests::ascii_hard_link_is_encoded_the_way_libhdf5_wrote_it ... ok
[INFO] [stdout] test format::messages::link::tests::decode_external_value_bad_version ... ok
[INFO] [stdout] test format::messages::link::tests::decode_external_value_too_short ... ok
[INFO] [stdout] test format::messages::filter::tests::version_1_encodes_the_bytes_libhdf5_writes ... ok
[INFO] [stdout] test format::messages::link::tests::decode_bad_version ... ok
[INFO] [stdout] test format::messages::link::tests::decode_h5py_external_link_bytes ... ok
[INFO] [stdout] test format::messages::link::tests::encoded_external_link_is_the_message_h5lcreate_external_builds ... ok
[INFO] [stdout] test format::messages::link::tests::decode_unknown_link_type_below_user_defined_range ... ok
[INFO] [stdout] test format::messages::link::tests::non_ascii_hard_link_carries_the_utf8_charset_byte ... ok
[INFO] [stdout] test format::messages::link::tests::min_bytes_for_value_checks ... ok
[INFO] [stdout] test format::messages::link::tests::roundtrip_external_link ... ok
[INFO] [stdout] test format::messages::link::tests::object_paths_normalize_like_h5g_normalize ... ok
[INFO] [stdout] test format::messages::link::tests::roundtrip_hard_link ... ok
[INFO] [stdout] test format::messages::link::tests::roundtrip_empty_name ... ok
[INFO] [stdout] test format::messages::link::tests::roundtrip_long_name ... ok
[INFO] [stdout] test format::messages::link::tests::roundtrip_hard_link_ctx4 ... ok
[INFO] [stdout] test format::messages::link::tests::roundtrip_soft_link ... ok
[INFO] [stdout] test format::messages::link::tests::roundtrip_unicode_name ... ok
[INFO] [stdout] test format::messages::link::tests::roundtrip_with_creation_order ... ok
[INFO] [stdout] test format::messages::link::tests::version_byte ... ok
[INFO] [stdout] test format::messages::link_info::tests::decode_bad_version ... ok
[INFO] [stdout] test format::messages::link::tests::roundtrip_unregistered_user_defined_link ... ok
[INFO] [stdout] test format::messages::link_info::tests::decode_buffer_too_short ... ok
[INFO] [stdout] test format::messages::link_info::tests::roundtrip_compact ... ok
[INFO] [stdout] test format::messages::link_info::tests::roundtrip_compact_ctx4 ... ok
[INFO] [stdout] test format::messages::link_info::tests::roundtrip_full ... ok
[INFO] [stdout] test format::messages::link_info::tests::roundtrip_undef_addresses ... ok
[INFO] [stdout] test format::messages::link::tests::a_utf8_name_does_not_fit_a_symbol_table ... ok
[INFO] [stdout] test format::messages::link_info::tests::version_byte ... ok
[INFO] [stdout] test format::messages::link::tests::decode_buffer_too_short ... ok
[INFO] [stdout] test format::messages::link::tests::creation_order_precedes_the_charset_byte ... ok
[INFO] [stdout] test format::messages::link_info::tests::roundtrip_with_creation_order ... ok
[INFO] [stdout] test format::messages::mod_time::tests::a_short_body_is_refused ... ok
[INFO] [stdout] test format::messages::mod_time::tests::round_trips_through_the_eight_bytes_upstream_writes ... ok
[INFO] [stdout] test format::messages::superblock_ext::tests::a_version_zero_message_re_emits_a_moved_manager ... ok
[INFO] [stdout] test format::messages::superblock_ext::tests::btreek_field_order_matches_upstream ... ok
[INFO] [stdout] test format::messages::superblock_ext::tests::drvinfo_decodes_name_and_payload ... ok
[INFO] [stdout] test format::messages::mod_time::tests::a_foreign_version_is_refused ... ok
[INFO] [stdout] test format::messages::superblock_ext::tests::drvinfo_rejects_zero_length ... ok
[INFO] [stdout] test format::messages::superblock_ext::tests::fsinfo_rejects_unknown_version ... ok
[INFO] [stdout] test format::messages::superblock_ext::tests::fsinfo_v0_refuses_what_it_cannot_encode ... ok
[INFO] [stdout] test format::messages::superblock_ext::tests::btreek_rejects_bad_version ... ok
[INFO] [stdout] test format::messages::superblock_ext::tests::fsinfo_v0_vfd_maps_to_none ... ok
[INFO] [stdout] test format::messages::superblock_ext::tests::fsinfo_v0_all_persist_maps_onto_the_version_one_fields ... ok
[INFO] [stdout] test format::messages::superblock_ext::tests::fsinfo_v1_persisting_reads_twelve_addresses ... ok
[INFO] [stdout] test format::messages::superblock_ext::tests::fsinfo_v1_rejects_absurd_page_size ... ok
[INFO] [stdout] test format::messages::superblock_ext::tests::fsinfo_v1_round_trips ... ok
[INFO] [stdout] test format::messages::superblock_ext::tests::shmesg_encodes_the_fixture_body ... ok
[INFO] [stdout] test format::messages::virtual_mapping::tests::decode_empty_buffer ... ok
[INFO] [stdout] test format::messages::superblock_ext::tests::shmesg_roundtrip ... ok
[INFO] [stdout] test format::messages::virtual_mapping::tests::decode_empty_mapping_list ... ok
[INFO] [stdout] test format::messages::virtual_mapping::tests::decode_heap_version_1_same_file ... ok
[INFO] [stdout] test format::messages::superblock_ext::tests::shmesg_rejects_bad_version ... ok
[INFO] [stdout] test format::messages::virtual_mapping::tests::decode_heap_version_1_shared_names ... ok
[INFO] [stdout] test format::messages::superblock_ext::tests::fsinfo_v0_round_trips_as_version_zero ... ok
[INFO] [stdout] test format::messages::virtual_mapping::tests::decode_mapping_with_hyperslab_virtual_selection ... ok
[INFO] [stdout] test format::messages::virtual_mapping::tests::decode_rejects_an_illegal_format_specifier_in_a_stored_name ... ok
[INFO] [stdout] test format::messages::virtual_mapping::tests::decode_rejects_bad_heap_version ... ok
[INFO] [stdout] test format::messages::virtual_mapping::tests::decode_rejects_bad_checksum ... ok
[INFO] [stdout] test format::messages::filter::tests::reverse_into_reports_the_image_length_not_the_destination ... ok
[INFO] [stdout] test format::messages::virtual_mapping::tests::decode_rejects_non_earlier_shared_origin ... ok
[INFO] [stdout] test format::messages::virtual_mapping::tests::decode_rejects_trailing_garbage ... ok
[INFO] [stdout] test format::messages::virtual_mapping::tests::decode_rejects_unknown_flag_bits ... ok
[INFO] [stdout] test format::messages::virtual_mapping::tests::decode_single_all_mapping ... ok
[INFO] [stdout] test format::messages::virtual_mapping::tests::decode_truncated_num_entries ... ok
[INFO] [stdout] test format::messages::virtual_mapping::tests::encode_rejects_a_name_holding_a_nul ... ok
[INFO] [stdout] test format::messages::virtual_mapping::tests::encode_matches_the_captured_libhdf5_block ... ok
[INFO] [stdout] test format::messages::virtual_mapping::tests::encode_roundtrips_a_hyperslab_mapping_at_ctx4 ... ok
[INFO] [stdout] test format::messages::virtual_mapping::tests::source_names_parse_and_build_the_way_libhdf5_does ... ok
[INFO] [stdout] test format::nbit_scaleoffset::tests::a_list_without_the_datatype_size_is_refused ... ok
[INFO] [stdout] test format::nbit_scaleoffset::tests::a_count_that_disagrees_with_the_list_is_refused ... ok
[INFO] [stdout] test format::messages::superblock_ext::tests::shmesg_rejects_short_buffer ... ok
[INFO] [stdout] test format::nbit_scaleoffset::tests::a_tree_that_packs_more_bits_than_the_element_holds_is_refused ... ok
[INFO] [stdout] test format::nbit_scaleoffset::tests::an_array_over_a_zero_sized_base_is_refused ... ok
[INFO] [stdout] test format::messages::superblock_ext::tests::fsinfo_v1_paged_non_persisting ... ok
[INFO] [stdout] test format::nbit_scaleoffset::tests::conversion_big_endian_signed ... ok
[INFO] [stdout] test format::nbit_scaleoffset::tests::an_element_count_no_machine_can_hold_is_refused ... ok
[INFO] [stdout] test format::messages::virtual_mapping::tests::encode_empty_list_roundtrips ... ok
[INFO] [stdout] test format::messages::virtual_mapping::tests::decode_rejects_unterminated_name ... ok
[INFO] [stdout] test format::nbit_scaleoffset::tests::an_array_whose_base_lies_past_the_list_is_refused ... ok
[INFO] [stdout] test format::nbit_scaleoffset::tests::conversion_noop_for_non_numeric_types ... ok
[INFO] [stdout] test format::nbit_scaleoffset::tests::a_member_past_the_element_is_refused ... ok
[INFO] [stdout] test format::nbit_scaleoffset::tests::conversion_rejects_bad_buffer_length ... ok
[INFO] [stdout] test format::nbit_scaleoffset::tests::conversion_rejects_non_standard_float ... ok
[INFO] [stdout] test format::nbit_scaleoffset::tests::conversion_multiple_elements ... ok
[INFO] [stdout] test format::nbit_scaleoffset::tests::conversion_signed_negative_sign_extends ... ok
[INFO] [stdout] test format::nbit_scaleoffset::tests::conversion_unsigned_offset_shifts_right ... ok
[INFO] [stdout] test format::nbit_scaleoffset::tests::conversion_signed_positive_stays_positive ... ok
[INFO] [stdout] test format::nbit_scaleoffset::tests::conversion_standard_float_is_noop ... ok
[INFO] [stdout] test format::nbit_scaleoffset::tests::nbit_passthrough_full_precision ... ok
[INFO] [stdout] test format::nbit_scaleoffset::tests::nbit_roundtrip_u16_precision12 ... ok
[INFO] [stdout] test format::nbit_scaleoffset::tests::nbit_roundtrip_big_endian ... ok
[INFO] [stdout] test format::object_header::tests::a_capacity_that_fits_every_message_plans_one_chunk ... ok
[INFO] [stdout] test format::nbit_scaleoffset::tests::conversion_noop_for_full_width_types ... ok
[INFO] [stdout] test format::nbit_scaleoffset::tests::conversion_reduced_precision_offset_zero ... ok
[INFO] [stdout] test format::nbit_scaleoffset::tests::nbit_roundtrip_u32_precision20_offset4 ... ok
[INFO] [stdout] test format::messages::link::tests::decode_rejects_an_unknown_charset ... ok
[INFO] [stdout] test format::object_header::tests::a_capacity_below_the_continuation_message_is_refused ... ok
[INFO] [stdout] test format::object_header::tests::a_plan_into_a_block_holds_chunk_zero_to_it ... ok
[INFO] [stdout] test format::object_header::tests::a_version_one_header_spills_into_a_bare_continuation_chunk ... ok
[INFO] [stdout] test format::object_header::tests::each_attribute_creation_order_state_round_trips_through_the_flags ... ok
[INFO] [stdout] test format::object_header::tests::leftover_chunk_zero_space_is_a_nil_message_or_a_gap ... ok
[INFO] [stdout] test format::object_header::tests::a_plan_into_a_block_takes_the_narrowest_size_field ... ok
[INFO] [stdout] test format::object_header::tests::stored_times_round_trip_and_set_the_flag ... ok
[INFO] [stdout] test format::object_header::tests::a_tracked_header_round_trips_each_message_creation_index ... ok
[INFO] [stdout] test format::object_header::tests::messages_past_the_capacity_move_into_a_continuation_chunk ... ok
[INFO] [stdout] test format::object_header::tests::setting_a_weaker_policy_clears_the_stronger_one ... ok
[INFO] [stdout] test format::object_header::tests::test_decode_bad_signature ... ok
[INFO] [stdout] test format::object_header::tests::test_decode_buffer_too_short ... ok
[INFO] [stdout] test format::object_header::tests::test_chunk0_size_2byte ... ok
[INFO] [stdout] test format::object_header::tests::test_chunk0_size_8byte ... ok
[INFO] [stdout] test format::object_header::tests::test_decode_bad_version ... ok
[INFO] [stdout] test format::messages::filter::tests::reverse_into_a_destination_matches_reverse_into_a_vec ... ok
[INFO] [stdout] test format::object_header::tests::test_chunk0_size_1byte ... ok
[INFO] [stdout] test format::object_header::tests::a_version_one_plan_with_no_bound_is_one_chunk ... ok
[INFO] [stdout] test format::object_header::tests::test_decode_checksum_mismatch ... ok
[INFO] [stdout] test format::object_header::tests::test_decode_with_trailing_data ... ok
[INFO] [stdout] test format::object_header::tests::test_multiple_messages_roundtrip ... ok
[INFO] [stdout] test format::object_header::tests::test_message_payload_at_size_limit ... ok
[INFO] [stdout] test format::object_header::tests::test_default ... ok
[INFO] [stdout] test format::object_header::tests::test_with_creation_order ... ok
[INFO] [stdout] test format::object_header::tests::test_large_message_payload ... ok
[INFO] [stdout] test format::object_header::tests::test_message_payload_over_size_limit_is_refused ... ok
[INFO] [stdout] test format::object_header::tests_v1::a_v1_header_refuses_to_drop_attribute_creation_order ... ok
[INFO] [stdout] test format::object_header::tests_v1::a_v1_header_refuses_to_drop_its_stored_times ... ok
[INFO] [stdout] test format::object_header::tests_v1::a_v1_header_round_trips_through_its_own_decoder ... ok
[INFO] [stdout] test format::object_header::tests_v1::an_encoded_v1_header_matches_the_envelope_libhdf5_writes ... ok
[INFO] [stdout] test format::object_header::tests::test_single_message_roundtrip ... ok
[INFO] [stdout] test format::object_header::tests::the_times_prefix_widens_chunk_zero_without_moving_the_split ... ok
[INFO] [stdout] test format::object_header::tests_v1::test_decode_any_v1 ... ok
[INFO] [stdout] test format::object_header::tests_v1::test_decode_any_v2 ... ok
[INFO] [stdout] test format::object_header::tests_v1::test_decode_v1_bad_version ... ok
[INFO] [stdout] test format::object_header::tests_v1::encode_for_picks_the_version_the_format_calls_for ... ok
[INFO] [stdout] test format::object_header::tests_v1::test_decode_v1_empty ... ok
[INFO] [stdout] test format::object_header::tests::the_timestamps_flag_is_never_written_without_times ... ok
[INFO] [stdout] test format::object_header::tests_v1::test_decode_v1_skips_null_messages ... ok
[INFO] [stdout] test format::object_header::tests_v1::test_decode_v1_multiple_messages ... ok
[INFO] [stdout] test format::object_header::tests_v1::test_decode_v1_buffer_too_short ... ok
[INFO] [stdout] test format::reference::tests::a_truncated_selection_is_refused ... ok
[INFO] [stdout] test format::reference::tests::an_attribute_reference_carries_its_name ... ok
[INFO] [stdout] test format::reference::tests::an_external_reference_names_the_file_its_target_is_in ... ok
[INFO] [stdout] test format::reference::tests::revised_elements_encode_to_the_libhdf5_images ... ok
[INFO] [stdout] test format::reference::tests::object_and_region_elements_report_null ... ok
[INFO] [stdout] test format::reference::tests::region_heap_object_from_libhdf5_decodes ... ok
[INFO] [stdout] test format::object_header::tests_v1::test_decode_v1_single_message ... ok
[INFO] [stdout] test format::object_header::tests::touching_moves_access_and_change_time_only ... ok
[INFO] [stdout] test format::reference::tests::revised_elements_that_name_nothing_or_cannot_be_followed ... ok
[INFO] [stdout] test format::reference::tests::an_element_narrower_than_its_layout_is_refused ... ok
[INFO] [stdout] test format::reference::tests::revised_blobs_encode_to_what_libhdf5_reads_back ... ok
[INFO] [stdout] test format::reference::tests::revised_region_blobs_decode_to_their_selections ... ok
[INFO] [stdout] test format::reference::tests::revised_elements_from_libhdf5_split_into_kind_and_body ... ok
[INFO] [stdout] test format::selection::tests::an_unlimited_selection_has_no_bounds ... ok
[INFO] [stdout] test format::selection::tests::bounds_cover_every_block_and_point ... ok
[INFO] [stdout] test format::selection::tests::bounds_of_a_regular_hyperslab_cover_its_expansion ... ok
[INFO] [stdout] test format::selection::tests::bounds_of_an_unlimited_regular_hyperslab_are_absent ... ok
[INFO] [stdout] test format::selection::tests::check_hyperslab_by_boundary ... ok
[INFO] [stdout] test format::selection::tests::clip_extent_matches_the_slices_the_source_supplies ... ok
[INFO] [stdout] test format::selection::tests::clip_unlimited_cuts_the_unlimited_dimension_to_the_extent ... ok
[INFO] [stdout] test format::selection::tests::decode_all_selection ... ok
[INFO] [stdout] test format::selection::tests::clip_unlimited_truncates_the_block_the_extent_cuts_through ... ok
[INFO] [stdout] test format::selection::tests::decode_bad_all_version ... ok
[INFO] [stdout] test format::selection::tests::decode_all_selection_leaves_trailer_untouched ... ok
[INFO] [stdout] test format::selection::tests::decode_huge_num_blocks_claim_does_not_allocate ... ok
[INFO] [stdout] test format::selection::tests::decode_hyperslab_block_list_multi_block_2d ... ok
[INFO] [stdout] test format::selection::tests::decode_hyperslab_rejects_rank_over_max ... ok
[INFO] [stdout] test format::selection::tests::decode_hyperslab_rejects_unknown_flag_bits ... ok
[INFO] [stdout] test format::selection::tests::decode_none_selection ... ok
[INFO] [stdout] test format::selection::tests::decode_hyperslab_rejects_zero_rank ... ok
[INFO] [stdout] test format::selection::tests::decode_points_matches_libhdf5_image ... ok
[INFO] [stdout] test format::selection::tests::decode_points_huge_num_points_claim_does_not_allocate ... ok
[INFO] [stdout] test format::selection::tests::decode_points_num_points_overflow_does_not_allocate ... ok
[INFO] [stdout] test format::selection::tests::decode_points_rejects_bad_version ... ok
[INFO] [stdout] test format::selection::tests::decode_points_rejects_rank_over_max ... ok
[INFO] [stdout] test format::selection::tests::decode_points_truncated_header_is_buffer_too_short ... ok
[INFO] [stdout] test format::selection::tests::decode_points_version_2_small_enc_size ... ok
[INFO] [stdout] test format::selection::tests::decode_points_truncated_coordinates ... ok
[INFO] [stdout] test format::selection::tests::decode_regular_hyperslab_v2 ... ok
[INFO] [stdout] test format::selection::tests::decode_truncated_header ... ok
[INFO] [stdout] test format::selection::tests::decode_regular_hyperslab_v3_unlimited_count ... ok
[INFO] [stdout] test format::selection::tests::decode_points_rejects_unknown_enc_size_tag ... ok
[INFO] [stdout] test format::selection::tests::decode_points_rejects_zero_rank ... ok
[INFO] [stdout] test format::selection::tests::decode_truncated_hyperslab_blocks ... ok
[INFO] [stdout] test format::selection::tests::decode_bad_hyperslab_version ... ok
[INFO] [stdout] test format::selection::tests::decode_unknown_type_is_invalid ... ok
[INFO] [stdout] test format::selection::tests::encode_decode_round_trips ... ok
[INFO] [stdout] test format::selection::tests::encode_decode_round_trips_regular_hyperslab_to_its_block_list ... ok
[INFO] [stdout] test format::selection::tests::encode_hyperslab_rejects_block_coordinate_over_u32 ... ok
[INFO] [stdout] test format::selection::tests::encode_points_rejects_coordinate_length_mismatch ... ok
[INFO] [stdout] test format::selection::tests::encode_points_rejects_zero_rank ... ok
[INFO] [stdout] test format::selection::tests::encode_hyperslab_rejects_block_length_mismatch ... ok
[INFO] [stdout] test format::selection::tests::encode_hyperslab_rejects_regular_field_length_mismatch ... ok
[INFO] [stdout] test format::selection::tests::encode_hyperslab_rejects_zero_rank ... ok
[INFO] [stdout] test format::selection::tests::encode_points_rejects_coordinate_over_u32 ... ok
[INFO] [stdout] test format::selection::tests::resolve_coalesces_a_box_that_fills_its_extent ... ok
[INFO] [stdout] test format::selection::tests::resolve_keeps_one_run_per_row_of_a_partial_box ... ok
[INFO] [stdout] test format::selection::tests::resolve_rejects_a_box_past_the_extent ... ok
[INFO] [stdout] test format::selection::tests::resolve_keeps_point_selection_order ... ok
[INFO] [stdout] test format::selection::tests::to_boxes_all_covers_the_full_extent ... ok
[INFO] [stdout] test format::selection::tests::resolve_orders_runs_by_element_not_by_box ... ok
[INFO] [stdout] test format::selection::tests::resolve_of_a_scalar_extent_holds_one_element ... ok
[INFO] [stdout] test format::selection::tests::to_boxes_points_rejects_rank_mismatch ... ok
[INFO] [stdout] test format::selection::tests::to_boxes_none_is_empty ... ok
[INFO] [stdout] test format::selection::tests::to_boxes_multi_block_2d ... ok
[INFO] [stdout] test format::selection::tests::to_boxes_points_each_point_is_its_own_unit_box ... ok
[INFO] [stdout] test format::selection::tests::to_boxes_regular_expands_2d_grid ... ok
[INFO] [stdout] test format::selection::tests::to_boxes_regular_rejects_huge_box_count ... ok
[INFO] [stdout] test format::selection::tests::to_boxes_regular_rejects_unlimited_block ... ok
[INFO] [stdout] test format::selection::tests::to_boxes_rejects_inverted_block ... ok
[INFO] [stdout] test format::selection::tests::to_boxes_regular_single_block_matches_block_list_shape ... ok
[INFO] [stdout] test format::selection::tests::to_boxes_regular_zero_count_is_empty ... ok
[INFO] [stdout] test format::selection::tests::to_boxes_regular_rejects_unlimited_count ... ok
[INFO] [stdout] test format::selection::tests::unlimited_hyperslab_encodes_as_the_libhdf5_version_2_image ... ok
[INFO] [stdout] test format::selection::tests::unlimited_hyperslab_decodes_from_the_libhdf5_image ... ok
[INFO] [stdout] test format::selection::tests::selection_matches_libhdf5_image ... ok
[INFO] [stdout] test format::selection::tests::unlimited_slice_shape_and_block_extraction ... ok
[INFO] [stdout] test format::selection::tests::to_boxes_rejects_rank_mismatch ... ok
[INFO] [stdout] test format::selection::tests::to_boxes_single_block_matches_h5py_fixture ... ok
[INFO] [stdout] test format::sohm::tests::a_libhdf5_committed_datatype_reference_names_its_object_header ... ok
[INFO] [stdout] test format::sohm::tests::heap_address_is_selected_by_message_type ... ok
[INFO] [stdout] test format::sohm::tests::heap_pointer_before_version_three_is_rejected ... ok
[INFO] [stdout] test format::sohm::tests::committed_pointer_follows_the_address_width ... ok
[INFO] [stdout] test format::sohm::tests::list_index_encodes_the_fixture_image ... ok
[INFO] [stdout] test format::sohm::tests::master_table_encodes_what_decode_reads_back ... ok
[INFO] [stdout] test format::sohm::tests::master_table_rejects_a_bad_index_version ... ok
[INFO] [stdout] test format::sohm::tests::master_table_rejects_a_corrupt_checksum ... ok
[INFO] [stdout] test format::sohm::tests::master_table_roundtrip ... ok
[INFO] [stdout] test format::sohm::tests::message_hash_matches_the_fixture_records ... ok
[INFO] [stdout] test format::sohm::tests::old_fill_value_shares_the_new_fill_value_bit ... ok
[INFO] [stdout] test format::sohm::tests::pointer_rejects_a_truncated_body ... ok
[INFO] [stdout] test format::sohm::tests::pointer_rejects_unknown_versions ... ok
[INFO] [stdout] test format::sohm::tests::record_is_seventeen_bytes_for_eight_byte_addresses ... ok
[INFO] [stdout] test format::sohm::tests::version_one_pointer_skips_the_symbol_table_entry_prefix ... ok
[INFO] [stdout] test format::sohm::tests::version_three_committed_pointer_carries_an_address ... ok
[INFO] [stdout] test format::sohm::tests::version_three_heap_pointer_carries_a_heap_id ... ok
[INFO] [stdout] test format::object_header::tests::test_empty_header_roundtrip ... ok
[INFO] [stdout] test format::selection::tests::h5py_single_block_selection_is_version_one ... ok
[INFO] [stdout] test format::sohm::tests::version_two_non_heap_pointer_is_committed ... ok
[INFO] [stdout] test format::sohm::tests::committed_pointer_encodes_the_bytes_h5o_shared_encode_writes ... ok
[INFO] [stdout] test format::sohm::tests::heap_pointer_is_a_version_three_message ... ok
[INFO] [stdout] test format::sohm_write::tests::an_empty_index_is_still_laid_out ... ok
[INFO] [stdout] test format::sohm_write::tests::a_list_index_round_trips_every_body ... ok
[INFO] [stdout] test format::sohm_write::tests::a_zero_list_max_index_is_a_btree ... ok
[INFO] [stdout] test format::sohm::tests::an_object_header_record_names_the_header_holding_the_body ... ok
[INFO] [stdout] test format::messages::filter::tests::reverse_into_a_short_destination_still_validates_the_rest_of_the_stream ... ok
[INFO] [stdout] test format::messages::filter::tests::fletcher32_lanes_match_the_scalar_loop_on_every_level ... ok
[INFO] [stdout] test format::superblock::tests::test_decode_checksum_mismatch ... ok
[INFO] [stdout] test format::superblock::tests::test_encoded_size ... ok
[INFO] [stdout] test format::sohm_write::tests::each_index_gets_its_own_heap ... ok
[INFO] [stdout] test format::superblock::tests::test_decode_bad_signature ... ok
[INFO] [stdout] test format::superblock::tests::test_decode_bad_version ... ok
[INFO] [stdout] test format::superblock::tests::test_decode_buffer_too_short ... ok
[INFO] [stdout] test format::superblock::tests::test_flags ... ok
[INFO] [stdout] test format::shuffle::tests::byte_transpose_matches_the_reference_for_any_element_count ... ok
[INFO] [stdout] test format::superblock::tests_v0v1::a_v1_superblock_re_emits_its_indexed_storage_k ... ok
[INFO] [stdout] test format::superblock::tests_v0v1::test_bad_version ... ok
[INFO] [stdout] test format::superblock::tests::test_roundtrip_v2_offset4 ... ok
[INFO] [stdout] test format::superblock::tests_v0v1::test_detect_version ... ok
[INFO] [stdout] test format::superblock::tests_v0v1::every_symbol_table_cache_shape_round_trips ... ok
[INFO] [stdout] test format::symbol_table::tests::a_snod_refuses_more_entries_than_its_record_holds ... ok
[INFO] [stdout] test format::superblock::tests_v0v1::test_bad_sig ... ok
[INFO] [stdout] test format::superblock::tests::test_roundtrip_v3_offset8 ... ok
[INFO] [stdout] test format::superblock::tests::test_roundtrip_with_extra_trailing_data ... ok
[INFO] [stdout] test format::symbol_table::tests::decode_4byte ... ok
[INFO] [stdout] test format::superblock::tests_v0v1::test_decode_v1 ... ok
[INFO] [stdout] test format::symbol_table::tests::an_encoded_snod_matches_the_bytes_libhdf5_wrote ... ok
[INFO] [stdout] test format::symbol_table::tests::an_encoded_snod_round_trips_every_scratch_pad_shape ... ok
[INFO] [stdout] test format::symbol_table::tests::decode_bad_sig ... ok
[INFO] [stdout] test format::symbol_table::tests::decode_empty ... ok
[INFO] [stdout] test format::symbol_table::tests::decode_soft_link_entry ... ok
[INFO] [stdout] test format::symbol_table::tests::decode_too_short ... ok
[INFO] [stdout] test format::szip::tests::a_block_the_stream_cannot_finish_yields_no_samples ... ok
[INFO] [stdout] test format::symbol_table::tests::decode_bad_version ... ok
[INFO] [stdout] test format::symbol_table::tests::decode_basic ... ok
[INFO] [stdout] test format::superblock::tests_v0v1::a_v0_superblock_re_emits_the_bytes_libhdf5_wrote ... ok
[INFO] [stdout] test file::integration_tests::vlen_string_compressed_large_roundtrip ... ok
[INFO] [stdout] test format::superblock::tests_v0v1::test_decode_v0 ... ok
[INFO] [stdout] test format::szip::tests::test_compress_reduces_size ... ok
[INFO] [stdout] test format::szip::tests::test_compress_rejects_misaligned_16bit_input ... ok
[INFO] [stdout] test format::szip::tests::a_stream_that_ends_early_is_an_error_not_zero_padding ... ok
[INFO] [stdout] test format::szip::tests::test_compress_rejects_misaligned_64bit_input ... ok
[INFO] [stdout] test format::szip::tests::test_compress_rejects_misaligned_32bit_input ... ok
[INFO] [stdout] test format::sohm_write::tests::an_index_past_its_list_maximum_is_a_btree ... ok
[INFO] [stdout] test format::szip::tests::test_roundtrip_f32 ... ok
[INFO] [stdout] test format::szip::tests::test_roundtrip_constant ... ok
[INFO] [stdout] test format::szip::tests::test_decompress_rejects_misaligned_output_size ... ok
[INFO] [stdout] test format::szip::tests::test_roundtrip_scanline_padding ... ok
[INFO] [stdout] test format::szip::tests::test_compress_accepts_aligned_8bit_odd_length ... ok
[INFO] [stdout] test format::szip::tests::test_roundtrip_f64 ... ok
[INFO] [stdout] test format::szip::tests::test_roundtrip_small_block ... ok
[INFO] [stdout] test format::szip::tests::test_roundtrip_u8 ... ok
[INFO] [stdout] test format::szip::tests::test_roundtrip_u16 ... ok
[INFO] [stdout] test format::szip::tests::test_roundtrip_u16_lsb ... ok
[INFO] [stdout] test format::szip::tests::test_roundtrip_u32_interleaved ... ok
[INFO] [stdout] test format::szip::tests::test_roundtrip_u8_no_preprocess ... ok
[INFO] [stdout] test format::szip::tests::test_roundtrip_zeros ... ok
[INFO] [stdout] test format::szip::tests::test_roundtrip_u8_random_like ... ok
[INFO] [stdout] test io::allocator::tests::a_gap_filler_merges_only_with_its_own_class ... ok
[INFO] [stdout] test io::allocator::tests::a_block_whose_usable_part_exactly_fits_leaves_only_the_head ... ok
[INFO] [stdout] test format::szip::tests::a_stream_ending_inside_its_last_rsi_is_complete_once_the_output_is ... ok
[INFO] [stdout] test io::allocator::tests::a_paged_file_shrinks_by_whole_pages ... ok
[INFO] [stdout] test io::allocator::tests::a_request_is_not_served_out_of_another_managers_section ... ok
[INFO] [stdout] test io::allocator::tests::a_release_that_merges_into_the_end_of_the_file_shrinks_all_of_it ... ok
[INFO] [stdout] test io::allocator::tests::a_request_larger_than_every_free_block_grows_the_file ... ok
[INFO] [stdout] test io::allocator::tests::adjacent_blocks_of_different_classes_do_not_merge ... ok
[INFO] [stdout] test io::allocator::tests::best_fit_measures_the_usable_part_of_a_block ... ok
[INFO] [stdout] test format::szip::tests::parameters_past_the_szlib_limits_are_refused ... ok
[INFO] [stdout] test io::allocator::tests::carving_an_unaligned_block_keeps_the_head_and_the_tail ... ok
[INFO] [stdout] test io::allocator::tests::freed_block_is_reused_before_the_file_grows ... ok
[INFO] [stdout] test io::allocator::tests::an_unaligned_block_is_carved_from_its_first_aligned_address ... ok
[INFO] [stdout] test io::allocator::tests::freeing_nothing_is_a_no_op ... ok
[INFO] [stdout] test io::allocator::tests::alignment ... ok
[INFO] [stdout] test io::allocator::tests::allocating_at_the_end_leaves_no_alignment_gap ... ok
[INFO] [stdout] test io::allocator::tests::best_fit_picks_the_smallest_sufficient_block ... ok
[INFO] [stdout] test io::allocator::tests::freeing_the_end_of_the_file_shrinks_it ... ok
[INFO] [stdout] test io::allocator::tests::reusing_part_of_a_block_leaves_exactly_the_undrawn_remainder ... ok
[INFO] [stdout] test io::allocator::tests::successive_allocations ... ok
[INFO] [stdout] test io::allocator::tests::the_remainder_of_a_reused_block_keeps_its_manager ... ok
[INFO] [stdout] test io::allocator::tests::try_extend_consumes_the_front_of_an_adjacent_free_block ... ok
[INFO] [stdout] test io::allocator::tests::try_extend_fails_without_room_past_the_block ... ok
[INFO] [stdout] test io::chunk_grid::tests::absent_maximum_means_the_current_extent ... ok
[INFO] [stdout] test io::chunk_grid::tests::indices_come_from_the_maximum_grid ... ok
[INFO] [stdout] test io::chunk_grid::tests::unlimited_dimension_zero_is_unbounded ... ok
[INFO] [stdout] test io::chunk_grid::tests::unlimited_inner_dimension_is_indexable ... ok
[INFO] [stdout] test io::allocator::tests::try_extend_fails_when_the_adjacent_block_is_too_small ... ok
[INFO] [stdout] test io::allocator::tests::try_extend_grows_the_file_when_the_block_ends_at_eof ... ok
[INFO] [stdout] test io::file_handle::read_source_tests::a_map_needs_the_shared_lock ... ok
[INFO] [stdout] test io::chunk_grid::tests::two_unlimited_dimensions_are_rejected ... ok
[INFO] [stdout] test io::allocator::tests::zero_size_allocation ... ok
[INFO] [stdout] test io::allocator::tests::basic_allocation ... ok
[INFO] [stdout] test io::file_handle::read_source_tests::growth_is_picked_up_when_the_source_is_retaken ... ok
[INFO] [stdout] test io::file_handle::read_source_tests::a_read_ending_at_eof_succeeds ... ok
[INFO] [stdout] test io::file_handle::read_source_tests::a_read_past_eof_fails_as_unexpected_eof ... ok
[INFO] [stdout] test io::file_handle::read_source_tests::only_a_read_only_open_maps ... ok
[INFO] [stdout] test io::file_handle::read_source_tests::a_userblock_shifts_the_source_the_same_way ... ok
[INFO] [stdout] test io::file_handle::tests::a_read_sees_writes_still_in_the_accumulator ... ok
[INFO] [stdout] test io::file_handle::tests::a_short_hop_is_bridged_and_recorded ... ok
[INFO] [stdout] test io::file_handle::tests::a_bridge_keeps_the_bytes_already_under_it ... ok
[INFO] [stdout] test io::file_handle::read_source_tests::an_empty_file_falls_back_to_the_descriptor ... ok
[INFO] [stdout] test io::file_handle::tests::a_userblock_does_not_break_the_run ... ok
[INFO] [stdout] test io::file_handle::read_source_tests::a_map_and_a_descriptor_read_the_same_bytes ... ok
[INFO] [stdout] test io::file_handle::tests::a_pass_through_write_lands_after_the_bytes_it_covers ... ok
[INFO] [stdout] test io::hyperslab::tests::contiguous_run_is_the_dual_walk_against_the_selection_itself ... ok
[INFO] [stdout] test io::hyperslab::tests::dual_run_splits_when_trailing_dim_is_partial_on_the_source ... ok
[INFO] [stdout] test io::hyperslab::tests::dual_run_walks_three_dimensions ... ok
[INFO] [stdout] test io::hyperslab::tests::empty_selection_visits_no_runs ... ok
[INFO] [stdout] test io::locking::tests::parse_env_value_defaults_to_enabled ... ok
[INFO] [stdout] test io::locking::tests::parse_env_value_recognizes_best_effort ... ok
[INFO] [stdout] test io::locking::tests::parse_env_value_recognizes_disabled ... ok
[INFO] [stdout] test io::locking::tests::parse_env_value_recognizes_enabled ... ok
[INFO] [stdout] test io::locking::tests::release_then_relock_works ... ok
[INFO] [stdout] test io::locking::tests::shared_locks_coexist ... ok
[INFO] [stdout] test io::hyperslab::tests::dual_run_splits_when_trailing_dim_is_partial_on_the_destination ... ok
[INFO] [stdout] test io::file_handle::tests::a_write_into_a_bridged_gap_wins_over_the_read_back ... ok
[INFO] [stdout] test io::locking::tests::try_acquire_disabled_is_noop ... ok
[INFO] [stdout] test io::file_handle::tests::adjoining_writes_join_one_run ... ok
[INFO] [stdout] test io::file_handle::tests::drop_flushes_what_is_left ... ok
[INFO] [stdout] test io::allocator::tests::adjacent_blocks_of_one_class_merge ... ok
[INFO] [stdout] test io::allocator::tests::adjacent_freed_blocks_merge ... ok
[INFO] [stdout] test io::file_handle::tests::the_file_length_accounts_for_buffered_writes ... ok
[INFO] [stdout] test io::hyperslab::tests::dual_run_coalesces_when_trailing_dim_is_full_on_both_sides ... ok
[INFO] [stdout] test io::reader::tests::a_whole_attribute_set_still_lists ... ok
[INFO] [stdout] test io::reader::tests::an_undecodable_attribute_info_message_fails_the_listing ... ok
[INFO] [stdout] test io::reader::tests::an_unnameable_attribute_message_fails_the_listing ... ok
[INFO] [stdout] test io::reader::tests::chunk_fill_plan::a_chunk_address_near_u64_max_fails_the_read_not_the_arithmetic ... ok
[INFO] [stdout] test io::reader::tests::chunk_fill_plan::a_chunk_read_short_has_its_runs_filled_after_placement ... ok
[INFO] [stdout] test io::reader::h5py_debug_tests::gap1_v2_root_continuation_block ... ok
[INFO] [stdout] test io::reader::tests::chunk_fill_plan::a_plan_that_covers_the_output_leaves_no_byte_to_fill ... ok
[INFO] [stdout] test io::reader::tests::chunk_fill_plan::a_slot_the_plan_skips_reads_back_as_fill ... ok
[INFO] [stdout] test io::reader::h5py_debug_tests::gap2_v2_dense_fractal_heap_links ... ok
[INFO] [stdout] test io::reader::h5py_debug_tests::gap3_v0v1_legacy_subgroups ... ok
[INFO] [stdout] test io::reader::h5py_debug_tests::read_slice_chunked_all_index_types ... ok
[INFO] [stdout] test io::reader::tests::chunk_fill_plan::duplicate_chunk_coordinates_still_leave_defined_output ... ok
[INFO] [stdout] test io::reader::h5py_debug_tests::debug_read_h5py ... ok
[INFO] [stdout] test io::reader::h5py_debug_tests::nbit_chunked_post_filter_conversion ... ok
[INFO] [stdout] test io::reader::tests::chunk_image_cache::an_image_over_the_budget_never_evicts_the_ones_under_it ... ok
[INFO] [stdout] test io::reader::tests::chunk_image_cache::an_unfiltered_partial_read_keeps_nothing ... ok
[INFO] [stdout] test io::reader::tests::chunk_image_cache::a_whole_read_of_a_ragged_extent_keeps_nothing ... ok
[INFO] [stdout] test io::reader::tests::chunk_image_cache::a_partial_read_keeps_the_chunk_it_did_not_finish ... ok
[INFO] [stdout] test io::reader::tests::chunk_index_cache::a_read_leaves_its_decoded_index_for_the_next_read ... ok
[INFO] [stdout] test format::messages::filter::tests::deflate_output_sizes_around_the_buffer_boundary ... ok
[INFO] [stdout] test io::reader::tests::chunk_image_cache::a_cached_chunk_places_what_a_cold_read_places ... ok
[INFO] [stdout] test io::reader::tests::chunk_index_cache::changing_an_entry_drops_the_index_decoded_against_it ... ok
[INFO] [stdout] test io::reader::tests::coalesce_3d_full_inner_dims_is_single_run ... ok
[INFO] [stdout] test io::reader::tests::coalesce_3d_reported_case_one_run_per_outer_index ... ok
[INFO] [stdout] test io::reader::tests::coalesce_full_last_dim_merges_into_one_run ... ok
[INFO] [stdout] test io::reader::tests::coalesce_partial_last_dim_keeps_one_run_per_row ... ok
[INFO] [stdout] test io::reader::tests::fixed_string_attr_value_honors_the_declared_pad ... ok
[INFO] [stdout] test io::reader::tests::coalesce_1d_is_single_run ... ok
[INFO] [stdout] test io::reader::tests::read_slice_contiguous_3d_matches_naive_extraction ... ok
[INFO] [stdout] test io::reader::tests::test_read_v0_file_1d_dataset ... ok
[INFO] [stdout] test io::reader::tests::test_detect_v2v3_still_works ... ok
[INFO] [stdout] test io::reader::tests::test_read_v0_file_with_one_dataset ... ok
[INFO] [stdout] test io::reader::tests::chunk_index_cache::an_index_is_never_served_for_another_address ... ok
[INFO] [stdout] test io::swmr::swmr_hardlink_tests::a_deleted_dataset_takes_its_band_buffer_with_it ... ok
[INFO] [stdout] test io::swmr::swmr_hardlink_tests::a_refresh_drops_the_chunk_index_the_last_read_decoded ... ok
[INFO] [stdout] test io::locking::tests::try_acquire_exclusive_then_shared_fails ... ok
[INFO] [stdout] test io::swmr::swmr_hardlink_tests::flush_leaves_a_deleted_datasets_header_alone ... ok
[INFO] [stdout] test io::reader::tests::chunk_image_cache::changing_an_entry_drops_the_chunk_images ... ok
[INFO] [stdout] test io::swmr::swmr_hardlink_tests::a_buffer_holding_more_than_a_band_writes_every_band ... ok
[INFO] [stdout] test io::symbol_table_io::tests::a_group_cannot_hold_two_links_of_one_name ... ok
[INFO] [stdout] test io::symbol_table_io::tests::a_rebuilt_symbol_table_carries_a_soft_link_in_its_own_heap ... ok
[INFO] [stdout] test io::symbol_table_io::tests::a_rebuilt_symbol_table_grows_leaves_then_levels ... ok
[INFO] [stdout] test io::symbol_table_io::tests::a_rebuilt_symbol_table_keeps_a_child_groups_cached_pair ... ok
[INFO] [stdout] test io::symbol_table_io::tests::a_rebuilt_symbol_table_links_its_siblings_both_ways ... ok
[INFO] [stdout] test io::symbol_table_io::tests::a_rebuilt_symbol_table_matches_the_shape_libhdf5_wrote ... ok
[INFO] [stdout] test io::symbol_table_io::tests::a_rebuilt_symbol_table_sorts_its_entries_and_not_its_heap ... ok
[INFO] [stdout] test io::symbol_table_io::tests::a_superseded_symbol_table_returns_its_blocks ... ok
[INFO] [stdout] test io::symbol_table_io::tests::a_symbol_table_message_round_trips_its_pair ... ok
[INFO] [stdout] test io::symbol_table_io::tests::an_empty_group_still_gets_a_heap_and_a_btree_root ... ok
[INFO] [stdout] test io::swmr::swmr_hardlink_tests::hardlink_after_start_swmr_committed_at_close ... ok
[INFO] [stdout] test io::swmr::swmr_hardlink_tests::hardlink_before_start_swmr_visible ... ok
[INFO] [stdout] test io::swmr::swmr_hardlink_tests::reader_refresh_after_close_follows_relocated_headers ... ok
[INFO] [stdout] test io::writer::tests::a_btree_v2_flush_allocates_only_the_node_blocks_it_adds ... ok
[INFO] [stdout] test io::swmr::swmr_hardlink_tests::group_created_after_start_swmr_committed_at_close ... ok
[INFO] [stdout] test io::writer::tests::a_created_paged_file_lays_its_pages_out ... ok
[INFO] [stdout] test io::writer::tests::a_created_file_declares_the_strategy_it_was_made_with ... ok
[INFO] [stdout] test io::writer::tests::a_btree_v2_flush_frees_the_node_blocks_its_tree_gave_up ... ok
[INFO] [stdout] test io::reader::tests::chunk_image_cache::a_filtered_column_walk_reuses_each_chunk ... ok
[INFO] [stdout] test io::writer::tests::a_file_created_at_a_non_default_page_size_allocates_by_it ... ok
[INFO] [stdout] test io::writer::tests::a_btree_v2_with_a_foreign_node_size_reopens_and_grows ... ok
[INFO] [stdout] test io::writer::tests::a_file_without_a_strategy_has_no_managers ... ok
[INFO] [stdout] test io::writer::tests::a_paged_file_refuses_a_userblock_smaller_than_its_page ... ok
[INFO] [stdout] test io::writer::tests::a_named_bound_below_v110_refuses_an_swmr_session ... ok
[INFO] [stdout] test io::reader::tests::chunk_image_cache::a_whole_dataset_read_keeps_nothing ... ok
[INFO] [stdout] test io::writer::tests::a_page_size_outside_the_library_bounds_is_refused ... ok
[INFO] [stdout] test io::writer::tests::a_paged_file_reports_the_managers_it_persists ... ok
[INFO] [stdout] test io::writer::tests::a_paged_append_records_nothing_without_the_manager_rewrite ... ok
[INFO] [stdout] test io::writer::tests::a_non_default_page_size_alone_gives_the_file_a_message ... ok
[INFO] [stdout] test io::writer::tests::a_reopen_carries_every_chunk_of_the_superblock_extension ... ok
[INFO] [stdout] test io::writer::tests::a_paged_file_names_only_the_managers_sec2_can_reach ... ok
[INFO] [stdout] test io::writer::tests::a_paged_files_small_sections_stay_inside_one_page_of_one_kind ... ok
[INFO] [stdout] test io::writer::tests::a_persisting_file_reopens_with_its_free_sections ... ok
[INFO] [stdout] test io::writer::tests::a_reopen_frees_the_dense_link_storage_its_rewrite_supersedes ... ok
[INFO] [stdout] test io::reader::tests::chunk_image_cache::a_chunk_over_the_budget_is_never_kept ... ok
[INFO] [stdout] test io::writer::tests::a_released_raw_block_lands_in_the_raw_data_manager ... ok
[INFO] [stdout] test io::writer::tests::a_rewrite_that_drops_out_of_dense_storage_still_frees_it ... ok
[INFO] [stdout] test io::writer::tests::a_strategy_without_managers_still_declares_itself ... ok
[INFO] [stdout] test io::writer::tests::a_shrinking_btree_v2_node_leaves_no_stale_records_behind ... ok
[INFO] [stdout] test io::writer::tests::an_oversized_vlen_insert_extends_the_listed_collection ... ok
[INFO] [stdout] test io::writer::tests::append_scatters_into_a_legacy_wider_than_row_chunk ... ok
[INFO] [stdout] test io::writer::tests::chunked_dataset_many_frames ... ok
[INFO] [stdout] test io::writer::tests::append_vlen_strings_checks_the_datatype_and_charset ... ok
[INFO] [stdout] test io::writer::tests::create_btree_v2_dataset_roundtrip ... ok
[INFO] [stdout] test io::writer::tests::create_empty_file ... ok
[INFO] [stdout] test io::writer::tests::create_chunked_dataset_simple ... ok
[INFO] [stdout] test io::writer::tests::create_chunked_dataset_rejects_two_unlimited_dimensions ... ok
[INFO] [stdout] test io::writer::tests::chunk_layout_version_pins_5_past_4_gib_at_every_bound ... ok
[INFO] [stdout] test io::writer::tests::compressed_vlen_create_validates_its_chunk_size ... ok
[INFO] [stdout] test io::writer::tests::create_filtered_fixed_array_dataset_roundtrip ... ok
[INFO] [stdout] test io::writer::tests::create_fixed_array_dataset_roundtrip ... ok
[INFO] [stdout] test io::writer::tests::create_rejects_a_chunk_wider_than_a_fixed_max_dimension ... ok
[INFO] [stdout] test io::writer::tests::create_multiple_datasets ... ok
[INFO] [stdout] test io::writer::tests::create_single_dataset ... ok
[INFO] [stdout] test io::writer::tests::data_size_mismatch ... ok
[INFO] [stdout] test format::shuffle::tests::three_stage_transpose_matches_the_per_bit_reference ... ok
[INFO] [stdout] test io::writer::tests::every_creator_refuses_every_kind_of_taken_name ... ok
[INFO] [stdout] test io::writer::tests::every_creator_rejects_an_existing_dataset_name ... ok
[INFO] [stdout] test io::writer::tests::fixed_array_paged_dblk_disk_size ... ok
[INFO] [stdout] test io::writer::tests::deleting_a_reopened_group_frees_its_dense_attribute_storage ... ok
[INFO] [stdout] test io::writer::tests::filtered_fixed_array_dblk_disk_size_and_encode ... ok
[INFO] [stdout] test io::writer::tests::fixed_array_paged_encode_matches_reader_layout ... ok
[INFO] [stdout] test io::writer::tests::fixed_array_paged_decode_roundtrip_with_uninitialized_page ... ok
[INFO] [stdout] test io::writer::tests::fixed_array_paged_decode_filtered_roundtrip ... ok
[INFO] [stdout] test io::writer::tests::extension_consumes_a_freed_block_after_the_collection ... ok
[INFO] [stdout] test io::writer::tests::group_hierarchy_writer_reader ... ok
[INFO] [stdout] test io::writer::tests::an_append_reuses_and_records_the_space_the_managers_track ... ok
[INFO] [stdout] test io::writer::tests::every_dataset_header_write_records_its_link_count ... ok
[INFO] [stdout] test io::writer::tests::create_mirrors_the_libhdf5_chunk_geometry_exemptions ... ok
[INFO] [stdout] test io::writer::tests::release_leaves_a_full_collection_it_removed_nothing_from ... ok
[INFO] [stdout] test io::writer::tests::numeric_replacing_a_vlen_attr_releases_its_collection ... ok
[INFO] [stdout] test io::writer::tests::oversized_chunk_forces_v5_without_opt_in ... ok
[INFO] [stdout] test io::writer::tests::libver_latest_selects_v5_for_filtered_chunks_only ... ok
[INFO] [stdout] test io::writer::tests::required_chunk_layout_version_pins_5_past_4_gib ... ok
[INFO] [stdout] test io::writer::tests::inplace_rewrite_goes_over_a_chained_header ... ok
[INFO] [stdout] test io::writer::tests::swmr_reaches_version_3_with_no_chunked_dataset_in_the_file ... ok
[INFO] [stdout] test io::writer::tests::swmr_on_a_reopened_file_refuses_a_named_bound_below_v110 ... ok
[INFO] [stdout] test io::writer::tests::swmr_writer_multi_frame_chunks ... ok
[INFO] [stdout] test io::writer::tests::swmr_writer_append_frames ... ok
[INFO] [stdout] test io::writer::tests::reopen_cycles_reuse_superseded_header_blocks ... ok
[INFO] [stdout] test io::writer::tests::swmr_writer_multi_frame_tiled_chunks ... ok
[INFO] [stdout] test io::writer::tests::the_default_strategy_writes_no_message ... ok
[INFO] [stdout] test io::writer::tests::swmr_writer_tiled_chunk_larger_than_frame_is_rejected ... ok
[INFO] [stdout] test io::writer::tests::swmr_writer_tiled_frames ... ok
[INFO] [stdout] test io::writer::tests::swmr_writer_compressed_frames ... ok
[INFO] [stdout] test io::writer::tests::the_manager_records_the_free_list_a_paged_close_ends_with ... ok
[INFO] [stdout] test io::writer::tests::the_manager_records_the_free_list_the_close_ends_with ... ok
[INFO] [stdout] test types::tests::element_size_matches_std_mem ... ok
[INFO] [stdout] test types::tests::f32_type_matches ... ok
[INFO] [stdout] test types::tests::f64_type_matches ... ok
[INFO] [stdout] test types::tests::i16_type_matches ... ok
[INFO] [stdout] test types::tests::i32_type_matches ... ok
[INFO] [stdout] test types::tests::i64_type_matches ... ok
[INFO] [stdout] test io::writer::tests::vlen_sequence_refuses_a_partial_element ... ok
[INFO] [stdout] test types::tests::i8_type_matches ... ok
[INFO] [stdout] test types::tests::u16_type_matches ... ok
[INFO] [stdout] test types::tests::u32_type_matches ... ok
[INFO] [stdout] test types::tests::u64_type_matches ... ok
[INFO] [stdout] test types::tests::u8_type_matches ... ok
[INFO] [stdout] test io::writer::tests::uses_v110_chunk_indexing_escapes_past_4_gib_at_every_bound ... ok
[INFO] [stdout] test dataset::tests::ea_super_block_roundtrip ... ok
[INFO] [stdout] test io::reader::h5py_debug_tests::slice_reads_agree_however_the_chunk_reaches_the_output ... ok
[INFO] [stdout] test io::writer::tests::vlen_slice_rejects_a_zero_chunk_dimension ... ok
[INFO] [stdout] test io::writer::tests::vlen_replace_across_reopen_keeps_the_file_flat ... ok
[INFO] [stdout] test io::writer::tests::vlen_attr_replace_across_reopen_keeps_the_file_flat ... ok
[INFO] [stdout] test io::writer::tests::v5_layout_survives_reopen_and_append ... ok
[INFO] [stdout] test format::chunk_index::btree_v2::tests::a_tree_far_past_the_node_record_count_limit_stays_intact ... ok
[INFO] [stdout] test io::reader::tests::chunk_image_cache::the_cache_holds_no_more_than_its_byte_budget ... ok
[INFO] [stdout] test format::fractal_heap_write::tests::a_heap_deep_enough_nests_indirect_blocks_two_levels ... ok
[INFO] [stdout] test io::writer::tests::create_fixed_array_paged_dataset_roundtrip ... ok
[INFO] [stdout] test io::allocator::tests::concurrent_allocations_are_disjoint ... ok
[INFO] [stdout] test format::shuffle::tests::kernels_match_the_scalar_loops_on_every_level ... ok
[INFO] [stdout] test io::writer::tests::create_filtered_fixed_array_paged_dataset_roundtrip ... ok
[INFO] [stdout] 
[INFO] [stdout] failures:
[INFO] [stdout] 
[INFO] [stdout] ---- dataset::tests::the_unlimited_external_slot_keeps_its_three_rules stdout ----
[INFO] [stdout] 
[INFO] [stdout] thread 'dataset::tests::the_unlimited_external_slot_keeps_its_three_rules' (2469) panicked at src/dataset.rs:10919:14:
[INFO] [stdout] called `Result::unwrap()` on an `Err` value: IoLayer(InvalidState("unable to open external raw data file a.raw for writing: Read-only file system (os error 30)"))
[INFO] [stdout] stack backtrace:
[INFO] [stdout]    0:     0x58a96923bb01 - std[617be2ca0a6fd877]::backtrace_rs::backtrace::libunwind::trace
[INFO] [stdout]                                at /rustc/e3feeb59cd1bdd011a2bfcc0747b55125d9b8527/library/std/src/../../backtrace/src/backtrace/libunwind.rs:117:9
[INFO] [stdout]    1:     0x58a96923bb01 - std[617be2ca0a6fd877]::backtrace_rs::backtrace::trace_unsynchronized::<std[617be2ca0a6fd877]::sys::backtrace::_print_fmt::{closure#1}>
[INFO] [stdout]                                at /rustc/e3feeb59cd1bdd011a2bfcc0747b55125d9b8527/library/std/src/../../backtrace/src/backtrace/mod.rs:66:14
[INFO] [stdout]    2:     0x58a96923bb01 - std[617be2ca0a6fd877]::sys::backtrace::_print_fmt
[INFO] [stdout]                                at /rustc/e3feeb59cd1bdd011a2bfcc0747b55125d9b8527/library/std/src/sys/backtrace.rs:74:9
[INFO] [stdout]    3:     0x58a96923bb01 - <<std[617be2ca0a6fd877]::sys::backtrace::BacktraceLock>::print::DisplayBacktrace as core[a373ad73a504971]::fmt::Display>::fmt
[INFO] [stdout]                                at /rustc/e3feeb59cd1bdd011a2bfcc0747b55125d9b8527/library/std/src/sys/backtrace.rs:44:26
[INFO] [stdout]    4:     0x58a96925240a - <core[a373ad73a504971]::fmt::rt::Argument>::fmt
[INFO] [stdout]                                at /rustc/e3feeb59cd1bdd011a2bfcc0747b55125d9b8527/library/core/src/fmt/rt.rs:152:76
[INFO] [stdout]    5:     0x58a96925240a - core[a373ad73a504971]::fmt::write
[INFO] [stdout]    6:     0x58a96924000c - core[a373ad73a504971]::io::write::default_write_fmt::<alloc[2e1b2a31b91974c5]::vec::Vec<u8>>
[INFO] [stdout]                                at /rustc/e3feeb59cd1bdd011a2bfcc0747b55125d9b8527/library/core/src/io/write.rs:402:11
[INFO] [stdout]    7:     0x58a96924000c - <alloc[2e1b2a31b91974c5]::vec::Vec<u8> as core[a373ad73a504971]::io::write::Write>::write_fmt
[INFO] [stdout]                                at /rustc/e3feeb59cd1bdd011a2bfcc0747b55125d9b8527/library/core/src/io/write.rs:335:13
[INFO] [stdout]    8:     0x58a969214a76 - <std[617be2ca0a6fd877]::sys::backtrace::BacktraceLock>::print
[INFO] [stdout]                                at /rustc/e3feeb59cd1bdd011a2bfcc0747b55125d9b8527/library/std/src/sys/backtrace.rs:47:9
[INFO] [stdout]    9:     0x58a969214a76 - std[617be2ca0a6fd877]::panicking::default_hook::{closure#0}
[INFO] [stdout]                                at /rustc/e3feeb59cd1bdd011a2bfcc0747b55125d9b8527/library/std/src/panicking.rs:289:27
[INFO] [stdout]   10:     0x58a969232579 - std[617be2ca0a6fd877]::panicking::default_hook
[INFO] [stdout]                                at /rustc/e3feeb59cd1bdd011a2bfcc0747b55125d9b8527/library/std/src/panicking.rs:313:9
[INFO] [stdout]   11:     0x58a969183ca0 - <alloc[2e1b2a31b91974c5]::boxed::Box<dyn for<'a, 'b> core[a373ad73a504971]::ops::function::Fn<(&'a std[617be2ca0a6fd877]::panic::PanicHookInfo<'b>,), Output = ()> + core[a373ad73a504971]::marker::Sync + core[a373ad73a504971]::marker::Send> as core[a373ad73a504971]::ops::function::Fn<(&std[617be2ca0a6fd877]::panic::PanicHookInfo,)>>::call
[INFO] [stdout]                                at /rustc/e3feeb59cd1bdd011a2bfcc0747b55125d9b8527/library/alloc/src/boxed.rs:2328:9
[INFO] [stdout]   12:     0x58a969183ca0 - test[aada8e7e76ba119b]::test_main_inner::{closure#0}
[INFO] [stdout]                                at /rustc/e3feeb59cd1bdd011a2bfcc0747b55125d9b8527/library/test/src/lib.rs:137:21
[INFO] [stdout]   13:     0x58a969232732 - <alloc[2e1b2a31b91974c5]::boxed::Box<dyn for<'a, 'b> core[a373ad73a504971]::ops::function::Fn<(&'a std[617be2ca0a6fd877]::panic::PanicHookInfo<'b>,), Output = ()> + core[a373ad73a504971]::marker::Sync + core[a373ad73a504971]::marker::Send> as core[a373ad73a504971]::ops::function::Fn<(&std[617be2ca0a6fd877]::panic::PanicHookInfo,)>>::call
[INFO] [stdout]                                at /rustc/e3feeb59cd1bdd011a2bfcc0747b55125d9b8527/library/alloc/src/boxed.rs:2328:9
[INFO] [stdout]   14:     0x58a969232732 - std[617be2ca0a6fd877]::panicking::panic_with_hook
[INFO] [stdout]                                at /rustc/e3feeb59cd1bdd011a2bfcc0747b55125d9b8527/library/std/src/panicking.rs:819:13
[INFO] [stdout]   15:     0x58a969214b22 - std[617be2ca0a6fd877]::panicking::panic_handler::{closure#0}
[INFO] [stdout]                                at /rustc/e3feeb59cd1bdd011a2bfcc0747b55125d9b8527/library/std/src/panicking.rs:685:13
[INFO] [stdout]   16:     0x58a96920d589 - std[617be2ca0a6fd877]::sys::backtrace::__rust_end_short_backtrace::<std[617be2ca0a6fd877]::panicking::panic_handler::{closure#0}, !>
[INFO] [stdout]                                at /rustc/e3feeb59cd1bdd011a2bfcc0747b55125d9b8527/library/std/src/sys/backtrace.rs:182:18
[INFO] [stdout]   17:     0x58a96921572d - __rustc[ea4f61d10b84890b]::rust_begin_unwind
[INFO] [stdout]                                at /rustc/e3feeb59cd1bdd011a2bfcc0747b55125d9b8527/library/std/src/panicking.rs:676:5
[INFO] [stdout]   18:     0x58a969252c2c - core[a373ad73a504971]::panicking::panic_fmt
[INFO] [stdout]                                at /rustc/e3feeb59cd1bdd011a2bfcc0747b55125d9b8527/library/core/src/panicking.rs:80:14
[INFO] [stdout]   19:     0x58a969252982 - core[a373ad73a504971]::result::unwrap_failed
[INFO] [stdout]                                at /rustc/e3feeb59cd1bdd011a2bfcc0747b55125d9b8527/library/core/src/result.rs:1870:5
[INFO] [stdout]   20:     0x58a968aa87a5 - <core[a373ad73a504971]::result::Result<(), rust_hdf5[78b541332fd8b89b]::error::Hdf5Error>>::unwrap
[INFO] [stdout]                                at /rustc/e3feeb59cd1bdd011a2bfcc0747b55125d9b8527/library/core/src/result.rs:1232:23
[INFO] [stdout]   21:     0x58a968aa87a5 - rust_hdf5[78b541332fd8b89b]::dataset::tests::the_unlimited_external_slot_keeps_its_three_rules
[INFO] [stdout]                                at /opt/rustwide/workdir/src/dataset.rs:10919:14
[INFO] [stdout]   22:     0x58a968a2dca7 - rust_hdf5[78b541332fd8b89b]::dataset::tests::the_unlimited_external_slot_keeps_its_three_rules::{closure#0}
[INFO] [stdout]                                at /opt/rustwide/workdir/src/dataset.rs:10866:59
[INFO] [stdout]   23:     0x58a968f7a086 - <rust_hdf5[78b541332fd8b89b]::dataset::tests::the_unlimited_external_slot_keeps_its_three_rules::{closure#0} as core[a373ad73a504971]::ops::function::FnOnce<()>>::call_once
[INFO] [stdout]                                at /rustc/e3feeb59cd1bdd011a2bfcc0747b55125d9b8527/library/core/src/ops/function.rs:250:5
[INFO] [stdout]   24:     0x58a9691770eb - <fn() -> core[a373ad73a504971]::result::Result<(), alloc[2e1b2a31b91974c5]::string::String> as core[a373ad73a504971]::ops::function::FnOnce<()>>::call_once
[INFO] [stdout]                                at /rustc/e3feeb59cd1bdd011a2bfcc0747b55125d9b8527/library/core/src/ops/function.rs:250:5
[INFO] [stdout]   25:     0x58a9691770eb - test[aada8e7e76ba119b]::__rust_begin_short_backtrace::<core[a373ad73a504971]::result::Result<(), alloc[2e1b2a31b91974c5]::string::String>, fn() -> core[a373ad73a504971]::result::Result<(), alloc[2e1b2a31b91974c5]::string::String>>
[INFO] [stdout]                                at /rustc/e3feeb59cd1bdd011a2bfcc0747b55125d9b8527/library/test/src/lib.rs:701:18
[INFO] [stdout]   26:     0x58a9691842c5 - test[aada8e7e76ba119b]::run_test_in_process::{closure#0}
[INFO] [stdout]                                at /rustc/e3feeb59cd1bdd011a2bfcc0747b55125d9b8527/library/test/src/lib.rs:724:74
[INFO] [stdout]   27:     0x58a9691842c5 - <core[a373ad73a504971]::panic::unwind_safe::AssertUnwindSafe<test[aada8e7e76ba119b]::run_test_in_process::{closure#0}> as core[a373ad73a504971]::ops::function::FnOnce<()>>::call_once
[INFO] [stdout]                                at /rustc/e3feeb59cd1bdd011a2bfcc0747b55125d9b8527/library/core/src/panic/unwind_safe.rs:275:9
[INFO] [stdout]   28:     0x58a9691842c5 - std[617be2ca0a6fd877]::panicking::catch_unwind::do_call::<core[a373ad73a504971]::panic::unwind_safe::AssertUnwindSafe<test[aada8e7e76ba119b]::run_test_in_process::{closure#0}>, core[a373ad73a504971]::result::Result<(), alloc[2e1b2a31b91974c5]::string::String>>
[INFO] [stdout]                                at /rustc/e3feeb59cd1bdd011a2bfcc0747b55125d9b8527/library/std/src/panicking.rs:573:43
[INFO] [stdout]   29:     0x58a9691842c5 - std[617be2ca0a6fd877]::panicking::catch_unwind::<core[a373ad73a504971]::result::Result<(), alloc[2e1b2a31b91974c5]::string::String>, core[a373ad73a504971]::panic::unwind_safe::AssertUnwindSafe<test[aada8e7e76ba119b]::run_test_in_process::{closure#0}>>
[INFO] [stdout]                                at /rustc/e3feeb59cd1bdd011a2bfcc0747b55125d9b8527/library/std/src/panicking.rs:541:19
[INFO] [stdout]   30:     0x58a9691842c5 - std[617be2ca0a6fd877]::panic::catch_unwind::<core[a373ad73a504971]::panic::unwind_safe::AssertUnwindSafe<test[aada8e7e76ba119b]::run_test_in_process::{closure#0}>, core[a373ad73a504971]::result::Result<(), alloc[2e1b2a31b91974c5]::string::String>>
[INFO] [stdout]                                at /rustc/e3feeb59cd1bdd011a2bfcc0747b55125d9b8527/library/std/src/panic.rs:359:14
[INFO] [stdout]   31:     0x58a9691842c5 - test[aada8e7e76ba119b]::run_test_in_process
[INFO] [stdout]                                at /rustc/e3feeb59cd1bdd011a2bfcc0747b55125d9b8527/library/test/src/lib.rs:724:27
[INFO] [stdout]   32:     0x58a9691842c5 - test[aada8e7e76ba119b]::run_test::{closure#0}
[INFO] [stdout]                                at /rustc/e3feeb59cd1bdd011a2bfcc0747b55125d9b8527/library/test/src/lib.rs:645:43
[INFO] [stdout]   33:     0x58a96917dbb4 - test[aada8e7e76ba119b]::run_test::{closure#1}
[INFO] [stdout]                                at /rustc/e3feeb59cd1bdd011a2bfcc0747b55125d9b8527/library/test/src/lib.rs:675:41
[INFO] [stdout]   34:     0x58a96917dbb4 - std[617be2ca0a6fd877]::sys::backtrace::__rust_begin_short_backtrace::<test[aada8e7e76ba119b]::run_test::{closure#1}, ()>
[INFO] [stdout]                                at /rustc/e3feeb59cd1bdd011a2bfcc0747b55125d9b8527/library/std/src/sys/backtrace.rs:166:18
[INFO] [stdout]   35:     0x58a969187352 - std[617be2ca0a6fd877]::thread::lifecycle::spawn_unchecked::<test[aada8e7e76ba119b]::run_test::{closure#1}, ()>::{closure#1}::{closure#0}
[INFO] [stdout]                                at /rustc/e3feeb59cd1bdd011a2bfcc0747b55125d9b8527/library/std/src/thread/lifecycle.rs:70:13
[INFO] [stdout]   36:     0x58a969187352 - <core[a373ad73a504971]::panic::unwind_safe::AssertUnwindSafe<std[617be2ca0a6fd877]::thread::lifecycle::spawn_unchecked<test[aada8e7e76ba119b]::run_test::{closure#1}, ()>::{closure#1}::{closure#0}> as core[a373ad73a504971]::ops::function::FnOnce<()>>::call_once
[INFO] [stdout]                                at /rustc/e3feeb59cd1bdd011a2bfcc0747b55125d9b8527/library/core/src/panic/unwind_safe.rs:275:9
[INFO] [stdout]   37:     0x58a969187352 - std[617be2ca0a6fd877]::panicking::catch_unwind::do_call::<core[a373ad73a504971]::panic::unwind_safe::AssertUnwindSafe<std[617be2ca0a6fd877]::thread::lifecycle::spawn_unchecked<test[aada8e7e76ba119b]::run_test::{closure#1}, ()>::{closure#1}::{closure#0}>, ()>
[INFO] [stdout]                                at /rustc/e3feeb59cd1bdd011a2bfcc0747b55125d9b8527/library/std/src/panicking.rs:573:43
[INFO] [stdout]   38:     0x58a969187352 - std[617be2ca0a6fd877]::panicking::catch_unwind::<(), core[a373ad73a504971]::panic::unwind_safe::AssertUnwindSafe<std[617be2ca0a6fd877]::thread::lifecycle::spawn_unchecked<test[aada8e7e76ba119b]::run_test::{closure#1}, ()>::{closure#1}::{closure#0}>>
[INFO] [stdout]                                at /rustc/e3feeb59cd1bdd011a2bfcc0747b55125d9b8527/library/std/src/panicking.rs:541:19
[INFO] [stdout]   39:     0x58a969187352 - std[617be2ca0a6fd877]::panic::catch_unwind::<core[a373ad73a504971]::panic::unwind_safe::AssertUnwindSafe<std[617be2ca0a6fd877]::thread::lifecycle::spawn_unchecked<test[aada8e7e76ba119b]::run_test::{closure#1}, ()>::{closure#1}::{closure#0}>, ()>
[INFO] [stdout]                                at /rustc/e3feeb59cd1bdd011a2bfcc0747b55125d9b8527/library/std/src/panic.rs:359:14
[INFO] [stdout]   40:     0x58a969187352 - std[617be2ca0a6fd877]::thread::lifecycle::spawn_unchecked::<test[aada8e7e76ba119b]::run_test::{closure#1}, ()>::{closure#1}
[INFO] [stdout]                                at /rustc/e3feeb59cd1bdd011a2bfcc0747b55125d9b8527/library/std/src/thread/lifecycle.rs:68:26
[INFO] [stdout]   41:     0x58a969187352 - <std[617be2ca0a6fd877]::thread::lifecycle::spawn_unchecked<test[aada8e7e76ba119b]::run_test::{closure#1}, ()>::{closure#1} as core[a373ad73a504971]::ops::function::FnOnce<()>>::call_once::{shim:vtable#0}
[INFO] [stdout]                                at /rustc/e3feeb59cd1bdd011a2bfcc0747b55125d9b8527/library/core/src/ops/function.rs:250:5
[INFO] [stdout]   42:     0x58a96923accf - <alloc[2e1b2a31b91974c5]::boxed::Box<dyn core[a373ad73a504971]::ops::function::FnOnce<(), Output = ()> + core[a373ad73a504971]::marker::Send> as core[a373ad73a504971]::ops::function::FnOnce<()>>::call_once
[INFO] [stdout]                                at /rustc/e3feeb59cd1bdd011a2bfcc0747b55125d9b8527/library/alloc/src/boxed.rs:2314:9
[INFO] [stdout]   43:     0x58a96923accf - <std[617be2ca0a6fd877]::sys::thread::unix::Thread>::new::thread_start
[INFO] [stdout]                                at /rustc/e3feeb59cd1bdd011a2bfcc0747b55125d9b8527/library/std/src/sys/thread/unix.rs:127:17
[INFO] [stdout]   44:     0x74b947d2adfa - <unknown>
[INFO] [stdout]   45:     0x74b947dbe3d4 - clone
[INFO] [stdout]   46:                0x0 - <unknown>
[INFO] [stdout] 
[INFO] [stdout] 
[INFO] [stdout] failures:
[INFO] [stdout]     dataset::tests::the_unlimited_external_slot_keeps_its_three_rules
[INFO] [stdout] 
[INFO] [stdout] test result: FAILED. 1130 passed; 1 failed; 0 ignored; 0 measured; 0 filtered out; finished in 2.44s
[INFO] [stdout] 
[INFO] [stderr] error: test failed, to rerun pass `--lib`
[INFO] running `Command { std: "docker" "inspect" "b37c02a3f79e4332048f646822961f3edc85263dcccfe61a847e574d21b1d85b", kill_on_drop: false }`
[INFO] running `Command { std: "docker" "rm" "-f" "b37c02a3f79e4332048f646822961f3edc85263dcccfe61a847e574d21b1d85b", kill_on_drop: false }`
[INFO] [stdout] b37c02a3f79e4332048f646822961f3edc85263dcccfe61a847e574d21b1d85b
