[INFO] fetching crate rch-wkr 2.1.7...
[INFO] testing rch-wkr-2.1.7 against 1.100.0-beta.1 for beta-1.100-2
[INFO] extracting crate rch-wkr 2.1.7 into /workspace/builds/worker-2-tc2/source
[INFO] started tweaking crates.io crate rch-wkr 2.1.7
[INFO] finished tweaking crates.io crate rch-wkr 2.1.7
[INFO] tweaked toml for crates.io crate rch-wkr 2.1.7 written to /workspace/builds/worker-2-tc2/source/Cargo.toml
[INFO] validating manifest of crates.io crate rch-wkr 2.1.7 on toolchain 1.100.0-beta.1
[INFO] running `Command { std: CARGO_HOME="/workspace/cargo-home" RUSTUP_HOME="/workspace/rustup-home" "/workspace/cargo-home/bin/cargo" "+1.100.0-beta.1" "metadata" "--manifest-path" "Cargo.toml" "--no-deps", kill_on_drop: false }`
[INFO] crate crates.io crate rch-wkr 2.1.7 already has a lockfile, it will not be regenerated
[INFO] running `Command { std: CARGO_HOME="/workspace/cargo-home" RUSTUP_HOME="/workspace/rustup-home" "/workspace/cargo-home/bin/cargo" "+1.100.0-beta.1" "fetch" "--manifest-path" "Cargo.toml", kill_on_drop: false }`
[INFO] [stderr] warning: `package.homepage` is redundant with `package.repository`
[INFO] [stderr]   --> Cargo.toml:70:12
[INFO] [stderr]    |
[INFO] [stderr] 70 | homepage = "https://github.com/Dicklesworthstone/remote_compilation_helper"
[INFO] [stderr]    |            ^^^^^^^^^^^^^^^^^^^^^^^^^^^^^^^^^^^^^^^^^^^^^^^^^^^^^^^^^^^^^^^^
[INFO] [stderr] ...
[INFO] [stderr] 75 | repository = "https://github.com/Dicklesworthstone/remote_compilation_helper"
[INFO] [stderr]    |              ----------------------------------------------------------------
[INFO] [stderr]    |
[INFO] [stderr]    = note: `cargo::redundant_homepage` is set to `warn` by default
[INFO] [stderr] help: consider removing `package.homepage`
[INFO] [stderr] warning: `rch-wkr` (manifest) generated 1 warning
[INFO] running `Command { std: "docker" "create" "-v" "/var/lib/crater-agent-workspace/builds/worker-2-tc2/source:/opt/rustwide/workdir:ro,Z" "-v" "/var/lib/crater-agent-workspace/builds/worker-2-tc2/target:/opt/rustwide/target:rw,Z" "-v" "/var/lib/crater-agent-workspace/cargo-home:/opt/rustwide/cargo-home:ro,Z" "-v" "/var/lib/crater-agent-workspace/rustup-home:/opt/rustwide/rustup-home:ro,Z" "-m" "1610612736" "--network" "none" "ghcr.io/rust-lang/crates-build-env/linux@sha256:3111399a4047eeb3a02b7a90e478d715f38a8c6669b5c4b49d30a17385265909" "sleep" "infinity", kill_on_drop: false }`
[INFO] [stdout] 939be9e2a39a0033336354f43977930134a3b4a1bded2d68ebb28eb7e9e74b8c
[INFO] running `Command { std: "docker" "start" "939be9e2a39a0033336354f43977930134a3b4a1bded2d68ebb28eb7e9e74b8c", kill_on_drop: false }`
[INFO] running `Command { std: "docker" "inspect" "939be9e2a39a0033336354f43977930134a3b4a1bded2d68ebb28eb7e9e74b8c", kill_on_drop: false }`
[INFO] running `Command { std: "docker" "exec" "-e" "SOURCE_DIR=/opt/rustwide/workdir" "-e" "CARGO_HOME=/opt/rustwide/cargo-home" "-e" "RUSTUP_HOME=/opt/rustwide/rustup-home" "-e" "CARGO_TARGET_DIR=/opt/rustwide/target" "-w" "/opt/rustwide/workdir" "--user" "0:0" "939be9e2a39a0033336354f43977930134a3b4a1bded2d68ebb28eb7e9e74b8c" "/opt/rustwide/cargo-home/bin/cargo" "+1.100.0-beta.1" "metadata" "--no-deps" "--format-version=1", kill_on_drop: false }`
[INFO] running `Command { std: "docker" "inspect" "939be9e2a39a0033336354f43977930134a3b4a1bded2d68ebb28eb7e9e74b8c", kill_on_drop: false }`
[INFO] running `Command { std: "docker" "exec" "-e" "SOURCE_DIR=/opt/rustwide/workdir" "-e" "CARGO_HOME=/opt/rustwide/cargo-home" "-e" "RUSTUP_HOME=/opt/rustwide/rustup-home" "-e" "CARGO_TARGET_DIR=/opt/rustwide/target" "-e" "CARGO_INCREMENTAL=0" "-e" "RUST_BACKTRACE=full" "-e" "RUSTFLAGS=--cap-lints=warn" "-e" "RUSTDOCFLAGS=--cap-lints=warn" "-w" "/opt/rustwide/workdir" "--user" "0:0" "939be9e2a39a0033336354f43977930134a3b4a1bded2d68ebb28eb7e9e74b8c" "/opt/rustwide/cargo-home/bin/cargo" "+1.100.0-beta.1" "build" "--frozen" "--message-format=json", kill_on_drop: false }`
[INFO] [stderr] warning: `package.homepage` is redundant with `package.repository`
[INFO] [stderr]   --> Cargo.toml:70:12
[INFO] [stderr]    |
[INFO] [stderr] 70 | homepage = "https://github.com/Dicklesworthstone/remote_compilation_helper"
[INFO] [stderr]    |            ^^^^^^^^^^^^^^^^^^^^^^^^^^^^^^^^^^^^^^^^^^^^^^^^^^^^^^^^^^^^^^^^
[INFO] [stderr] ...
[INFO] [stderr] 75 | repository = "https://github.com/Dicklesworthstone/remote_compilation_helper"
[INFO] [stderr]    |              ----------------------------------------------------------------
[INFO] [stderr]    |
[INFO] [stderr]    = note: `cargo::redundant_homepage` is set to `warn` by default
[INFO] [stderr] help: consider removing `package.homepage`
[INFO] [stderr] warning: `rch-wkr` (manifest) generated 1 warning
[INFO] [stderr]    Compiling smallvec v1.16.1
[INFO] [stderr]    Compiling tracing-core v0.1.36
[INFO] [stderr]    Compiling http v1.5.0
[INFO] [stderr]    Compiling syn v3.0.6
[INFO] [stderr]    Compiling syn v2.0.119
[INFO] [stderr]    Compiling errno v0.3.14
[INFO] [stderr]    Compiling mio v1.2.3
[INFO] [stderr]    Compiling socket2 v0.6.5
[INFO] [stderr]    Compiling sync_wrapper v1.0.2
[INFO] [stderr]    Compiling zerocopy v0.8.57
[INFO] [stderr]    Compiling either v1.18.0
[INFO] [stderr]    Compiling log v0.4.34
[INFO] [stderr]    Compiling getrandom v0.3.4
[INFO] [stderr]    Compiling serde_json v1.0.151
[INFO] [stderr]    Compiling regex-automata v0.4.18
[INFO] [stderr]    Compiling getrandom v0.4.3
[INFO] [stderr]    Compiling parking_lot_core v0.9.12
[INFO] [stderr]    Compiling signal-hook-registry v1.4.8
[INFO] [stderr]    Compiling crossbeam-utils v0.8.23
[INFO] [stderr]    Compiling rustix v1.1.5
[INFO] [stderr]    Compiling rand_core v0.9.5
[INFO] [stderr]    Compiling ref-cast v1.0.27
[INFO] [stderr]    Compiling parking_lot v0.12.5
[INFO] [stderr]    Compiling itertools v0.14.0
[INFO] [stderr]    Compiling anstyle-parse v1.0.0
[INFO] [stderr]    Compiling tracing-log v0.2.0
[INFO] [stderr]    Compiling blake3 v1.8.7
[INFO] [stderr]    Compiling thread_local v1.1.10
[INFO] [stderr]    Compiling protobuf v3.7.2
[INFO] [stderr]    Compiling colorchoice v1.0.5
[INFO] [stderr]    Compiling time v0.3.55
[INFO] [stderr]    Compiling http-body v1.1.0
[INFO] [stderr]    Compiling http-body-util v0.1.5
[INFO] [stderr]    Compiling crossbeam-channel v0.5.17
[INFO] [stderr]    Compiling anstream v1.0.0
[INFO] [stderr]    Compiling dirs v6.0.0
[INFO] [stderr]    Compiling toml_datetime v1.1.1+spec-1.1.0
[INFO] [stderr]    Compiling serde_spanned v1.1.1
[INFO] [stderr]    Compiling symlink v0.1.0
[INFO] [stderr]    Compiling prometheus v0.14.0
[INFO] [stderr]    Compiling rch-common v2.1.7
[INFO] [stderr]    Compiling constant_time_eq v0.4.2
[INFO] [stderr]    Compiling shell-escape v0.1.5
[INFO] [stderr]    Compiling clap_builder v4.6.7
[INFO] [stderr]    Compiling toml v1.1.6+spec-1.1.0
[INFO] [stderr]    Compiling shellexpand v3.1.2
[INFO] [stderr]    Compiling rand v0.10.2
[INFO] [stderr]    Compiling uuid v1.26.1
[INFO] [stderr]    Compiling whoami v2.1.3
[INFO] [stderr]    Compiling object v0.40.0
[INFO] [stderr]    Compiling tempfile v3.27.0
[INFO] [stderr]    Compiling matchers v0.2.0
[INFO] [stderr]    Compiling regex v1.13.1
[INFO] [stderr]    Compiling tracing-attributes v0.1.31
[INFO] [stderr]    Compiling prost-derive v0.14.4
[INFO] [stderr]    Compiling pin-project-internal v1.1.13
[INFO] [stderr]    Compiling thiserror-impl v1.0.69
[INFO] [stderr]    Compiling ppv-lite86 v0.2.21
[INFO] [stderr]    Compiling rand_chacha v0.9.0
[INFO] [stderr]    Compiling rand v0.9.5
[INFO] [stderr]    Compiling tracing v0.1.44
[INFO] [stderr]    Compiling pin-project v1.1.13
[INFO] [stderr]    Compiling thiserror v1.0.69
[INFO] [stderr]    Compiling protobuf-support v3.7.2
[INFO] [stderr]    Compiling prost v0.14.4
[INFO] [stderr]    Compiling synstructure v0.14.0
[INFO] [stderr]    Compiling serde_derive_internals v0.30.0
[INFO] [stderr]    Compiling prost-types v0.14.4
[INFO] [stderr]    Compiling tokio-macros v2.7.2
[INFO] [stderr]    Compiling zerofrom-derive v0.1.8
[INFO] [stderr]    Compiling yoke-derive v0.8.3
[INFO] [stderr]    Compiling zerovec-derive v0.11.6
[INFO] [stderr]    Compiling displaydoc v0.2.7
[INFO] [stderr]    Compiling futures-macro v0.3.34
[INFO] [stderr]    Compiling thiserror-impl v2.0.20
[INFO] [stderr]    Compiling serde_derive v1.0.229
[INFO] [stderr]    Compiling async-trait v0.1.92
[INFO] [stderr]    Compiling ref-cast-impl v1.0.27
[INFO] [stderr]    Compiling clap_derive v4.6.7
[INFO] [stderr]    Compiling schemars_derive v1.2.2
[INFO] [stderr]    Compiling tokio v1.53.1
[INFO] [stderr]    Compiling futures-util v0.3.34
[INFO] [stderr]    Compiling zerofrom v0.1.8
[INFO] [stderr]    Compiling thiserror v2.0.20
[INFO] [stderr]    Compiling opentelemetry v0.32.0
[INFO] [stderr]    Compiling yoke v0.8.3
[INFO] [stderr]    Compiling clap v4.6.7
[INFO] [stderr]    Compiling serde v1.0.229
[INFO] [stderr]    Compiling zerovec v0.11.8
[INFO] [stderr]    Compiling zerotrie v0.2.5
[INFO] [stderr]    Compiling tracing-serde v0.2.0
[INFO] [stderr]    Compiling schemars v1.2.2
[INFO] [stderr]    Compiling chrono v0.4.45
[INFO] [stderr]    Compiling tinystr v0.8.4
[INFO] [stderr]    Compiling potential_utf v0.1.6
[INFO] [stderr]    Compiling tracing-subscriber v0.3.23
[INFO] [stderr]    Compiling icu_collections v2.3.0
[INFO] [stderr]    Compiling icu_locale_core v2.3.0
[INFO] [stderr]    Compiling icu_provider v2.3.1
[INFO] [stderr]    Compiling icu_normalizer v2.3.0
[INFO] [stderr]    Compiling icu_properties v2.3.0
[INFO] [stderr]    Compiling futures-executor v0.3.34
[INFO] [stderr]    Compiling tracing-appender v0.2.5
[INFO] [stderr]    Compiling idna_adapter v1.2.2
[INFO] [stderr]    Compiling idna v1.1.0
[INFO] [stderr]    Compiling url v2.5.8
[INFO] [stderr]    Compiling tokio-util v0.7.19
[INFO] [stderr]    Compiling tokio-stream v0.1.19
[INFO] [stderr]    Compiling openssh v0.11.6
[INFO] [stderr]    Compiling h2 v0.4.19
[INFO] [stderr]    Compiling tower v0.5.3
[INFO] [stderr]    Compiling opentelemetry_sdk v0.32.1
[INFO] [stderr]    Compiling tower-http v0.6.11
[INFO] [stderr]    Compiling hyper v1.11.1
[INFO] [stderr]    Compiling hyper-util v0.1.20
[INFO] [stderr]    Compiling hyper-timeout v0.5.2
[INFO] [stderr]    Compiling reqwest v0.13.5
[INFO] [stderr]    Compiling tonic v0.14.6
[INFO] [stderr]    Compiling tonic-prost v0.14.6
[INFO] [stderr]    Compiling tonic-types v0.14.6
[INFO] [stderr]    Compiling opentelemetry-proto v0.32.0
[INFO] [stderr]    Compiling opentelemetry-http v0.32.0
[INFO] [stderr]    Compiling opentelemetry-otlp v0.32.0
[INFO] [stderr]    Compiling rch-telemetry v2.1.7
[INFO] [stderr]    Compiling rch-wkr v2.1.7 (/opt/rustwide/workdir)
[INFO] [stderr]     Finished `dev` profile [unoptimized + debuginfo] target(s) in 1m 42s
[INFO] running `Command { std: "docker" "inspect" "939be9e2a39a0033336354f43977930134a3b4a1bded2d68ebb28eb7e9e74b8c", kill_on_drop: false }`
[INFO] running `Command { std: "docker" "exec" "-e" "SOURCE_DIR=/opt/rustwide/workdir" "-e" "CARGO_HOME=/opt/rustwide/cargo-home" "-e" "RUSTUP_HOME=/opt/rustwide/rustup-home" "-e" "CARGO_TARGET_DIR=/opt/rustwide/target" "-e" "CARGO_INCREMENTAL=0" "-e" "RUST_BACKTRACE=full" "-e" "RUSTFLAGS=--cap-lints=warn" "-e" "RUSTDOCFLAGS=--cap-lints=warn" "-w" "/opt/rustwide/workdir" "--user" "0:0" "939be9e2a39a0033336354f43977930134a3b4a1bded2d68ebb28eb7e9e74b8c" "/opt/rustwide/cargo-home/bin/cargo" "+1.100.0-beta.1" "test" "--frozen" "--no-run" "--message-format=json", kill_on_drop: false }`
[INFO] [stderr] warning: `package.homepage` is redundant with `package.repository`
[INFO] [stderr]   --> Cargo.toml:70:12
[INFO] [stderr]    |
[INFO] [stderr] 70 | homepage = "https://github.com/Dicklesworthstone/remote_compilation_helper"
[INFO] [stderr]    |            ^^^^^^^^^^^^^^^^^^^^^^^^^^^^^^^^^^^^^^^^^^^^^^^^^^^^^^^^^^^^^^^^
[INFO] [stderr] ...
[INFO] [stderr] 75 | repository = "https://github.com/Dicklesworthstone/remote_compilation_helper"
[INFO] [stderr]    |              ----------------------------------------------------------------
[INFO] [stderr]    |
[INFO] [stderr]    = note: `cargo::redundant_homepage` is set to `warn` by default
[INFO] [stderr] help: consider removing `package.homepage`
[INFO] [stderr] warning: `rch-wkr` (manifest) generated 1 warning
[INFO] [stderr]    Compiling rch-wkr v2.1.7 (/opt/rustwide/workdir)
[INFO] [stderr]     Finished `test` profile [unoptimized + debuginfo] target(s) in 6.96s
[INFO] running `Command { std: "docker" "inspect" "939be9e2a39a0033336354f43977930134a3b4a1bded2d68ebb28eb7e9e74b8c", kill_on_drop: false }`
[INFO] running `Command { std: "docker" "exec" "-e" "SOURCE_DIR=/opt/rustwide/workdir" "-e" "CARGO_HOME=/opt/rustwide/cargo-home" "-e" "RUSTUP_HOME=/opt/rustwide/rustup-home" "-e" "CARGO_TARGET_DIR=/opt/rustwide/target" "-e" "CARGO_INCREMENTAL=0" "-e" "RUST_BACKTRACE=full" "-e" "RUSTFLAGS=--cap-lints=warn" "-e" "RUSTDOCFLAGS=--cap-lints=warn" "-w" "/opt/rustwide/workdir" "--user" "0:0" "939be9e2a39a0033336354f43977930134a3b4a1bded2d68ebb28eb7e9e74b8c" "/opt/rustwide/cargo-home/bin/cargo" "+1.100.0-beta.1" "test" "--frozen", kill_on_drop: false }`
[INFO] [stderr] warning: `package.homepage` is redundant with `package.repository`
[INFO] [stderr]   --> Cargo.toml:70:12
[INFO] [stderr]    |
[INFO] [stderr] 70 | homepage = "https://github.com/Dicklesworthstone/remote_compilation_helper"
[INFO] [stderr]    |            ^^^^^^^^^^^^^^^^^^^^^^^^^^^^^^^^^^^^^^^^^^^^^^^^^^^^^^^^^^^^^^^^
[INFO] [stderr] ...
[INFO] [stderr] 75 | repository = "https://github.com/Dicklesworthstone/remote_compilation_helper"
[INFO] [stderr]    |              ----------------------------------------------------------------
[INFO] [stderr]    |
[INFO] [stderr]    = note: `cargo::redundant_homepage` is set to `warn` by default
[INFO] [stderr] help: consider removing `package.homepage`
[INFO] [stderr] warning: `rch-wkr` (manifest) generated 1 warning
[INFO] [stderr]     Finished `test` profile [unoptimized + debuginfo] target(s) in 0.40s
[INFO] [stderr]      Running unittests src/main.rs (/opt/rustwide/target/debug/build/rch-wkr/44d56481d0bef329/out/rch_wkr-44d56481d0bef329)
[INFO] [stdout] 
[INFO] [stdout] running 210 tests
[INFO] [stdout] test cache::tests::test_cache_path_empty_hash ... ok
[INFO] [stdout] test cache::tests::test_cache_path_empty_project ... ok
[INFO] [stdout] test cache::tests::test_cache_path_long_hash ... ok
[INFO] [stdout] test cache::tests::test_cache_path_special_chars ... ok
[INFO] [stdout] test cache::tests::test_cache_path_hex_hash ... ok
[INFO] [stdout] test cache::tests::test_cache_path_with_dashes ... ok
[INFO] [stdout] test cache::tests::newest_descendant_mtime_reflects_deep_activity ... ok
[INFO] [stdout] test cache::tests::test_cache_path_simple ... ok
[INFO] [stdout] test cache::tests::test_cache_path_unicode ... ok
[INFO] [stdout] test cache::tests::test_cleanup_handles_symlink ... ok
[INFO] [stdout] test cache::tests::test_cache_path_with_dots ... ok
[INFO] [stdout] test cache::tests::test_cleanup_keeps_recent_caches ... ok
[INFO] [stdout] test cache::tests::test_cleanup_handles_permission_errors_gracefully ... ok
[INFO] [stdout] test cache::tests::test_cleanup_max_age_large ... ok
[INFO] [stdout] test cache::tests::test_cleanup_max_age_one_hour ... ok
[INFO] [stdout] test cache::tests::test_cache_path_with_underscores ... ok
[INFO] [stdout] test cache::tests::test_cleanup_handles_file_in_project_dir ... ok
[INFO] [stdout] test cache::tests::test_cache_base_constant ... ok
[INFO] [stdout] test cache::tests::test_cleanup_max_age_one_week ... ok
[INFO] [stdout] test cache::tests::test_cleanup_empty_hash_then_nonempty_race ... ok
[INFO] [stdout] test cache::tests::test_cleanup_during_cache_creation ... ok
[INFO] [stdout] test cache::tests::test_cleanup_removes_empty_project_dirs ... ok
[INFO] [stdout] test cache::tests::test_cache_miss_nonexistent_path ... ok
[INFO] [stdout] test cache::tests::test_cleanup_multiple_hashes_per_project ... ok
[INFO] [stdout] test cache::tests::test_cache_hit_after_creation ... ok
[INFO] [stdout] test cache::tests::test_cleanup_multiple_projects ... ok
[INFO] [stdout] test cache::tests::test_concurrent_cleanup_calls ... ok
[INFO] [stdout] test cache::tests::test_cache_miss_after_removal ... ok
[INFO] [stdout] test cache::tests::test_cache_path ... ok
[INFO] [stdout] test cache::tests::test_cleanup_handles_file_instead_of_dir ... ok
[INFO] [stdout] test cache::tests::test_cleanup_handles_nested_directories ... ok
[INFO] [stdout] test cache::tests::test_cleanup_nonexistent_directory ... ok
[INFO] [stdout] test cache::tests::test_cleanup_max_age_zero ... ok
[INFO] [stdout] test executor::runtime_detection_tests::test_detect_runtime_bun_test ... ok
[INFO] [stdout] test executor::runtime_detection_tests::test_detect_runtime_bun_with_env_assignment ... ok
[INFO] [stdout] test executor::runtime_detection_tests::test_detect_runtime_npm_test_variants ... ok
[INFO] [stdout] test executor::runtime_detection_tests::test_next_package_manager_token_skips_safe_no_value_flags ... ok
[INFO] [stdout] test executor::runtime_detection_tests::test_strip_leading_env_assignments_does_not_strip_flags ... ok
[INFO] [stdout] test executor::runtime_detection_tests::test_strip_leading_env_assignments_with_paths ... ok
[INFO] [stdout] test executor::tests::test_command_failed_error_debug ... ok
[INFO] [stdout] test executor::runtime_detection_tests::test_detect_runtime_unrelated_commands_are_none ... ok
[INFO] [stdout] test executor::runtime_detection_tests::test_strip_leading_env_assignments_basic ... ok
[INFO] [stdout] test executor::runtime_detection_tests::test_strip_leading_env_assignments_multiple ... ok
[INFO] [stdout] test executor::runtime_detection_tests::test_detect_runtime_word_boundary_strict ... ok
[INFO] [stdout] test executor::tests::test_command_failed_error_display ... ok
[INFO] [stdout] test executor::runtime_detection_tests::test_is_test_or_typecheck_script ... ok
[INFO] [stdout] back\slash
[INFO] [stdout] first
[INFO] [stdout] second
[INFO] [stdout] test executor::runtime_detection_tests::test_detect_runtime_bun_run_script_form ... ok
[INFO] [stdout] test executor::tests::test_execute_chained_commands ... ok
[INFO] [stdout] nested
[INFO] [stdout] hello world
[INFO] [stdout] text
[INFO] [stdout] more texttest/root
[INFO] [stdout] hello world
[INFO] [stdout] test executor::tests::test_execute_command_substitution ... ok
[INFO] [stdout] test executor::tests::test_execute_command_with_quotes ... ok
[INFO] [stdout] test executor::tests::test_execute_exit_code_42 ... ok
[INFO] [stdout] test executor::tests::test_execute_empty_command ... ok
[INFO] [stdout] hello
[INFO] [stdout] test executor::tests::test_execute_exit_code_255 ... ok
[INFO] [stdout] test executor::tests::test_execute_command_with_double_quotes ... ok
[INFO] [stdout] bg_test
[INFO] [stdout] test executor::tests::test_execute_echo ... ok
[INFO] [stdout] test executor::tests::test_execute_env_variable_expansion ... ok
[INFO] [stdout] test executor::tests::test_execute_command_with_arguments ... ok
[INFO] [stdout] test executor::tests::test_execute_invalid_dir ... ok
[INFO] [stdout] test executor::tests::test_execute_command_with_redirects ... ok
[INFO] [stdout] test executor::tests::test_execute_backslash_in_command ... ok
[INFO] [stdout] test executor::tests::test_execute_binary_like_output ... ok
[INFO] [stdout] test executor::tests::test_execute_exit_code_zero ... ok
[INFO] [stdout] line1
[INFO] [stdout] line2
[INFO] [stdout] line3
[INFO] [stdout] test executor::tests::test_execute_multiline_output ... ok
[INFO] [stdout] /tmp
[INFO] [stderr] stderr
[INFO] [stdout] stdout
[INFO] [stdout] stdout2
[INFO] [stdout] test executor::tests::test_execute_pwd_matches_workdir ... ok
[INFO] [stdout] test executor::tests::test_execute_respects_workdir ... ok
[INFO] [stdout] test executor::tests::test_execute_false_command ... ok
[INFO] [stdout] test executor::tests::test_execute_exit_code_one ... ok
[INFO] [stdout] test executor::tests::test_execute_quick_command ... ok
[INFO] [stdout] stdout test line
[INFO] [stderr] sh: 1: stderr test line
[INFO] [stdout] $HOME /root
[INFO] [stdout] test executor::tests::test_worker_sentinel_exit_codes_are_distinct ... ok
[INFO] [stdout] test executor::tests::test_execute_whitespace_only_command ... ok
[INFO] [stderr] nonexistent_command_xyz123: not found
[INFO] [stdout] testtest executor::tests::test_execute_special_characters_in_command ... ok
[INFO] [stdout] test executor::tests::test_execute_stdout_output ... ok
[INFO] [stdout] test executor::tests::test_execute_stderr_output ... ok
[INFO] [stdout] test executor::tests::test_execute_command_not_found ... ok
[INFO] [stdout] test executor::tests::test_execute_relative_paths_in_workdir ... ok
[INFO] [stdout] y
[INFO] [stdout] test inventory_cache_tests::inventory_environment_includes_windows_case_variants_and_hard_expiry ... ok
[INFO] [stdout] test executor::tests::test_execute_sigpipe_handling ... ok
[INFO] [stdout] test executor::tests::test_execute_glob_patterns ... ok
[INFO] [stdout] test executor::tests::test_execute_mixed_stdout_stderr ... ok
[INFO] [stdout] 1
[INFO] [stdout] 2
[INFO] [stdout] 3
[INFO] [stdout] 4
[INFO] [stdout] 5
[INFO] [stdout] 6
[INFO] [stdout] 7
[INFO] [stdout] 8
[INFO] [stdout] 9
[INFO] [stdout] 10
[INFO] [stdout] 11
[INFO] [stdout] 12
[INFO] [stdout] 13
[INFO] [stdout] 14
[INFO] [stdout] 15
[INFO] [stdout] 16
[INFO] [stdout] 17
[INFO] [stdout] 18
[INFO] [stdout] 19
[INFO] [stdout] 20
[INFO] [stdout] 21
[INFO] [stdout] 22
[INFO] [stdout] 23
[INFO] [stdout] 24
[INFO] [stdout] 25
[INFO] [stdout] 26
[INFO] [stdout] 27
[INFO] [stdout] 28
[INFO] [stdout] 29
[INFO] [stdout] 30
[INFO] [stdout] 31
[INFO] [stdout] 32
[INFO] [stdout] 33
[INFO] [stdout] 34
[INFO] [stdout] 35
[INFO] [stdout] 36
[INFO] [stdout] 37
[INFO] [stdout] 38
[INFO] [stdout] 39
[INFO] [stdout] 40
[INFO] [stdout] 41
[INFO] [stdout] 42
[INFO] [stdout] 43
[INFO] [stdout] 44
[INFO] [stdout] 45
[INFO] [stdout] 46
[INFO] [stdout] 47
[INFO] [stdout] 48
[INFO] [stdout] 49
[INFO] [stdout] 50
[INFO] [stdout] 51
[INFO] [stdout] 52
[INFO] [stdout] 53
[INFO] [stdout] 54
[INFO] [stdout] 55
[INFO] [stdout] 56
[INFO] [stdout] 57
[INFO] [stdout] 58
[INFO] [stdout] 59
[INFO] [stdout] 60
[INFO] [stdout] 61
[INFO] [stdout] 62
[INFO] [stdout] 63
[INFO] [stdout] 64
[INFO] [stdout] 65
[INFO] [stdout] 66
[INFO] [stdout] 67
[INFO] [stdout] 68
[INFO] [stdout] 69
[INFO] [stdout] 70
[INFO] [stdout] 71
[INFO] [stdout] 72
[INFO] [stdout] 73
[INFO] [stdout] 74
[INFO] [stdout] 75
[INFO] [stdout] 76
[INFO] [stdout] 77
[INFO] [stdout] 78
[INFO] [stdout] 79
[INFO] [stdout] 80
[INFO] [stdout] 81
[INFO] [stdout] 82
[INFO] [stdout] 83
[INFO] [stdout] 84
[INFO] [stdout] 85
[INFO] [stdout] 86
[INFO] [stdout] 87
[INFO] [stdout] 88
[INFO] [stdout] 89
[INFO] [stdout] 90
[INFO] [stdout] 91
[INFO] [stdout] 92
[INFO] [stdout] 93
[INFO] [stdout] 94
[INFO] [stdout] 95
[INFO] [stdout] 96
[INFO] [stdout] 97
[INFO] [stdout] 98
[INFO] [stdout] 99
[INFO] [stdout] 100
[INFO] [stdout] 101
[INFO] [stdout] 102
[INFO] [stdout] 103
[INFO] [stdout] 104
[INFO] [stdout] 105
[INFO] [stdout] 106
[INFO] [stdout] 107
[INFO] [stdout] 108
[INFO] [stdout] 109
[INFO] [stdout] 110
[INFO] [stdout] 111
[INFO] [stdout] 112
[INFO] [stdout] 113
[INFO] [stdout] 114
[INFO] [stdout] 115
[INFO] [stdout] 116
[INFO] [stdout] 117
[INFO] [stdout] 118
[INFO] [stdout] 119
[INFO] [stdout] 120
[INFO] [stdout] 121
[INFO] [stdout] 122
[INFO] [stdout] 123
[INFO] [stdout] 124
[INFO] [stdout] 125
[INFO] [stdout] 126
[INFO] [stdout] 127
[INFO] [stdout] 128
[INFO] [stdout] 129
[INFO] [stdout] 130
[INFO] [stdout] 131
[INFO] [stdout] 132
[INFO] [stdout] 133
[INFO] [stdout] 134
[INFO] [stdout] 135
[INFO] [stdout] 136
[INFO] [stdout] 137
[INFO] [stdout] 138
[INFO] [stdout] 139
[INFO] [stdout] 140
[INFO] [stdout] 141
[INFO] [stdout] 142
[INFO] [stdout] 143
[INFO] [stdout] 144
[INFO] [stdout] 145
[INFO] [stdout] 146
[INFO] [stdout] 147
[INFO] [stdout] 148
[INFO] [stdout] 149
[INFO] [stdout] 150
[INFO] [stdout] 151
[INFO] [stdout] 152
[INFO] [stdout] 153
[INFO] [stdout] 154
[INFO] [stdout] 155
[INFO] [stdout] 156
[INFO] [stdout] 157
[INFO] [stdout] 158
[INFO] [stdout] 159
[INFO] [stdout] 160
[INFO] [stdout] 161
[INFO] [stdout] 162
[INFO] [stdout] 163
[INFO] [stdout] 164
[INFO] [stdout] 165
[INFO] [stdout] 166
[INFO] [stdout] 167
[INFO] [stdout] 168
[INFO] [stdout] 169
[INFO] [stdout] 170
[INFO] [stdout] 171
[INFO] [stdout] 172
[INFO] [stdout] 173
[INFO] [stdout] 174
[INFO] [stdout] 175
[INFO] [stdout] 176
[INFO] [stdout] 177
[INFO] [stdout] 178
[INFO] [stdout] 179
[INFO] [stdout] 180
[INFO] [stdout] 181
[INFO] [stdout] 182
[INFO] [stdout] 183
[INFO] [stdout] 184
[INFO] [stdout] 185
[INFO] [stdout] 186
[INFO] [stdout] 187
[INFO] [stdout] 188
[INFO] [stdout] 189
[INFO] [stdout] 190
[INFO] [stdout] 191
[INFO] [stdout] 192
[INFO] [stdout] 193
[INFO] [stdout] 194
[INFO] [stdout] 195
[INFO] [stdout] 196
[INFO] [stdout] 197
[INFO] [stdout] 198
[INFO] [stdout] 199
[INFO] [stdout] 200
[INFO] [stdout] 201
[INFO] [stdout] 202
[INFO] [stdout] 203
[INFO] [stdout] 204
[INFO] [stdout] 205
[INFO] [stdout] 206
[INFO] [stdout] 207
[INFO] [stdout] 208
[INFO] [stdout] 209
[INFO] [stdout] 210
[INFO] [stdout] 211
[INFO] [stdout] 212
[INFO] [stdout] 213
[INFO] [stdout] 214
[INFO] [stdout] 215
[INFO] [stdout] 216
[INFO] [stdout] 217
[INFO] [stdout] 218
[INFO] [stdout] 219
[INFO] [stdout] 220
[INFO] [stdout] 221
[INFO] [stdout] 222
[INFO] [stdout] 223
[INFO] [stdout] 224
[INFO] [stdout] 225
[INFO] [stdout] 226
[INFO] [stdout] 227
[INFO] [stdout] 228
[INFO] [stdout] 229
[INFO] [stdout] 230
[INFO] [stdout] 231
[INFO] [stdout] 232
[INFO] [stdout] 233
[INFO] [stdout] 234
[INFO] [stdout] 235
[INFO] [stdout] 236
[INFO] [stdout] 237
[INFO] [stdout] 238
[INFO] [stdout] 239
[INFO] [stdout] 240
[INFO] [stdout] 241
[INFO] [stdout] 242
[INFO] [stdout] 243
[INFO] [stdout] 244
[INFO] [stdout] 245
[INFO] [stdout] 246
[INFO] [stdout] 247
[INFO] [stdout] 248
[INFO] [stdout] 249
[INFO] [stdout] 250
[INFO] [stdout] 251
[INFO] [stdout] 252
[INFO] [stdout] 253
[INFO] [stdout] 254
[INFO] [stdout] 255
[INFO] [stdout] 256
[INFO] [stdout] 257
[INFO] [stdout] 258
[INFO] [stdout] 259
[INFO] [stdout] 260
[INFO] [stdout] 261
[INFO] [stdout] 262
[INFO] [stdout] 263
[INFO] [stdout] 264
[INFO] [stdout] 265
[INFO] [stdout] 266
[INFO] [stdout] 267
[INFO] [stdout] 268
[INFO] [stdout] 269
[INFO] [stdout] 270
[INFO] [stdout] 271
[INFO] [stdout] 272
[INFO] [stdout] 273
[INFO] [stdout] 274
[INFO] [stdout] 275
[INFO] [stdout] 276
[INFO] [stdout] 277
[INFO] [stdout] 278
[INFO] [stdout] 279
[INFO] [stdout] 280
[INFO] [stdout] 281
[INFO] [stdout] 282
[INFO] [stdout] 283
[INFO] [stdout] 284
[INFO] [stdout] 285
[INFO] [stdout] 286
[INFO] [stdout] 287
[INFO] [stdout] 288
[INFO] [stdout] 289
[INFO] [stdout] 290
[INFO] [stdout] 291
[INFO] [stdout] 292
[INFO] [stdout] 293
[INFO] [stdout] 294
[INFO] [stdout] 295
[INFO] [stdout] 296
[INFO] [stdout] 297
[INFO] [stdout] 298
[INFO] [stdout] 299
[INFO] [stdout] 300
[INFO] [stdout] 301
[INFO] [stdout] 302
[INFO] [stdout] 303
[INFO] [stdout] 304
[INFO] [stdout] 305
[INFO] [stdout] 306
[INFO] [stdout] 307
[INFO] [stdout] 308
[INFO] [stdout] 309
[INFO] [stdout] 310
[INFO] [stdout] 311
[INFO] [stdout] 312
[INFO] [stdout] 313
[INFO] [stdout] 314
[INFO] [stdout] 315
[INFO] [stdout] 316
[INFO] [stdout] 317
[INFO] [stdout] 318
[INFO] [stdout] 319
[INFO] [stdout] 320
[INFO] [stdout] 321
[INFO] [stdout] 322
[INFO] [stdout] 323
[INFO] [stdout] 324
[INFO] [stdout] 325
[INFO] [stdout] 326
[INFO] [stdout] 327
[INFO] [stdout] 328
[INFO] [stdout] 329
[INFO] [stdout] 330
[INFO] [stdout] 331
[INFO] [stdout] 332
[INFO] [stdout] 333
[INFO] [stdout] 334
[INFO] [stdout] 335
[INFO] [stdout] 336
[INFO] [stdout] 337
[INFO] [stdout] 338
[INFO] [stdout] 339
[INFO] [stdout] 340
[INFO] [stdout] 341
[INFO] [stdout] 342
[INFO] [stdout] 343
[INFO] [stdout] 344
[INFO] [stdout] 345
[INFO] [stdout] 346
[INFO] [stdout] 347
[INFO] [stdout] 348
[INFO] [stdout] 349
[INFO] [stdout] 350
[INFO] [stdout] 351
[INFO] [stdout] 352
[INFO] [stdout] 353
[INFO] [stdout] 354
[INFO] [stdout] 355
[INFO] [stdout] 356
[INFO] [stdout] 357
[INFO] [stdout] 358
[INFO] [stdout] 359
[INFO] [stdout] 360
[INFO] [stdout] 361
[INFO] [stdout] 362
[INFO] [stdout] 363
[INFO] [stdout] 364
[INFO] [stdout] 365
[INFO] [stdout] 366
[INFO] [stdout] 367
[INFO] [stdout] 368
[INFO] [stdout] 369
[INFO] [stdout] 370
[INFO] [stdout] 371
[INFO] [stdout] 372
[INFO] [stdout] 373
[INFO] [stdout] 374
[INFO] [stdout] 375
[INFO] [stdout] 376
[INFO] [stdout] 377
[INFO] [stdout] 378
[INFO] [stdout] 379
[INFO] [stdout] 380
[INFO] [stdout] 381
[INFO] [stdout] 382
[INFO] [stdout] 383
[INFO] [stdout] 384
[INFO] [stdout] 385
[INFO] [stdout] 386
[INFO] [stdout] 387
[INFO] [stdout] 388
[INFO] [stdout] 389
[INFO] [stdout] 390
[INFO] [stdout] 391
[INFO] [stdout] 392
[INFO] [stdout] 393
[INFO] [stdout] 394
[INFO] [stdout] 395
[INFO] [stdout] 396
[INFO] [stdout] 397
[INFO] [stdout] 398
[INFO] [stdout] 399
[INFO] [stdout] 400
[INFO] [stdout] 401
[INFO] [stdout] 402
[INFO] [stdout] 403
[INFO] [stdout] 404
[INFO] [stdout] 405
[INFO] [stdout] 406
[INFO] [stdout] 407
[INFO] [stdout] 408
[INFO] [stdout] 409
[INFO] [stdout] 410
[INFO] [stdout] 411
[INFO] [stdout] 412
[INFO] [stdout] 413
[INFO] [stdout] 414
[INFO] [stdout] 415
[INFO] [stdout] 416
[INFO] [stdout] 417
[INFO] [stdout] 418
[INFO] [stdout] 419
[INFO] [stdout] 420
[INFO] [stdout] 421
[INFO] [stdout] 422
[INFO] [stdout] 423
[INFO] [stdout] 424
[INFO] [stdout] 425
[INFO] [stdout] 426
[INFO] [stdout] 427
[INFO] [stdout] 428
[INFO] [stdout] 429
[INFO] [stdout] 430
[INFO] [stdout] 431
[INFO] [stdout] 432
[INFO] [stdout] 433
[INFO] [stdout] 434
[INFO] [stdout] 435
[INFO] [stdout] 436
[INFO] [stdout] 437
[INFO] [stdout] 438
[INFO] [stdout] 439
[INFO] [stdout] 440
[INFO] [stdout] 441
[INFO] [stdout] 442
[INFO] [stdout] 443
[INFO] [stdout] 444
[INFO] [stdout] 445
[INFO] [stdout] 446
[INFO] [stdout] 447
[INFO] [stdout] 448
[INFO] [stdout] 449
[INFO] [stdout] 450
[INFO] [stdout] 451
[INFO] [stdout] 452
[INFO] [stdout] 453
[INFO] [stdout] 454
[INFO] [stdout] 455
[INFO] [stdout] 456
[INFO] [stdout] 457
[INFO] [stdout] 458
[INFO] [stdout] 459
[INFO] [stdout] 460
[INFO] [stdout] 461
[INFO] [stdout] 462
[INFO] [stdout] 463
[INFO] [stdout] 464
[INFO] [stdout] 465
[INFO] [stdout] 466
[INFO] [stdout] 467
[INFO] [stdout] 468
[INFO] [stdout] 469
[INFO] [stdout] 470
[INFO] [stdout] 471
[INFO] [stdout] 472
[INFO] [stdout] 473
[INFO] [stdout] 474
[INFO] [stdout] 475
[INFO] [stdout] 476
[INFO] [stdout] 477
[INFO] [stdout] 478
[INFO] [stdout] 479
[INFO] [stdout] 480
[INFO] [stdout] 481
[INFO] [stdout] 482
[INFO] [stdout] 483
[INFO] [stdout] 484
[INFO] [stdout] 485
[INFO] [stdout] 486
[INFO] [stdout] 487
[INFO] [stdout] 488
[INFO] [stdout] 489
[INFO] [stdout] 490
[INFO] [stdout] 491
[INFO] [stdout] 492
[INFO] [stdout] 493
[INFO] [stdout] 494
[INFO] [stdout] 495
[INFO] [stdout] 496
[INFO] [stdout] 497
[INFO] [stdout] 498
[INFO] [stdout] 499
[INFO] [stdout] 500
[INFO] [stdout] 501
[INFO] [stdout] 502
[INFO] [stdout] 503
[INFO] [stdout] 504
[INFO] [stdout] 505
[INFO] [stdout] 506
[INFO] [stdout] 507
[INFO] [stdout] 508
[INFO] [stdout] 509
[INFO] [stdout] 510
[INFO] [stdout] 511
[INFO] [stdout] 512
[INFO] [stdout] 513
[INFO] [stdout] 514
[INFO] [stdout] 515
[INFO] [stdout] 516
[INFO] [stdout] 517
[INFO] [stdout] 518
[INFO] [stdout] 519
[INFO] [stdout] 520
[INFO] [stdout] 521
[INFO] [stdout] 522
[INFO] [stdout] 523
[INFO] [stdout] 524
[INFO] [stdout] 525
[INFO] [stdout] 526
[INFO] [stdout] 527
[INFO] [stdout] 528
[INFO] [stdout] 529
[INFO] [stdout] 530
[INFO] [stdout] 531
[INFO] [stdout] 532
[INFO] [stdout] 533
[INFO] [stdout] 534
[INFO] [stdout] 535
[INFO] [stdout] 536
[INFO] [stdout] 537
[INFO] [stdout] 538
[INFO] [stdout] 539
[INFO] [stdout] 540
[INFO] [stdout] 541
[INFO] [stdout] 542
[INFO] [stdout] 543
[INFO] [stdout] 544
[INFO] [stdout] 545
[INFO] [stdout] 546
[INFO] [stdout] 547
[INFO] [stdout] 548
[INFO] [stdout] 549
[INFO] [stdout] 550
[INFO] [stdout] 551
[INFO] [stdout] 552
[INFO] [stdout] 553
[INFO] [stdout] 554
[INFO] [stdout] 555
[INFO] [stdout] 556
[INFO] [stdout] 557
[INFO] [stdout] 558
[INFO] [stdout] 559
[INFO] [stdout] 560
[INFO] [stdout] 561
[INFO] [stdout] 562
[INFO] [stdout] 563
[INFO] [stdout] 564
[INFO] [stdout] 565
[INFO] [stdout] 566
[INFO] [stdout] 567
[INFO] [stdout] 568
[INFO] [stdout] 569
[INFO] [stdout] 570
[INFO] [stdout] 571
[INFO] [stdout] 572
[INFO] [stdout] 573
[INFO] [stdout] 574
[INFO] [stdout] 575
[INFO] [stdout] 576
[INFO] [stdout] 577
[INFO] [stdout] 578
[INFO] [stdout] 579
[INFO] [stdout] 580
[INFO] [stdout] 581
[INFO] [stdout] 582
[INFO] [stdout] 583
[INFO] [stdout] 584
[INFO] [stdout] 585
[INFO] [stdout] 586
[INFO] [stdout] 587
[INFO] [stdout] 588
[INFO] [stdout] 589
[INFO] [stdout] 590
[INFO] [stdout] 591
[INFO] [stdout] 592
[INFO] [stdout] 593
[INFO] [stdout] 594
[INFO] [stdout] 595
[INFO] [stdout] 596
[INFO] [stdout] 597
[INFO] [stdout] 598
[INFO] [stdout] 599
[INFO] [stdout] 600
[INFO] [stdout] 601
[INFO] [stdout] 602
[INFO] [stdout] 603
[INFO] [stdout] 604
[INFO] [stdout] 605
[INFO] [stdout] 606
[INFO] [stdout] 607
[INFO] [stdout] 608
[INFO] [stdout] 609
[INFO] [stdout] 610
[INFO] [stdout] 611
[INFO] [stdout] 612
[INFO] [stdout] 613
[INFO] [stdout] 614
[INFO] [stdout] 615
[INFO] [stdout] 616
[INFO] [stdout] 617
[INFO] [stdout] 618
[INFO] [stdout] 619
[INFO] [stdout] 620
[INFO] [stdout] 621
[INFO] [stdout] 622
[INFO] [stdout] 623
[INFO] [stdout] 624
[INFO] [stdout] 625
[INFO] [stdout] 626
[INFO] [stdout] 627
[INFO] [stdout] 628
[INFO] [stdout] 629
[INFO] [stdout] 630
[INFO] [stdout] 631
[INFO] [stdout] 632
[INFO] [stdout] 633
[INFO] [stdout] 634
[INFO] [stdout] 635
[INFO] [stdout] 636
[INFO] [stdout] 637
[INFO] [stdout] 638
[INFO] [stdout] 639
[INFO] [stdout] 640
[INFO] [stdout] 641
[INFO] [stdout] 642
[INFO] [stdout] 643
[INFO] [stdout] 644
[INFO] [stdout] 645
[INFO] [stdout] 646
[INFO] [stdout] 647
[INFO] [stdout] 648
[INFO] [stdout] 649
[INFO] [stdout] 650
[INFO] [stdout] 651
[INFO] [stdout] 652
[INFO] [stdout] 653
[INFO] [stdout] 654
[INFO] [stdout] 655
[INFO] [stdout] 656
[INFO] [stdout] 657
[INFO] [stdout] 658
[INFO] [stdout] 659
[INFO] [stdout] 660
[INFO] [stdout] 661
[INFO] [stdout] 662
[INFO] [stdout] 663
[INFO] [stdout] 664
[INFO] [stdout] 665
[INFO] [stdout] 666
[INFO] [stdout] 667
[INFO] [stdout] 668
[INFO] [stdout] 669
[INFO] [stdout] 670
[INFO] [stdout] 671
[INFO] [stdout] 672
[INFO] [stdout] 673
[INFO] [stdout] 674
[INFO] [stdout] 675
[INFO] [stdout] 676
[INFO] [stdout] 677
[INFO] [stdout] 678
[INFO] [stdout] 679
[INFO] [stdout] 680
[INFO] [stdout] 681
[INFO] [stdout] 682
[INFO] [stdout] 683
[INFO] [stdout] 684
[INFO] [stdout] 685
[INFO] [stdout] 686
[INFO] [stdout] 687
[INFO] [stdout] 688
[INFO] [stdout] 689
[INFO] [stdout] 690
[INFO] [stdout] 691
[INFO] [stdout] 692
[INFO] [stdout] 693
[INFO] [stdout] 694
[INFO] [stdout] 695
[INFO] [stdout] 696
[INFO] [stdout] 697
[INFO] [stdout] 698
[INFO] [stdout] 699
[INFO] [stdout] 700
[INFO] [stdout] 701
[INFO] [stdout] 702
[INFO] [stdout] 703
[INFO] [stdout] 704
[INFO] [stdout] 705
[INFO] [stdout] 706
[INFO] [stdout] 707
[INFO] [stdout] 708
[INFO] [stdout] 709
[INFO] [stdout] 710
[INFO] [stdout] 711
[INFO] [stdout] 712
[INFO] [stdout] 713
[INFO] [stdout] 714
[INFO] [stdout] 715
[INFO] [stdout] 716
[INFO] [stdout] 717
[INFO] [stdout] 718
[INFO] [stdout] 719
[INFO] [stdout] 720
[INFO] [stdout] 721
[INFO] [stdout] 722
[INFO] [stdout] 723
[INFO] [stdout] 724
[INFO] [stdout] 725
[INFO] [stdout] 726
[INFO] [stdout] 727
[INFO] [stdout] 728
[INFO] [stdout] 729
[INFO] [stdout] 730
[INFO] [stdout] 731
[INFO] [stdout] 732
[INFO] [stdout] 733
[INFO] [stdout] 734
[INFO] [stdout] 735
[INFO] [stdout] 736
[INFO] [stdout] 737
[INFO] [stdout] 738
[INFO] [stdout] 739
[INFO] [stdout] 740
[INFO] [stdout] 741
[INFO] [stdout] 742
[INFO] [stdout] 743
[INFO] [stdout] 744
[INFO] [stdout] 745
[INFO] [stdout] 746
[INFO] [stdout] 747
[INFO] [stdout] 748
[INFO] [stdout] 749
[INFO] [stdout] 750
[INFO] [stdout] 751
[INFO] [stdout] 752
[INFO] [stdout] 753
[INFO] [stdout] 754
[INFO] [stdout] 755
[INFO] [stdout] 756
[INFO] [stdout] 757
[INFO] [stdout] 758
[INFO] [stdout] 759
[INFO] [stdout] 760
[INFO] [stdout] 761
[INFO] [stdout] 762
[INFO] [stdout] 763
[INFO] [stdout] 764
[INFO] [stdout] 765
[INFO] [stdout] 766
[INFO] [stdout] 767
[INFO] [stdout] 768
[INFO] [stdout] 769
[INFO] [stdout] 770
[INFO] [stdout] 771
[INFO] [stdout] 772
[INFO] [stdout] 773
[INFO] [stdout] 774
[INFO] [stdout] 775
[INFO] [stdout] 776
[INFO] [stdout] 777
[INFO] [stdout] 778
[INFO] [stdout] 779
[INFO] [stdout] 780
[INFO] [stdout] 781
[INFO] [stdout] 782
[INFO] [stdout] 783
[INFO] [stdout] 784
[INFO] [stdout] 785
[INFO] [stdout] 786
[INFO] [stdout] 787
[INFO] [stdout] 788
[INFO] [stdout] 789
[INFO] [stdout] 790
[INFO] [stdout] 791
[INFO] [stdout] 792
[INFO] [stdout] 793
[INFO] [stdout] 794
[INFO] [stdout] 795
[INFO] [stdout] 796
[INFO] [stdout] 797
[INFO] [stdout] 798
[INFO] [stdout] 799
[INFO] [stdout] 800
[INFO] [stdout] 801
[INFO] [stdout] 802
[INFO] [stdout] 803
[INFO] [stdout] 804
[INFO] [stdout] 805
[INFO] [stdout] 806
[INFO] [stdout] 807
[INFO] [stdout] 808
[INFO] [stdout] 809
[INFO] [stdout] 810
[INFO] [stdout] 811
[INFO] [stdout] 812
[INFO] [stdout] 813
[INFO] [stdout] 814
[INFO] [stdout] 815
[INFO] [stdout] 816
[INFO] [stdout] 817
[INFO] [stdout] 818
[INFO] [stdout] 819
[INFO] [stdout] 820
[INFO] [stdout] 821
[INFO] [stdout] 822
[INFO] [stdout] 823
[INFO] [stdout] 824
[INFO] [stdout] 825
[INFO] [stdout] 826
[INFO] [stdout] 827
[INFO] [stdout] 828
[INFO] [stdout] 829
[INFO] [stdout] 830
[INFO] [stdout] 831
[INFO] [stdout] 832
[INFO] [stdout] 833
[INFO] [stdout] 834
[INFO] [stdout] 835
[INFO] [stdout] 836
[INFO] [stdout] 837
[INFO] [stdout] 838
[INFO] [stdout] 839
[INFO] [stdout] 840
[INFO] [stdout] 841
[INFO] [stdout] 842
[INFO] [stdout] 843
[INFO] [stdout] 844
[INFO] [stdout] 845
[INFO] [stdout] 846
[INFO] [stdout] 847
[INFO] [stdout] 848
[INFO] [stdout] 849
[INFO] [stdout] 850
[INFO] [stdout] 851
[INFO] [stdout] 852
[INFO] [stdout] 853
[INFO] [stdout] 854
[INFO] [stdout] 855
[INFO] [stdout] 856
[INFO] [stdout] 857
[INFO] [stdout] 858
[INFO] [stdout] 859
[INFO] [stdout] 860
[INFO] [stdout] 861
[INFO] [stdout] 862
[INFO] [stdout] 863
[INFO] [stdout] 864
[INFO] [stdout] 865
[INFO] [stdout] 866
[INFO] [stdout] 867
[INFO] [stdout] 868
[INFO] [stdout] 869
[INFO] [stdout] 870
[INFO] [stdout] 871
[INFO] [stdout] 872
[INFO] [stdout] 873
[INFO] [stdout] 874
[INFO] [stdout] 875
[INFO] [stdout] 876
[INFO] [stdout] 877
[INFO] [stdout] 878
[INFO] [stdout] 879
[INFO] [stdout] 880
[INFO] [stdout] 881
[INFO] [stdout] 882
[INFO] [stdout] 883
[INFO] [stdout] 884
[INFO] [stdout] 885
[INFO] [stdout] 886
[INFO] [stdout] 887
[INFO] [stdout] 888
[INFO] [stdout] 889
[INFO] [stdout] 890
[INFO] [stdout] 891
[INFO] [stdout] 892
[INFO] [stdout] 893
[INFO] [stdout] 894
[INFO] [stdout] 895
[INFO] [stdout] 896
[INFO] [stdout] 897
[INFO] [stdout] 898
[INFO] [stdout] 899
[INFO] [stdout] 900
[INFO] [stdout] 901
[INFO] [stdout] 902
[INFO] [stdout] 903
[INFO] [stdout] 904
[INFO] [stdout] 905
[INFO] [stdout] 906
[INFO] [stdout] 907
[INFO] [stdout] 908
[INFO] [stdout] 909
[INFO] [stdout] 910
[INFO] [stdout] 911
[INFO] [stdout] 912
[INFO] [stdout] 913
[INFO] [stdout] 914
[INFO] [stdout] 915
[INFO] [stdout] 916
[INFO] [stdout] 917
[INFO] [stdout] 918
[INFO] [stdout] 919
[INFO] [stdout] 920
[INFO] [stdout] 921
[INFO] [stdout] 922
[INFO] [stdout] 923
[INFO] [stdout] 924
[INFO] [stdout] 925
[INFO] [stdout] 926
[INFO] [stdout] 927
[INFO] [stdout] 928
[INFO] [stdout] 929
[INFO] [stdout] 930
[INFO] [stdout] 931
[INFO] [stdout] 932
[INFO] [stdout] 933
[INFO] [stdout] 934
[INFO] [stdout] 935
[INFO] [stdout] 936
[INFO] [stdout] 937
[INFO] [stdout] 938
[INFO] [stdout] 939
[INFO] [stdout] 940
[INFO] [stdout] 941
[INFO] [stdout] 942
[INFO] [stdout] 943
[INFO] [stdout] 944
[INFO] [stdout] 945
[INFO] [stdout] 946
[INFO] [stdout] 947
[INFO] [stdout] 948
[INFO] [stdout] 949
[INFO] [stdout] 950
[INFO] [stdout] 951
[INFO] [stdout] 952
[INFO] [stdout] 953
[INFO] [stdout] 954
[INFO] [stdout] 955
[INFO] [stdout] 956
[INFO] [stdout] 957
[INFO] [stdout] 958
[INFO] [stdout] 959
[INFO] [stdout] 960
[INFO] [stdout] 961
[INFO] [stdout] 962
[INFO] [stdout] 963
[INFO] [stdout] 964
[INFO] [stdout] 965
[INFO] [stdout] 966
[INFO] [stdout] 967
[INFO] [stdout] 968
[INFO] [stdout] 969
[INFO] [stdout] 970
[INFO] [stdout] 971
[INFO] [stdout] 972
[INFO] [stdout] 973
[INFO] [stdout] 974
[INFO] [stdout] 975
[INFO] [stdout] 976
[INFO] [stdout] 977
[INFO] [stdout] 978
[INFO] [stdout] 979
[INFO] [stdout] 980
[INFO] [stdout] 981
[INFO] [stdout] 982
[INFO] [stdout] 983
[INFO] [stdout] 984
[INFO] [stdout] 985
[INFO] [stdout] 986
[INFO] [stdout] 987
[INFO] [stdout] 988
[INFO] [stdout] 989
[INFO] [stdout] 990
[INFO] [stdout] 991
[INFO] [stdout] 992
[INFO] [stdout] 993
[INFO] [stdout] 994
[INFO] [stdout] 995
[INFO] [stdout] 996
[INFO] [stdout] 997
[INFO] [stdout] 998
[INFO] [stdout] 999
[INFO] [stdout] 1000
[INFO] [stdout] test inventory_cache_tests::inventory_cache_failures_do_not_launch_uncoordinated_scan ... ok
[INFO] [stdout] test executor::tests::test_execute_large_output ... ok
[INFO] [stdout] hello
[INFO] [stdout] test executor::tests::test_execute_piped_commands ... ok
[INFO] [stdout] test prepare::tests::test_compute_fingerprint_changes_when_package_json_changes ... ok
[INFO] [stdout] test inventory_cache_tests::inventory_failed_list_is_bounded_and_negatively_cached ... ok
[INFO] [stdout] test prepare::tests::test_compute_fingerprint_includes_bun_lock_text ... ok
[INFO] [stdout] test executor::tests::test_execute_command_with_sleep ... ok
[INFO] [stdout] test prepare::tests::test_compute_fingerprint_includes_package_json ... ok
[INFO] [stdout] test prepare::tests::test_atomic_fingerprint_write_visible_or_absent ... ok
[INFO] [stdout] test prepare::tests::test_detect_package_manager_bun ... ok
[INFO] [stdout] test prepare::tests::test_detect_package_manager_bun_text_lockfile ... ok
[INFO] [stdout] test inventory_cache_tests::inventory_fifo_cache_and_metadata_are_rejected_before_blocking_io ... ok
[INFO] [stdout] test prepare::tests::test_detect_package_manager_npm_default ... ok
[INFO] [stdout] test prepare::tests::test_detect_package_manager_pnpm ... ok
[INFO] [stdout] test prepare::tests::test_dir_size_counts_nested_files ... ok
[INFO] [stdout] test prepare::tests::test_concurrent_prepare_serializes_via_lock ... ok
[INFO] [stdout] test prepare::tests::test_fingerprint_length_prefix_disambiguates ... ok
[INFO] [stdout] test prepare::tests::test_dir_size_reports_zero_for_missing_path ... ok
[INFO] [stdout] test prepare::tests::test_compute_fingerprint_includes_filename_in_hash ... ok
[INFO] [stdout] test prepare::tests::test_detect_package_manager_yarn ... ok
[INFO] [stdout] test prepare::tests::test_install_command_pnpm_uses_frozen_lockfile ... ok
[INFO] [stdout] test prepare::tests::test_install_command_bun_uses_frozen_lockfile ... ok
[INFO] [stdout] test prepare::tests::test_install_command_uses_frozen_lockfile_when_bun_lock_present ... ok
[INFO] [stdout] test prepare::tests::test_install_timeout_default_is_sensible ... ok
[INFO] [stdout] test prepare::tests::test_install_command_npm_uses_ci ... ok
[INFO] [stdout] test prepare::tests::test_install_command_yarn_uses_frozen_lockfile ... ok
[INFO] [stdout] test prepare::tests::test_post_install_recompute_failure_invalidates_cache_but_returns_preinstall_report ... ok
[INFO] [stdout] test prepare::tests::test_post_install_recompute_success_persists_recomputed_fingerprint ... ok
[INFO] [stdout] test prepare::tests::test_prepare_report_serialization_round_trips ... ok
[INFO] [stdout] test prepare::tests::test_prepare_cache_miss_attempts_install ... ok
[INFO] [stdout] test prepare::tests::test_prepare_skipped_for_none_runtime ... ok
[INFO] [stdout] test prepare::tests::test_prepare_cache_hit_returns_skipped ... ok
[INFO] [stdout] test prepare::tests::test_prepare_skipped_for_rust_runtime ... ok
[INFO] [stdout] test prepare::tests::test_prepare_writes_log_dir_if_missing ... ok
[INFO] [stdout] test executor::tests::test_execute_background_command_in_subshell ... ok
[INFO] [stdout] test prepare::tests::test_project_lock_keys_match_for_relative_and_absolute_path ... ok
[INFO] [stdout] test prepare::tests::test_invalidate_cached_fingerprint_removes_file ... ok
[INFO] [stdout] test tests::test_cli_parses_cleanup_default_age ... ok
[INFO] [stdout] test prepare::tests::test_read_write_cached_fingerprint_round_trip ... ok
[INFO] [stdout] test prepare::tests::test_read_cached_fingerprint_returns_none_when_absent ... ok
[INFO] [stdout] test tests::test_cli_parses_execute_with_toolchain ... ok
[INFO] [stdout] test tests::test_cli_parses_health ... ok
[INFO] [stdout] test tests::test_disk_samples_keep_a_small_tmpfs_out_of_build_capacity ... ok
[INFO] [stdout] test tests::test_fuller_disk_sample_prefers_lower_free_ratio ... ok
[INFO] [stdout] test tests::test_fuller_disk_sample_zero_total_never_beats_real_reading ... ok
[INFO] [stdout] test tests::test_parse_df_posix_kb_parses_total_and_available ... ok
[INFO] [stdout] test tests::test_parse_node_version_stdout_strips_v_prefix ... ok
[INFO] [stdout] test tests::test_parse_proc_loadavg_parses_first_three_numbers ... ok
[INFO] [stdout] test tests::test_parse_rustc_version_stdout_extracts_semver ... ok
[INFO] [stdout] test tests::test_parse_uptime_loadavg_parses_comma_format ... ok
[INFO] [stdout] test tests::test_parse_uptime_loadavg_parses_space_format ... ok
[INFO] [stdout] test tests::test_path_with_home_bun_bin_ignores_empty_home ... ok
[INFO] [stdout] test tests::test_path_with_home_bun_bin_prepends_standard_bun_install_dir ... ok
[INFO] [stdout] test tests::test_parse_rustup_component_inventory_normalizes_only_the_exact_host_suffix ... ok
[INFO] [stdout] test tests::test_probe_projects_topology_alias_not_symlink ... ok
[INFO] [stdout] test tests::test_probe_projects_topology_canonical_not_directory ... ok
[INFO] [stdout] test tests::test_probe_projects_topology_healthy_symlink ... ok
[INFO] [stdout] test tests::test_probe_projects_topology_missing_alias ... ok
[INFO] [stdout] test tests::test_probe_projects_topology_missing_canonical_root ... ok
[INFO] [stdout] test tests::test_resolve_tool_binary_accepts_platform_exe_suffix ... ok
[INFO] [stdout] test tests::test_probe_projects_topology_wrong_alias_target ... ok
[INFO] [stdout] test tests::test_resolve_tool_binary_absent_everywhere_is_none ... ok
[INFO] [stdout] test tests::test_resolve_tool_binary_falls_back_to_home_cargo_bin ... ok
[INFO] [stdout] test tests::test_resolve_tool_binary_prefers_path_hit_with_provenance ... ok
[INFO] [stdout] test tests::test_resolve_topology_roots_from_env_falls_back_for_empty_values ... ok
[INFO] [stdout] test tests::test_resolve_topology_roots_from_env_uses_overrides ... ok
[INFO] [stdout] test tests::test_tool_name_candidates_cover_platform_shims ... ok
[INFO] [stdout] test prepare::tests::test_compute_fingerprint_no_manifest_errors ... ok
[INFO] [stdout] test inventory_cache_tests::inventory_process_child ... ok
[INFO] [stdout] test toolchain::tests::test_beta_with_invalid_date_parsed_as_custom ... ok
[INFO] [stdout] test toolchain::tests::test_cache_clear_behavior ... ok
[INFO] [stdout] test toolchain::tests::test_cache_invalidation ... ignored, requires rustup
[INFO] [stdout] test toolchain::tests::test_cache_clear_is_thorough ... ok
[INFO] [stdout] test toolchain::tests::test_cache_independent_of_clear_order ... ok
[INFO] [stdout] test toolchain::tests::test_cache_miss_then_hit ... ignored, requires rustup
[INFO] [stdout] test toolchain::tests::test_cache_population_on_availability_check ... ignored, requires rustup
[INFO] [stdout] test toolchain::tests::test_ensure_toolchain_caches_on_success ... ignored, requires rustup
[INFO] [stdout] test toolchain::tests::test_command_wrapping_for_toolchain ... ok
[INFO] [stdout] test toolchain::tests::test_ensure_toolchain_stable ... ignored, requires rustup
[INFO] [stdout] test toolchain::tests::test_fallback_path_on_toolchain_error ... ok
[INFO] [stdout] test toolchain::tests::test_is_date_format ... ok
[INFO] [stdout] test toolchain::tests::test_cache_operations ... ok
[INFO] [stdout] test toolchain::tests::test_ensure_toolchain_returns_install_failed_error ... ok
[INFO] [stdout] test toolchain::tests::test_ensure_toolchain_returns_rustup_not_available_error ... ok
[INFO] [stdout] test inventory_cache_tests::inventory_changed_during_scan_and_unreadable_metadata_fail_closed ... ok
[INFO] [stdout] test toolchain::tests::test_is_toolchain_available_stable ... ignored, requires rustup
[INFO] [stdout] test toolchain::tests::test_nightly_with_invalid_date_parsed_as_custom ... ok
[INFO] [stdout] test toolchain::tests::test_parse_toolchain_for_ensure_stable ... ok
[INFO] [stdout] test toolchain::tests::test_parse_toolchain_string_beta ... ok
[INFO] [stdout] test toolchain::tests::test_parse_toolchain_string_beta_with_date ... ok
[INFO] [stdout] test toolchain::tests::test_parse_toolchain_string_custom_channel ... ok
[INFO] [stdout] test toolchain::tests::test_parse_toolchain_string_edge_cases ... ok
[INFO] [stdout] test toolchain::tests::test_parse_toolchain_string_nightly ... ok
[INFO] [stdout] test toolchain::tests::test_parse_toolchain_string_nightly_date_with_target ... ok
[INFO] [stdout] test toolchain::tests::test_parse_toolchain_for_ensure_beta_with_date ... ok
[INFO] [stdout] test toolchain::tests::test_parse_toolchain_preserves_full_version ... ok
[INFO] [stdout] test toolchain::tests::test_cache_starts_empty ... ok
[INFO] [stdout] test toolchain::tests::test_parse_toolchain_for_ensure ... ok
[INFO] [stdout] test toolchain::tests::test_parse_toolchain_string_with_target ... ok
[INFO] [stdout] test toolchain::tests::test_parse_toolchain_strips_target_before_ensure ... ok
[INFO] [stdout] test toolchain::tests::test_parse_toolchain_string_stable ... ok
[INFO] [stdout] test toolchain::tests::test_rustup_available_integration ... ignored, requires rustup
[INFO] [stdout] test toolchain::tests::test_parse_toolchain_string_version ... ok
[INFO] [stdout] test toolchain::tests::test_strip_target_triple_linux ... ok
[INFO] [stdout] test toolchain::tests::test_parse_toolchain_string_with_all_targets ... ok
[INFO] [stdout] test toolchain::tests::test_parse_toolchain_string_nightly_with_date ... ok
[INFO] [stdout] test toolchain::tests::test_strip_target_triple_no_triple ... ok
[INFO] [stdout] test toolchain::tests::test_strip_target_triple_aarch64 ... ok
[INFO] [stdout] test toolchain::tests::test_strip_target_triple_macos ... ok
[INFO] [stdout] test tests::declared_tool_probes_are_judged_by_exit_status ... ok
[INFO] [stdout] test toolchain::tests::test_is_date_format_edge_cases ... ok
[INFO] [stdout] test toolchain::tests::test_strip_target_triple_unknown_target ... ok
[INFO] [stdout] test toolchain::tests::test_toolchain_error_debug_format ... ok
[INFO] [stdout] test toolchain::tests::test_toolchain_error_display ... ok
[INFO] [stdout] test toolchain::tests::test_toolchain_error_from_io ... ok
[INFO] [stdout] test toolchain::tests::test_toolchain_info_channel_detection ... ok
[INFO] [stdout] test toolchain::tests::test_toolchain_info_new_constructor ... ok
[INFO] [stdout] test toolchain::tests::test_two_digit_version ... ok
[INFO] [stdout] test toolchain::tests::test_toolchain_error_variants ... ok
[INFO] [stdout] test toolchain::tests::test_version_number_as_channel ... ok
[INFO] [stdout] test toolchain::tests::test_strip_target_triple_windows ... ok
[INFO] [stdout] test toolchain::tests::test_toolchain_info_rustup_toolchain ... ok
[INFO] [stdout] test prepare::tests::test_project_lock_serializes_real_contention ... ok
[INFO] [stdout] test inventory_cache_tests::inventory_output_exhaustion_leaves_unvisited_entries_for_next_process ... ok
[INFO] [stdout] test inventory_cache_tests::inventory_corruption_and_future_timestamp_cannot_reuse_facts ... ok
[INFO] [stdout] test inventory_cache_tests::inventory_linked_toolchain_replacement_invalidates_old_components ... ok
[INFO] [stdout] test inventory_cache_tests::inventory_timeout_reaps_owned_child_and_output_cap_is_shared ... ok
[INFO] [stdout] test inventory_cache_tests::inventory_reuses_and_invalidates_only_changed_toolchain ... ok
[INFO] [stdout] test inventory_cache_tests::inventory_incremental_deadline_prioritizes_unvisited_toolchains ... FAILED
[INFO] [stdout] test inventory_cache_tests::inventory_concurrent_processes_share_one_scanner ... ok
[INFO] [stdout] test cache::tests::test_cleanup_removes_old_caches ... ok
[INFO] [stdout] 
[INFO] [stdout] failures:
[INFO] [stdout] 
[INFO] [stdout] ---- inventory_cache_tests::inventory_incremental_deadline_prioritizes_unvisited_toolchains stdout ----
[INFO] [stdout] 
[INFO] [stdout] thread 'inventory_cache_tests::inventory_incremental_deadline_prioritizes_unvisited_toolchains' (2286) panicked at src/main.rs:1358:9:
[INFO] [stdout] unvisited last toolchain must precede expired first entry: (["tc-a", "tc-b", "tc-c"], [], ["tc-a: inventory pending; shared scan deadline reached", "tc-b: inventory command timed out", "tc-c: inventory command timed out"])
[INFO] [stdout] stack backtrace:
[INFO] [stdout]    0:     0x573c008803a1 - std[617be2ca0a6fd877]::backtrace_rs::backtrace::libunwind::trace
[INFO] [stdout]                                at /rustc/e3feeb59cd1bdd011a2bfcc0747b55125d9b8527/library/std/src/../../backtrace/src/backtrace/libunwind.rs:117:9
[INFO] [stdout]    1:     0x573c008803a1 - std[617be2ca0a6fd877]::backtrace_rs::backtrace::trace_unsynchronized::<std[617be2ca0a6fd877]::sys::backtrace::_print_fmt::{closure#1}>
[INFO] [stdout]                                at /rustc/e3feeb59cd1bdd011a2bfcc0747b55125d9b8527/library/std/src/../../backtrace/src/backtrace/mod.rs:66:14
[INFO] [stdout]    2:     0x573c008803a1 - std[617be2ca0a6fd877]::sys::backtrace::_print_fmt
[INFO] [stdout]                                at /rustc/e3feeb59cd1bdd011a2bfcc0747b55125d9b8527/library/std/src/sys/backtrace.rs:74:9
[INFO] [stdout]    3:     0x573c008803a1 - <<std[617be2ca0a6fd877]::sys::backtrace::BacktraceLock>::print::DisplayBacktrace as core[a373ad73a504971]::fmt::Display>::fmt
[INFO] [stdout]                                at /rustc/e3feeb59cd1bdd011a2bfcc0747b55125d9b8527/library/std/src/sys/backtrace.rs:44:26
[INFO] [stdout]    4:     0x573c00897cda - <core[a373ad73a504971]::fmt::rt::Argument>::fmt
[INFO] [stdout]                                at /rustc/e3feeb59cd1bdd011a2bfcc0747b55125d9b8527/library/core/src/fmt/rt.rs:152:76
[INFO] [stdout]    5:     0x573c00897cda - core[a373ad73a504971]::fmt::write
[INFO] [stdout]    6:     0x573c0088578c - core[a373ad73a504971]::io::write::default_write_fmt::<alloc[2e1b2a31b91974c5]::vec::Vec<u8>>
[INFO] [stdout]                                at /rustc/e3feeb59cd1bdd011a2bfcc0747b55125d9b8527/library/core/src/io/write.rs:402:11
[INFO] [stdout]    7:     0x573c0088578c - <alloc[2e1b2a31b91974c5]::vec::Vec<u8> as core[a373ad73a504971]::io::write::Write>::write_fmt
[INFO] [stdout]                                at /rustc/e3feeb59cd1bdd011a2bfcc0747b55125d9b8527/library/core/src/io/write.rs:335:13
[INFO] [stdout]    8:     0x573c00858006 - <std[617be2ca0a6fd877]::sys::backtrace::BacktraceLock>::print
[INFO] [stdout]                                at /rustc/e3feeb59cd1bdd011a2bfcc0747b55125d9b8527/library/std/src/sys/backtrace.rs:47:9
[INFO] [stdout]    9:     0x573c00858006 - std[617be2ca0a6fd877]::panicking::default_hook::{closure#0}
[INFO] [stdout]                                at /rustc/e3feeb59cd1bdd011a2bfcc0747b55125d9b8527/library/std/src/panicking.rs:289:27
[INFO] [stdout]   10:     0x573c00876cc9 - std[617be2ca0a6fd877]::panicking::default_hook
[INFO] [stdout]                                at /rustc/e3feeb59cd1bdd011a2bfcc0747b55125d9b8527/library/std/src/panicking.rs:313:9
[INFO] [stdout]   11:     0x573c003eee60 - <alloc[2e1b2a31b91974c5]::boxed::Box<dyn for<'a, 'b> core[a373ad73a504971]::ops::function::Fn<(&'a std[617be2ca0a6fd877]::panic::PanicHookInfo<'b>,), Output = ()> + core[a373ad73a504971]::marker::Sync + core[a373ad73a504971]::marker::Send> as core[a373ad73a504971]::ops::function::Fn<(&std[617be2ca0a6fd877]::panic::PanicHookInfo,)>>::call
[INFO] [stdout]                                at /rustc/e3feeb59cd1bdd011a2bfcc0747b55125d9b8527/library/alloc/src/boxed.rs:2328:9
[INFO] [stdout]   12:     0x573c003eee60 - test[aada8e7e76ba119b]::test_main_inner::{closure#0}
[INFO] [stdout]                                at /rustc/e3feeb59cd1bdd011a2bfcc0747b55125d9b8527/library/test/src/lib.rs:137:21
[INFO] [stdout]   13:     0x573c00876ff2 - <alloc[2e1b2a31b91974c5]::boxed::Box<dyn for<'a, 'b> core[a373ad73a504971]::ops::function::Fn<(&'a std[617be2ca0a6fd877]::panic::PanicHookInfo<'b>,), Output = ()> + core[a373ad73a504971]::marker::Sync + core[a373ad73a504971]::marker::Send> as core[a373ad73a504971]::ops::function::Fn<(&std[617be2ca0a6fd877]::panic::PanicHookInfo,)>>::call
[INFO] [stdout]                                at /rustc/e3feeb59cd1bdd011a2bfcc0747b55125d9b8527/library/alloc/src/boxed.rs:2328:9
[INFO] [stdout]   14:     0x573c00876ff2 - std[617be2ca0a6fd877]::panicking::panic_with_hook
[INFO] [stdout]                                at /rustc/e3feeb59cd1bdd011a2bfcc0747b55125d9b8527/library/std/src/panicking.rs:819:13
[INFO] [stdout]   15:     0x573c008580b2 - std[617be2ca0a6fd877]::panicking::panic_handler::{closure#0}
[INFO] [stdout]                                at /rustc/e3feeb59cd1bdd011a2bfcc0747b55125d9b8527/library/std/src/panicking.rs:685:13
[INFO] [stdout]   16:     0x573c008503f9 - std[617be2ca0a6fd877]::sys::backtrace::__rust_end_short_backtrace::<std[617be2ca0a6fd877]::panicking::panic_handler::{closure#0}, !>
[INFO] [stdout]                                at /rustc/e3feeb59cd1bdd011a2bfcc0747b55125d9b8527/library/std/src/sys/backtrace.rs:182:18
[INFO] [stdout]   17:     0x573c0085906d - __rustc[ea4f61d10b84890b]::rust_begin_unwind
[INFO] [stdout]                                at /rustc/e3feeb59cd1bdd011a2bfcc0747b55125d9b8527/library/std/src/panicking.rs:676:5
[INFO] [stdout]   18:     0x573c0089857c - core[a373ad73a504971]::panicking::panic_fmt
[INFO] [stdout]                                at /rustc/e3feeb59cd1bdd011a2bfcc0747b55125d9b8527/library/core/src/panicking.rs:80:14
[INFO] [stdout]   19:     0x573c002f3988 - rch_wkr[4864a504de10d8e]::inventory_cache_tests::inventory_incremental_deadline_prioritizes_unvisited_toolchains::{closure#0}
[INFO] [stdout]                                at /opt/rustwide/workdir/src/main.rs:1358:9
[INFO] [stdout]   20:     0x573c00336a02 - <core[a373ad73a504971]::pin::Pin<&mut dyn core[a373ad73a504971]::future::future::Future<Output = ()>> as core[a373ad73a504971]::future::future::Future>::poll
[INFO] [stdout]                                at /rustc/e3feeb59cd1bdd011a2bfcc0747b55125d9b8527/library/core/src/future/future.rs:133:9
[INFO] [stdout]   21:     0x573c00336a7d - <core[a373ad73a504971]::pin::Pin<&mut core[a373ad73a504971]::pin::Pin<&mut dyn core[a373ad73a504971]::future::future::Future<Output = ()>>> as core[a373ad73a504971]::future::future::Future>::poll
[INFO] [stdout]                                at /rustc/e3feeb59cd1bdd011a2bfcc0747b55125d9b8527/library/core/src/future/future.rs:133:9
[INFO] [stdout]   22:     0x573c002c1a8d - <tokio[7b8408805ef8d4e8]::runtime::scheduler::current_thread::CoreGuard>::block_on::<core[a373ad73a504971]::pin::Pin<&mut core[a373ad73a504971]::pin::Pin<&mut dyn core[a373ad73a504971]::future::future::Future<Output = ()>>>>::{closure#0}::{closure#0}::{closure#0}
[INFO] [stdout]                                at /opt/rustwide/cargo-home/registry/src/index.crates.io-1949cf8c6b5b557f/tokio-1.53.1/src/runtime/scheduler/current_thread/mod.rs:830:70
[INFO] [stdout]   23:     0x573c002c19c5 - tokio[7b8408805ef8d4e8]::task::coop::with_budget::<core[a373ad73a504971]::task::poll::Poll<()>, <tokio[7b8408805ef8d4e8]::runtime::scheduler::current_thread::CoreGuard>::block_on<core[a373ad73a504971]::pin::Pin<&mut core[a373ad73a504971]::pin::Pin<&mut dyn core[a373ad73a504971]::future::future::Future<Output = ()>>>>::{closure#0}::{closure#0}::{closure#0}>
[INFO] [stdout]                                at /opt/rustwide/cargo-home/registry/src/index.crates.io-1949cf8c6b5b557f/tokio-1.53.1/src/task/coop/mod.rs:167:5
[INFO] [stdout]   24:     0x573c002c19c5 - tokio[7b8408805ef8d4e8]::task::coop::budget::<core[a373ad73a504971]::task::poll::Poll<()>, <tokio[7b8408805ef8d4e8]::runtime::scheduler::current_thread::CoreGuard>::block_on<core[a373ad73a504971]::pin::Pin<&mut core[a373ad73a504971]::pin::Pin<&mut dyn core[a373ad73a504971]::future::future::Future<Output = ()>>>>::{closure#0}::{closure#0}::{closure#0}>
[INFO] [stdout]                                at /opt/rustwide/cargo-home/registry/src/index.crates.io-1949cf8c6b5b557f/tokio-1.53.1/src/task/coop/mod.rs:133:5
[INFO] [stdout]   25:     0x573c002c19c5 - <tokio[7b8408805ef8d4e8]::runtime::scheduler::current_thread::CoreGuard>::block_on::<core[a373ad73a504971]::pin::Pin<&mut core[a373ad73a504971]::pin::Pin<&mut dyn core[a373ad73a504971]::future::future::Future<Output = ()>>>>::{closure#0}::{closure#0}
[INFO] [stdout]                                at /opt/rustwide/cargo-home/registry/src/index.crates.io-1949cf8c6b5b557f/tokio-1.53.1/src/runtime/scheduler/current_thread/mod.rs:830:25
[INFO] [stdout]   26:     0x573c002b9c52 - <tokio[7b8408805ef8d4e8]::runtime::scheduler::current_thread::Context>::enter::<core[a373ad73a504971]::task::poll::Poll<()>, <tokio[7b8408805ef8d4e8]::runtime::scheduler::current_thread::CoreGuard>::block_on<core[a373ad73a504971]::pin::Pin<&mut core[a373ad73a504971]::pin::Pin<&mut dyn core[a373ad73a504971]::future::future::Future<Output = ()>>>>::{closure#0}::{closure#0}>
[INFO] [stdout]                                at /opt/rustwide/cargo-home/registry/src/index.crates.io-1949cf8c6b5b557f/tokio-1.53.1/src/runtime/scheduler/current_thread/mod.rs:488:19
[INFO] [stdout]   27:     0x573c002c04cd - <tokio[7b8408805ef8d4e8]::runtime::scheduler::current_thread::CoreGuard>::block_on::<core[a373ad73a504971]::pin::Pin<&mut core[a373ad73a504971]::pin::Pin<&mut dyn core[a373ad73a504971]::future::future::Future<Output = ()>>>>::{closure#0}
[INFO] [stdout]                                at /opt/rustwide/cargo-home/registry/src/index.crates.io-1949cf8c6b5b557f/tokio-1.53.1/src/runtime/scheduler/current_thread/mod.rs:829:44
[INFO] [stdout]   28:     0x573c002bf764 - <tokio[7b8408805ef8d4e8]::runtime::scheduler::current_thread::CoreGuard>::enter::<<tokio[7b8408805ef8d4e8]::runtime::scheduler::current_thread::CoreGuard>::block_on<core[a373ad73a504971]::pin::Pin<&mut core[a373ad73a504971]::pin::Pin<&mut dyn core[a373ad73a504971]::future::future::Future<Output = ()>>>>::{closure#0}, core[a373ad73a504971]::option::Option<()>>::{closure#0}
[INFO] [stdout]                                at /opt/rustwide/cargo-home/registry/src/index.crates.io-1949cf8c6b5b557f/tokio-1.53.1/src/runtime/scheduler/current_thread/mod.rs:906:68
[INFO] [stdout]   29:     0x573c00300cab - <tokio[7b8408805ef8d4e8]::runtime::context::scoped::Scoped<tokio[7b8408805ef8d4e8]::runtime::scheduler::Context>>::set::<<tokio[7b8408805ef8d4e8]::runtime::scheduler::current_thread::CoreGuard>::enter<<tokio[7b8408805ef8d4e8]::runtime::scheduler::current_thread::CoreGuard>::block_on<core[a373ad73a504971]::pin::Pin<&mut core[a373ad73a504971]::pin::Pin<&mut dyn core[a373ad73a504971]::future::future::Future<Output = ()>>>>::{closure#0}, core[a373ad73a504971]::option::Option<()>>::{closure#0}, (alloc[2e1b2a31b91974c5]::boxed::Box<tokio[7b8408805ef8d4e8]::runtime::scheduler::current_thread::Core>, core[a373ad73a504971]::option::Option<()>)>
[INFO] [stdout]                                at /opt/rustwide/cargo-home/registry/src/index.crates.io-1949cf8c6b5b557f/tokio-1.53.1/src/runtime/context/scoped.rs:40:9
[INFO] [stdout]   30:     0x573c002eaa79 - tokio[7b8408805ef8d4e8]::runtime::context::set_scheduler::<(alloc[2e1b2a31b91974c5]::boxed::Box<tokio[7b8408805ef8d4e8]::runtime::scheduler::current_thread::Core>, core[a373ad73a504971]::option::Option<()>), <tokio[7b8408805ef8d4e8]::runtime::scheduler::current_thread::CoreGuard>::enter<<tokio[7b8408805ef8d4e8]::runtime::scheduler::current_thread::CoreGuard>::block_on<core[a373ad73a504971]::pin::Pin<&mut core[a373ad73a504971]::pin::Pin<&mut dyn core[a373ad73a504971]::future::future::Future<Output = ()>>>>::{closure#0}, core[a373ad73a504971]::option::Option<()>>::{closure#0}>::{closure#0}
[INFO] [stdout]                                at /opt/rustwide/cargo-home/registry/src/index.crates.io-1949cf8c6b5b557f/tokio-1.53.1/src/runtime/context.rs:187:38
[INFO] [stdout]   31:     0x573c0033946f - <std[617be2ca0a6fd877]::thread::local::LocalKey<tokio[7b8408805ef8d4e8]::runtime::context::Context>>::try_with::<tokio[7b8408805ef8d4e8]::runtime::context::set_scheduler<(alloc[2e1b2a31b91974c5]::boxed::Box<tokio[7b8408805ef8d4e8]::runtime::scheduler::current_thread::Core>, core[a373ad73a504971]::option::Option<()>), <tokio[7b8408805ef8d4e8]::runtime::scheduler::current_thread::CoreGuard>::enter<<tokio[7b8408805ef8d4e8]::runtime::scheduler::current_thread::CoreGuard>::block_on<core[a373ad73a504971]::pin::Pin<&mut core[a373ad73a504971]::pin::Pin<&mut dyn core[a373ad73a504971]::future::future::Future<Output = ()>>>>::{closure#0}, core[a373ad73a504971]::option::Option<()>>::{closure#0}>::{closure#0}, (alloc[2e1b2a31b91974c5]::boxed::Box<tokio[7b8408805ef8d4e8]::runtime::scheduler::current_thread::Core>, core[a373ad73a504971]::option::Option<()>)>
[INFO] [stdout]                                at /rustc/e3feeb59cd1bdd011a2bfcc0747b55125d9b8527/library/std/src/thread/local.rs:463:12
[INFO] [stdout]   32:     0x573c0033901e - <std[617be2ca0a6fd877]::thread::local::LocalKey<tokio[7b8408805ef8d4e8]::runtime::context::Context>>::with::<tokio[7b8408805ef8d4e8]::runtime::context::set_scheduler<(alloc[2e1b2a31b91974c5]::boxed::Box<tokio[7b8408805ef8d4e8]::runtime::scheduler::current_thread::Core>, core[a373ad73a504971]::option::Option<()>), <tokio[7b8408805ef8d4e8]::runtime::scheduler::current_thread::CoreGuard>::enter<<tokio[7b8408805ef8d4e8]::runtime::scheduler::current_thread::CoreGuard>::block_on<core[a373ad73a504971]::pin::Pin<&mut core[a373ad73a504971]::pin::Pin<&mut dyn core[a373ad73a504971]::future::future::Future<Output = ()>>>>::{closure#0}, core[a373ad73a504971]::option::Option<()>>::{closure#0}>::{closure#0}, (alloc[2e1b2a31b91974c5]::boxed::Box<tokio[7b8408805ef8d4e8]::runtime::scheduler::current_thread::Core>, core[a373ad73a504971]::option::Option<()>)>
[INFO] [stdout]                                at /rustc/e3feeb59cd1bdd011a2bfcc0747b55125d9b8527/library/std/src/thread/local.rs:427:20
[INFO] [stdout]   33:     0x573c002e86ed - tokio[7b8408805ef8d4e8]::runtime::context::set_scheduler::<(alloc[2e1b2a31b91974c5]::boxed::Box<tokio[7b8408805ef8d4e8]::runtime::scheduler::current_thread::Core>, core[a373ad73a504971]::option::Option<()>), <tokio[7b8408805ef8d4e8]::runtime::scheduler::current_thread::CoreGuard>::enter<<tokio[7b8408805ef8d4e8]::runtime::scheduler::current_thread::CoreGuard>::block_on<core[a373ad73a504971]::pin::Pin<&mut core[a373ad73a504971]::pin::Pin<&mut dyn core[a373ad73a504971]::future::future::Future<Output = ()>>>>::{closure#0}, core[a373ad73a504971]::option::Option<()>>::{closure#0}>
[INFO] [stdout]                                at /opt/rustwide/cargo-home/registry/src/index.crates.io-1949cf8c6b5b557f/tokio-1.53.1/src/runtime/context.rs:187:17
[INFO] [stdout]   34:     0x573c002bcae0 - <tokio[7b8408805ef8d4e8]::runtime::scheduler::current_thread::CoreGuard>::enter::<<tokio[7b8408805ef8d4e8]::runtime::scheduler::current_thread::CoreGuard>::block_on<core[a373ad73a504971]::pin::Pin<&mut core[a373ad73a504971]::pin::Pin<&mut dyn core[a373ad73a504971]::future::future::Future<Output = ()>>>>::{closure#0}, core[a373ad73a504971]::option::Option<()>>
[INFO] [stdout]                                at /opt/rustwide/cargo-home/registry/src/index.crates.io-1949cf8c6b5b557f/tokio-1.53.1/src/runtime/scheduler/current_thread/mod.rs:906:27
[INFO] [stdout]   35:     0x573c002bcdd6 - <tokio[7b8408805ef8d4e8]::runtime::scheduler::current_thread::CoreGuard>::block_on::<core[a373ad73a504971]::pin::Pin<&mut core[a373ad73a504971]::pin::Pin<&mut dyn core[a373ad73a504971]::future::future::Future<Output = ()>>>>
[INFO] [stdout]                                at /opt/rustwide/cargo-home/registry/src/index.crates.io-1949cf8c6b5b557f/tokio-1.53.1/src/runtime/scheduler/current_thread/mod.rs:817:24
[INFO] [stdout]   36:     0x573c002bf510 - <tokio[7b8408805ef8d4e8]::runtime::scheduler::current_thread::CurrentThread>::block_on::<core[a373ad73a504971]::pin::Pin<&mut dyn core[a373ad73a504971]::future::future::Future<Output = ()>>>::{closure#0}
[INFO] [stdout]                                at /opt/rustwide/cargo-home/registry/src/index.crates.io-1949cf8c6b5b557f/tokio-1.53.1/src/runtime/scheduler/current_thread/mod.rs:218:33
[INFO] [stdout]   37:     0x573c002be1b8 - tokio[7b8408805ef8d4e8]::runtime::context::runtime::enter_runtime::<<tokio[7b8408805ef8d4e8]::runtime::scheduler::current_thread::CurrentThread>::block_on<core[a373ad73a504971]::pin::Pin<&mut dyn core[a373ad73a504971]::future::future::Future<Output = ()>>>::{closure#0}, ()>
[INFO] [stdout]                                at /opt/rustwide/cargo-home/registry/src/index.crates.io-1949cf8c6b5b557f/tokio-1.53.1/src/runtime/context/runtime.rs:65:16
[INFO] [stdout]   38:     0x573c002b96e4 - <tokio[7b8408805ef8d4e8]::runtime::scheduler::current_thread::CurrentThread>::block_on::<core[a373ad73a504971]::pin::Pin<&mut dyn core[a373ad73a504971]::future::future::Future<Output = ()>>>
[INFO] [stdout]                                at /opt/rustwide/cargo-home/registry/src/index.crates.io-1949cf8c6b5b557f/tokio-1.53.1/src/runtime/scheduler/current_thread/mod.rs:206:9
[INFO] [stdout]   39:     0x573c002d31bf - <tokio[7b8408805ef8d4e8]::runtime::runtime::Runtime>::block_on_inner::<core[a373ad73a504971]::pin::Pin<&mut dyn core[a373ad73a504971]::future::future::Future<Output = ()>>>
[INFO] [stdout]                                at /opt/rustwide/cargo-home/registry/src/index.crates.io-1949cf8c6b5b557f/tokio-1.53.1/src/runtime/runtime.rs:374:52
[INFO] [stdout]   40:     0x573c002d330b - <tokio[7b8408805ef8d4e8]::runtime::runtime::Runtime>::block_on::<core[a373ad73a504971]::pin::Pin<&mut dyn core[a373ad73a504971]::future::future::Future<Output = ()>>>
[INFO] [stdout]                                at /opt/rustwide/cargo-home/registry/src/index.crates.io-1949cf8c6b5b557f/tokio-1.53.1/src/runtime/runtime.rs:343:18
[INFO] [stdout]   41:     0x573c002fbecd - rch_wkr[4864a504de10d8e]::inventory_cache_tests::inventory_incremental_deadline_prioritizes_unvisited_toolchains
[INFO] [stdout]                                at /opt/rustwide/workdir/src/main.rs:1365:10
[INFO] [stdout]   42:     0x573c002eb407 - rch_wkr[4864a504de10d8e]::inventory_cache_tests::inventory_incremental_deadline_prioritizes_unvisited_toolchains::{closure#0}
[INFO] [stdout]                                at /opt/rustwide/workdir/src/main.rs:1346:79
[INFO] [stdout]   43:     0x573c0029f956 - <rch_wkr[4864a504de10d8e]::inventory_cache_tests::inventory_incremental_deadline_prioritizes_unvisited_toolchains::{closure#0} as core[a373ad73a504971]::ops::function::FnOnce<()>>::call_once
[INFO] [stdout]                                at /rustc/e3feeb59cd1bdd011a2bfcc0747b55125d9b8527/library/core/src/ops/function.rs:250:5
[INFO] [stdout]   44:     0x573c003e22ab - <fn() -> core[a373ad73a504971]::result::Result<(), alloc[2e1b2a31b91974c5]::string::String> as core[a373ad73a504971]::ops::function::FnOnce<()>>::call_once
[INFO] [stdout]                                at /rustc/e3feeb59cd1bdd011a2bfcc0747b55125d9b8527/library/core/src/ops/function.rs:250:5
[INFO] [stdout]   45:     0x573c003e22ab - test[aada8e7e76ba119b]::__rust_begin_short_backtrace::<core[a373ad73a504971]::result::Result<(), alloc[2e1b2a31b91974c5]::string::String>, fn() -> core[a373ad73a504971]::result::Result<(), alloc[2e1b2a31b91974c5]::string::String>>
[INFO] [stdout]                                at /rustc/e3feeb59cd1bdd011a2bfcc0747b55125d9b8527/library/test/src/lib.rs:701:18
[INFO] [stdout]   46:     0x573c003ef485 - test[aada8e7e76ba119b]::run_test_in_process::{closure#0}
[INFO] [stdout]                                at /rustc/e3feeb59cd1bdd011a2bfcc0747b55125d9b8527/library/test/src/lib.rs:724:74
[INFO] [stdout]   47:     0x573c003ef485 - <core[a373ad73a504971]::panic::unwind_safe::AssertUnwindSafe<test[aada8e7e76ba119b]::run_test_in_process::{closure#0}> as core[a373ad73a504971]::ops::function::FnOnce<()>>::call_once
[INFO] [stdout]                                at /rustc/e3feeb59cd1bdd011a2bfcc0747b55125d9b8527/library/core/src/panic/unwind_safe.rs:275:9
[INFO] [stdout]   48:     0x573c003ef485 - std[617be2ca0a6fd877]::panicking::catch_unwind::do_call::<core[a373ad73a504971]::panic::unwind_safe::AssertUnwindSafe<test[aada8e7e76ba119b]::run_test_in_process::{closure#0}>, core[a373ad73a504971]::result::Result<(), alloc[2e1b2a31b91974c5]::string::String>>
[INFO] [stdout]                                at /rustc/e3feeb59cd1bdd011a2bfcc0747b55125d9b8527/library/std/src/panicking.rs:573:43
[INFO] [stdout]   49:     0x573c003ef485 - std[617be2ca0a6fd877]::panicking::catch_unwind::<core[a373ad73a504971]::result::Result<(), alloc[2e1b2a31b91974c5]::string::String>, core[a373ad73a504971]::panic::unwind_safe::AssertUnwindSafe<test[aada8e7e76ba119b]::run_test_in_process::{closure#0}>>
[INFO] [stdout]                                at /rustc/e3feeb59cd1bdd011a2bfcc0747b55125d9b8527/library/std/src/panicking.rs:541:19
[INFO] [stdout]   50:     0x573c003ef485 - std[617be2ca0a6fd877]::panic::catch_unwind::<core[a373ad73a504971]::panic::unwind_safe::AssertUnwindSafe<test[aada8e7e76ba119b]::run_test_in_process::{closure#0}>, core[a373ad73a504971]::result::Result<(), alloc[2e1b2a31b91974c5]::string::String>>
[INFO] [stdout]                                at /rustc/e3feeb59cd1bdd011a2bfcc0747b55125d9b8527/library/std/src/panic.rs:359:14
[INFO] [stdout]   51:     0x573c003ef485 - test[aada8e7e76ba119b]::run_test_in_process
[INFO] [stdout]                                at /rustc/e3feeb59cd1bdd011a2bfcc0747b55125d9b8527/library/test/src/lib.rs:724:27
[INFO] [stdout]   52:     0x573c003ef485 - test[aada8e7e76ba119b]::run_test::{closure#0}
[INFO] [stdout]                                at /rustc/e3feeb59cd1bdd011a2bfcc0747b55125d9b8527/library/test/src/lib.rs:645:43
[INFO] [stdout]   53:     0x573c003e8d74 - test[aada8e7e76ba119b]::run_test::{closure#1}
[INFO] [stdout]                                at /rustc/e3feeb59cd1bdd011a2bfcc0747b55125d9b8527/library/test/src/lib.rs:675:41
[INFO] [stdout]   54:     0x573c003e8d74 - std[617be2ca0a6fd877]::sys::backtrace::__rust_begin_short_backtrace::<test[aada8e7e76ba119b]::run_test::{closure#1}, ()>
[INFO] [stdout]                                at /rustc/e3feeb59cd1bdd011a2bfcc0747b55125d9b8527/library/std/src/sys/backtrace.rs:166:18
[INFO] [stdout]   55:     0x573c003f2512 - std[617be2ca0a6fd877]::thread::lifecycle::spawn_unchecked::<test[aada8e7e76ba119b]::run_test::{closure#1}, ()>::{closure#1}::{closure#0}
[INFO] [stdout]                                at /rustc/e3feeb59cd1bdd011a2bfcc0747b55125d9b8527/library/std/src/thread/lifecycle.rs:70:13
[INFO] [stdout]   56:     0x573c003f2512 - <core[a373ad73a504971]::panic::unwind_safe::AssertUnwindSafe<std[617be2ca0a6fd877]::thread::lifecycle::spawn_unchecked<test[aada8e7e76ba119b]::run_test::{closure#1}, ()>::{closure#1}::{closure#0}> as core[a373ad73a504971]::ops::function::FnOnce<()>>::call_once
[INFO] [stdout]                                at /rustc/e3feeb59cd1bdd011a2bfcc0747b55125d9b8527/library/core/src/panic/unwind_safe.rs:275:9
[INFO] [stdout]   57:     0x573c003f2512 - std[617be2ca0a6fd877]::panicking::catch_unwind::do_call::<core[a373ad73a504971]::panic::unwind_safe::AssertUnwindSafe<std[617be2ca0a6fd877]::thread::lifecycle::spawn_unchecked<test[aada8e7e76ba119b]::run_test::{closure#1}, ()>::{closure#1}::{closure#0}>, ()>
[INFO] [stdout]                                at /rustc/e3feeb59cd1bdd011a2bfcc0747b55125d9b8527/library/std/src/panicking.rs:573:43
[INFO] [stdout]   58:     0x573c003f2512 - std[617be2ca0a6fd877]::panicking::catch_unwind::<(), core[a373ad73a504971]::panic::unwind_safe::AssertUnwindSafe<std[617be2ca0a6fd877]::thread::lifecycle::spawn_unchecked<test[aada8e7e76ba119b]::run_test::{closure#1}, ()>::{closure#1}::{closure#0}>>
[INFO] [stdout]                                at /rustc/e3feeb59cd1bdd011a2bfcc0747b55125d9b8527/library/std/src/panicking.rs:541:19
[INFO] [stdout]   59:     0x573c003f2512 - std[617be2ca0a6fd877]::panic::catch_unwind::<core[a373ad73a504971]::panic::unwind_safe::AssertUnwindSafe<std[617be2ca0a6fd877]::thread::lifecycle::spawn_unchecked<test[aada8e7e76ba119b]::run_test::{closure#1}, ()>::{closure#1}::{closure#0}>, ()>
[INFO] [stdout]                                at /rustc/e3feeb59cd1bdd011a2bfcc0747b55125d9b8527/library/std/src/panic.rs:359:14
[INFO] [stdout]   60:     0x573c003f2512 - std[617be2ca0a6fd877]::thread::lifecycle::spawn_unchecked::<test[aada8e7e76ba119b]::run_test::{closure#1}, ()>::{closure#1}
[INFO] [stdout]                                at /rustc/e3feeb59cd1bdd011a2bfcc0747b55125d9b8527/library/std/src/thread/lifecycle.rs:68:26
[INFO] [stdout]   61:     0x573c003f2512 - <std[617be2ca0a6fd877]::thread::lifecycle::spawn_unchecked<test[aada8e7e76ba119b]::run_test::{closure#1}, ()>::{closure#1} as core[a373ad73a504971]::ops::function::FnOnce<()>>::call_once::{shim:vtable#0}
[INFO] [stdout]                                at /rustc/e3feeb59cd1bdd011a2bfcc0747b55125d9b8527/library/core/src/ops/function.rs:250:5
[INFO] [stdout]   62:     0x573c0087f36f - <alloc[2e1b2a31b91974c5]::boxed::Box<dyn core[a373ad73a504971]::ops::function::FnOnce<(), Output = ()> + core[a373ad73a504971]::marker::Send> as core[a373ad73a504971]::ops::function::FnOnce<()>>::call_once
[INFO] [stdout]                                at /rustc/e3feeb59cd1bdd011a2bfcc0747b55125d9b8527/library/alloc/src/boxed.rs:2314:9
[INFO] [stdout]   63:     0x573c0087f36f - <std[617be2ca0a6fd877]::sys::thread::unix::Thread>::new::thread_start
[INFO] [stdout]                                at /rustc/e3feeb59cd1bdd011a2bfcc0747b55125d9b8527/library/std/src/sys/thread/unix.rs:127:17
[INFO] [stdout]   64:     0x70795e84fdfa - <unknown>
[INFO] [stdout]   65:     0x70795e8e33d4 - clone
[INFO] [stdout]   66:                0x0 - <unknown>
[INFO] [stdout] 
[INFO] [stdout] 
[INFO] [stdout] failures:
[INFO] [stdout]     inventory_cache_tests::inventory_incremental_deadline_prioritizes_unvisited_toolchains
[INFO] [stdout] 
[INFO] [stdout] test result: FAILED. 202 passed; 1 failed; 7 ignored; 0 measured; 0 filtered out; finished in 2.01s
[INFO] [stdout] 
[INFO] [stderr] error: test failed, to rerun pass `--bin rch-wkr`
[INFO] running `Command { std: "docker" "inspect" "939be9e2a39a0033336354f43977930134a3b4a1bded2d68ebb28eb7e9e74b8c", kill_on_drop: false }`
[INFO] running `Command { std: "docker" "rm" "-f" "939be9e2a39a0033336354f43977930134a3b4a1bded2d68ebb28eb7e9e74b8c", kill_on_drop: false }`
[INFO] [stdout] 939be9e2a39a0033336354f43977930134a3b4a1bded2d68ebb28eb7e9e74b8c
