[INFO] fetching crate clankerdiff-syntax 0.3.3...
[INFO] testing clankerdiff-syntax-0.3.3 against 1.99.0-beta.8 for beta-1.100-2
[INFO] extracting crate clankerdiff-syntax 0.3.3 into /workspace/builds/worker-5-tc1/source
[INFO] started tweaking crates.io crate clankerdiff-syntax 0.3.3
[INFO] removed 0 missing tests
[INFO] finished tweaking crates.io crate clankerdiff-syntax 0.3.3
[INFO] tweaked toml for crates.io crate clankerdiff-syntax 0.3.3 written to /workspace/builds/worker-5-tc1/source/Cargo.toml
[INFO] validating manifest of crates.io crate clankerdiff-syntax 0.3.3 on toolchain 1.99.0-beta.8
[INFO] running `Command { std: CARGO_HOME="/workspace/cargo-home" RUSTUP_HOME="/workspace/rustup-home" "/workspace/cargo-home/bin/cargo" "+1.99.0-beta.8" "metadata" "--manifest-path" "Cargo.toml" "--no-deps", kill_on_drop: false }`
[INFO] crate crates.io crate clankerdiff-syntax 0.3.3 already has a lockfile, it will not be regenerated
[INFO] running `Command { std: CARGO_HOME="/workspace/cargo-home" RUSTUP_HOME="/workspace/rustup-home" "/workspace/cargo-home/bin/cargo" "+1.99.0-beta.8" "fetch" "--manifest-path" "Cargo.toml", kill_on_drop: false }`
[INFO] [stderr]     Updating crates.io index
[INFO] [stderr]  Downloading crates ...
[INFO] [stderr]   Downloaded serde_json v1.0.151
[INFO] [stderr]   Downloaded tree-sitter-language v0.1.8
[INFO] [stderr]   Downloaded streaming-iterator v0.1.9
[INFO] [stderr]   Downloaded zmij v1.0.23
[INFO] [stderr]   Downloaded shlex v2.0.1
[INFO] [stderr]   Downloaded thiserror v2.0.21
[INFO] [stderr]   Downloaded thiserror-impl v2.0.21
[INFO] [stderr]   Downloaded clankerdiff-fingerprint v0.3.3
[INFO] [stderr]   Downloaded proc-macro-crate v3.5.0
[INFO] [stderr]   Downloaded cpufeatures v0.3.1
[INFO] [stderr]   Downloaded clankerdiff-theme v0.3.3
[INFO] [stderr]   Downloaded arborium-sysroot v2.18.2
[INFO] [stderr]   Downloaded arborium-ini v2.18.2
[INFO] [stderr]   Downloaded bit-vec v0.10.1
[INFO] [stderr]   Downloaded rand_xoshiro v0.7.0
[INFO] [stderr]   Downloaded archery v1.2.3
[INFO] [stderr]   Downloaded constant_time_eq v0.4.2
[INFO] [stderr]   Downloaded cfg_aliases v0.2.2
[INFO] [stderr]   Downloaded toml_datetime v1.1.1+spec-1.1.0
[INFO] [stderr]   Downloaded arborium-jsdoc v2.18.2
[INFO] [stderr]   Downloaded arborium-json v2.18.2
[INFO] [stderr]   Downloaded cfg-if v1.0.5
[INFO] [stderr]   Downloaded bit-set v0.11.1
[INFO] [stderr]   Downloaded borsh-derive v1.8.1
[INFO] [stderr]   Downloaded arborium-html v2.18.2
[INFO] [stderr]   Downloaded arborium-ninja v2.18.2
[INFO] [stderr]   Downloaded quote v1.0.47
[INFO] [stderr]   Downloaded itoa v1.0.18
[INFO] [stderr]   Downloaded foldhash v0.2.0
[INFO] [stderr]   Downloaded find-msvc-tools v0.1.14
[INFO] [stderr]   Downloaded lru v0.18.5
[INFO] [stderr]   Downloaded arrayvec v0.7.8
[INFO] [stderr]   Downloaded arborium-theme v2.18.2
[INFO] [stderr]   Downloaded toml_parser v1.1.3+spec-1.1.0
[INFO] [stderr]   Downloaded dlmalloc v0.2.14
[INFO] [stderr]   Downloaded arborium-x86asm v2.18.2
[INFO] [stderr]   Downloaded arborium-vue v2.18.2
[INFO] [stderr]   Downloaded arborium-toml v2.18.2
[INFO] [stderr]   Downloaded arborium-scheme v2.18.2
[INFO] [stderr]   Downloaded arborium-proto v2.18.2
[INFO] [stderr]   Downloaded arborium-meson v2.18.2
[INFO] [stderr]   Downloaded arborium-lua v2.18.2
[INFO] [stderr]   Downloaded arborium-just v2.18.2
[INFO] [stderr]   Downloaded arborium-hcl v2.18.2
[INFO] [stderr]   Downloaded serde_core v1.0.229
[INFO] [stderr]   Downloaded proc-macro2 v1.0.107
[INFO] [stderr]   Downloaded bytemuck v1.25.2
[INFO] [stderr]   Downloaded imbl-sized-chunks v0.2.0
[INFO] [stderr]   Downloaded ast-grep-core v0.45.3
[INFO] [stderr]   Downloaded toml_edit v0.25.15+spec-1.1.0
[INFO] [stderr]   Downloaded arborium-zsh v2.18.2
[INFO] [stderr]   Downloaded arborium-xml v2.18.2
[INFO] [stderr]   Downloaded arborium-css v2.18.2
[INFO] [stderr]   Downloaded arborium-svelte v2.18.2
[INFO] [stderr]   Downloaded arborium-starlark v2.18.2
[INFO] [stderr]   Downloaded arborium-nix v2.18.2
[INFO] [stderr]   Downloaded arborium-diff v2.18.2
[INFO] [stderr]   Downloaded serde_derive v1.0.229
[INFO] [stderr]   Downloaded unicode-ident v1.0.26
[INFO] [stderr]   Downloaded borsh v1.8.1
[INFO] [stderr]   Downloaded bytes v1.12.1
[INFO] [stderr]   Downloaded arborium-scss v2.18.2
[INFO] [stderr]   Downloaded arborium-rego v2.18.2
[INFO] [stderr]   Downloaded arborium-make v2.18.2
[INFO] [stderr]   Downloaded safe_arch v0.7.4
[INFO] [stderr]   Downloaded arborium-asm v2.18.2
[INFO] [stderr]   Downloaded wide v0.7.33
[INFO] [stderr]   Downloaded arborium-graphql v2.18.2
[INFO] [stderr]   Downloaded arborium-batch v2.18.2
[INFO] [stderr]   Downloaded serde v1.0.229
[INFO] [stderr]   Downloaded memchr v2.8.3
[INFO] [stderr]   Downloaded arborium-yaml v2.18.2
[INFO] [stderr]   Downloaded arborium-go v2.18.2
[INFO] [stderr]   Downloaded arborium-fish v2.18.2
[INFO] [stderr]   Downloaded arborium-dockerfile v2.18.2
[INFO] [stderr]   Downloaded arborium-cmake v2.18.2
[INFO] [stderr]   Downloaded arborium-clojure v2.18.2
[INFO] [stderr]   Downloaded aho-corasick v1.1.5
[INFO] [stderr]   Downloaded cc v1.5.1
[INFO] [stderr]   Downloaded indexmap v2.14.2
[INFO] [stderr]   Downloaded regex v1.13.1
[INFO] [stderr]   Downloaded imbl v7.0.2
[INFO] [stderr]   Downloaded arborium-javascript v2.18.2
[INFO] [stderr]   Downloaded tree-sitter v0.27.0
[INFO] [stderr]   Downloaded hashbrown v0.17.1
[INFO] [stderr]   Downloaded arborium-markdown v2.18.2
[INFO] [stderr]   Downloaded arborium-java v2.18.2
[INFO] [stderr]   Downloaded arborium-python v2.18.2
[INFO] [stderr]   Downloaded winnow v1.0.4
[INFO] [stderr]   Downloaded arborium-solidity v2.18.2
[INFO] [stderr]   Downloaded blake3 v1.8.7
[INFO] [stderr]   Downloaded arborium-r v2.18.2
[INFO] [stderr]   Downloaded arborium-erlang v2.18.2
[INFO] [stderr]   Downloaded arborium-c v2.18.2
[INFO] [stderr]   Downloaded arborium-powershell v2.18.2
[INFO] [stderr]   Downloaded arborium-zig v2.18.2
[INFO] [stderr]   Downloaded arborium-commonlisp v2.18.2
[INFO] [stderr]   Downloaded syn v3.0.6
[INFO] [stderr]   Downloaded arborium-php v2.18.2
[INFO] [stderr]   Downloaded regex-syntax v0.8.11
[INFO] [stderr]   Downloaded arborium-dart v2.18.2
[INFO] [stderr]   Downloaded arborium-typescript v2.18.2
[INFO] [stderr]   Downloaded arborium-tsx v2.18.2
[INFO] [stderr]   Downloaded arborium-ruby v2.18.2
[INFO] [stderr]   Downloaded arborium-bash v2.18.2
[INFO] [stderr]   Downloaded arborium-elixir v2.18.2
[INFO] [stderr]   Downloaded arborium-rust v2.18.2
[INFO] [stderr]   Downloaded regex-automata v0.4.18
[INFO] [stderr]   Downloaded arborium-ocaml v2.18.2
[INFO] [stderr]   Downloaded libc v0.2.189
[INFO] [stderr]   Downloaded arborium-haskell v2.18.2
[INFO] [stderr]   Downloaded arborium-perl v2.18.2
[INFO] [stderr]   Downloaded arborium-swift v2.18.2
[INFO] [stderr]   Downloaded arborium-scala v2.18.2
[INFO] [stderr]   Downloaded arborium-cpp v2.18.2
[INFO] [stderr]   Downloaded arborium-c-sharp v2.18.2
[INFO] [stderr]   Downloaded arborium-objc v2.18.2
[INFO] [stderr]   Downloaded arborium-kotlin v2.18.2
[INFO] [stderr]   Downloaded arborium-sql v2.18.2
[INFO] running `Command { std: "docker" "create" "-v" "/var/lib/crater-agent-workspace/builds/worker-5-tc1/source:/opt/rustwide/workdir:ro,Z" "-v" "/var/lib/crater-agent-workspace/builds/worker-5-tc1/target:/opt/rustwide/target:rw,Z" "-v" "/var/lib/crater-agent-workspace/cargo-home:/opt/rustwide/cargo-home:ro,Z" "-v" "/var/lib/crater-agent-workspace/rustup-home:/opt/rustwide/rustup-home:ro,Z" "-m" "1610612736" "--network" "none" "ghcr.io/rust-lang/crates-build-env/linux@sha256:3111399a4047eeb3a02b7a90e478d715f38a8c6669b5c4b49d30a17385265909" "sleep" "infinity", kill_on_drop: false }`
[INFO] [stdout] ea5f614ccc516b0e6def6877625c5ab328601095d7fb8e3d8e26a8237e73607f
[INFO] running `Command { std: "docker" "start" "ea5f614ccc516b0e6def6877625c5ab328601095d7fb8e3d8e26a8237e73607f", kill_on_drop: false }`
[INFO] running `Command { std: "docker" "inspect" "ea5f614ccc516b0e6def6877625c5ab328601095d7fb8e3d8e26a8237e73607f", kill_on_drop: false }`
[INFO] running `Command { std: "docker" "exec" "-e" "SOURCE_DIR=/opt/rustwide/workdir" "-e" "CARGO_HOME=/opt/rustwide/cargo-home" "-e" "RUSTUP_HOME=/opt/rustwide/rustup-home" "-e" "CARGO_TARGET_DIR=/opt/rustwide/target" "-w" "/opt/rustwide/workdir" "--user" "0:0" "ea5f614ccc516b0e6def6877625c5ab328601095d7fb8e3d8e26a8237e73607f" "/opt/rustwide/cargo-home/bin/cargo" "+1.99.0-beta.8" "metadata" "--no-deps" "--format-version=1", kill_on_drop: false }`
[INFO] running `Command { std: "docker" "inspect" "ea5f614ccc516b0e6def6877625c5ab328601095d7fb8e3d8e26a8237e73607f", kill_on_drop: false }`
[INFO] running `Command { std: "docker" "exec" "-e" "SOURCE_DIR=/opt/rustwide/workdir" "-e" "CARGO_HOME=/opt/rustwide/cargo-home" "-e" "RUSTUP_HOME=/opt/rustwide/rustup-home" "-e" "CARGO_TARGET_DIR=/opt/rustwide/target" "-e" "CARGO_INCREMENTAL=0" "-e" "RUST_BACKTRACE=full" "-e" "RUSTFLAGS=--cap-lints=warn" "-e" "RUSTDOCFLAGS=--cap-lints=warn" "-w" "/opt/rustwide/workdir" "--user" "0:0" "ea5f614ccc516b0e6def6877625c5ab328601095d7fb8e3d8e26a8237e73607f" "/opt/rustwide/cargo-home/bin/cargo" "+1.99.0-beta.8" "build" "--frozen" "--message-format=json", kill_on_drop: false }`
[INFO] [stderr]    Compiling find-msvc-tools v0.1.14
[INFO] [stderr]    Compiling shlex v2.0.1
[INFO] [stderr]    Compiling tree-sitter-language v0.1.8
[INFO] [stderr]    Compiling proc-macro2 v1.0.107
[INFO] [stderr]    Compiling memchr v2.8.3
[INFO] [stderr]    Compiling unicode-ident v1.0.26
[INFO] [stderr]    Compiling quote v1.0.47
[INFO] [stderr]    Compiling zmij v1.0.23
[INFO] [stderr]    Compiling itoa v1.0.18
[INFO] [stderr]    Compiling serde_core v1.0.229
[INFO] [stderr]    Compiling equivalent v1.0.2
[INFO] [stderr]    Compiling hashbrown v0.17.1
[INFO] [stderr]    Compiling serde_json v1.0.151
[INFO] [stderr]    Compiling thiserror v2.0.21
[INFO] [stderr]    Compiling serde v1.0.229
[INFO] [stderr]    Compiling arrayvec v0.7.8
[INFO] [stderr]    Compiling cpufeatures v0.3.1
[INFO] [stderr]    Compiling cc v1.5.1
[INFO] [stderr]    Compiling constant_time_eq v0.4.2
[INFO] [stderr]    Compiling cfg-if v1.0.5
[INFO] [stderr]    Compiling regex-syntax v0.8.11
[INFO] [stderr]    Compiling bytemuck v1.25.2
[INFO] [stderr]    Compiling rand_core v0.9.5
[INFO] [stderr]    Compiling foldhash v0.2.0
[INFO] [stderr]    Compiling imbl-sized-chunks v0.2.0
[INFO] [stderr]    Compiling safe_arch v0.7.4
[INFO] [stderr]    Compiling arborium-theme v2.18.2
[INFO] [stderr]    Compiling streaming-iterator v0.1.9
[INFO] [stderr]    Compiling archery v1.2.3
[INFO] [stderr]    Compiling rand_xoshiro v0.7.0
[INFO] [stderr]    Compiling wide v0.7.33
[INFO] [stderr]    Compiling lru v0.18.5
[INFO] [stderr]    Compiling aho-corasick v1.1.5
[INFO] [stderr]    Compiling indexmap v2.14.2
[INFO] [stderr]    Compiling syn v3.0.6
[INFO] [stderr]    Compiling arborium-jsdoc v2.18.2
[INFO] [stderr]    Compiling arborium-javascript v2.18.2
[INFO] [stderr]    Compiling arborium-css v2.18.2
[INFO] [stderr]    Compiling arborium-html v2.18.2
[INFO] [stderr]    Compiling arborium-c v2.18.2
[INFO] [stderr]    Compiling blake3 v1.8.7
[INFO] [stderr]    Compiling arborium-scss v2.18.2
[INFO] [stderr]    Compiling arborium-typescript v2.18.2
[INFO] [stderr]    Compiling arborium-toml v2.18.2
[INFO] [stderr]    Compiling arborium-yaml v2.18.2
[INFO] [stderr]    Compiling arborium-batch v2.18.2
[INFO] [stderr]    Compiling arborium-python v2.18.2
[INFO] [stderr]    Compiling arborium-just v2.18.2
[INFO] [stderr]    Compiling arborium-erlang v2.18.2
[INFO] [stderr]    Compiling arborium-hcl v2.18.2
[INFO] [stderr]    Compiling arborium-markdown v2.18.2
[INFO] [stderr]    Compiling regex-automata v0.4.18
[INFO] [stderr]    Compiling arborium-starlark v2.18.2
[INFO] [stderr]    Compiling arborium-asm v2.18.2
[INFO] [stderr]    Compiling arborium-solidity v2.18.2
[INFO] [stderr]    Compiling arborium-vue v2.18.2
[INFO] [stderr]    Compiling arborium-rust v2.18.2
[INFO] [stderr]    Compiling arborium-commonlisp v2.18.2
[INFO] [stderr]    Compiling arborium-php v2.18.2
[INFO] [stderr]    Compiling arborium-ini v2.18.2
[INFO] [stderr]    Compiling arborium-ninja v2.18.2
[INFO] [stderr]    Compiling arborium-xml v2.18.2
[INFO] [stderr]    Compiling arborium-swift v2.18.2
[INFO] [stderr]    Compiling arborium-diff v2.18.2
[INFO] [stderr]    Compiling arborium-rego v2.18.2
[INFO] [stderr]    Compiling arborium-r v2.18.2
[INFO] [stderr]    Compiling arborium-kotlin v2.18.2
[INFO] [stderr]    Compiling arborium-c-sharp v2.18.2
[INFO] [stderr]    Compiling arborium-fish v2.18.2
[INFO] [stderr]    Compiling arborium-cpp v2.18.2
[INFO] [stderr]    Compiling arborium-zig v2.18.2
[INFO] [stderr]    Compiling arborium-graphql v2.18.2
[INFO] [stderr]    Compiling arborium-scala v2.18.2
[INFO] [stderr]    Compiling arborium-powershell v2.18.2
[INFO] [stderr]    Compiling arborium-java v2.18.2
[INFO] [stderr]    Compiling arborium-nix v2.18.2
[INFO] [stderr]    Compiling arborium-objc v2.18.2
[INFO] [stderr]    Compiling arborium-dockerfile v2.18.2
[INFO] [stderr]    Compiling arborium-lua v2.18.2
[INFO] [stderr]    Compiling arborium-sql v2.18.2
[INFO] [stderr]    Compiling arborium-clojure v2.18.2
[INFO] [stderr]    Compiling arborium-go v2.18.2
[INFO] [stderr]    Compiling arborium-bash v2.18.2
[INFO] [stderr]    Compiling arborium-x86asm v2.18.2
[INFO] [stderr]    Compiling arborium-scheme v2.18.2
[INFO] [stderr]    Compiling arborium-proto v2.18.2
[INFO] [stderr]    Compiling arborium-json v2.18.2
[INFO] [stderr]    Compiling arborium-ruby v2.18.2
[INFO] [stderr]    Compiling arborium-elixir v2.18.2
[INFO] [stderr]    Compiling arborium-svelte v2.18.2
[INFO] [stderr]    Compiling arborium-haskell v2.18.2
[INFO] [stderr]    Compiling arborium-make v2.18.2
[INFO] [stderr]    Compiling arborium-zsh v2.18.2
[INFO] [stderr]    Compiling arborium-cmake v2.18.2
[INFO] [stderr]    Compiling arborium-perl v2.18.2
[INFO] [stderr]    Compiling arborium-meson v2.18.2
[INFO] [stderr]    Compiling arborium-ocaml v2.18.2
[INFO] [stderr]    Compiling arborium-dart v2.18.2
[INFO] [stderr]    Compiling arborium-tsx v2.18.2
[INFO] [stderr]    Compiling tree-sitter v0.27.0
[INFO] [stderr]    Compiling serde_derive v1.0.229
[INFO] [stderr]    Compiling thiserror-impl v2.0.21
[INFO] [stderr]    Compiling regex v1.13.1
[INFO] [stderr]    Compiling clankerdiff-fingerprint v0.3.3
[INFO] [stderr] warning: arborium-sql@2.18.2: cc: fatal error: Killed signal terminated program cc1
[INFO] [stderr] warning: arborium-sql@2.18.2: compilation terminated.
[INFO] [stderr] error: failed to run custom build command for `arborium-sql v2.18.2`
[INFO] [stderr] note: To improve backtraces for build dependencies, set the CARGO_PROFILE_DEV_BUILD_OVERRIDE_DEBUG=true environment variable to enable debug information generation.
[INFO] [stderr] 
[INFO] [stderr] Caused by:
[INFO] [stderr]   process didn't exit successfully: `/opt/rustwide/target/debug/build/arborium-sql-7540fc0dcc2ce265/build-script-build` (exit status: 1)
[INFO] [stderr]   --- stdout
[INFO] [stderr]   cargo:rerun-if-changed=/opt/rustwide/cargo-home/registry/src/index.crates.io-1949cf8c6b5b557f/arborium-sql-2.18.2/grammar/src/parser.c
[INFO] [stderr]   cargo:rerun-if-changed=/opt/rustwide/cargo-home/registry/src/index.crates.io-1949cf8c6b5b557f/arborium-sql-2.18.2/grammar/scanner.c
[INFO] [stderr]   cargo:rerun-if-env-changed=CC_FORCE_DISABLE
[INFO] [stderr]   CC_FORCE_DISABLE = None
[INFO] [stderr]   cargo:rerun-if-env-changed=CC_x86_64-unknown-linux-gnu
[INFO] [stderr]   CC_x86_64-unknown-linux-gnu = None
[INFO] [stderr]   cargo:rerun-if-env-changed=CC_x86_64_unknown_linux_gnu
[INFO] [stderr]   CC_x86_64_unknown_linux_gnu = None
[INFO] [stderr]   cargo:rerun-if-env-changed=HOST_CC
[INFO] [stderr]   HOST_CC = None
[INFO] [stderr]   cargo:rerun-if-env-changed=CC
[INFO] [stderr]   CC = None
[INFO] [stderr]   cargo:rerun-if-env-changed=CC_ENABLE_DEBUG_OUTPUT
[INFO] [stderr]   cargo:rerun-if-env-changed=CRATE_CC_NO_DEFAULTS
[INFO] [stderr]   CRATE_CC_NO_DEFAULTS = None
[INFO] [stderr]   cargo:rerun-if-env-changed=CRATE_CC_NO_DEFAULTS
[INFO] [stderr]   CRATE_CC_NO_DEFAULTS = None
[INFO] [stderr]   cargo:rerun-if-env-changed=CFLAGS
[INFO] [stderr]   CFLAGS = None
[INFO] [stderr]   cargo:rerun-if-env-changed=HOST_CFLAGS
[INFO] [stderr]   HOST_CFLAGS = None
[INFO] [stderr]   cargo:rerun-if-env-changed=CFLAGS_x86_64_unknown_linux_gnu
[INFO] [stderr]   CFLAGS_x86_64_unknown_linux_gnu = None
[INFO] [stderr]   cargo:rerun-if-env-changed=CFLAGS_x86_64-unknown-linux-gnu
[INFO] [stderr]   CFLAGS_x86_64-unknown-linux-gnu = None
[INFO] [stderr]   cargo:rerun-if-env-changed=CFLAGS
[INFO] [stderr]   CFLAGS = None
[INFO] [stderr]   cargo:rerun-if-env-changed=HOST_CFLAGS
[INFO] [stderr]   HOST_CFLAGS = None
[INFO] [stderr]   cargo:rerun-if-env-changed=CFLAGS_x86_64_unknown_linux_gnu
[INFO] [stderr]   CFLAGS_x86_64_unknown_linux_gnu = None
[INFO] [stderr]   cargo:rerun-if-env-changed=CFLAGS_x86_64-unknown-linux-gnu
[INFO] [stderr]   CFLAGS_x86_64-unknown-linux-gnu = None
[INFO] [stderr]   cargo:rerun-if-env-changed=CRATE_CC_NO_DEFAULTS
[INFO] [stderr]   CRATE_CC_NO_DEFAULTS = None
[INFO] [stderr]   cargo:rerun-if-env-changed=CFLAGS
[INFO] [stderr]   CFLAGS = None
[INFO] [stderr]   cargo:rerun-if-env-changed=HOST_CFLAGS
[INFO] [stderr]   HOST_CFLAGS = None
[INFO] [stderr]   cargo:rerun-if-env-changed=CFLAGS_x86_64_unknown_linux_gnu
[INFO] [stderr]   CFLAGS_x86_64_unknown_linux_gnu = None
[INFO] [stderr]   cargo:rerun-if-env-changed=CFLAGS_x86_64-unknown-linux-gnu
[INFO] [stderr]   CFLAGS_x86_64-unknown-linux-gnu = None
[INFO] [stderr]   cargo:rerun-if-env-changed=CRATE_CC_NO_DEFAULTS
[INFO] [stderr]   CRATE_CC_NO_DEFAULTS = None
[INFO] [stderr]   cargo:rerun-if-env-changed=CFLAGS
[INFO] [stderr]   CFLAGS = None
[INFO] [stderr]   cargo:rerun-if-env-changed=HOST_CFLAGS
[INFO] [stderr]   HOST_CFLAGS = None
[INFO] [stderr]   cargo:rerun-if-env-changed=CFLAGS_x86_64_unknown_linux_gnu
[INFO] [stderr]   CFLAGS_x86_64_unknown_linux_gnu = None
[INFO] [stderr]   cargo:rerun-if-env-changed=CFLAGS_x86_64-unknown-linux-gnu
[INFO] [stderr]   CFLAGS_x86_64-unknown-linux-gnu = None
[INFO] [stderr]   cargo:rerun-if-env-changed=CRATE_CC_NO_DEFAULTS
[INFO] [stderr]   CRATE_CC_NO_DEFAULTS = None
[INFO] [stderr]   cargo:rerun-if-env-changed=CFLAGS
[INFO] [stderr]   CFLAGS = None
[INFO] [stderr]   cargo:rerun-if-env-changed=HOST_CFLAGS
[INFO] [stderr]   HOST_CFLAGS = None
[INFO] [stderr]   cargo:rerun-if-env-changed=CFLAGS_x86_64_unknown_linux_gnu
[INFO] [stderr]   CFLAGS_x86_64_unknown_linux_gnu = None
[INFO] [stderr]   cargo:rerun-if-env-changed=CFLAGS_x86_64-unknown-linux-gnu
[INFO] [stderr]   CFLAGS_x86_64-unknown-linux-gnu = None
[INFO] [stderr]   cargo:warning=cc: fatal error: Killed signal terminated program cc1
[INFO] [stderr]   cargo:warning=compilation terminated.
[INFO] [stderr] 
[INFO] [stderr]   --- stderr
[INFO] [stderr] 
[INFO] [stderr] 
[INFO] [stderr]   error occurred in cc-rs: command did not execute successfully (status code exit status: 1): LC_ALL="C" "cc" "-Os" "-ffunction-sections" "-fdata-sections" "-fPIC" "-g" "-gdwarf-4" "-fno-omit-frame-pointer" "-mno-omit-leaf-frame-pointer" "-m64" "-I" "/opt/rustwide/cargo-home/registry/src/index.crates.io-1949cf8c6b5b557f/arborium-sql-2.18.2/grammar/src" "-I" "/opt/rustwide/cargo-home/registry/src/index.crates.io-1949cf8c6b5b557f/arborium-sql-2.18.2/grammar" "-I" "/opt/rustwide/cargo-home/registry/src/index.crates.io-1949cf8c6b5b557f/arborium-sql-2.18.2/grammar/src/tree_sitter" "-w" "-Wno-unused-parameter" "-Wno-unused-but-set-variable" "-Wno-trigraphs" "-o" "/opt/rustwide/target/debug/build/arborium-sql-f812f1f46e09af7e/out/fc2ccab8182abc6a-parser.o" "-c" "/opt/rustwide/cargo-home/registry/src/index.crates.io-1949cf8c6b5b557f/arborium-sql-2.18.2/grammar/src/parser.c"
[INFO] [stderr] 
[INFO] [stderr] 
[INFO] [stderr] warning: build failed, waiting for other jobs to finish...
[INFO] [stderr] warning: arborium-scala@2.18.2: cc: fatal error: Killed signal terminated program cc1
[INFO] [stderr] warning: arborium-scala@2.18.2: compilation terminated.
[INFO] [stderr] error: failed to run custom build command for `arborium-scala v2.18.2`
[INFO] [stderr] note: To improve backtraces for build dependencies, set the CARGO_PROFILE_DEV_BUILD_OVERRIDE_DEBUG=true environment variable to enable debug information generation.
[INFO] [stderr] 
[INFO] [stderr] Caused by:
[INFO] [stderr]   process didn't exit successfully: `/opt/rustwide/target/debug/build/arborium-scala-87e98349b9eb03de/build-script-build` (exit status: 1)
[INFO] [stderr]   --- stdout
[INFO] [stderr]   cargo:rerun-if-changed=/opt/rustwide/cargo-home/registry/src/index.crates.io-1949cf8c6b5b557f/arborium-scala-2.18.2/grammar/src/parser.c
[INFO] [stderr]   cargo:rerun-if-changed=/opt/rustwide/cargo-home/registry/src/index.crates.io-1949cf8c6b5b557f/arborium-scala-2.18.2/grammar/scanner.c
[INFO] [stderr]   cargo:rerun-if-env-changed=CC_FORCE_DISABLE
[INFO] [stderr]   CC_FORCE_DISABLE = None
[INFO] [stderr]   cargo:rerun-if-env-changed=CC_x86_64-unknown-linux-gnu
[INFO] [stderr]   CC_x86_64-unknown-linux-gnu = None
[INFO] [stderr]   cargo:rerun-if-env-changed=CC_x86_64_unknown_linux_gnu
[INFO] [stderr]   CC_x86_64_unknown_linux_gnu = None
[INFO] [stderr]   cargo:rerun-if-env-changed=HOST_CC
[INFO] [stderr]   HOST_CC = None
[INFO] [stderr]   cargo:rerun-if-env-changed=CC
[INFO] [stderr]   CC = None
[INFO] [stderr]   cargo:rerun-if-env-changed=CC_ENABLE_DEBUG_OUTPUT
[INFO] [stderr]   cargo:rerun-if-env-changed=CRATE_CC_NO_DEFAULTS
[INFO] [stderr]   CRATE_CC_NO_DEFAULTS = None
[INFO] [stderr]   cargo:rerun-if-env-changed=CRATE_CC_NO_DEFAULTS
[INFO] [stderr]   CRATE_CC_NO_DEFAULTS = None
[INFO] [stderr]   cargo:rerun-if-env-changed=CFLAGS
[INFO] [stderr]   CFLAGS = None
[INFO] [stderr]   cargo:rerun-if-env-changed=HOST_CFLAGS
[INFO] [stderr]   HOST_CFLAGS = None
[INFO] [stderr]   cargo:rerun-if-env-changed=CFLAGS_x86_64_unknown_linux_gnu
[INFO] [stderr]   CFLAGS_x86_64_unknown_linux_gnu = None
[INFO] [stderr]   cargo:rerun-if-env-changed=CFLAGS_x86_64-unknown-linux-gnu
[INFO] [stderr]   CFLAGS_x86_64-unknown-linux-gnu = None
[INFO] [stderr]   cargo:rerun-if-env-changed=CFLAGS
[INFO] [stderr]   CFLAGS = None
[INFO] [stderr]   cargo:rerun-if-env-changed=HOST_CFLAGS
[INFO] [stderr]   HOST_CFLAGS = None
[INFO] [stderr]   cargo:rerun-if-env-changed=CFLAGS_x86_64_unknown_linux_gnu
[INFO] [stderr]   CFLAGS_x86_64_unknown_linux_gnu = None
[INFO] [stderr]   cargo:rerun-if-env-changed=CFLAGS_x86_64-unknown-linux-gnu
[INFO] [stderr]   CFLAGS_x86_64-unknown-linux-gnu = None
[INFO] [stderr]   cargo:rerun-if-env-changed=CRATE_CC_NO_DEFAULTS
[INFO] [stderr]   CRATE_CC_NO_DEFAULTS = None
[INFO] [stderr]   cargo:rerun-if-env-changed=CFLAGS
[INFO] [stderr]   CFLAGS = None
[INFO] [stderr]   cargo:rerun-if-env-changed=HOST_CFLAGS
[INFO] [stderr]   HOST_CFLAGS = None
[INFO] [stderr]   cargo:rerun-if-env-changed=CFLAGS_x86_64_unknown_linux_gnu
[INFO] [stderr]   CFLAGS_x86_64_unknown_linux_gnu = None
[INFO] [stderr]   cargo:rerun-if-env-changed=CFLAGS_x86_64-unknown-linux-gnu
[INFO] [stderr]   CFLAGS_x86_64-unknown-linux-gnu = None
[INFO] [stderr]   cargo:rerun-if-env-changed=CRATE_CC_NO_DEFAULTS
[INFO] [stderr]   CRATE_CC_NO_DEFAULTS = None
[INFO] [stderr]   cargo:rerun-if-env-changed=CFLAGS
[INFO] [stderr]   CFLAGS = None
[INFO] [stderr]   cargo:rerun-if-env-changed=HOST_CFLAGS
[INFO] [stderr]   HOST_CFLAGS = None
[INFO] [stderr]   cargo:rerun-if-env-changed=CFLAGS_x86_64_unknown_linux_gnu
[INFO] [stderr]   CFLAGS_x86_64_unknown_linux_gnu = None
[INFO] [stderr]   cargo:rerun-if-env-changed=CFLAGS_x86_64-unknown-linux-gnu
[INFO] [stderr]   CFLAGS_x86_64-unknown-linux-gnu = None
[INFO] [stderr]   cargo:rerun-if-env-changed=CRATE_CC_NO_DEFAULTS
[INFO] [stderr]   CRATE_CC_NO_DEFAULTS = None
[INFO] [stderr]   cargo:rerun-if-env-changed=CFLAGS
[INFO] [stderr]   CFLAGS = None
[INFO] [stderr]   cargo:rerun-if-env-changed=HOST_CFLAGS
[INFO] [stderr]   HOST_CFLAGS = None
[INFO] [stderr]   cargo:rerun-if-env-changed=CFLAGS_x86_64_unknown_linux_gnu
[INFO] [stderr]   CFLAGS_x86_64_unknown_linux_gnu = None
[INFO] [stderr]   cargo:rerun-if-env-changed=CFLAGS_x86_64-unknown-linux-gnu
[INFO] [stderr]   CFLAGS_x86_64-unknown-linux-gnu = None
[INFO] [stderr]   cargo:warning=cc: fatal error: Killed signal terminated program cc1
[INFO] [stderr]   cargo:warning=compilation terminated.
[INFO] [stderr] 
[INFO] [stderr]   --- stderr
[INFO] [stderr] 
[INFO] [stderr] 
[INFO] [stderr]   error occurred in cc-rs: command did not execute successfully (status code exit status: 1): LC_ALL="C" "cc" "-Os" "-ffunction-sections" "-fdata-sections" "-fPIC" "-g" "-gdwarf-4" "-fno-omit-frame-pointer" "-mno-omit-leaf-frame-pointer" "-m64" "-I" "/opt/rustwide/cargo-home/registry/src/index.crates.io-1949cf8c6b5b557f/arborium-scala-2.18.2/grammar/src" "-I" "/opt/rustwide/cargo-home/registry/src/index.crates.io-1949cf8c6b5b557f/arborium-scala-2.18.2/grammar" "-I" "/opt/rustwide/cargo-home/registry/src/index.crates.io-1949cf8c6b5b557f/arborium-scala-2.18.2/grammar/src/tree_sitter" "-w" "-Wno-unused-parameter" "-Wno-unused-but-set-variable" "-Wno-trigraphs" "-o" "/opt/rustwide/target/debug/build/arborium-scala-2c42f08b50d948a2/out/fc2ccab8182abc6a-parser.o" "-c" "/opt/rustwide/cargo-home/registry/src/index.crates.io-1949cf8c6b5b557f/arborium-scala-2.18.2/grammar/src/parser.c"
[INFO] [stderr] 
[INFO] [stderr] 
[INFO] running `Command { std: "docker" "inspect" "ea5f614ccc516b0e6def6877625c5ab328601095d7fb8e3d8e26a8237e73607f", kill_on_drop: false }`
[INFO] running `Command { std: "docker" "rm" "-f" "ea5f614ccc516b0e6def6877625c5ab328601095d7fb8e3d8e26a8237e73607f", kill_on_drop: false }`
[INFO] [stdout] ea5f614ccc516b0e6def6877625c5ab328601095d7fb8e3d8e26a8237e73607f
