[INFO] cloning repository https://github.com/sonesuke/arxiv-cli
[INFO] running `Command { std: "git" "-c" "credential.helper=" "-c" "credential.helper=/workspace/cargo-home/bin/git-credential-null" "clone" "--bare" "https://github.com/sonesuke/arxiv-cli" "/workspace/cache/git-repos/https%3A%2F%2Fgithub.com%2Fsonesuke%2Farxiv-cli", kill_on_drop: false }`
[INFO] [stderr] Cloning into bare repository '/workspace/cache/git-repos/https%3A%2F%2Fgithub.com%2Fsonesuke%2Farxiv-cli'...
[INFO] running `Command { std: "git" "rev-parse" "HEAD", kill_on_drop: false }`
[INFO] [stdout] 6b0d55142a791f564cd48b87aa6baa641e43278e
[INFO] testing sonesuke/arxiv-cli against 1.100.0-beta.1 for beta-1.100-2
[INFO] running `Command { std: "git" "clone" "/workspace/cache/git-repos/https%3A%2F%2Fgithub.com%2Fsonesuke%2Farxiv-cli" "/workspace/builds/worker-0-tc2/source", kill_on_drop: false }`
[INFO] [stderr] Cloning into '/workspace/builds/worker-0-tc2/source'...
[INFO] [stderr] done.
[INFO] started tweaking git repo https://github.com/sonesuke/arxiv-cli
[INFO] removed 0 missing tests
[INFO] finished tweaking git repo https://github.com/sonesuke/arxiv-cli
[INFO] tweaked toml for git repo https://github.com/sonesuke/arxiv-cli written to /workspace/builds/worker-0-tc2/source/Cargo.toml
[INFO] validating manifest of git repo https://github.com/sonesuke/arxiv-cli on toolchain 1.100.0-beta.1
[INFO] running `Command { std: CARGO_HOME="/workspace/cargo-home" RUSTUP_HOME="/workspace/rustup-home" "/workspace/cargo-home/bin/cargo" "+1.100.0-beta.1" "metadata" "--manifest-path" "Cargo.toml" "--no-deps", kill_on_drop: false }`
[INFO] crate git repo https://github.com/sonesuke/arxiv-cli already has a lockfile, it will not be regenerated
[INFO] running `Command { std: CARGO_HOME="/workspace/cargo-home" RUSTUP_HOME="/workspace/rustup-home" "/workspace/cargo-home/bin/cargo" "+1.100.0-beta.1" "fetch" "--manifest-path" "Cargo.toml", kill_on_drop: false }`
[INFO] [stderr]     Blocking waiting for file lock on package cache
[INFO] [stderr]     Blocking waiting for file lock on package cache
[ERROR] error running command: no output for 300 seconds
[INFO] testing sonesuke/arxiv-cli against 1.100.0-beta.1 for beta-1.100-2
[INFO] running `Command { std: "git" "clone" "/workspace/cache/git-repos/https%3A%2F%2Fgithub.com%2Fsonesuke%2Farxiv-cli" "/workspace/builds/worker-0-tc2/source", kill_on_drop: false }`
[INFO] [stderr] Cloning into '/workspace/builds/worker-0-tc2/source'...
[INFO] [stderr] done.
[INFO] started tweaking git repo https://github.com/sonesuke/arxiv-cli
[INFO] removed 0 missing tests
[INFO] finished tweaking git repo https://github.com/sonesuke/arxiv-cli
[INFO] tweaked toml for git repo https://github.com/sonesuke/arxiv-cli written to /workspace/builds/worker-0-tc2/source/Cargo.toml
[INFO] validating manifest of git repo https://github.com/sonesuke/arxiv-cli on toolchain 1.100.0-beta.1
[INFO] running `Command { std: CARGO_HOME="/workspace/cargo-home" RUSTUP_HOME="/workspace/rustup-home" "/workspace/cargo-home/bin/cargo" "+1.100.0-beta.1" "metadata" "--manifest-path" "Cargo.toml" "--no-deps", kill_on_drop: false }`
[INFO] crate git repo https://github.com/sonesuke/arxiv-cli already has a lockfile, it will not be regenerated
[INFO] running `Command { std: CARGO_HOME="/workspace/cargo-home" RUSTUP_HOME="/workspace/rustup-home" "/workspace/cargo-home/bin/cargo" "+1.100.0-beta.1" "fetch" "--manifest-path" "Cargo.toml", kill_on_drop: false }`
[INFO] [stderr]     Blocking waiting for file lock on package cache
[INFO] [stderr]     Blocking waiting for file lock on package cache
[INFO] running `Command { std: "docker" "create" "-v" "/var/lib/crater-agent-workspace/builds/worker-0-tc2/source:/opt/rustwide/workdir:ro,Z" "-v" "/var/lib/crater-agent-workspace/builds/worker-0-tc2/target:/opt/rustwide/target:rw,Z" "-v" "/var/lib/crater-agent-workspace/cargo-home:/opt/rustwide/cargo-home:ro,Z" "-v" "/var/lib/crater-agent-workspace/rustup-home:/opt/rustwide/rustup-home:ro,Z" "-m" "1610612736" "--network" "none" "ghcr.io/rust-lang/crates-build-env/linux@sha256:3111399a4047eeb3a02b7a90e478d715f38a8c6669b5c4b49d30a17385265909" "sleep" "infinity", kill_on_drop: false }`
[INFO] [stdout] 42ef7d7a47cd39850d96c9bf96f2eaf21a41c6f4a6768d50c60763a67c4a71f5
[INFO] running `Command { std: "docker" "start" "42ef7d7a47cd39850d96c9bf96f2eaf21a41c6f4a6768d50c60763a67c4a71f5", kill_on_drop: false }`
[INFO] running `Command { std: "docker" "inspect" "42ef7d7a47cd39850d96c9bf96f2eaf21a41c6f4a6768d50c60763a67c4a71f5", kill_on_drop: false }`
[INFO] running `Command { std: "docker" "exec" "-e" "SOURCE_DIR=/opt/rustwide/workdir" "-e" "CARGO_HOME=/opt/rustwide/cargo-home" "-e" "RUSTUP_HOME=/opt/rustwide/rustup-home" "-e" "CARGO_TARGET_DIR=/opt/rustwide/target" "-w" "/opt/rustwide/workdir" "--user" "0:0" "42ef7d7a47cd39850d96c9bf96f2eaf21a41c6f4a6768d50c60763a67c4a71f5" "/opt/rustwide/cargo-home/bin/cargo" "+1.100.0-beta.1" "metadata" "--no-deps" "--format-version=1", kill_on_drop: false }`
[INFO] running `Command { std: "docker" "inspect" "42ef7d7a47cd39850d96c9bf96f2eaf21a41c6f4a6768d50c60763a67c4a71f5", kill_on_drop: false }`
[INFO] running `Command { std: "docker" "exec" "-e" "SOURCE_DIR=/opt/rustwide/workdir" "-e" "CARGO_HOME=/opt/rustwide/cargo-home" "-e" "RUSTUP_HOME=/opt/rustwide/rustup-home" "-e" "CARGO_TARGET_DIR=/opt/rustwide/target" "-e" "CARGO_INCREMENTAL=0" "-e" "RUST_BACKTRACE=full" "-e" "RUSTFLAGS=--cap-lints=warn" "-e" "RUSTDOCFLAGS=--cap-lints=warn" "-w" "/opt/rustwide/workdir" "--user" "0:0" "42ef7d7a47cd39850d96c9bf96f2eaf21a41c6f4a6768d50c60763a67c4a71f5" "/opt/rustwide/cargo-home/bin/cargo" "+1.100.0-beta.1" "build" "--frozen" "--message-format=json", kill_on_drop: false }`
[INFO] [stderr]    Compiling memchr v2.8.0
[INFO] [stderr]    Compiling tokio-macros v2.7.0
[INFO] [stderr]    Compiling jobserver v0.1.34
[INFO] [stderr]    Compiling errno v0.3.14
[INFO] [stderr]    Compiling parking_lot_core v0.9.12
[INFO] [stderr]    Compiling mio v1.2.0
[INFO] [stderr]    Compiling socket2 v0.6.3
[INFO] [stderr]    Compiling hashbrown v0.16.1
[INFO] [stderr]    Compiling aws-lc-rs v1.16.2
[INFO] [stderr]    Compiling serde v1.0.228
[INFO] [stderr]    Compiling zerocopy v0.8.39
[INFO] [stderr]    Compiling getrandom v0.3.4
[INFO] [stderr]    Compiling getrandom v0.2.17
[INFO] [stderr]    Compiling rustls v0.23.36
[INFO] [stderr]    Compiling tracing-core v0.1.36
[INFO] [stderr]    Compiling signal-hook-registry v1.4.8
[INFO] [stderr]    Compiling bitflags v2.11.0
[INFO] [stderr]    Compiling serde_json v1.0.149
[INFO] [stderr]    Compiling num-traits v0.2.19
[INFO] [stderr]    Compiling parking_lot v0.12.5
[INFO] [stderr]    Compiling rand_core v0.9.5
[INFO] [stderr]    Compiling block-padding v0.3.3
[INFO] [stderr]    Compiling cc v1.2.56
[INFO] [stderr]    Compiling inout v0.1.4
[INFO] [stderr]    Compiling sha1 v0.10.6
[INFO] [stderr]    Compiling data-encoding v2.10.0
[INFO] [stderr]    Compiling cipher v0.4.4
[INFO] [stderr]    Compiling getrandom v0.4.1
[INFO] [stderr]    Compiling pest v2.8.6
[INFO] [stderr]    Compiling futures-util v0.3.32
[INFO] [stderr]    Compiling tokio v1.51.1
[INFO] [stderr]    Compiling tracing v0.1.44
[INFO] [stderr]    Compiling tinyvec v1.10.0
[INFO] [stderr]    Compiling webpki-roots v1.0.6
[INFO] [stderr]    Compiling simd-adler32 v0.3.8
[INFO] [stderr]    Compiling crc32fast v1.5.0
[INFO] [stderr]    Compiling nom v8.0.0
[INFO] [stderr]    Compiling indexmap v2.13.0
[INFO] [stderr]    Compiling miniz_oxide v0.8.9
[INFO] [stderr]    Compiling rustix v1.1.3
[INFO] [stderr]    Compiling pom v1.1.0
[INFO] [stderr]    Compiling unicode-properties v0.1.4
[INFO] [stderr]    Compiling bytecount v0.6.9
[INFO] [stderr]    Compiling unicode-normalization v0.1.25
[INFO] [stderr]    Compiling chrono v0.4.43
[INFO] [stderr]    Compiling ecb v0.1.2
[INFO] [stderr]    Compiling cbc v0.1.2
[INFO] [stderr]    Compiling aes v0.8.4
[INFO] [stderr]    Compiling serde_spanned v0.6.9
[INFO] [stderr]    Compiling toml_datetime v0.6.11
[INFO] [stderr]    Compiling md-5 v0.10.6
[INFO] [stderr]    Compiling winnow v0.7.14
[INFO] [stderr]    Compiling stringprep v0.1.5
[INFO] [stderr]    Compiling flate2 v1.1.9
[INFO] [stderr]    Compiling cmake v0.1.58
[INFO] [stderr]    Compiling openssl-src v300.5.0+3.5.0
[INFO] [stderr]    Compiling ttf-parser v0.25.1
[INFO] [stderr]    Compiling rangemap v1.7.1
[INFO] [stderr]    Compiling weezl v0.1.12
[INFO] [stderr]    Compiling rmcp v0.16.0
[INFO] [stderr]    Compiling option-ext v0.2.0
[INFO] [stderr]    Compiling linux-raw-sys v0.11.0
[INFO] [stderr]    Compiling serde_urlencoded v0.7.1
[INFO] [stderr]    Compiling dirs-sys v0.5.0
[INFO] [stderr]    Compiling clap_builder v4.5.60
[INFO] [stderr]    Compiling aws-lc-sys v0.39.1
[INFO] [stderr]    Compiling ring v0.17.14
[INFO] [stderr]    Compiling pest_meta v2.8.6
[INFO] [stderr]    Compiling openssl-sys v0.9.111
[INFO] [stderr]    Compiling rmcp-macros v0.16.0
[INFO] [stderr]    Compiling schemars v1.2.1
[INFO] [stderr]    Compiling euclid v0.20.14
[INFO] [stderr]    Compiling adobe-cmap-parser v0.4.1
[INFO] [stderr]    Compiling type1-encoding-parser v0.1.0
[INFO] [stderr]    Compiling pest_generator v2.8.6
[INFO] [stderr]    Compiling toml_edit v0.22.27
[INFO] [stderr]    Compiling futures-executor v0.3.32
[INFO] [stderr]    Compiling uuid v1.23.0
[INFO] [stderr]    Compiling futures v0.3.32
[INFO] [stderr]    Compiling thiserror-impl v1.0.69
[INFO] [stderr]    Compiling nom_locate v5.0.0
[INFO] [stderr]    Compiling postscript v0.14.1
[INFO] [stderr]    Compiling cff-parser v0.1.0
[INFO] [stderr]    Compiling tempfile v3.25.0
[INFO] [stderr]    Compiling pest_derive v2.8.6
[INFO] [stderr]    Compiling directories v6.0.0
[INFO] [stderr]    Compiling lru v0.16.3
[INFO] [stderr]    Compiling urlencoding v2.1.3
[INFO] [stderr]    Compiling thiserror v1.0.69
[INFO] [stderr]    Compiling clap v4.5.60
[INFO] [stderr]    Compiling cypher-rs v0.1.0 (https://github.com/sonesuke/cypher-rs?branch=main#0f8d1879)
[INFO] [stderr]    Compiling ppv-lite86 v0.2.21
[INFO] [stderr]    Compiling toml v0.8.23
[INFO] [stderr]    Compiling rand_chacha v0.9.0
[INFO] [stderr]    Compiling rand v0.9.2
[INFO] [stderr]    Compiling tokio-util v0.7.18
[INFO] [stderr]    Compiling tower v0.5.3
[INFO] [stderr]    Compiling tungstenite v0.29.0
[INFO] [stderr]    Compiling lopdf v0.38.0
[INFO] [stderr]    Compiling h2 v0.4.13
[INFO] [stderr]    Compiling tower-http v0.6.8
[INFO] [stderr]    Compiling tokio-tungstenite v0.29.0
[INFO] [stderr]    Compiling hyper v1.8.1
[INFO] [stderr]    Compiling pdf-extract v0.10.0
[INFO] [stderr]    Compiling hyper-util v0.1.20
[INFO] [stderr]    Compiling rustls-webpki v0.103.10
[INFO] [stderr]    Compiling tokio-rustls v0.26.4
[INFO] [stderr]    Compiling rustls-platform-verifier v0.6.2
[INFO] [stderr]    Compiling tungstenite v0.26.2
[INFO] [stderr]    Compiling hyper-rustls v0.27.7
[INFO] [stderr]    Compiling reqwest v0.13.2
[INFO] [stderr]    Compiling reqwest v0.12.28
[INFO] [stderr]    Compiling tokio-tungstenite v0.26.2
[INFO] [stderr]    Compiling chrome-cdp v0.1.0 (https://github.com/sonesuke/chrome-cdp?branch=main#2f057a0e)
[INFO] [stderr]    Compiling arxiv-cli v0.2.0 (/opt/rustwide/workdir)
[INFO] [stderr] warning: unused dependency `openssl-sys`
[INFO] [stderr]   --> Cargo.toml:26:15
[INFO] [stderr]    |
[INFO] [stderr] 26 | [dependencies.openssl-sys]
[INFO] [stderr]    |               ^^^^^^^^^^^^
[INFO] [stderr]    |
[INFO] [stderr]    = note: `cargo::unused_dependencies` is set to `warn` by default
[INFO] [stderr] help: consider removing the dependency on `openssl-sys`
[INFO] [stderr] warning: unused dependency `tokio-tungstenite`
[INFO] [stderr]   --> Cargo.toml:47:15
[INFO] [stderr]    |
[INFO] [stderr] 47 | [dependencies.tokio-tungstenite]
[INFO] [stderr]    |               ^^^^^^^^^^^^^^^^^^
[INFO] [stderr]    |
[INFO] [stderr] help: consider removing the dependency on `tokio-tungstenite`
[INFO] [stderr] warning: `arxiv-cli` (manifest) generated 2 warnings
[INFO] [stderr]     Finished `dev` profile [unoptimized + debuginfo] target(s) in 2m 26s
[INFO] running `Command { std: "docker" "inspect" "42ef7d7a47cd39850d96c9bf96f2eaf21a41c6f4a6768d50c60763a67c4a71f5", kill_on_drop: false }`
[INFO] running `Command { std: "docker" "exec" "-e" "SOURCE_DIR=/opt/rustwide/workdir" "-e" "CARGO_HOME=/opt/rustwide/cargo-home" "-e" "RUSTUP_HOME=/opt/rustwide/rustup-home" "-e" "CARGO_TARGET_DIR=/opt/rustwide/target" "-e" "CARGO_INCREMENTAL=0" "-e" "RUST_BACKTRACE=full" "-e" "RUSTFLAGS=--cap-lints=warn" "-e" "RUSTDOCFLAGS=--cap-lints=warn" "-w" "/opt/rustwide/workdir" "--user" "0:0" "42ef7d7a47cd39850d96c9bf96f2eaf21a41c6f4a6768d50c60763a67c4a71f5" "/opt/rustwide/cargo-home/bin/cargo" "+1.100.0-beta.1" "test" "--frozen" "--no-run" "--message-format=json", kill_on_drop: false }`
[INFO] [stderr]    Compiling aho-corasick v1.1.4
[INFO] [stderr]    Compiling regex-syntax v0.8.9
[INFO] [stderr]    Compiling predicates-core v1.0.10
[INFO] [stderr]    Compiling float-cmp v0.10.0
[INFO] [stderr]    Compiling normalize-line-endings v0.3.0
[INFO] [stderr]    Compiling difflib v0.4.0
[INFO] [stderr]    Compiling termtree v0.5.1
[INFO] [stderr]    Compiling assert_cmd v2.1.2
[INFO] [stderr]    Compiling wait-timeout v0.2.1
[INFO] [stderr]    Compiling predicates-tree v1.0.13
[INFO] [stderr]    Compiling regex-automata v0.4.14
[INFO] [stderr]    Compiling regex v1.12.3
[INFO] [stderr]    Compiling bstr v1.12.1
[INFO] [stderr]    Compiling predicates v3.1.4
[INFO] [stderr]    Compiling arxiv-cli v0.2.0 (/opt/rustwide/workdir)
[INFO] [stderr] warning: unused dependency `openssl-sys`
[INFO] [stderr]   --> Cargo.toml:26:15
[INFO] [stderr]    |
[INFO] [stderr] 26 | [dependencies.openssl-sys]
[INFO] [stderr]    |               ^^^^^^^^^^^^
[INFO] [stderr]    |
[INFO] [stderr]    = note: `cargo::unused_dependencies` is set to `warn` by default
[INFO] [stderr] help: consider removing the dependency on `openssl-sys`
[INFO] [stderr] warning: unused dependency `tokio-tungstenite`
[INFO] [stderr]   --> Cargo.toml:47:15
[INFO] [stderr]    |
[INFO] [stderr] 47 | [dependencies.tokio-tungstenite]
[INFO] [stderr]    |               ^^^^^^^^^^^^^^^^^^
[INFO] [stderr]    |
[INFO] [stderr] help: consider removing the dependency on `tokio-tungstenite`
[INFO] [stderr] warning: `arxiv-cli` (manifest) generated 2 warnings
[INFO] [stderr]     Finished `test` profile [unoptimized + debuginfo] target(s) in 8.73s
[INFO] running `Command { std: "docker" "inspect" "42ef7d7a47cd39850d96c9bf96f2eaf21a41c6f4a6768d50c60763a67c4a71f5", kill_on_drop: false }`
[INFO] running `Command { std: "docker" "exec" "-e" "SOURCE_DIR=/opt/rustwide/workdir" "-e" "CARGO_HOME=/opt/rustwide/cargo-home" "-e" "RUSTUP_HOME=/opt/rustwide/rustup-home" "-e" "CARGO_TARGET_DIR=/opt/rustwide/target" "-e" "CARGO_INCREMENTAL=0" "-e" "RUST_BACKTRACE=full" "-e" "RUSTFLAGS=--cap-lints=warn" "-e" "RUSTDOCFLAGS=--cap-lints=warn" "-w" "/opt/rustwide/workdir" "--user" "0:0" "42ef7d7a47cd39850d96c9bf96f2eaf21a41c6f4a6768d50c60763a67c4a71f5" "/opt/rustwide/cargo-home/bin/cargo" "+1.100.0-beta.1" "test" "--frozen", kill_on_drop: false }`
[INFO] [stderr] warning: unused dependency `openssl-sys`
[INFO] [stderr]   --> Cargo.toml:26:15
[INFO] [stderr]    |
[INFO] [stderr] 26 | [dependencies.openssl-sys]
[INFO] [stderr]    |               ^^^^^^^^^^^^
[INFO] [stderr]    |
[INFO] [stderr]    = note: `cargo::unused_dependencies` is set to `warn` by default
[INFO] [stderr] help: consider removing the dependency on `openssl-sys`
[INFO] [stderr] warning: unused dependency `tokio-tungstenite`
[INFO] [stderr]   --> Cargo.toml:47:15
[INFO] [stderr]    |
[INFO] [stderr] 47 | [dependencies.tokio-tungstenite]
[INFO] [stderr]    |               ^^^^^^^^^^^^^^^^^^
[INFO] [stderr]    |
[INFO] [stderr] help: consider removing the dependency on `tokio-tungstenite`
[INFO] [stderr] warning: `arxiv-cli` (manifest) generated 2 warnings
[INFO] [stderr]     Finished `test` profile [unoptimized + debuginfo] target(s) in 0.36s
[INFO] [stderr]      Running unittests src/lib.rs (/opt/rustwide/target/debug/build/arxiv-cli/cecb4cc52d6e4ecb/out/arxiv_cli-cecb4cc52d6e4ecb)
[INFO] [stdout] 
[INFO] [stdout] running 21 tests
[INFO] [stdout] test core::arxiv_search::tests::test_build_fetch_url_id ... ok
[INFO] [stdout] test core::arxiv_search::tests::test_build_fetch_url_full_url ... ok
[INFO] [stdout] test core::arxiv_search::tests::test_build_search_url_with_before_only ... ok
[INFO] [stdout] test core::arxiv_search::tests::test_build_search_url_simple ... ok
[INFO] [stdout] test core::arxiv_search::tests::test_build_search_url_with_category_math ... ok
[INFO] [stdout] test core::arxiv_search::tests::test_build_search_url_with_category_cs ... ok
[INFO] [stdout] test core::arxiv_search::tests::test_build_search_url_with_category_physics ... ok
[INFO] [stdout] test core::arxiv_search::tests::test_build_search_url_with_dates ... ok
[INFO] [stdout] test core::arxiv_search::tests::test_build_search_url_with_pagination ... ok
[INFO] [stdout] test core::config::tests::test_config_default ... ok
[INFO] [stdout] test core::arxiv_search::tests::test_parse_search_results_valid ... ok
[INFO] [stdout] test core::arxiv_search::tests::test_parse_fetch_result_valid ... ok
[INFO] [stdout] test core::config::tests::test_config_path_returns_valid_path ... ok
[INFO] [stdout] test core::config::tests::test_config_set_get ... ok
[INFO] [stdout] test core::config::tests::test_config_set_get_unknown_key ... ok
[INFO] [stdout] test core::config::tests::test_load_from_nonexistent_file ... ok
[INFO] [stdout] test core::models::tests::test_paper_serialization ... ok
[INFO] [stdout] test core::config::tests::test_load_from_invalid_toml ... ok
[INFO] [stdout] test core::config::tests::test_load_from_valid_toml ... ok
[INFO] [stdout] test core::config::tests::test_save_to_and_load_from_roundtrip ... ok
[INFO] [stdout] test core::config::tests::test_save_to_creates_parent_dirs ... ok
[INFO] [stdout] 
[INFO] [stdout] test result: ok. 21 passed; 0 failed; 0 ignored; 0 measured; 0 filtered out; finished in 0.00s
[INFO] [stdout] 
[INFO] [stderr]      Running unittests src/main.rs (/opt/rustwide/target/debug/build/arxiv-cli/0b8201b33e4566c1/out/arxiv_cli-0b8201b33e4566c1)
[INFO] [stdout] 
[INFO] [stdout] running 0 tests
[INFO] [stdout] 
[INFO] [stdout] test result: ok. 0 passed; 0 failed; 0 ignored; 0 measured; 0 filtered out; finished in 0.00s
[INFO] [stdout] 
[INFO] [stderr]      Running e2e/cli.rs (/opt/rustwide/target/debug/build/arxiv-cli/e82f59f2832ddad5/out/e2e_cli-e82f59f2832ddad5)
[INFO] [stdout] 
[INFO] [stdout] running 13 tests
[INFO] [stdout] test test_fetch_help ... ok
[INFO] [stdout] test test_search_without_query ... ok
[INFO] [stdout] test test_search_help ... ok
[INFO] [stdout] test test_help ... ok
[INFO] [stdout] test test_head_flag_exists ... ok
[INFO] [stdout] test test_config_list ... ok
[INFO] [stdout] test test_config_path ... ok
[INFO] [stdout] test test_no_subcommand ... ok
[INFO] [stdout] test test_config_set_get_headless ... ok
[INFO] [stdout] test test_config_set_unknown_key ... ok
[INFO] [stdout] test test_config_get_unknown_key ... ok
[INFO] [stdout] test test_search_execution ... FAILED
[INFO] [stdout] test test_fetch_execution ... FAILED
[INFO] [stdout] 
[INFO] [stdout] failures:
[INFO] [stdout] 
[INFO] [stdout] ---- test_search_execution stdout ----
[INFO] [stdout] STDOUT: 
[INFO] [stdout] STDERR: [VERBOSE] Starting search for query: 'LLM'
[INFO] [stdout] [VERBOSE] limit=Some(1), after=None, before=None, category=None
[INFO] [stdout] Error: IO error: No such file or directory (os error 2)
[INFO] [stdout] 
[INFO] [stdout] Caused by:
[INFO] [stdout]     No such file or directory (os error 2)
[INFO] [stdout] 
[INFO] [stdout] Stack backtrace:
[INFO] [stdout]    0: <anyhow::Error as core::convert::From<arxiv_cli::core::error::ArxivError>>::from
[INFO] [stdout]              at /opt/rustwide/cargo-home/registry/src/index.crates.io-1949cf8c6b5b557f/anyhow-1.0.102/src/backtrace.rs:10:14
[INFO] [stdout]    1: <core::result::Result<(), anyhow::Error> as core::ops::try_trait::FromResidual<core::result::Result<!, arxiv_cli::core::error::ArxivError>>>::from_residual
[INFO] [stdout]              at /rustc/e3feeb59cd1bdd011a2bfcc0747b55125d9b8527/library/core/src/result.rs:2190:27
[INFO] [stdout]    2: arxiv_cli::cli::run::{closure#0}
[INFO] [stdout]              at ./src/cli/mod.rs:115:26
[INFO] [stdout]    3: arxiv_cli::main::{closure#0}
[INFO] [stdout]              at ./src/main.rs:3:27
[INFO] [stdout]    4: <core::pin::Pin<alloc::boxed::Box<arxiv_cli::main::{closure#0}>> as core::future::future::Future>::poll
[INFO] [stdout]              at /rustc/e3feeb59cd1bdd011a2bfcc0747b55125d9b8527/library/core/src/future/future.rs:133:9
[INFO] [stdout]    5: <tokio::runtime::park::CachedParkThread>::block_on::<core::pin::Pin<alloc::boxed::Box<arxiv_cli::main::{closure#0}>>>::{closure#0}
[INFO] [stdout]              at /opt/rustwide/cargo-home/registry/src/index.crates.io-1949cf8c6b5b557f/tokio-1.51.1/src/runtime/park.rs:284:71
[INFO] [stdout]    6: tokio::task::coop::with_budget::<core::task::poll::Poll<core::result::Result<(), anyhow::Error>>, <tokio::runtime::park::CachedParkThread>::block_on<core::pin::Pin<alloc::boxed::Box<arxiv_cli::main::{closure#0}>>>::{closure#0}>
[INFO] [stdout]              at /opt/rustwide/cargo-home/registry/src/index.crates.io-1949cf8c6b5b557f/tokio-1.51.1/src/task/coop/mod.rs:167:5
[INFO] [stdout]    7: tokio::task::coop::budget::<core::task::poll::Poll<core::result::Result<(), anyhow::Error>>, <tokio::runtime::park::CachedParkThread>::block_on<core::pin::Pin<alloc::boxed::Box<arxiv_cli::main::{closure#0}>>>::{closure#0}>
[INFO] [stdout]              at /opt/rustwide/cargo-home/registry/src/index.crates.io-1949cf8c6b5b557f/tokio-1.51.1/src/task/coop/mod.rs:133:5
[INFO] [stdout]    8: <tokio::runtime::park::CachedParkThread>::block_on::<core::pin::Pin<alloc::boxed::Box<arxiv_cli::main::{closure#0}>>>
[INFO] [stdout]              at /opt/rustwide/cargo-home/registry/src/index.crates.io-1949cf8c6b5b557f/tokio-1.51.1/src/runtime/park.rs:284:31
[INFO] [stdout]    9: <tokio::runtime::context::blocking::BlockingRegionGuard>::block_on::<core::pin::Pin<alloc::boxed::Box<arxiv_cli::main::{closure#0}>>>
[INFO] [stdout]              at /opt/rustwide/cargo-home/registry/src/index.crates.io-1949cf8c6b5b557f/tokio-1.51.1/src/runtime/context/blocking.rs:66:14
[INFO] [stdout]   10: <tokio::runtime::scheduler::multi_thread::MultiThread>::block_on::<core::pin::Pin<alloc::boxed::Box<arxiv_cli::main::{closure#0}>>>::{closure#0}
[INFO] [stdout]              at /opt/rustwide/cargo-home/registry/src/index.crates.io-1949cf8c6b5b557f/tokio-1.51.1/src/runtime/scheduler/multi_thread/mod.rs:92:22
[INFO] [stdout]   11: tokio::runtime::context::runtime::enter_runtime::<<tokio::runtime::scheduler::multi_thread::MultiThread>::block_on<core::pin::Pin<alloc::boxed::Box<arxiv_cli::main::{closure#0}>>>::{closure#0}, core::result::Result<(), anyhow::Error>>
[INFO] [stdout]              at /opt/rustwide/cargo-home/registry/src/index.crates.io-1949cf8c6b5b557f/tokio-1.51.1/src/runtime/context/runtime.rs:65:16
[INFO] [stdout]   12: <tokio::runtime::scheduler::multi_thread::MultiThread>::block_on::<core::pin::Pin<alloc::boxed::Box<arxiv_cli::main::{closure#0}>>>
[INFO] [stdout]              at /opt/rustwide/cargo-home/registry/src/index.crates.io-1949cf8c6b5b557f/tokio-1.51.1/src/runtime/scheduler/multi_thread/mod.rs:91:9
[INFO] [stdout]   13: <tokio::runtime::runtime::Runtime>::block_on_inner::<core::pin::Pin<alloc::boxed::Box<arxiv_cli::main::{closure#0}>>>
[INFO] [stdout]              at /opt/rustwide/cargo-home/registry/src/index.crates.io-1949cf8c6b5b557f/tokio-1.51.1/src/runtime/runtime.rs:373:50
[INFO] [stdout]   14: <tokio::runtime::runtime::Runtime>::block_on::<arxiv_cli::main::{closure#0}>
[INFO] [stdout]              at /opt/rustwide/cargo-home/registry/src/index.crates.io-1949cf8c6b5b557f/tokio-1.51.1/src/runtime/runtime.rs:343:18
[INFO] [stdout]   15: arxiv_cli::main
[INFO] [stdout]              at ./src/main.rs:3:27
[INFO] [stdout]   16: <fn() -> core::result::Result<(), anyhow::Error> as core::ops::function::FnOnce<()>>::call_once
[INFO] [stdout]              at /rustc/e3feeb59cd1bdd011a2bfcc0747b55125d9b8527/library/core/src/ops/function.rs:250:5
[INFO] [stdout]   17: std::sys::backtrace::__rust_begin_short_backtrace::<fn() -> core::result::Result<(), anyhow::Error>, core::result::Result<(), anyhow::Error>>
[INFO] [stdout]              at /rustc/e3feeb59cd1bdd011a2bfcc0747b55125d9b8527/library/std/src/sys/backtrace.rs:166:18
[INFO] [stdout]   18: std::rt::lang_start::<core::result::Result<(), anyhow::Error>>::{closure#0}
[INFO] [stdout]              at /rustc/e3feeb59cd1bdd011a2bfcc0747b55125d9b8527/library/std/src/rt.rs:206:18
[INFO] [stdout]   19: <&dyn core::ops::function::Fn<(), Output = i32> + core::marker::Sync + core::panic::unwind_safe::RefUnwindSafe as core::ops::function::FnOnce<()>>::call_once
[INFO] [stdout]              at /rustc/e3feeb59cd1bdd011a2bfcc0747b55125d9b8527/library/core/src/ops/function.rs:287:21
[INFO] [stdout]   20: std::panicking::catch_unwind::do_call::<&dyn core::ops::function::Fn<(), Output = i32> + core::marker::Sync + core::panic::unwind_safe::RefUnwindSafe, i32>
[INFO] [stdout]              at /rustc/e3feeb59cd1bdd011a2bfcc0747b55125d9b8527/library/std/src/panicking.rs:573:43
[INFO] [stdout]   21: std::panicking::catch_unwind::<i32, &dyn core::ops::function::Fn<(), Output = i32> + core::marker::Sync + core::panic::unwind_safe::RefUnwindSafe>
[INFO] [stdout]              at /rustc/e3feeb59cd1bdd011a2bfcc0747b55125d9b8527/library/std/src/panicking.rs:541:19
[INFO] [stdout]   22: std::panic::catch_unwind::<&dyn core::ops::function::Fn<(), Output = i32> + core::marker::Sync + core::panic::unwind_safe::RefUnwindSafe, i32>
[INFO] [stdout]              at /rustc/e3feeb59cd1bdd011a2bfcc0747b55125d9b8527/library/std/src/panic.rs:359:14
[INFO] [stdout]   23: std::rt::lang_start_internal::{closure#0}
[INFO] [stdout]              at /rustc/e3feeb59cd1bdd011a2bfcc0747b55125d9b8527/library/std/src/rt.rs:175:24
[INFO] [stdout]   24: std::panicking::catch_unwind::do_call::<std::rt::lang_start_internal::{closure#0}, isize>
[INFO] [stdout]              at /rustc/e3feeb59cd1bdd011a2bfcc0747b55125d9b8527/library/std/src/panicking.rs:573:43
[INFO] [stdout]   25: std::panicking::catch_unwind::<isize, std::rt::lang_start_internal::{closure#0}>
[INFO] [stdout]              at /rustc/e3feeb59cd1bdd011a2bfcc0747b55125d9b8527/library/std/src/panicking.rs:541:19
[INFO] [stdout]   26: std::panic::catch_unwind::<std::rt::lang_start_internal::{closure#0}, isize>
[INFO] [stdout]              at /rustc/e3feeb59cd1bdd011a2bfcc0747b55125d9b8527/library/std/src/panic.rs:359:14
[INFO] [stdout]   27: std::rt::lang_start_internal
[INFO] [stdout]              at /rustc/e3feeb59cd1bdd011a2bfcc0747b55125d9b8527/library/std/src/rt.rs:171:5
[INFO] [stdout]   28: std::rt::lang_start::<core::result::Result<(), anyhow::Error>>
[INFO] [stdout]              at /rustc/e3feeb59cd1bdd011a2bfcc0747b55125d9b8527/library/std/src/rt.rs:205:5
[INFO] [stdout]   29: main
[INFO] [stdout]   30: <unknown>
[INFO] [stdout]   31: __libc_start_main
[INFO] [stdout]   32: _start
[INFO] [stdout] 
[INFO] [stdout] EXIT CODE: Some(1)
[INFO] [stdout] 
[INFO] [stdout] thread 'test_search_execution' (13522) panicked at /rustc/e3feeb59cd1bdd011a2bfcc0747b55125d9b8527/library/core/src/ops/function.rs:250:5:
[INFO] [stdout] Unexpected failure.
[INFO] [stdout] code=1
[INFO] [stdout] stderr=``````
[INFO] [stdout] [VERBOSE] Starting search for query: \'LLM\'
[INFO] [stdout] [VERBOSE] limit=Some(1), after=None, before=None, category=None
[INFO] [stdout] Error: IO error: No such file or directory (os error 2)
[INFO] [stdout] 
[INFO] [stdout] Caused by:
[INFO] [stdout]     No such file or directory (os error 2)
[INFO] [stdout] 
[INFO] [stdout] Stack backtrace:
[INFO] [stdout]    0: <anyhow::Error as core::convert::From<arxiv_cli::core::error::ArxivError>>::from
[INFO] [stdout]              at /opt/rustwide/cargo-home/registry/src/index.crates.io-1949cf8c6b5b557f/anyhow-1.0.102/src/backtrace.rs:10:14
[INFO] [stdout]    1: <core::result::Result<(), anyhow::Error> as core::ops::try_trait::FromResidual<core::result::Result<!, arxiv_cli::core::error::ArxivError>>>::from_residual
[INFO] [stdout]              at /rustc/e3feeb59cd1bdd011a2bfcc0747b55125d9b8527/library/core/src/result.rs:2190:27
[INFO] [stdout]    2: arxiv_cli::cli::run::{closure#0}
[INFO] [stdout]              at ./src/cli/mod.rs:115:26
[INFO] [stdout]    3: arxiv_cli::main::{closure#0}
[INFO] [stdout]              at ./src/main.rs:3:27
[INFO] [stdout]    4: <core::pin::Pin<alloc::boxed::Box<arxiv_cli::main::{closure#0}>> as core::future::future::Future>::poll
[INFO] [stdout]              at /rustc/e3feeb59cd1bdd011a2bfcc0747b55125d9b8527/library/core/src/future/future.rs:133:9
[INFO] [stdout]    5: <tokio::runtime::park::CachedParkThread>::block_on::<core::pin::Pin<alloc::boxed::Box<arxiv_cli::main::{closure#0}>>>::{closure#0}
[INFO] [stdout]              at /opt/rustwide/cargo-home/registry/src/index.crates.io-1949cf8c6b5b557f/tokio-1.51.1/src/runtime/park.rs:284:71
[INFO] [stdout]    6: tokio::task::coop::with_budget::<core::task::poll::Poll<core::result::Result<(), anyhow::Error>>, <tokio::runtime::park::CachedParkThread>::block_on<core::pin::Pin<alloc::boxed::Box<arxiv_cli::main::{closure#0}>>>::{closure#0}>
[INFO] [stdout]              at /opt/rustwide/cargo-home/registry/src/index.crates.io-1949cf8c6b5b557f/tokio-1.51.1/src/task/coop/mod.rs:167:5
[INFO] [stdout]    7: tokio::task::coop::budget::<core::task::poll::Poll<core::result::Result<(), anyhow::Error>>, <tokio::runtime::park::CachedParkThread>::block_on<core::pin::Pin<alloc::boxed::Box<arxiv_cli::main::{closure#0}>>>::{closure#0}>
[INFO] [stdout]              at /opt/rustwide/cargo-home/registry/src/index.crates.io-1949cf8c6b5b557f/tokio-1.51.1/src/task/coop/mod.rs:133:5
[INFO] [stdout]    8: <tokio::runtime::park::CachedParkThread>::block_on::<core::pin::Pin<alloc::boxed::Box<arxiv_cli::main::{closure#0}>>>
[INFO] [stdout]              at /opt/rustwide/cargo-home/registry/src/index.crates.io-1949cf8c6b5b557f/tokio-1.51.1/src/runtime/park.rs:284:31
[INFO] [stdout]    9: <tokio::runtime::context::blocking::BlockingRegionGuard>::block_on::<core::pin::Pin<alloc::boxed::Box<arxiv_cli::main::{closure#0}>>>
[INFO] [stdout]              at /opt/rustwide/cargo-home/registry/src/index.crates.io-1949cf8c6b5b557f/tokio-1.51.1/src/runtime/context/blocking.rs:66:14
[INFO] [stdout]   10: <tokio::runtime::scheduler::multi_thread::MultiThread>::block_on::<core::pin::Pin<alloc::boxed::Box<arxiv_cli::main::{closure#0}>>>::{closure#0}
[INFO] [stdout]              at /opt/rustwide/cargo-home/registry/src/index.crates.io-1949cf8c6b5b557f/tokio-1.51.1/src/runtime/scheduler/multi_thread/mod.rs:92:22
[INFO] [stdout]   11: tokio::runtime::context::runtime::enter_runtime::<<tokio::runtime::scheduler::multi_thread::MultiThread>::block_on<core::pin::Pin<alloc::boxed::Box<arxiv_cli::main::{closure#0}>>>::{closure#0}, core::result::Result<(), anyhow::Error>>
[INFO] [stdout]              at /opt/rustwide/cargo-home/registry/src/index.crates.io-1949cf8c6b5b557f/tokio-1.51.1/src/runtime/context/runtime.rs:65:16
[INFO] [stdout]   12: <tokio::runtime::scheduler::multi_thread::MultiThread>::block_on::<core::pin::Pin<alloc::boxed::Box<arxiv_cli::main::{closure#0}>>>
[INFO] [stdout]              at /opt/rustwide/cargo-home/registry/src/index.crates.io-1949cf8c6b5b557f/tokio-1.51.1/src/runtime/scheduler/multi_thread/mod.rs:91:9
[INFO] [stdout]   13: <tokio::runtime::runtime::Runtime>::block_on_inner::<core::pin::Pin<alloc::boxed::Box<arxiv_cli::main::{closure#0}>>>
[INFO] [stdout]              at /opt/rustwide/cargo-home/registry/src/index.crates.io-1949cf8c6b5b557f/tokio-1.51.1/src/runtime/runtime.rs:373:50
[INFO] [stdout]   14: <tokio::runtime::runtime::Runtime>::block_on::<arxiv_cli::main::{closure#0}>
[INFO] [stdout]              at /opt/rustwide/cargo-home/registry/src/index.crates.io-1949cf8c6b5b557f/tokio-1.51.1/src/runtime/runtime.rs:343:18
[INFO] [stdout]   15: arxiv_cli::main
[INFO] [stdout]              at ./src/main.rs:3:27
[INFO] [stdout]   16: <fn() -> core::result::Result<(), anyhow::Error> as core::ops::function::FnOnce<()>>::call_once
[INFO] [stdout]              at /rustc/e3feeb59cd1bdd011a2bfcc0747b55125d9b8527/library/core/src/ops/function.rs:250:5
[INFO] [stdout]   17: std::sys::backtrace::__rust_begin_short_backtrace::<fn() -> core::result::Result<(), anyhow::Error>, core::result::Result<(), anyhow::Error>>
[INFO] [stdout]              at /rustc/e3feeb59cd1bdd011a2bfcc0747b55125d9b8527/library/std/src/sys/backtrace.rs:166:18
[INFO] [stdout]   18: std::rt::lang_start::<core::result::Result<(), anyhow::Error>>::{closure#0}
[INFO] [stdout]              at /rustc/e3feeb59cd1bdd011a2bfcc0747b55125d9b8527/library/std/src/rt.rs:206:18
[INFO] [stdout]   19: <&dyn core::ops::function::Fn<(), Output = i32> + core::marker::Sync + core::panic::unwind_safe::RefUnwindSafe as core::ops::function::FnOnce<()>>::call_once
[INFO] [stdout]              at /rustc/e3feeb59cd1bdd011a2bfcc0747b55125d9b8527/library/core/src/ops/function.rs:287:21
[INFO] [stdout]   20: std::panicking::catch_unwind::do_call::<&dyn core::ops::function::Fn<(), Output = i32> + core::marker::Sync + core::panic::unwind_safe::RefUnwindSafe, i32>
[INFO] [stdout]              at /rustc/e3feeb59cd1bdd011a2bfcc0747b55125d9b8527/library/std/src/panicking.rs:573:43
[INFO] [stdout]   21: std::panicking::catch_unwind::<i32, &dyn core::ops::function::Fn<(), Output = i32> + core::marker::Sync + core::panic::unwind_safe::RefUnwindSafe>
[INFO] [stdout]              at /rustc/e3feeb59cd1bdd011a2bfcc0747b55125d9b8527/library/std/src/panicking.rs:541:19
[INFO] [stdout]   22: std::panic::catch_unwind::<&dyn core::ops::function::Fn<(), Output = i32> + core::marker::Sync + core::panic::unwind_safe::RefUnwindSafe, i32>
[INFO] [stdout]              at /rustc/e3feeb59cd1bdd011a2bfcc0747b55125d9b8527/library/std/src/panic.rs:359:14
[INFO] [stdout]   23: std::rt::lang_start_internal::{closure#0}
[INFO] [stdout]              at /rustc/e3feeb59cd1bdd011a2bfcc0747b55125d9b8527/library/std/src/rt.rs:175:24
[INFO] [stdout]   24: std::panicking::catch_unwind::do_call::<std::rt::lang_start_internal::{closure#0}, isize>
[INFO] [stdout]              at /rustc/e3feeb59cd1bdd011a2bfcc0747b55125d9b8527/library/std/src/panicking.rs:573:43
[INFO] [stdout]   25: std::panicking::catch_unwind::<isize, std::rt::lang_start_internal::{closure#0}>
[INFO] [stdout]              at /rustc/e3feeb59cd1bdd011a2bfcc0747b55125d9b8527/library/std/src/panicking.rs:541:19
[INFO] [stdout]   26: std::panic::catch_unwind::<std::rt::lang_start_internal::{closure#0}, isize>
[INFO] [stdout]              at /rustc/e3feeb59cd1bdd011a2bfcc0747b55125d9b8527/library/std/src/panic.rs:359:14
[INFO] [stdout]   27: std::rt::lang_start_internal
[INFO] [stdout]              at /rustc/e3feeb59cd1bdd011a2bfcc0747b55125d9b8527/library/std/src/rt.rs:171:5
[INFO] [stdout]   28: std::rt::lang_start::<core::result::Result<(), anyhow::Error>>
[INFO] [stdout]              at /rustc/e3feeb59cd1bdd011a2bfcc0747b55125d9b8527/library/std/src/rt.rs:205:5
[INFO] [stdout]   29: main
[INFO] [stdout]   30: <unknown>
[INFO] [stdout]   31: __libc_start_main
[INFO] [stdout]   32: _start
[INFO] [stdout] ```
[INFO] [stdout] ```
[INFO] [stdout] command=`"/opt/rustwide/target/debug/arxiv-cli" "--verbose" "search" "--query" "LLM" "--limit" "1"`
[INFO] [stdout] code=1
[INFO] [stdout] stdout=""
[INFO] [stdout] stderr=```
[INFO] [stdout] [VERBOSE] Starting search for query: \'LLM\'
[INFO] [stdout] [VERBOSE] limit=Some(1), after=None, before=None, category=None
[INFO] [stdout] Error: IO error: No such file or directory (os error 2)
[INFO] [stdout] 
[INFO] [stdout] Caused by:
[INFO] [stdout]     No such file or directory (os error 2)
[INFO] [stdout] 
[INFO] [stdout] Stack backtrace:
[INFO] [stdout]    0: <anyhow::Error as core::convert::From<arxiv_cli::core::error::ArxivError>>::from
[INFO] [stdout]              at /opt/rustwide/cargo-home/registry/src/index.crates.io-1949cf8c6b5b557f/anyhow-1.0.102/src/backtrace.rs:10:14
[INFO] [stdout]    1: <core::result::Result<(), anyhow::Error> as core::ops::try_trait::FromResidual<core::result::Result<!, arxiv_cli::core::error::ArxivError>>>::from_residual
[INFO] [stdout]              at /rustc/e3feeb59cd1bdd011a2bfcc0747b55125d9b8527/library/core/src/result.rs:2190:27
[INFO] [stdout]    2: arxiv_cli::cli::run::{closure#0}
[INFO] [stdout]              at ./src/cli/mod.rs:115:26
[INFO] [stdout]    3: arxiv_cli::main::{closure#0}
[INFO] [stdout]              at ./src/main.rs:3:27
[INFO] [stdout]    4: <core::pin::Pin<alloc::boxed::Box<arxiv_cli::main::{closure#0}>> as core::future::future::Future>::poll
[INFO] [stdout]              at /rustc/e3feeb59cd1bdd011a2bfcc0747b55125d9b8527/library/core/src/future/future.rs:133:9
[INFO] [stdout]    5: <tokio::runtime::park::CachedParkThread>::block_on::<core::pin::Pin<alloc::boxed::Box<arxiv_cli::main::{closure#0}>>>::{closure#0}
[INFO] [stdout]              at /opt/rustwide/cargo-home/registry/src/index.crates.io-1949cf8c6b5b557f/tokio-1.51.1/src/runtime/park.rs:284:71
[INFO] [stdout]    6: tokio::task::coop::with_budget::<core::task::poll::Poll<core::result::Result<(), anyhow::Error>>, <tokio::runtime::park::CachedParkThread>::block_on<core::pin::Pin<alloc::boxed::Box<arxiv_cli::main::{closure#0}>>>::{closure#0}>
[INFO] [stdout]              at /opt/rustwide/cargo-home/registry/src/index.crates.io-1949cf8c6b5b557f/tokio-1.51.1/src/task/coop/mod.rs:167:5
[INFO] [stdout]    7: tokio::task::coop::budget::<core::task::poll::Poll<core::result::Result<(), anyhow::Error>>, <tokio::runtime::park::CachedParkThread>::block_on<core::pin::Pin<alloc::boxed::Box<arxiv_cli::main::{closure#0}>>>::{closure#0}>
[INFO] [stdout]              at /opt/rustwide/cargo-home/registry/src/index.crates.io-1949cf8c6b5b557f/tokio-1.51.1/src/task/coop/mod.rs:133:5
[INFO] [stdout]    8: <tokio::runtime::park::CachedParkThread>::block_on::<core::pin::Pin<alloc::boxed::Box<arxiv_cli::main::{closure#0}>>>
[INFO] [stdout]              at /opt/rustwide/cargo-home/registry/src/index.crates.io-1949cf8c6b5b557f/tokio-1.51.1/src/runtime/park.rs:284:31
[INFO] [stdout]    9: <tokio::runtime::context::blocking::BlockingRegionGuard>::block_on::<core::pin::Pin<alloc::boxed::Box<arxiv_cli::main::{closure#0}>>>
[INFO] [stdout]              at /opt/rustwide/cargo-home/registry/src/index.crates.io-1949cf8c6b5b557f/tokio-1.51.1/src/runtime/context/blocking.rs:66:14
[INFO] [stdout]   10: <tokio::runtime::scheduler::multi_thread::MultiThread>::block_on::<core::pin::Pin<alloc::boxed::Box<arxiv_cli::main::{closure#0}>>>::{closure#0}
[INFO] [stdout]              at /opt/rustwide/cargo-home/registry/src/index.crates.io-1949cf8c6b5b557f/tokio-1.51.1/src/runtime/scheduler/multi_thread/mod.rs:92:22
[INFO] [stdout]   11: tokio::runtime::context::runtime::enter_runtime::<<tokio::runtime::scheduler::multi_thread::MultiThread>::block_on<core::pin::Pin<alloc::boxed::Box<arxiv_cli::main::{closure#0}>>>::{closure#0}, core::result::Result<(), anyhow::Error>>
[INFO] [stdout]              at /opt/rustwide/cargo-home/registry/src/index.crates.io-1949cf8c6b5b557f/tokio-1.51.1/src/runtime/context/runtime.rs:65:16
[INFO] [stdout]   12: <tokio::runtime::scheduler::multi_thread::MultiThread>::block_on::<core::pin::Pin<alloc::boxed::Box<arxiv_cli::main::{closure#0}>>>
[INFO] [stdout]              at /opt/rustwide/cargo-home/registry/src/index.crates.io-1949cf8c6b5b557f/tokio-1.51.1/src/runtime/scheduler/multi_thread/mod.rs:91:9
[INFO] [stdout]   13: <tokio::runtime::runtime::Runtime>::block_on_inner::<core::pin::Pin<alloc::boxed::Box<arxiv_cli::main::{closure#0}>>>
[INFO] [stdout]              at /opt/rustwide/cargo-home/registry/src/index.crates.io-1949cf8c6b5b557f/tokio-1.51.1/src/runtime/runtime.rs:373:50
[INFO] [stdout]   14: <tokio::runtime::runtime::Runtime>::block_on::<arxiv_cli::main::{closure#0}>
[INFO] [stdout]              at /opt/rustwide/cargo-home/registry/src/index.crates.io-1949cf8c6b5b557f/tokio-1.51.1/src/runtime/runtime.rs:343:18
[INFO] [stdout]   15: arxiv_cli::main
[INFO] [stdout]              at ./src/main.rs:3:27
[INFO] [stdout]   16: <fn() -> core::result::Result<(), anyhow::Error> as core::ops::function::FnOnce<()>>::call_once
[INFO] [stdout]              at /rustc/e3feeb59cd1bdd011a2bfcc0747b55125d9b8527/library/core/src/ops/function.rs:250:5
[INFO] [stdout]   17: std::sys::backtrace::__rust_begin_short_backtrace::<fn() -> core::result::Result<(), anyhow::Error>, core::result::Result<(), anyhow::Error>>
[INFO] [stdout]              at /rustc/e3feeb59cd1bdd011a2bfcc0747b55125d9b8527/library/std/src/sys/backtrace.rs:166:18
[INFO] [stdout]   18: std::rt::lang_start::<core::result::Result<(), anyhow::Error>>::{closure#0}
[INFO] [stdout]              at /rustc/e3feeb59cd1bdd011a2bfcc0747b55125d9b8527/library/std/src/rt.rs:206:18
[INFO] [stdout]   19: <&dyn core::ops::function::Fn<(), Output = i32> + core::marker::Sync + core::panic::unwind_safe::RefUnwindSafe as core::ops::function::FnOnce<()>>::call_once
[INFO] [stdout]              at /rustc/e3feeb59cd1bdd011a2bfcc0747b55125d9b8527/library/core/src/ops/function.rs:287:21
[INFO] [stdout]   20: std::panicking::catch_unwind::do_call::<&dyn core::ops::function::Fn<(), Output = i32> + core::marker::Sync + core::panic::unwind_safe::RefUnwindSafe, i32>
[INFO] [stdout]              at /rustc/e3feeb59cd1bdd011a2bfcc0747b55125d9b8527/library/std/src/panicking.rs:573:43
[INFO] [stdout]   21: std::panicking::catch_unwind::<i32, &dyn core::ops::function::Fn<(), Output = i32> + core::marker::Sync + core::panic::unwind_safe::RefUnwindSafe>
[INFO] [stdout]              at /rustc/e3feeb59cd1bdd011a2bfcc0747b55125d9b8527/library/std/src/panicking.rs:541:19
[INFO] [stdout]   22: std::panic::catch_unwind::<&dyn core::ops::function::Fn<(), Output = i32> + core::marker::Sync + core::panic::unwind_safe::RefUnwindSafe, i32>
[INFO] [stdout]              at /rustc/e3feeb59cd1bdd011a2bfcc0747b55125d9b8527/library/std/src/panic.rs:359:14
[INFO] [stdout]   23: std::rt::lang_start_internal::{closure#0}
[INFO] [stdout]              at /rustc/e3feeb59cd1bdd011a2bfcc0747b55125d9b8527/library/std/src/rt.rs:175:24
[INFO] [stdout]   24: std::panicking::catch_unwind::do_call::<std::rt::lang_start_internal::{closure#0}, isize>
[INFO] [stdout]              at /rustc/e3feeb59cd1bdd011a2bfcc0747b55125d9b8527/library/std/src/panicking.rs:573:43
[INFO] [stdout]   25: std::panicking::catch_unwind::<isize, std::rt::lang_start_internal::{closure#0}>
[INFO] [stdout]              at /rustc/e3feeb59cd1bdd011a2bfcc0747b55125d9b8527/library/std/src/panicking.rs:541:19
[INFO] [stdout]   26: std::panic::catch_unwind::<std::rt::lang_start_internal::{closure#0}, isize>
[INFO] [stdout]              at /rustc/e3feeb59cd1bdd011a2bfcc0747b55125d9b8527/library/std/src/panic.rs:359:14
[INFO] [stdout]   27: std::rt::lang_start_internal
[INFO] [stdout]              at /rustc/e3feeb59cd1bdd011a2bfcc0747b55125d9b8527/library/std/src/rt.rs:171:5
[INFO] [stdout]   28: std::rt::lang_start::<core::result::Result<(), anyhow::Error>>
[INFO] [stdout]              at /rustc/e3feeb59cd1bdd011a2bfcc0747b55125d9b8527/library/std/src/rt.rs:205:5
[INFO] [stdout]   29: main
[INFO] [stdout]   30: <unknown>
[INFO] [stdout]   31: __libc_start_main
[INFO] [stdout]   32: _start
[INFO] [stdout] ```
[INFO] [stdout] 
[INFO] [stdout] 
[INFO] [stdout] stack backtrace:
[INFO] [stdout]    0:     0x61979a1811e1 - std[617be2ca0a6fd877]::backtrace_rs::backtrace::libunwind::trace
[INFO] [stdout]                                at /rustc/e3feeb59cd1bdd011a2bfcc0747b55125d9b8527/library/std/src/../../backtrace/src/backtrace/libunwind.rs:117:9
[INFO] [stdout]    1:     0x61979a1811e1 - std[617be2ca0a6fd877]::backtrace_rs::backtrace::trace_unsynchronized::<std[617be2ca0a6fd877]::sys::backtrace::_print_fmt::{closure#1}>
[INFO] [stdout]                                at /rustc/e3feeb59cd1bdd011a2bfcc0747b55125d9b8527/library/std/src/../../backtrace/src/backtrace/mod.rs:66:14
[INFO] [stdout]    2:     0x61979a1811e1 - std[617be2ca0a6fd877]::sys::backtrace::_print_fmt
[INFO] [stdout]                                at /rustc/e3feeb59cd1bdd011a2bfcc0747b55125d9b8527/library/std/src/sys/backtrace.rs:74:9
[INFO] [stdout]    3:     0x61979a1811e1 - <<std[617be2ca0a6fd877]::sys::backtrace::BacktraceLock>::print::DisplayBacktrace as core[a373ad73a504971]::fmt::Display>::fmt
[INFO] [stdout]                                at /rustc/e3feeb59cd1bdd011a2bfcc0747b55125d9b8527/library/std/src/sys/backtrace.rs:44:26
[INFO] [stdout]    4:     0x61979a19748a - <core[a373ad73a504971]::fmt::rt::Argument>::fmt
[INFO] [stdout]                                at /rustc/e3feeb59cd1bdd011a2bfcc0747b55125d9b8527/library/core/src/fmt/rt.rs:152:76
[INFO] [stdout]    5:     0x61979a19748a - core[a373ad73a504971]::fmt::write
[INFO] [stdout]    6:     0x61979a186a4c - core[a373ad73a504971]::io::write::default_write_fmt::<alloc[2e1b2a31b91974c5]::vec::Vec<u8>>
[INFO] [stdout]                                at /rustc/e3feeb59cd1bdd011a2bfcc0747b55125d9b8527/library/core/src/io/write.rs:402:11
[INFO] [stdout]    7:     0x61979a186a4c - <alloc[2e1b2a31b91974c5]::vec::Vec<u8> as core[a373ad73a504971]::io::write::Write>::write_fmt
[INFO] [stdout]                                at /rustc/e3feeb59cd1bdd011a2bfcc0747b55125d9b8527/library/core/src/io/write.rs:335:13
[INFO] [stdout]    8:     0x61979a15be56 - <std[617be2ca0a6fd877]::sys::backtrace::BacktraceLock>::print
[INFO] [stdout]                                at /rustc/e3feeb59cd1bdd011a2bfcc0747b55125d9b8527/library/std/src/sys/backtrace.rs:47:9
[INFO] [stdout]    9:     0x61979a15be56 - std[617be2ca0a6fd877]::panicking::default_hook::{closure#0}
[INFO] [stdout]                                at /rustc/e3feeb59cd1bdd011a2bfcc0747b55125d9b8527/library/std/src/panicking.rs:289:27
[INFO] [stdout]   10:     0x61979a1790d9 - std[617be2ca0a6fd877]::panicking::default_hook
[INFO] [stdout]                                at /rustc/e3feeb59cd1bdd011a2bfcc0747b55125d9b8527/library/std/src/panicking.rs:313:9
[INFO] [stdout]   11:     0x61979a0d8a30 - <alloc[2e1b2a31b91974c5]::boxed::Box<dyn for<'a, 'b> core[a373ad73a504971]::ops::function::Fn<(&'a std[617be2ca0a6fd877]::panic::PanicHookInfo<'b>,), Output = ()> + core[a373ad73a504971]::marker::Sync + core[a373ad73a504971]::marker::Send> as core[a373ad73a504971]::ops::function::Fn<(&std[617be2ca0a6fd877]::panic::PanicHookInfo,)>>::call
[INFO] [stdout]                                at /rustc/e3feeb59cd1bdd011a2bfcc0747b55125d9b8527/library/alloc/src/boxed.rs:2328:9
[INFO] [stdout]   12:     0x61979a0d8a30 - test[aada8e7e76ba119b]::test_main_inner::{closure#0}
[INFO] [stdout]                                at /rustc/e3feeb59cd1bdd011a2bfcc0747b55125d9b8527/library/test/src/lib.rs:137:21
[INFO] [stdout]   13:     0x61979a179292 - <alloc[2e1b2a31b91974c5]::boxed::Box<dyn for<'a, 'b> core[a373ad73a504971]::ops::function::Fn<(&'a std[617be2ca0a6fd877]::panic::PanicHookInfo<'b>,), Output = ()> + core[a373ad73a504971]::marker::Sync + core[a373ad73a504971]::marker::Send> as core[a373ad73a504971]::ops::function::Fn<(&std[617be2ca0a6fd877]::panic::PanicHookInfo,)>>::call
[INFO] [stdout]                                at /rustc/e3feeb59cd1bdd011a2bfcc0747b55125d9b8527/library/alloc/src/boxed.rs:2328:9
[INFO] [stdout]   14:     0x61979a179292 - std[617be2ca0a6fd877]::panicking::panic_with_hook
[INFO] [stdout]                                at /rustc/e3feeb59cd1bdd011a2bfcc0747b55125d9b8527/library/std/src/panicking.rs:819:13
[INFO] [stdout]   15:     0x61979a15bf02 - std[617be2ca0a6fd877]::panicking::panic_handler::{closure#0}
[INFO] [stdout]                                at /rustc/e3feeb59cd1bdd011a2bfcc0747b55125d9b8527/library/std/src/panicking.rs:685:13
[INFO] [stdout]   16:     0x61979a154af9 - std[617be2ca0a6fd877]::sys::backtrace::__rust_end_short_backtrace::<std[617be2ca0a6fd877]::panicking::panic_handler::{closure#0}, !>
[INFO] [stdout]                                at /rustc/e3feeb59cd1bdd011a2bfcc0747b55125d9b8527/library/std/src/sys/backtrace.rs:182:18
[INFO] [stdout]   17:     0x61979a15cb0d - __rustc[ea4f61d10b84890b]::rust_begin_unwind
[INFO] [stdout]                                at /rustc/e3feeb59cd1bdd011a2bfcc0747b55125d9b8527/library/std/src/panicking.rs:676:5
[INFO] [stdout]   18:     0x61979a197cfc - core[a373ad73a504971]::panicking::panic_fmt
[INFO] [stdout]                                at /rustc/e3feeb59cd1bdd011a2bfcc0747b55125d9b8527/library/core/src/panicking.rs:80:14
[INFO] [stdout]   19:     0x61979a11ddb8 - core[a373ad73a504971]::panicking::panic_display::<assert_cmd[df7ed4640e592555]::assert::AssertError>
[INFO] [stdout]                                at /rustc/e3feeb59cd1bdd011a2bfcc0747b55125d9b8527/library/core/src/panicking.rs:259:5
[INFO] [stdout]   20:     0x61979a11dcc7 - <assert_cmd[df7ed4640e592555]::assert::AssertError>::panic::<assert_cmd[df7ed4640e592555]::assert::Assert>
[INFO] [stdout]                                at /opt/rustwide/cargo-home/registry/src/index.crates.io-1949cf8c6b5b557f/assert_cmd-2.1.2/src/assert.rs:1036:9
[INFO] [stdout]   21:     0x61979a11cfb7 - <<assert_cmd[df7ed4640e592555]::assert::AssertError>::panic<assert_cmd[df7ed4640e592555]::assert::Assert> as core[a373ad73a504971]::ops::function::FnOnce<(assert_cmd[df7ed4640e592555]::assert::AssertError,)>>::call_once
[INFO] [stdout]                                at /rustc/e3feeb59cd1bdd011a2bfcc0747b55125d9b8527/library/core/src/ops/function.rs:250:5
[INFO] [stdout]   22:     0x61979a10c6db - <core[a373ad73a504971]::result::Result<assert_cmd[df7ed4640e592555]::assert::Assert, assert_cmd[df7ed4640e592555]::assert::AssertError>>::unwrap_or_else::<<assert_cmd[df7ed4640e592555]::assert::AssertError>::panic<assert_cmd[df7ed4640e592555]::assert::Assert>>
[INFO] [stdout]                                at /rustc/e3feeb59cd1bdd011a2bfcc0747b55125d9b8527/library/core/src/result.rs:1619:23
[INFO] [stdout]   23:     0x61979a11f010 - <assert_cmd[df7ed4640e592555]::assert::Assert>::success
[INFO] [stdout]                                at /opt/rustwide/cargo-home/registry/src/index.crates.io-1949cf8c6b5b557f/assert_cmd-2.1.2/src/assert.rs:161:28
[INFO] [stdout]   24:     0x61979a0bf74c - e2e_cli[e9a6de20ef8c8c5b]::test_search_execution
[INFO] [stdout]                                at /opt/rustwide/workdir/e2e/cli.rs:153:10
[INFO] [stdout]   25:     0x61979a0be017 - e2e_cli[e9a6de20ef8c8c5b]::test_search_execution::{closure#0}
[INFO] [stdout]                                at /opt/rustwide/workdir/e2e/cli.rs:142:27
[INFO] [stdout]   26:     0x61979a0c1de6 - <e2e_cli[e9a6de20ef8c8c5b]::test_search_execution::{closure#0} as core[a373ad73a504971]::ops::function::FnOnce<()>>::call_once
[INFO] [stdout]                                at /rustc/e3feeb59cd1bdd011a2bfcc0747b55125d9b8527/library/core/src/ops/function.rs:250:5
[INFO] [stdout]   27:     0x61979a0cbe7b - <fn() -> core[a373ad73a504971]::result::Result<(), alloc[2e1b2a31b91974c5]::string::String> as core[a373ad73a504971]::ops::function::FnOnce<()>>::call_once
[INFO] [stdout]                                at /rustc/e3feeb59cd1bdd011a2bfcc0747b55125d9b8527/library/core/src/ops/function.rs:250:5
[INFO] [stdout]   28:     0x61979a0cbe7b - test[aada8e7e76ba119b]::__rust_begin_short_backtrace::<core[a373ad73a504971]::result::Result<(), alloc[2e1b2a31b91974c5]::string::String>, fn() -> core[a373ad73a504971]::result::Result<(), alloc[2e1b2a31b91974c5]::string::String>>
[INFO] [stdout]                                at /rustc/e3feeb59cd1bdd011a2bfcc0747b55125d9b8527/library/test/src/lib.rs:701:18
[INFO] [stdout]   29:     0x61979a0d9055 - test[aada8e7e76ba119b]::run_test_in_process::{closure#0}
[INFO] [stdout]                                at /rustc/e3feeb59cd1bdd011a2bfcc0747b55125d9b8527/library/test/src/lib.rs:724:74
[INFO] [stdout]   30:     0x61979a0d9055 - <core[a373ad73a504971]::panic::unwind_safe::AssertUnwindSafe<test[aada8e7e76ba119b]::run_test_in_process::{closure#0}> as core[a373ad73a504971]::ops::function::FnOnce<()>>::call_once
[INFO] [stdout]                                at /rustc/e3feeb59cd1bdd011a2bfcc0747b55125d9b8527/library/core/src/panic/unwind_safe.rs:275:9
[INFO] [stdout]   31:     0x61979a0d9055 - std[617be2ca0a6fd877]::panicking::catch_unwind::do_call::<core[a373ad73a504971]::panic::unwind_safe::AssertUnwindSafe<test[aada8e7e76ba119b]::run_test_in_process::{closure#0}>, core[a373ad73a504971]::result::Result<(), alloc[2e1b2a31b91974c5]::string::String>>
[INFO] [stdout]                                at /rustc/e3feeb59cd1bdd011a2bfcc0747b55125d9b8527/library/std/src/panicking.rs:573:43
[INFO] [stdout]   32:     0x61979a0d9055 - std[617be2ca0a6fd877]::panicking::catch_unwind::<core[a373ad73a504971]::result::Result<(), alloc[2e1b2a31b91974c5]::string::String>, core[a373ad73a504971]::panic::unwind_safe::AssertUnwindSafe<test[aada8e7e76ba119b]::run_test_in_process::{closure#0}>>
[INFO] [stdout]                                at /rustc/e3feeb59cd1bdd011a2bfcc0747b55125d9b8527/library/std/src/panicking.rs:541:19
[INFO] [stdout]   33:     0x61979a0d9055 - std[617be2ca0a6fd877]::panic::catch_unwind::<core[a373ad73a504971]::panic::unwind_safe::AssertUnwindSafe<test[aada8e7e76ba119b]::run_test_in_process::{closure#0}>, core[a373ad73a504971]::result::Result<(), alloc[2e1b2a31b91974c5]::string::String>>
[INFO] [stdout]                                at /rustc/e3feeb59cd1bdd011a2bfcc0747b55125d9b8527/library/std/src/panic.rs:359:14
[INFO] [stdout]   34:     0x61979a0d9055 - test[aada8e7e76ba119b]::run_test_in_process
[INFO] [stdout]                                at /rustc/e3feeb59cd1bdd011a2bfcc0747b55125d9b8527/library/test/src/lib.rs:724:27
[INFO] [stdout]   35:     0x61979a0d9055 - test[aada8e7e76ba119b]::run_test::{closure#0}
[INFO] [stdout]                                at /rustc/e3feeb59cd1bdd011a2bfcc0747b55125d9b8527/library/test/src/lib.rs:645:43
[INFO] [stdout]   36:     0x61979a0d2944 - test[aada8e7e76ba119b]::run_test::{closure#1}
[INFO] [stdout]                                at /rustc/e3feeb59cd1bdd011a2bfcc0747b55125d9b8527/library/test/src/lib.rs:675:41
[INFO] [stdout]   37:     0x61979a0d2944 - std[617be2ca0a6fd877]::sys::backtrace::__rust_begin_short_backtrace::<test[aada8e7e76ba119b]::run_test::{closure#1}, ()>
[INFO] [stdout]                                at /rustc/e3feeb59cd1bdd011a2bfcc0747b55125d9b8527/library/std/src/sys/backtrace.rs:166:18
[INFO] [stdout]   38:     0x61979a0dc0e2 - std[617be2ca0a6fd877]::thread::lifecycle::spawn_unchecked::<test[aada8e7e76ba119b]::run_test::{closure#1}, ()>::{closure#1}::{closure#0}
[INFO] [stdout]                                at /rustc/e3feeb59cd1bdd011a2bfcc0747b55125d9b8527/library/std/src/thread/lifecycle.rs:70:13
[INFO] [stdout]   39:     0x61979a0dc0e2 - <core[a373ad73a504971]::panic::unwind_safe::AssertUnwindSafe<std[617be2ca0a6fd877]::thread::lifecycle::spawn_unchecked<test[aada8e7e76ba119b]::run_test::{closure#1}, ()>::{closure#1}::{closure#0}> as core[a373ad73a504971]::ops::function::FnOnce<()>>::call_once
[INFO] [stdout]                                at /rustc/e3feeb59cd1bdd011a2bfcc0747b55125d9b8527/library/core/src/panic/unwind_safe.rs:275:9
[INFO] [stdout]   40:     0x61979a0dc0e2 - std[617be2ca0a6fd877]::panicking::catch_unwind::do_call::<core[a373ad73a504971]::panic::unwind_safe::AssertUnwindSafe<std[617be2ca0a6fd877]::thread::lifecycle::spawn_unchecked<test[aada8e7e76ba119b]::run_test::{closure#1}, ()>::{closure#1}::{closure#0}>, ()>
[INFO] [stdout]                                at /rustc/e3feeb59cd1bdd011a2bfcc0747b55125d9b8527/library/std/src/panicking.rs:573:43
[INFO] [stdout]   41:     0x61979a0dc0e2 - std[617be2ca0a6fd877]::panicking::catch_unwind::<(), core[a373ad73a504971]::panic::unwind_safe::AssertUnwindSafe<std[617be2ca0a6fd877]::thread::lifecycle::spawn_unchecked<test[aada8e7e76ba119b]::run_test::{closure#1}, ()>::{closure#1}::{closure#0}>>
[INFO] [stdout]                                at /rustc/e3feeb59cd1bdd011a2bfcc0747b55125d9b8527/library/std/src/panicking.rs:541:19
[INFO] [stdout]   42:     0x61979a0dc0e2 - std[617be2ca0a6fd877]::panic::catch_unwind::<core[a373ad73a504971]::panic::unwind_safe::AssertUnwindSafe<std[617be2ca0a6fd877]::thread::lifecycle::spawn_unchecked<test[aada8e7e76ba119b]::run_test::{closure#1}, ()>::{closure#1}::{closure#0}>, ()>
[INFO] [stdout]                                at /rustc/e3feeb59cd1bdd011a2bfcc0747b55125d9b8527/library/std/src/panic.rs:359:14
[INFO] [stdout]   43:     0x61979a0dc0e2 - std[617be2ca0a6fd877]::thread::lifecycle::spawn_unchecked::<test[aada8e7e76ba119b]::run_test::{closure#1}, ()>::{closure#1}
[INFO] [stdout]                                at /rustc/e3feeb59cd1bdd011a2bfcc0747b55125d9b8527/library/std/src/thread/lifecycle.rs:68:26
[INFO] [stdout]   44:     0x61979a0dc0e2 - <std[617be2ca0a6fd877]::thread::lifecycle::spawn_unchecked<test[aada8e7e76ba119b]::run_test::{closure#1}, ()>::{closure#1} as core[a373ad73a504971]::ops::function::FnOnce<()>>::call_once::{shim:vtable#0}
[INFO] [stdout]                                at /rustc/e3feeb59cd1bdd011a2bfcc0747b55125d9b8527/library/core/src/ops/function.rs:250:5
[INFO] [stdout]   45:     0x61979a1809bf - <alloc[2e1b2a31b91974c5]::boxed::Box<dyn core[a373ad73a504971]::ops::function::FnOnce<(), Output = ()> + core[a373ad73a504971]::marker::Send> as core[a373ad73a504971]::ops::function::FnOnce<()>>::call_once
[INFO] [stdout]                                at /rustc/e3feeb59cd1bdd011a2bfcc0747b55125d9b8527/library/alloc/src/boxed.rs:2314:9
[INFO] [stdout]   46:     0x61979a1809bf - <std[617be2ca0a6fd877]::sys::thread::unix::Thread>::new::thread_start
[INFO] [stdout]                                at /rustc/e3feeb59cd1bdd011a2bfcc0747b55125d9b8527/library/std/src/sys/thread/unix.rs:127:17
[INFO] [stdout]   47:     0x78e52e107dfa - <unknown>
[INFO] [stdout]   48:     0x78e52e19b3d4 - clone
[INFO] [stdout]   49:                0x0 - <unknown>
[INFO] [stdout] 
[INFO] [stdout] ---- test_fetch_execution stdout ----
[INFO] [stdout] STDOUT: 
[INFO] [stdout] STDERR: Error: IO error: No such file or directory (os error 2)
[INFO] [stdout] 
[INFO] [stdout] Caused by:
[INFO] [stdout]     No such file or directory (os error 2)
[INFO] [stdout] 
[INFO] [stdout] Stack backtrace:
[INFO] [stdout]    0: <anyhow::Error as core::convert::From<arxiv_cli::core::error::ArxivError>>::from
[INFO] [stdout]              at /opt/rustwide/cargo-home/registry/src/index.crates.io-1949cf8c6b5b557f/anyhow-1.0.102/src/backtrace.rs:10:14
[INFO] [stdout]    1: <core::result::Result<(), anyhow::Error> as core::ops::try_trait::FromResidual<core::result::Result<!, arxiv_cli::core::error::ArxivError>>>::from_residual
[INFO] [stdout]              at /rustc/e3feeb59cd1bdd011a2bfcc0747b55125d9b8527/library/core/src/result.rs:2190:27
[INFO] [stdout]    2: arxiv_cli::cli::run::{closure#0}
[INFO] [stdout]              at ./src/cli/mod.rs:125:29
[INFO] [stdout]    3: arxiv_cli::main::{closure#0}
[INFO] [stdout]              at ./src/main.rs:3:27
[INFO] [stdout]    4: <core::pin::Pin<alloc::boxed::Box<arxiv_cli::main::{closure#0}>> as core::future::future::Future>::poll
[INFO] [stdout]              at /rustc/e3feeb59cd1bdd011a2bfcc0747b55125d9b8527/library/core/src/future/future.rs:133:9
[INFO] [stdout]    5: <tokio::runtime::park::CachedParkThread>::block_on::<core::pin::Pin<alloc::boxed::Box<arxiv_cli::main::{closure#0}>>>::{closure#0}
[INFO] [stdout]              at /opt/rustwide/cargo-home/registry/src/index.crates.io-1949cf8c6b5b557f/tokio-1.51.1/src/runtime/park.rs:284:71
[INFO] [stdout]    6: tokio::task::coop::with_budget::<core::task::poll::Poll<core::result::Result<(), anyhow::Error>>, <tokio::runtime::park::CachedParkThread>::block_on<core::pin::Pin<alloc::boxed::Box<arxiv_cli::main::{closure#0}>>>::{closure#0}>
[INFO] [stdout]              at /opt/rustwide/cargo-home/registry/src/index.crates.io-1949cf8c6b5b557f/tokio-1.51.1/src/task/coop/mod.rs:167:5
[INFO] [stdout]    7: tokio::task::coop::budget::<core::task::poll::Poll<core::result::Result<(), anyhow::Error>>, <tokio::runtime::park::CachedParkThread>::block_on<core::pin::Pin<alloc::boxed::Box<arxiv_cli::main::{closure#0}>>>::{closure#0}>
[INFO] [stdout]              at /opt/rustwide/cargo-home/registry/src/index.crates.io-1949cf8c6b5b557f/tokio-1.51.1/src/task/coop/mod.rs:133:5
[INFO] [stdout]    8: <tokio::runtime::park::CachedParkThread>::block_on::<core::pin::Pin<alloc::boxed::Box<arxiv_cli::main::{closure#0}>>>
[INFO] [stdout]              at /opt/rustwide/cargo-home/registry/src/index.crates.io-1949cf8c6b5b557f/tokio-1.51.1/src/runtime/park.rs:284:31
[INFO] [stdout]    9: <tokio::runtime::context::blocking::BlockingRegionGuard>::block_on::<core::pin::Pin<alloc::boxed::Box<arxiv_cli::main::{closure#0}>>>
[INFO] [stdout]              at /opt/rustwide/cargo-home/registry/src/index.crates.io-1949cf8c6b5b557f/tokio-1.51.1/src/runtime/context/blocking.rs:66:14
[INFO] [stdout]   10: <tokio::runtime::scheduler::multi_thread::MultiThread>::block_on::<core::pin::Pin<alloc::boxed::Box<arxiv_cli::main::{closure#0}>>>::{closure#0}
[INFO] [stdout]              at /opt/rustwide/cargo-home/registry/src/index.crates.io-1949cf8c6b5b557f/tokio-1.51.1/src/runtime/scheduler/multi_thread/mod.rs:92:22
[INFO] [stdout]   11: tokio::runtime::context::runtime::enter_runtime::<<tokio::runtime::scheduler::multi_thread::MultiThread>::block_on<core::pin::Pin<alloc::boxed::Box<arxiv_cli::main::{closure#0}>>>::{closure#0}, core::result::Result<(), anyhow::Error>>
[INFO] [stdout]              at /opt/rustwide/cargo-home/registry/src/index.crates.io-1949cf8c6b5b557f/tokio-1.51.1/src/runtime/context/runtime.rs:65:16
[INFO] [stdout]   12: <tokio::runtime::scheduler::multi_thread::MultiThread>::block_on::<core::pin::Pin<alloc::boxed::Box<arxiv_cli::main::{closure#0}>>>
[INFO] [stdout]              at /opt/rustwide/cargo-home/registry/src/index.crates.io-1949cf8c6b5b557f/tokio-1.51.1/src/runtime/scheduler/multi_thread/mod.rs:91:9
[INFO] [stdout]   13: <tokio::runtime::runtime::Runtime>::block_on_inner::<core::pin::Pin<alloc::boxed::Box<arxiv_cli::main::{closure#0}>>>
[INFO] [stdout]              at /opt/rustwide/cargo-home/registry/src/index.crates.io-1949cf8c6b5b557f/tokio-1.51.1/src/runtime/runtime.rs:373:50
[INFO] [stdout]   14: <tokio::runtime::runtime::Runtime>::block_on::<arxiv_cli::main::{closure#0}>
[INFO] [stdout]              at /opt/rustwide/cargo-home/registry/src/index.crates.io-1949cf8c6b5b557f/tokio-1.51.1/src/runtime/runtime.rs:343:18
[INFO] [stdout]   15: arxiv_cli::main
[INFO] [stdout]              at ./src/main.rs:3:27
[INFO] [stdout]   16: <fn() -> core::result::Result<(), anyhow::Error> as core::ops::function::FnOnce<()>>::call_once
[INFO] [stdout]              at /rustc/e3feeb59cd1bdd011a2bfcc0747b55125d9b8527/library/core/src/ops/function.rs:250:5
[INFO] [stdout]   17: std::sys::backtrace::__rust_begin_short_backtrace::<fn() -> core::result::Result<(), anyhow::Error>, core::result::Result<(), anyhow::Error>>
[INFO] [stdout]              at /rustc/e3feeb59cd1bdd011a2bfcc0747b55125d9b8527/library/std/src/sys/backtrace.rs:166:18
[INFO] [stdout]   18: std::rt::lang_start::<core::result::Result<(), anyhow::Error>>::{closure#0}
[INFO] [stdout]              at /rustc/e3feeb59cd1bdd011a2bfcc0747b55125d9b8527/library/std/src/rt.rs:206:18
[INFO] [stdout]   19: <&dyn core::ops::function::Fn<(), Output = i32> + core::marker::Sync + core::panic::unwind_safe::RefUnwindSafe as core::ops::function::FnOnce<()>>::call_once
[INFO] [stdout]              at /rustc/e3feeb59cd1bdd011a2bfcc0747b55125d9b8527/library/core/src/ops/function.rs:287:21
[INFO] [stdout]   20: std::panicking::catch_unwind::do_call::<&dyn core::ops::function::Fn<(), Output = i32> + core::marker::Sync + core::panic::unwind_safe::RefUnwindSafe, i32>
[INFO] [stdout]              at /rustc/e3feeb59cd1bdd011a2bfcc0747b55125d9b8527/library/std/src/panicking.rs:573:43
[INFO] [stdout]   21: std::panicking::catch_unwind::<i32, &dyn core::ops::function::Fn<(), Output = i32> + core::marker::Sync + core::panic::unwind_safe::RefUnwindSafe>
[INFO] [stdout]              at /rustc/e3feeb59cd1bdd011a2bfcc0747b55125d9b8527/library/std/src/panicking.rs:541:19
[INFO] [stdout]   22: std::panic::catch_unwind::<&dyn core::ops::function::Fn<(), Output = i32> + core::marker::Sync + core::panic::unwind_safe::RefUnwindSafe, i32>
[INFO] [stdout]              at /rustc/e3feeb59cd1bdd011a2bfcc0747b55125d9b8527/library/std/src/panic.rs:359:14
[INFO] [stdout]   23: std::rt::lang_start_internal::{closure#0}
[INFO] [stdout]              at /rustc/e3feeb59cd1bdd011a2bfcc0747b55125d9b8527/library/std/src/rt.rs:175:24
[INFO] [stdout]   24: std::panicking::catch_unwind::do_call::<std::rt::lang_start_internal::{closure#0}, isize>
[INFO] [stdout]              at /rustc/e3feeb59cd1bdd011a2bfcc0747b55125d9b8527/library/std/src/panicking.rs:573:43
[INFO] [stdout]   25: std::panicking::catch_unwind::<isize, std::rt::lang_start_internal::{closure#0}>
[INFO] [stdout]              at /rustc/e3feeb59cd1bdd011a2bfcc0747b55125d9b8527/library/std/src/panicking.rs:541:19
[INFO] [stdout]   26: std::panic::catch_unwind::<std::rt::lang_start_internal::{closure#0}, isize>
[INFO] [stdout]              at /rustc/e3feeb59cd1bdd011a2bfcc0747b55125d9b8527/library/std/src/panic.rs:359:14
[INFO] [stdout]   27: std::rt::lang_start_internal
[INFO] [stdout]              at /rustc/e3feeb59cd1bdd011a2bfcc0747b55125d9b8527/library/std/src/rt.rs:171:5
[INFO] [stdout]   28: std::rt::lang_start::<core::result::Result<(), anyhow::Error>>
[INFO] [stdout]              at /rustc/e3feeb59cd1bdd011a2bfcc0747b55125d9b8527/library/std/src/rt.rs:205:5
[INFO] [stdout]   29: main
[INFO] [stdout]   30: <unknown>
[INFO] [stdout]   31: __libc_start_main
[INFO] [stdout]   32: _start
[INFO] [stdout] 
[INFO] [stdout] EXIT CODE: Some(1)
[INFO] [stdout] 
[INFO] [stdout] thread 'test_fetch_execution' (13506) panicked at /rustc/e3feeb59cd1bdd011a2bfcc0747b55125d9b8527/library/core/src/ops/function.rs:250:5:
[INFO] [stdout] Unexpected failure.
[INFO] [stdout] code=1
[INFO] [stdout] stderr=``````
[INFO] [stdout] Error: IO error: No such file or directory (os error 2)
[INFO] [stdout] 
[INFO] [stdout] Caused by:
[INFO] [stdout]     No such file or directory (os error 2)
[INFO] [stdout] 
[INFO] [stdout] Stack backtrace:
[INFO] [stdout]    0: <anyhow::Error as core::convert::From<arxiv_cli::core::error::ArxivError>>::from
[INFO] [stdout]              at /opt/rustwide/cargo-home/registry/src/index.crates.io-1949cf8c6b5b557f/anyhow-1.0.102/src/backtrace.rs:10:14
[INFO] [stdout]    1: <core::result::Result<(), anyhow::Error> as core::ops::try_trait::FromResidual<core::result::Result<!, arxiv_cli::core::error::ArxivError>>>::from_residual
[INFO] [stdout]              at /rustc/e3feeb59cd1bdd011a2bfcc0747b55125d9b8527/library/core/src/result.rs:2190:27
[INFO] [stdout]    2: arxiv_cli::cli::run::{closure#0}
[INFO] [stdout]              at ./src/cli/mod.rs:125:29
[INFO] [stdout]    3: arxiv_cli::main::{closure#0}
[INFO] [stdout]              at ./src/main.rs:3:27
[INFO] [stdout]    4: <core::pin::Pin<alloc::boxed::Box<arxiv_cli::main::{closure#0}>> as core::future::future::Future>::poll
[INFO] [stdout]              at /rustc/e3feeb59cd1bdd011a2bfcc0747b55125d9b8527/library/core/src/future/future.rs:133:9
[INFO] [stdout]    5: <tokio::runtime::park::CachedParkThread>::block_on::<core::pin::Pin<alloc::boxed::Box<arxiv_cli::main::{closure#0}>>>::{closure#0}
[INFO] [stdout]              at /opt/rustwide/cargo-home/registry/src/index.crates.io-1949cf8c6b5b557f/tokio-1.51.1/src/runtime/park.rs:284:71
[INFO] [stdout]    6: tokio::task::coop::with_budget::<core::task::poll::Poll<core::result::Result<(), anyhow::Error>>, <tokio::runtime::park::CachedParkThread>::block_on<core::pin::Pin<alloc::boxed::Box<arxiv_cli::main::{closure#0}>>>::{closure#0}>
[INFO] [stdout]              at /opt/rustwide/cargo-home/registry/src/index.crates.io-1949cf8c6b5b557f/tokio-1.51.1/src/task/coop/mod.rs:167:5
[INFO] [stdout]    7: tokio::task::coop::budget::<core::task::poll::Poll<core::result::Result<(), anyhow::Error>>, <tokio::runtime::park::CachedParkThread>::block_on<core::pin::Pin<alloc::boxed::Box<arxiv_cli::main::{closure#0}>>>::{closure#0}>
[INFO] [stdout]              at /opt/rustwide/cargo-home/registry/src/index.crates.io-1949cf8c6b5b557f/tokio-1.51.1/src/task/coop/mod.rs:133:5
[INFO] [stdout]    8: <tokio::runtime::park::CachedParkThread>::block_on::<core::pin::Pin<alloc::boxed::Box<arxiv_cli::main::{closure#0}>>>
[INFO] [stdout]              at /opt/rustwide/cargo-home/registry/src/index.crates.io-1949cf8c6b5b557f/tokio-1.51.1/src/runtime/park.rs:284:31
[INFO] [stdout]    9: <tokio::runtime::context::blocking::BlockingRegionGuard>::block_on::<core::pin::Pin<alloc::boxed::Box<arxiv_cli::main::{closure#0}>>>
[INFO] [stdout]              at /opt/rustwide/cargo-home/registry/src/index.crates.io-1949cf8c6b5b557f/tokio-1.51.1/src/runtime/context/blocking.rs:66:14
[INFO] [stdout]   10: <tokio::runtime::scheduler::multi_thread::MultiThread>::block_on::<core::pin::Pin<alloc::boxed::Box<arxiv_cli::main::{closure#0}>>>::{closure#0}
[INFO] [stdout]              at /opt/rustwide/cargo-home/registry/src/index.crates.io-1949cf8c6b5b557f/tokio-1.51.1/src/runtime/scheduler/multi_thread/mod.rs:92:22
[INFO] [stdout]   11: tokio::runtime::context::runtime::enter_runtime::<<tokio::runtime::scheduler::multi_thread::MultiThread>::block_on<core::pin::Pin<alloc::boxed::Box<arxiv_cli::main::{closure#0}>>>::{closure#0}, core::result::Result<(), anyhow::Error>>
[INFO] [stdout]              at /opt/rustwide/cargo-home/registry/src/index.crates.io-1949cf8c6b5b557f/tokio-1.51.1/src/runtime/context/runtime.rs:65:16
[INFO] [stdout]   12: <tokio::runtime::scheduler::multi_thread::MultiThread>::block_on::<core::pin::Pin<alloc::boxed::Box<arxiv_cli::main::{closure#0}>>>
[INFO] [stdout]              at /opt/rustwide/cargo-home/registry/src/index.crates.io-1949cf8c6b5b557f/tokio-1.51.1/src/runtime/scheduler/multi_thread/mod.rs:91:9
[INFO] [stdout]   13: <tokio::runtime::runtime::Runtime>::block_on_inner::<core::pin::Pin<alloc::boxed::Box<arxiv_cli::main::{closure#0}>>>
[INFO] [stdout]              at /opt/rustwide/cargo-home/registry/src/index.crates.io-1949cf8c6b5b557f/tokio-1.51.1/src/runtime/runtime.rs:373:50
[INFO] [stdout]   14: <tokio::runtime::runtime::Runtime>::block_on::<arxiv_cli::main::{closure#0}>
[INFO] [stdout]              at /opt/rustwide/cargo-home/registry/src/index.crates.io-1949cf8c6b5b557f/tokio-1.51.1/src/runtime/runtime.rs:343:18
[INFO] [stdout]   15: arxiv_cli::main
[INFO] [stdout]              at ./src/main.rs:3:27
[INFO] [stdout]   16: <fn() -> core::result::Result<(), anyhow::Error> as core::ops::function::FnOnce<()>>::call_once
[INFO] [stdout]              at /rustc/e3feeb59cd1bdd011a2bfcc0747b55125d9b8527/library/core/src/ops/function.rs:250:5
[INFO] [stdout]   17: std::sys::backtrace::__rust_begin_short_backtrace::<fn() -> core::result::Result<(), anyhow::Error>, core::result::Result<(), anyhow::Error>>
[INFO] [stdout]              at /rustc/e3feeb59cd1bdd011a2bfcc0747b55125d9b8527/library/std/src/sys/backtrace.rs:166:18
[INFO] [stdout]   18: std::rt::lang_start::<core::result::Result<(), anyhow::Error>>::{closure#0}
[INFO] [stdout]              at /rustc/e3feeb59cd1bdd011a2bfcc0747b55125d9b8527/library/std/src/rt.rs:206:18
[INFO] [stdout]   19: <&dyn core::ops::function::Fn<(), Output = i32> + core::marker::Sync + core::panic::unwind_safe::RefUnwindSafe as core::ops::function::FnOnce<()>>::call_once
[INFO] [stdout]              at /rustc/e3feeb59cd1bdd011a2bfcc0747b55125d9b8527/library/core/src/ops/function.rs:287:21
[INFO] [stdout]   20: std::panicking::catch_unwind::do_call::<&dyn core::ops::function::Fn<(), Output = i32> + core::marker::Sync + core::panic::unwind_safe::RefUnwindSafe, i32>
[INFO] [stdout]              at /rustc/e3feeb59cd1bdd011a2bfcc0747b55125d9b8527/library/std/src/panicking.rs:573:43
[INFO] [stdout]   21: std::panicking::catch_unwind::<i32, &dyn core::ops::function::Fn<(), Output = i32> + core::marker::Sync + core::panic::unwind_safe::RefUnwindSafe>
[INFO] [stdout]              at /rustc/e3feeb59cd1bdd011a2bfcc0747b55125d9b8527/library/std/src/panicking.rs:541:19
[INFO] [stdout]   22: std::panic::catch_unwind::<&dyn core::ops::function::Fn<(), Output = i32> + core::marker::Sync + core::panic::unwind_safe::RefUnwindSafe, i32>
[INFO] [stdout]              at /rustc/e3feeb59cd1bdd011a2bfcc0747b55125d9b8527/library/std/src/panic.rs:359:14
[INFO] [stdout]   23: std::rt::lang_start_internal::{closure#0}
[INFO] [stdout]              at /rustc/e3feeb59cd1bdd011a2bfcc0747b55125d9b8527/library/std/src/rt.rs:175:24
[INFO] [stdout]   24: std::panicking::catch_unwind::do_call::<std::rt::lang_start_internal::{closure#0}, isize>
[INFO] [stdout]              at /rustc/e3feeb59cd1bdd011a2bfcc0747b55125d9b8527/library/std/src/panicking.rs:573:43
[INFO] [stdout]   25: std::panicking::catch_unwind::<isize, std::rt::lang_start_internal::{closure#0}>
[INFO] [stdout]              at /rustc/e3feeb59cd1bdd011a2bfcc0747b55125d9b8527/library/std/src/panicking.rs:541:19
[INFO] [stdout]   26: std::panic::catch_unwind::<std::rt::lang_start_internal::{closure#0}, isize>
[INFO] [stdout]              at /rustc/e3feeb59cd1bdd011a2bfcc0747b55125d9b8527/library/std/src/panic.rs:359:14
[INFO] [stdout]   27: std::rt::lang_start_internal
[INFO] [stdout]              at /rustc/e3feeb59cd1bdd011a2bfcc0747b55125d9b8527/library/std/src/rt.rs:171:5
[INFO] [stdout]   28: std::rt::lang_start::<core::result::Result<(), anyhow::Error>>
[INFO] [stdout]              at /rustc/e3feeb59cd1bdd011a2bfcc0747b55125d9b8527/library/std/src/rt.rs:205:5
[INFO] [stdout]   29: main
[INFO] [stdout]   30: <unknown>
[INFO] [stdout]   31: __libc_start_main
[INFO] [stdout]   32: _start
[INFO] [stdout] ```
[INFO] [stdout] ```
[INFO] [stdout] command=`"/opt/rustwide/target/debug/arxiv-cli" "--verbose" "fetch" "2301.00001"`
[INFO] [stdout] code=1
[INFO] [stdout] stdout=""
[INFO] [stdout] stderr=```
[INFO] [stdout] Error: IO error: No such file or directory (os error 2)
[INFO] [stdout] 
[INFO] [stdout] Caused by:
[INFO] [stdout]     No such file or directory (os error 2)
[INFO] [stdout] 
[INFO] [stdout] Stack backtrace:
[INFO] [stdout]    0: <anyhow::Error as core::convert::From<arxiv_cli::core::error::ArxivError>>::from
[INFO] [stdout]              at /opt/rustwide/cargo-home/registry/src/index.crates.io-1949cf8c6b5b557f/anyhow-1.0.102/src/backtrace.rs:10:14
[INFO] [stdout]    1: <core::result::Result<(), anyhow::Error> as core::ops::try_trait::FromResidual<core::result::Result<!, arxiv_cli::core::error::ArxivError>>>::from_residual
[INFO] [stdout]              at /rustc/e3feeb59cd1bdd011a2bfcc0747b55125d9b8527/library/core/src/result.rs:2190:27
[INFO] [stdout]    2: arxiv_cli::cli::run::{closure#0}
[INFO] [stdout]              at ./src/cli/mod.rs:125:29
[INFO] [stdout]    3: arxiv_cli::main::{closure#0}
[INFO] [stdout]              at ./src/main.rs:3:27
[INFO] [stdout]    4: <core::pin::Pin<alloc::boxed::Box<arxiv_cli::main::{closure#0}>> as core::future::future::Future>::poll
[INFO] [stdout]              at /rustc/e3feeb59cd1bdd011a2bfcc0747b55125d9b8527/library/core/src/future/future.rs:133:9
[INFO] [stdout]    5: <tokio::runtime::park::CachedParkThread>::block_on::<core::pin::Pin<alloc::boxed::Box<arxiv_cli::main::{closure#0}>>>::{closure#0}
[INFO] [stdout]              at /opt/rustwide/cargo-home/registry/src/index.crates.io-1949cf8c6b5b557f/tokio-1.51.1/src/runtime/park.rs:284:71
[INFO] [stdout]    6: tokio::task::coop::with_budget::<core::task::poll::Poll<core::result::Result<(), anyhow::Error>>, <tokio::runtime::park::CachedParkThread>::block_on<core::pin::Pin<alloc::boxed::Box<arxiv_cli::main::{closure#0}>>>::{closure#0}>
[INFO] [stdout]              at /opt/rustwide/cargo-home/registry/src/index.crates.io-1949cf8c6b5b557f/tokio-1.51.1/src/task/coop/mod.rs:167:5
[INFO] [stdout]    7: tokio::task::coop::budget::<core::task::poll::Poll<core::result::Result<(), anyhow::Error>>, <tokio::runtime::park::CachedParkThread>::block_on<core::pin::Pin<alloc::boxed::Box<arxiv_cli::main::{closure#0}>>>::{closure#0}>
[INFO] [stdout]              at /opt/rustwide/cargo-home/registry/src/index.crates.io-1949cf8c6b5b557f/tokio-1.51.1/src/task/coop/mod.rs:133:5
[INFO] [stdout]    8: <tokio::runtime::park::CachedParkThread>::block_on::<core::pin::Pin<alloc::boxed::Box<arxiv_cli::main::{closure#0}>>>
[INFO] [stdout]              at /opt/rustwide/cargo-home/registry/src/index.crates.io-1949cf8c6b5b557f/tokio-1.51.1/src/runtime/park.rs:284:31
[INFO] [stdout]    9: <tokio::runtime::context::blocking::BlockingRegionGuard>::block_on::<core::pin::Pin<alloc::boxed::Box<arxiv_cli::main::{closure#0}>>>
[INFO] [stdout]              at /opt/rustwide/cargo-home/registry/src/index.crates.io-1949cf8c6b5b557f/tokio-1.51.1/src/runtime/context/blocking.rs:66:14
[INFO] [stdout]   10: <tokio::runtime::scheduler::multi_thread::MultiThread>::block_on::<core::pin::Pin<alloc::boxed::Box<arxiv_cli::main::{closure#0}>>>::{closure#0}
[INFO] [stdout]              at /opt/rustwide/cargo-home/registry/src/index.crates.io-1949cf8c6b5b557f/tokio-1.51.1/src/runtime/scheduler/multi_thread/mod.rs:92:22
[INFO] [stdout]   11: tokio::runtime::context::runtime::enter_runtime::<<tokio::runtime::scheduler::multi_thread::MultiThread>::block_on<core::pin::Pin<alloc::boxed::Box<arxiv_cli::main::{closure#0}>>>::{closure#0}, core::result::Result<(), anyhow::Error>>
[INFO] [stdout]              at /opt/rustwide/cargo-home/registry/src/index.crates.io-1949cf8c6b5b557f/tokio-1.51.1/src/runtime/context/runtime.rs:65:16
[INFO] [stdout]   12: <tokio::runtime::scheduler::multi_thread::MultiThread>::block_on::<core::pin::Pin<alloc::boxed::Box<arxiv_cli::main::{closure#0}>>>
[INFO] [stdout]              at /opt/rustwide/cargo-home/registry/src/index.crates.io-1949cf8c6b5b557f/tokio-1.51.1/src/runtime/scheduler/multi_thread/mod.rs:91:9
[INFO] [stdout]   13: <tokio::runtime::runtime::Runtime>::block_on_inner::<core::pin::Pin<alloc::boxed::Box<arxiv_cli::main::{closure#0}>>>
[INFO] [stdout]              at /opt/rustwide/cargo-home/registry/src/index.crates.io-1949cf8c6b5b557f/tokio-1.51.1/src/runtime/runtime.rs:373:50
[INFO] [stdout]   14: <tokio::runtime::runtime::Runtime>::block_on::<arxiv_cli::main::{closure#0}>
[INFO] [stdout]              at /opt/rustwide/cargo-home/registry/src/index.crates.io-1949cf8c6b5b557f/tokio-1.51.1/src/runtime/runtime.rs:343:18
[INFO] [stdout]   15: arxiv_cli::main
[INFO] [stdout]              at ./src/main.rs:3:27
[INFO] [stdout]   16: <fn() -> core::result::Result<(), anyhow::Error> as core::ops::function::FnOnce<()>>::call_once
[INFO] [stdout]              at /rustc/e3feeb59cd1bdd011a2bfcc0747b55125d9b8527/library/core/src/ops/function.rs:250:5
[INFO] [stdout]   17: std::sys::backtrace::__rust_begin_short_backtrace::<fn() -> core::result::Result<(), anyhow::Error>, core::result::Result<(), anyhow::Error>>
[INFO] [stdout]              at /rustc/e3feeb59cd1bdd011a2bfcc0747b55125d9b8527/library/std/src/sys/backtrace.rs:166:18
[INFO] [stdout]   18: std::rt::lang_start::<core::result::Result<(), anyhow::Error>>::{closure#0}
[INFO] [stdout]              at /rustc/e3feeb59cd1bdd011a2bfcc0747b55125d9b8527/library/std/src/rt.rs:206:18
[INFO] [stdout]   19: <&dyn core::ops::function::Fn<(), Output = i32> + core::marker::Sync + core::panic::unwind_safe::RefUnwindSafe as core::ops::function::FnOnce<()>>::call_once
[INFO] [stdout]              at /rustc/e3feeb59cd1bdd011a2bfcc0747b55125d9b8527/library/core/src/ops/function.rs:287:21
[INFO] [stdout]   20: std::panicking::catch_unwind::do_call::<&dyn core::ops::function::Fn<(), Output = i32> + core::marker::Sync + core::panic::unwind_safe::RefUnwindSafe, i32>
[INFO] [stdout]              at /rustc/e3feeb59cd1bdd011a2bfcc0747b55125d9b8527/library/std/src/panicking.rs:573:43
[INFO] [stdout]   21: std::panicking::catch_unwind::<i32, &dyn core::ops::function::Fn<(), Output = i32> + core::marker::Sync + core::panic::unwind_safe::RefUnwindSafe>
[INFO] [stdout]              at /rustc/e3feeb59cd1bdd011a2bfcc0747b55125d9b8527/library/std/src/panicking.rs:541:19
[INFO] [stdout]   22: std::panic::catch_unwind::<&dyn core::ops::function::Fn<(), Output = i32> + core::marker::Sync + core::panic::unwind_safe::RefUnwindSafe, i32>
[INFO] [stdout]              at /rustc/e3feeb59cd1bdd011a2bfcc0747b55125d9b8527/library/std/src/panic.rs:359:14
[INFO] [stdout]   23: std::rt::lang_start_internal::{closure#0}
[INFO] [stdout]              at /rustc/e3feeb59cd1bdd011a2bfcc0747b55125d9b8527/library/std/src/rt.rs:175:24
[INFO] [stdout]   24: std::panicking::catch_unwind::do_call::<std::rt::lang_start_internal::{closure#0}, isize>
[INFO] [stdout]              at /rustc/e3feeb59cd1bdd011a2bfcc0747b55125d9b8527/library/std/src/panicking.rs:573:43
[INFO] [stdout]   25: std::panicking::catch_unwind::<isize, std::rt::lang_start_internal::{closure#0}>
[INFO] [stdout]              at /rustc/e3feeb59cd1bdd011a2bfcc0747b55125d9b8527/library/std/src/panicking.rs:541:19
[INFO] [stdout]   26: std::panic::catch_unwind::<std::rt::lang_start_internal::{closure#0}, isize>
[INFO] [stdout]              at /rustc/e3feeb59cd1bdd011a2bfcc0747b55125d9b8527/library/std/src/panic.rs:359:14
[INFO] [stdout]   27: std::rt::lang_start_internal
[INFO] [stdout]              at /rustc/e3feeb59cd1bdd011a2bfcc0747b55125d9b8527/library/std/src/rt.rs:171:5
[INFO] [stdout]   28: std::rt::lang_start::<core::result::Result<(), anyhow::Error>>
[INFO] [stdout]              at /rustc/e3feeb59cd1bdd011a2bfcc0747b55125d9b8527/library/std/src/rt.rs:205:5
[INFO] [stdout]   29: main
[INFO] [stdout]   30: <unknown>
[INFO] [stdout]   31: __libc_start_main
[INFO] [stdout]   32: _start
[INFO] [stdout] ```
[INFO] [stdout] 
[INFO] [stdout] 
[INFO] [stdout] stack backtrace:
[INFO] [stdout]    0:     0x61979a1811e1 - std[617be2ca0a6fd877]::backtrace_rs::backtrace::libunwind::trace
[INFO] [stdout]                                at /rustc/e3feeb59cd1bdd011a2bfcc0747b55125d9b8527/library/std/src/../../backtrace/src/backtrace/libunwind.rs:117:9
[INFO] [stdout]    1:     0x61979a1811e1 - std[617be2ca0a6fd877]::backtrace_rs::backtrace::trace_unsynchronized::<std[617be2ca0a6fd877]::sys::backtrace::_print_fmt::{closure#1}>
[INFO] [stdout]                                at /rustc/e3feeb59cd1bdd011a2bfcc0747b55125d9b8527/library/std/src/../../backtrace/src/backtrace/mod.rs:66:14
[INFO] [stdout]    2:     0x61979a1811e1 - std[617be2ca0a6fd877]::sys::backtrace::_print_fmt
[INFO] [stdout]                                at /rustc/e3feeb59cd1bdd011a2bfcc0747b55125d9b8527/library/std/src/sys/backtrace.rs:74:9
[INFO] [stdout]    3:     0x61979a1811e1 - <<std[617be2ca0a6fd877]::sys::backtrace::BacktraceLock>::print::DisplayBacktrace as core[a373ad73a504971]::fmt::Display>::fmt
[INFO] [stdout]                                at /rustc/e3feeb59cd1bdd011a2bfcc0747b55125d9b8527/library/std/src/sys/backtrace.rs:44:26
[INFO] [stdout]    4:     0x61979a19748a - <core[a373ad73a504971]::fmt::rt::Argument>::fmt
[INFO] [stdout]                                at /rustc/e3feeb59cd1bdd011a2bfcc0747b55125d9b8527/library/core/src/fmt/rt.rs:152:76
[INFO] [stdout]    5:     0x61979a19748a - core[a373ad73a504971]::fmt::write
[INFO] [stdout]    6:     0x61979a186a4c - core[a373ad73a504971]::io::write::default_write_fmt::<alloc[2e1b2a31b91974c5]::vec::Vec<u8>>
[INFO] [stdout]                                at /rustc/e3feeb59cd1bdd011a2bfcc0747b55125d9b8527/library/core/src/io/write.rs:402:11
[INFO] [stdout]    7:     0x61979a186a4c - <alloc[2e1b2a31b91974c5]::vec::Vec<u8> as core[a373ad73a504971]::io::write::Write>::write_fmt
[INFO] [stdout]                                at /rustc/e3feeb59cd1bdd011a2bfcc0747b55125d9b8527/library/core/src/io/write.rs:335:13
[INFO] [stdout]    8:     0x61979a15be56 - <std[617be2ca0a6fd877]::sys::backtrace::BacktraceLock>::print
[INFO] [stdout]                                at /rustc/e3feeb59cd1bdd011a2bfcc0747b55125d9b8527/library/std/src/sys/backtrace.rs:47:9
[INFO] [stdout]    9:     0x61979a15be56 - std[617be2ca0a6fd877]::panicking::default_hook::{closure#0}
[INFO] [stdout]                                at /rustc/e3feeb59cd1bdd011a2bfcc0747b55125d9b8527/library/std/src/panicking.rs:289:27
[INFO] [stdout]   10:     0x61979a1790d9 - std[617be2ca0a6fd877]::panicking::default_hook
[INFO] [stdout]                                at /rustc/e3feeb59cd1bdd011a2bfcc0747b55125d9b8527/library/std/src/panicking.rs:313:9
[INFO] [stdout]   11:     0x61979a0d8a30 - <alloc[2e1b2a31b91974c5]::boxed::Box<dyn for<'a, 'b> core[a373ad73a504971]::ops::function::Fn<(&'a std[617be2ca0a6fd877]::panic::PanicHookInfo<'b>,), Output = ()> + core[a373ad73a504971]::marker::Sync + core[a373ad73a504971]::marker::Send> as core[a373ad73a504971]::ops::function::Fn<(&std[617be2ca0a6fd877]::panic::PanicHookInfo,)>>::call
[INFO] [stdout]                                at /rustc/e3feeb59cd1bdd011a2bfcc0747b55125d9b8527/library/alloc/src/boxed.rs:2328:9
[INFO] [stdout]   12:     0x61979a0d8a30 - test[aada8e7e76ba119b]::test_main_inner::{closure#0}
[INFO] [stdout]                                at /rustc/e3feeb59cd1bdd011a2bfcc0747b55125d9b8527/library/test/src/lib.rs:137:21
[INFO] [stdout]   13:     0x61979a179292 - <alloc[2e1b2a31b91974c5]::boxed::Box<dyn for<'a, 'b> core[a373ad73a504971]::ops::function::Fn<(&'a std[617be2ca0a6fd877]::panic::PanicHookInfo<'b>,), Output = ()> + core[a373ad73a504971]::marker::Sync + core[a373ad73a504971]::marker::Send> as core[a373ad73a504971]::ops::function::Fn<(&std[617be2ca0a6fd877]::panic::PanicHookInfo,)>>::call
[INFO] [stdout]                                at /rustc/e3feeb59cd1bdd011a2bfcc0747b55125d9b8527/library/alloc/src/boxed.rs:2328:9
[INFO] [stdout]   14:     0x61979a179292 - std[617be2ca0a6fd877]::panicking::panic_with_hook
[INFO] [stdout]                                at /rustc/e3feeb59cd1bdd011a2bfcc0747b55125d9b8527/library/std/src/panicking.rs:819:13
[INFO] [stdout]   15:     0x61979a15bf02 - std[617be2ca0a6fd877]::panicking::panic_handler::{closure#0}
[INFO] [stdout]                                at /rustc/e3feeb59cd1bdd011a2bfcc0747b55125d9b8527/library/std/src/panicking.rs:685:13
[INFO] [stdout]   16:     0x61979a154af9 - std[617be2ca0a6fd877]::sys::backtrace::__rust_end_short_backtrace::<std[617be2ca0a6fd877]::panicking::panic_handler::{closure#0}, !>
[INFO] [stdout]                                at /rustc/e3feeb59cd1bdd011a2bfcc0747b55125d9b8527/library/std/src/sys/backtrace.rs:182:18
[INFO] [stdout]   17:     0x61979a15cb0d - __rustc[ea4f61d10b84890b]::rust_begin_unwind
[INFO] [stdout]                                at /rustc/e3feeb59cd1bdd011a2bfcc0747b55125d9b8527/library/std/src/panicking.rs:676:5
[INFO] [stdout]   18:     0x61979a197cfc - core[a373ad73a504971]::panicking::panic_fmt
[INFO] [stdout]                                at /rustc/e3feeb59cd1bdd011a2bfcc0747b55125d9b8527/library/core/src/panicking.rs:80:14
[INFO] [stdout]   19:     0x61979a11ddb8 - core[a373ad73a504971]::panicking::panic_display::<assert_cmd[df7ed4640e592555]::assert::AssertError>
[INFO] [stdout]                                at /rustc/e3feeb59cd1bdd011a2bfcc0747b55125d9b8527/library/core/src/panicking.rs:259:5
[INFO] [stdout]   20:     0x61979a11dcc7 - <assert_cmd[df7ed4640e592555]::assert::AssertError>::panic::<assert_cmd[df7ed4640e592555]::assert::Assert>
[INFO] [stdout]                                at /opt/rustwide/cargo-home/registry/src/index.crates.io-1949cf8c6b5b557f/assert_cmd-2.1.2/src/assert.rs:1036:9
[INFO] [stdout]   21:     0x61979a11cfb7 - <<assert_cmd[df7ed4640e592555]::assert::AssertError>::panic<assert_cmd[df7ed4640e592555]::assert::Assert> as core[a373ad73a504971]::ops::function::FnOnce<(assert_cmd[df7ed4640e592555]::assert::AssertError,)>>::call_once
[INFO] [stdout]                                at /rustc/e3feeb59cd1bdd011a2bfcc0747b55125d9b8527/library/core/src/ops/function.rs:250:5
[INFO] [stdout]   22:     0x61979a10c6db - <core[a373ad73a504971]::result::Result<assert_cmd[df7ed4640e592555]::assert::Assert, assert_cmd[df7ed4640e592555]::assert::AssertError>>::unwrap_or_else::<<assert_cmd[df7ed4640e592555]::assert::AssertError>::panic<assert_cmd[df7ed4640e592555]::assert::Assert>>
[INFO] [stdout]                                at /rustc/e3feeb59cd1bdd011a2bfcc0747b55125d9b8527/library/core/src/result.rs:1619:23
[INFO] [stdout]   23:     0x61979a11f010 - <assert_cmd[df7ed4640e592555]::assert::Assert>::success
[INFO] [stdout]                                at /opt/rustwide/cargo-home/registry/src/index.crates.io-1949cf8c6b5b557f/assert_cmd-2.1.2/src/assert.rs:161:28
[INFO] [stdout]   24:     0x61979a0befa3 - e2e_cli[e9a6de20ef8c8c5b]::test_fetch_execution
[INFO] [stdout]                                at /opt/rustwide/workdir/e2e/cli.rs:169:10
[INFO] [stdout]   25:     0x61979a0bdfb7 - e2e_cli[e9a6de20ef8c8c5b]::test_fetch_execution::{closure#0}
[INFO] [stdout]                                at /opt/rustwide/workdir/e2e/cli.rs:160:26
[INFO] [stdout]   26:     0x61979a0c1da6 - <e2e_cli[e9a6de20ef8c8c5b]::test_fetch_execution::{closure#0} as core[a373ad73a504971]::ops::function::FnOnce<()>>::call_once
[INFO] [stdout]                                at /rustc/e3feeb59cd1bdd011a2bfcc0747b55125d9b8527/library/core/src/ops/function.rs:250:5
[INFO] [stdout]   27:     0x61979a0cbe7b - <fn() -> core[a373ad73a504971]::result::Result<(), alloc[2e1b2a31b91974c5]::string::String> as core[a373ad73a504971]::ops::function::FnOnce<()>>::call_once
[INFO] [stdout]                                at /rustc/e3feeb59cd1bdd011a2bfcc0747b55125d9b8527/library/core/src/ops/function.rs:250:5
[INFO] [stdout]   28:     0x61979a0cbe7b - test[aada8e7e76ba119b]::__rust_begin_short_backtrace::<core[a373ad73a504971]::result::Result<(), alloc[2e1b2a31b91974c5]::string::String>, fn() -> core[a373ad73a504971]::result::Result<(), alloc[2e1b2a31b91974c5]::string::String>>
[INFO] [stdout]                                at /rustc/e3feeb59cd1bdd011a2bfcc0747b55125d9b8527/library/test/src/lib.rs:701:18
[INFO] [stdout]   29:     0x61979a0d9055 - test[aada8e7e76ba119b]::run_test_in_process::{closure#0}
[INFO] [stdout]                                at /rustc/e3feeb59cd1bdd011a2bfcc0747b55125d9b8527/library/test/src/lib.rs:724:74
[INFO] [stdout]   30:     0x61979a0d9055 - <core[a373ad73a504971]::panic::unwind_safe::AssertUnwindSafe<test[aada8e7e76ba119b]::run_test_in_process::{closure#0}> as core[a373ad73a504971]::ops::function::FnOnce<()>>::call_once
[INFO] [stdout]                                at /rustc/e3feeb59cd1bdd011a2bfcc0747b55125d9b8527/library/core/src/panic/unwind_safe.rs:275:9
[INFO] [stdout]   31:     0x61979a0d9055 - std[617be2ca0a6fd877]::panicking::catch_unwind::do_call::<core[a373ad73a504971]::panic::unwind_safe::AssertUnwindSafe<test[aada8e7e76ba119b]::run_test_in_process::{closure#0}>, core[a373ad73a504971]::result::Result<(), alloc[2e1b2a31b91974c5]::string::String>>
[INFO] [stdout]                                at /rustc/e3feeb59cd1bdd011a2bfcc0747b55125d9b8527/library/std/src/panicking.rs:573:43
[INFO] [stdout]   32:     0x61979a0d9055 - std[617be2ca0a6fd877]::panicking::catch_unwind::<core[a373ad73a504971]::result::Result<(), alloc[2e1b2a31b91974c5]::string::String>, core[a373ad73a504971]::panic::unwind_safe::AssertUnwindSafe<test[aada8e7e76ba119b]::run_test_in_process::{closure#0}>>
[INFO] [stdout]                                at /rustc/e3feeb59cd1bdd011a2bfcc0747b55125d9b8527/library/std/src/panicking.rs:541:19
[INFO] [stdout]   33:     0x61979a0d9055 - std[617be2ca0a6fd877]::panic::catch_unwind::<core[a373ad73a504971]::panic::unwind_safe::AssertUnwindSafe<test[aada8e7e76ba119b]::run_test_in_process::{closure#0}>, core[a373ad73a504971]::result::Result<(), alloc[2e1b2a31b91974c5]::string::String>>
[INFO] [stdout]                                at /rustc/e3feeb59cd1bdd011a2bfcc0747b55125d9b8527/library/std/src/panic.rs:359:14
[INFO] [stdout]   34:     0x61979a0d9055 - test[aada8e7e76ba119b]::run_test_in_process
[INFO] [stdout]                                at /rustc/e3feeb59cd1bdd011a2bfcc0747b55125d9b8527/library/test/src/lib.rs:724:27
[INFO] [stdout]   35:     0x61979a0d9055 - test[aada8e7e76ba119b]::run_test::{closure#0}
[INFO] [stdout]                                at /rustc/e3feeb59cd1bdd011a2bfcc0747b55125d9b8527/library/test/src/lib.rs:645:43
[INFO] [stdout]   36:     0x61979a0d2944 - test[aada8e7e76ba119b]::run_test::{closure#1}
[INFO] [stdout]                                at /rustc/e3feeb59cd1bdd011a2bfcc0747b55125d9b8527/library/test/src/lib.rs:675:41
[INFO] [stdout]   37:     0x61979a0d2944 - std[617be2ca0a6fd877]::sys::backtrace::__rust_begin_short_backtrace::<test[aada8e7e76ba119b]::run_test::{closure#1}, ()>
[INFO] [stdout]                                at /rustc/e3feeb59cd1bdd011a2bfcc0747b55125d9b8527/library/std/src/sys/backtrace.rs:166:18
[INFO] [stdout]   38:     0x61979a0dc0e2 - std[617be2ca0a6fd877]::thread::lifecycle::spawn_unchecked::<test[aada8e7e76ba119b]::run_test::{closure#1}, ()>::{closure#1}::{closure#0}
[INFO] [stdout]                                at /rustc/e3feeb59cd1bdd011a2bfcc0747b55125d9b8527/library/std/src/thread/lifecycle.rs:70:13
[INFO] [stdout]   39:     0x61979a0dc0e2 - <core[a373ad73a504971]::panic::unwind_safe::AssertUnwindSafe<std[617be2ca0a6fd877]::thread::lifecycle::spawn_unchecked<test[aada8e7e76ba119b]::run_test::{closure#1}, ()>::{closure#1}::{closure#0}> as core[a373ad73a504971]::ops::function::FnOnce<()>>::call_once
[INFO] [stdout]                                at /rustc/e3feeb59cd1bdd011a2bfcc0747b55125d9b8527/library/core/src/panic/unwind_safe.rs:275:9
[INFO] [stdout]   40:     0x61979a0dc0e2 - std[617be2ca0a6fd877]::panicking::catch_unwind::do_call::<core[a373ad73a504971]::panic::unwind_safe::AssertUnwindSafe<std[617be2ca0a6fd877]::thread::lifecycle::spawn_unchecked<test[aada8e7e76ba119b]::run_test::{closure#1}, ()>::{closure#1}::{closure#0}>, ()>
[INFO] [stdout]                                at /rustc/e3feeb59cd1bdd011a2bfcc0747b55125d9b8527/library/std/src/panicking.rs:573:43
[INFO] [stdout]   41:     0x61979a0dc0e2 - std[617be2ca0a6fd877]::panicking::catch_unwind::<(), core[a373ad73a504971]::panic::unwind_safe::AssertUnwindSafe<std[617be2ca0a6fd877]::thread::lifecycle::spawn_unchecked<test[aada8e7e76ba119b]::run_test::{closure#1}, ()>::{closure#1}::{closure#0}>>
[INFO] [stdout]                                at /rustc/e3feeb59cd1bdd011a2bfcc0747b55125d9b8527/library/std/src/panicking.rs:541:19
[INFO] [stdout]   42:     0x61979a0dc0e2 - std[617be2ca0a6fd877]::panic::catch_unwind::<core[a373ad73a504971]::panic::unwind_safe::AssertUnwindSafe<std[617be2ca0a6fd877]::thread::lifecycle::spawn_unchecked<test[aada8e7e76ba119b]::run_test::{closure#1}, ()>::{closure#1}::{closure#0}>, ()>
[INFO] [stdout]                                at /rustc/e3feeb59cd1bdd011a2bfcc0747b55125d9b8527/library/std/src/panic.rs:359:14
[INFO] [stdout]   43:     0x61979a0dc0e2 - std[617be2ca0a6fd877]::thread::lifecycle::spawn_unchecked::<test[aada8e7e76ba119b]::run_test::{closure#1}, ()>::{closure#1}
[INFO] [stdout]                                at /rustc/e3feeb59cd1bdd011a2bfcc0747b55125d9b8527/library/std/src/thread/lifecycle.rs:68:26
[INFO] [stdout]   44:     0x61979a0dc0e2 - <std[617be2ca0a6fd877]::thread::lifecycle::spawn_unchecked<test[aada8e7e76ba119b]::run_test::{closure#1}, ()>::{closure#1} as core[a373ad73a504971]::ops::function::FnOnce<()>>::call_once::{shim:vtable#0}
[INFO] [stdout]                                at /rustc/e3feeb59cd1bdd011a2bfcc0747b55125d9b8527/library/core/src/ops/function.rs:250:5
[INFO] [stdout]   45:     0x61979a1809bf - <alloc[2e1b2a31b91974c5]::boxed::Box<dyn core[a373ad73a504971]::ops::function::FnOnce<(), Output = ()> + core[a373ad73a504971]::marker::Send> as core[a373ad73a504971]::ops::function::FnOnce<()>>::call_once
[INFO] [stdout]                                at /rustc/e3feeb59cd1bdd011a2bfcc0747b55125d9b8527/library/alloc/src/boxed.rs:2314:9
[INFO] [stdout]   46:     0x61979a1809bf - <std[617be2ca0a6fd877]::sys::thread::unix::Thread>::new::thread_start
[INFO] [stdout]                                at /rustc/e3feeb59cd1bdd011a2bfcc0747b55125d9b8527/library/std/src/sys/thread/unix.rs:127:17
[INFO] [stdout]   47:     0x78e52e107dfa - <unknown>
[INFO] [stdout]   48:     0x78e52e19b3d4 - clone
[INFO] [stdout]   49:                0x0 - <unknown>
[INFO] [stdout] 
[INFO] [stdout] 
[INFO] [stderr] error: test failed, to rerun pass `--test e2e_cli`
[INFO] [stdout] failures:
[INFO] [stdout]     test_fetch_execution
[INFO] [stdout]     test_search_execution
[INFO] [stdout] 
[INFO] [stdout] test result: FAILED. 11 passed; 2 failed; 0 ignored; 0 measured; 0 filtered out; finished in 0.09s
[INFO] [stdout] 
[INFO] running `Command { std: "docker" "inspect" "42ef7d7a47cd39850d96c9bf96f2eaf21a41c6f4a6768d50c60763a67c4a71f5", kill_on_drop: false }`
[INFO] running `Command { std: "docker" "rm" "-f" "42ef7d7a47cd39850d96c9bf96f2eaf21a41c6f4a6768d50c60763a67c4a71f5", kill_on_drop: false }`
[INFO] [stdout] 42ef7d7a47cd39850d96c9bf96f2eaf21a41c6f4a6768d50c60763a67c4a71f5
