[INFO] cloning repository https://github.com/levineuwirth/LeVCS
[INFO] running `Command { std: "git" "-c" "credential.helper=" "-c" "credential.helper=/workspace/cargo-home/bin/git-credential-null" "clone" "--bare" "https://github.com/levineuwirth/LeVCS" "/workspace/cache/git-repos/https%3A%2F%2Fgithub.com%2Flevineuwirth%2FLeVCS", kill_on_drop: false }`
[INFO] [stderr] Cloning into bare repository '/workspace/cache/git-repos/https%3A%2F%2Fgithub.com%2Flevineuwirth%2FLeVCS'...
[INFO] running `Command { std: "git" "rev-parse" "HEAD", kill_on_drop: false }`
[INFO] [stdout] e994d91054f936b643fccfbc39dff70978fe25de
[INFO] testing levineuwirth/LeVCS against 1.100.0-beta.1 for beta-1.100-2
[INFO] running `Command { std: "git" "clone" "/workspace/cache/git-repos/https%3A%2F%2Fgithub.com%2Flevineuwirth%2FLeVCS" "/workspace/builds/worker-5-tc2/source", kill_on_drop: false }`
[INFO] [stderr] Cloning into '/workspace/builds/worker-5-tc2/source'...
[INFO] [stderr] done.
[INFO] started tweaking git repo https://github.com/levineuwirth/LeVCS
[INFO] finished tweaking git repo https://github.com/levineuwirth/LeVCS
[INFO] tweaked toml for git repo https://github.com/levineuwirth/LeVCS written to /workspace/builds/worker-5-tc2/source/Cargo.toml
[INFO] validating manifest of git repo https://github.com/levineuwirth/LeVCS on toolchain 1.100.0-beta.1
[INFO] running `Command { std: CARGO_HOME="/workspace/cargo-home" RUSTUP_HOME="/workspace/rustup-home" "/workspace/cargo-home/bin/cargo" "+1.100.0-beta.1" "metadata" "--manifest-path" "Cargo.toml" "--no-deps", kill_on_drop: false }`
[INFO] crate git repo https://github.com/levineuwirth/LeVCS already has a lockfile, it will not be regenerated
[INFO] running `Command { std: CARGO_HOME="/workspace/cargo-home" RUSTUP_HOME="/workspace/rustup-home" "/workspace/cargo-home/bin/cargo" "+1.100.0-beta.1" "fetch" "--manifest-path" "Cargo.toml", kill_on_drop: false }`
[INFO] [stderr] warning: unused workspace dependency `levcs-store`
[INFO] [stderr]   --> Cargo.toml:86:25
[INFO] [stderr]    |
[INFO] [stderr] 86 | [workspace.dependencies.levcs-store]
[INFO] [stderr]    |                         ^^^^^^^^^^^
[INFO] [stderr]    |
[INFO] [stderr]    = note: `cargo::unused_workspace_dependencies` is set to `warn` by default
[INFO] [stderr] help: consider removing the workspace dependency `levcs-store`
[INFO] [stderr] warning: unused field `rust-version` in `workspace.package`
[INFO] [stderr]    --> Cargo.toml:138:1
[INFO] [stderr]     |
[INFO] [stderr] 138 | rust-version = "1.89"
[INFO] [stderr]     | ^^^^^^^^^^^^
[INFO] [stderr]     |
[INFO] [stderr]     = note: `cargo::unused_workspace_package_fields` is set to `warn` by default
[INFO] [stderr] help: consider removing the field `workspace.package.rust-version`
[INFO] [stderr] warning: workspace (manifest) generated 2 warnings
[INFO] running `Command { std: "docker" "create" "-v" "/var/lib/crater-agent-workspace/builds/worker-5-tc2/source:/opt/rustwide/workdir:ro,Z" "-v" "/var/lib/crater-agent-workspace/builds/worker-5-tc2/target:/opt/rustwide/target:rw,Z" "-v" "/var/lib/crater-agent-workspace/cargo-home:/opt/rustwide/cargo-home:ro,Z" "-v" "/var/lib/crater-agent-workspace/rustup-home:/opt/rustwide/rustup-home:ro,Z" "-m" "1610612736" "--network" "none" "ghcr.io/rust-lang/crates-build-env/linux@sha256:3111399a4047eeb3a02b7a90e478d715f38a8c6669b5c4b49d30a17385265909" "sleep" "infinity", kill_on_drop: false }`
[INFO] [stdout] 36e6140e0243335de9a837386c783d82d048dc1ba7e59ecb875a6249e739dfaa
[INFO] running `Command { std: "docker" "start" "36e6140e0243335de9a837386c783d82d048dc1ba7e59ecb875a6249e739dfaa", kill_on_drop: false }`
[INFO] running `Command { std: "docker" "inspect" "36e6140e0243335de9a837386c783d82d048dc1ba7e59ecb875a6249e739dfaa", kill_on_drop: false }`
[INFO] running `Command { std: "docker" "exec" "-e" "SOURCE_DIR=/opt/rustwide/workdir" "-e" "CARGO_HOME=/opt/rustwide/cargo-home" "-e" "RUSTUP_HOME=/opt/rustwide/rustup-home" "-e" "CARGO_TARGET_DIR=/opt/rustwide/target" "-w" "/opt/rustwide/workdir" "--user" "0:0" "36e6140e0243335de9a837386c783d82d048dc1ba7e59ecb875a6249e739dfaa" "/opt/rustwide/cargo-home/bin/cargo" "+1.100.0-beta.1" "metadata" "--no-deps" "--format-version=1", kill_on_drop: false }`
[INFO] running `Command { std: "docker" "inspect" "36e6140e0243335de9a837386c783d82d048dc1ba7e59ecb875a6249e739dfaa", kill_on_drop: false }`
[INFO] running `Command { std: "docker" "exec" "-e" "SOURCE_DIR=/opt/rustwide/workdir" "-e" "CARGO_HOME=/opt/rustwide/cargo-home" "-e" "RUSTUP_HOME=/opt/rustwide/rustup-home" "-e" "CARGO_TARGET_DIR=/opt/rustwide/target" "-e" "CARGO_INCREMENTAL=0" "-e" "RUST_BACKTRACE=full" "-e" "RUSTFLAGS=--cap-lints=warn" "-e" "RUSTDOCFLAGS=--cap-lints=warn" "-w" "/opt/rustwide/workdir" "--user" "0:0" "36e6140e0243335de9a837386c783d82d048dc1ba7e59ecb875a6249e739dfaa" "/opt/rustwide/cargo-home/bin/cargo" "+1.100.0-beta.1" "build" "--frozen" "--message-format=json", kill_on_drop: false }`
[INFO] [stderr] warning: unused workspace dependency `levcs-store`
[INFO] [stderr]   --> Cargo.toml:86:25
[INFO] [stderr]    |
[INFO] [stderr] 86 | [workspace.dependencies.levcs-store]
[INFO] [stderr]    |                         ^^^^^^^^^^^
[INFO] [stderr]    |
[INFO] [stderr]    = note: `cargo::unused_workspace_dependencies` is set to `warn` by default
[INFO] [stderr] help: consider removing the workspace dependency `levcs-store`
[INFO] [stderr] warning: unused field `rust-version` in `workspace.package`
[INFO] [stderr]    --> Cargo.toml:138:1
[INFO] [stderr]     |
[INFO] [stderr] 138 | rust-version = "1.89"
[INFO] [stderr]     | ^^^^^^^^^^^^
[INFO] [stderr]     |
[INFO] [stderr]     = note: `cargo::unused_workspace_package_fields` is set to `warn` by default
[INFO] [stderr] help: consider removing the field `workspace.package.rust-version`
[INFO] [stderr] warning: workspace (manifest) generated 2 warnings
[INFO] [stderr]    Compiling serde_core v1.0.228
[INFO] [stderr]    Compiling serde v1.0.228
[INFO] [stderr]    Compiling jobserver v0.1.34
[INFO] [stderr]    Compiling log v0.4.29
[INFO] [stderr]    Compiling getrandom v0.2.17
[INFO] [stderr]    Compiling hashbrown v0.17.0
[INFO] [stderr]    Compiling syn v2.0.117
[INFO] [stderr]    Compiling tree-sitter-language v0.1.7
[INFO] [stderr]    Compiling typenum v1.20.0
[INFO] [stderr]    Compiling cc v1.2.61
[INFO] [stderr]    Compiling bitflags v2.11.1
[INFO] [stderr]    Compiling rand_core v0.6.4
[INFO] [stderr]    Compiling ahash v0.8.12
[INFO] [stderr]    Compiling mio v1.2.0
[INFO] [stderr]    Compiling cranelift-isle v0.112.3
[INFO] [stderr]    Compiling http v1.4.0
[INFO] [stderr]    Compiling futures-sink v0.3.32
[INFO] [stderr]    Compiling cranelift-codegen-shared v0.112.3
[INFO] [stderr]    Compiling target-lexicon v0.12.16
[INFO] [stderr]    Compiling cranelift-codegen-meta v0.112.3
[INFO] [stderr]    Compiling generic-array v0.14.7
[INFO] [stderr]    Compiling rustversion v1.0.22
[INFO] [stderr]    Compiling http-body v1.0.1
[INFO] [stderr]    Compiling socket2 v0.6.3
[INFO] [stderr]    Compiling crypto-common v0.1.7
[INFO] [stderr]    Compiling block-buffer v0.10.4
[INFO] [stderr]    Compiling rustix v1.1.4
[INFO] [stderr]    Compiling digest v0.10.7
[INFO] [stderr]    Compiling ring v0.17.14
[INFO] [stderr]    Compiling blake3 v1.8.5
[INFO] [stderr]    Compiling foldhash v0.1.5
[INFO] [stderr]    Compiling indexmap v2.14.0
[INFO] [stderr]    Compiling rustc-hash v2.1.2
[INFO] [stderr]    Compiling slice-group-by v0.3.1
[INFO] [stderr]    Compiling semver v1.0.28
[INFO] [stderr]    Compiling either v1.15.0
[INFO] [stderr]    Compiling thiserror v2.0.18
[INFO] [stderr]    Compiling serde_json v1.0.149
[INFO] [stderr]    Compiling arbitrary v1.4.2
[INFO] [stderr]    Compiling rustc_version v0.4.1
[INFO] [stderr]    Compiling futures-util v0.3.32
[INFO] [stderr]    Compiling gimli v0.29.0
[INFO] [stderr]    Compiling zstd-sys v2.0.16+zstd.1.5.7
[INFO] [stderr]    Compiling hashbrown v0.15.5
[INFO] [stderr]    Compiling cranelift-codegen v0.112.3
[INFO] [stderr]    Compiling cranelift-control v0.112.3
[INFO] [stderr]    Compiling arrayref v0.3.9
[INFO] [stderr]    Compiling toml_write v0.1.2
[INFO] [stderr]    Compiling crc32fast v1.5.0
[INFO] [stderr]    Compiling arrayvec v0.7.6
[INFO] [stderr]    Compiling bumpalo v3.20.2
[INFO] [stderr]    Compiling synstructure v0.13.2
[INFO] [stderr]    Compiling curve25519-dalek v4.1.3
[INFO] [stderr]    Compiling inout v0.1.4
[INFO] [stderr]    Compiling rustls-pki-types v1.14.1
[INFO] [stderr]    Compiling aho-corasick v1.1.4
[INFO] [stderr]    Compiling object v0.36.7
[INFO] [stderr]    Compiling glob v0.3.3
[INFO] [stderr]    Compiling rustix v0.38.44
[INFO] [stderr]    Compiling serde_derive v1.0.228
[INFO] [stderr]    Compiling zerofrom-derive v0.1.7
[INFO] [stderr]    Compiling yoke-derive v0.8.2
[INFO] [stderr]    Compiling zerovec-derive v0.11.3
[INFO] [stderr]    Compiling displaydoc v0.2.5
[INFO] [stderr]    Compiling zerofrom v0.1.7
[INFO] [stderr]    Compiling yoke v0.8.2
[INFO] [stderr]    Compiling tracing-attributes v0.1.31
[INFO] [stderr]    Compiling thiserror-impl v1.0.69
[INFO] [stderr]    Compiling zerovec v0.11.6
[INFO] [stderr]    Compiling tokio-macros v2.7.0
[INFO] [stderr]    Compiling zerotrie v0.2.4
[INFO] [stderr]    Compiling thiserror-impl v2.0.18
[INFO] [stderr]    Compiling tinystr v0.8.3
[INFO] [stderr]    Compiling thiserror v1.0.69
[INFO] [stderr]    Compiling potential_utf v0.1.5
[INFO] [stderr]    Compiling tracing v0.1.44
[INFO] [stderr]    Compiling regex-syntax v0.8.10
[INFO] [stderr]    Compiling icu_locale_core v2.2.0
[INFO] [stderr]    Compiling icu_collections v2.2.0
[INFO] [stderr]    Compiling wasmtime-versioned-export-macros v25.0.3
[INFO] [stderr]    Compiling curve25519-dalek-derive v0.1.1
[INFO] [stderr]    Compiling cipher v0.4.4
[INFO] [stderr]    Compiling icu_provider v2.2.0
[INFO] [stderr]    Compiling cobs v0.3.0
[INFO] [stderr]    Compiling universal-hash v0.5.1
[INFO] [stderr]    Compiling futures-channel v0.3.32
[INFO] [stderr]    Compiling signature v2.2.0
[INFO] [stderr]    Compiling termcolor v1.4.1
[INFO] [stderr]    Compiling leb128 v0.2.6
[INFO] [stderr]    Compiling zstd-safe v7.2.4
[INFO] [stderr]    Compiling rustls v0.23.40
[INFO] [stderr]    Compiling linux-raw-sys v0.4.15
[INFO] [stderr]    Compiling poly1305 v0.8.0
[INFO] [stderr]    Compiling password-hash v0.5.0
[INFO] [stderr]    Compiling wasm-encoder v0.217.1
[INFO] [stderr]    Compiling regex-automata v0.4.14
[INFO] [stderr]    Compiling smallvec v1.15.1
[INFO] [stderr]    Compiling parking_lot_core v0.9.12
[INFO] [stderr]    Compiling parking_lot v0.12.5
[INFO] [stderr]    Compiling hashbrown v0.14.5
[INFO] [stderr]    Compiling cranelift-bitset v0.112.3
[INFO] [stderr]    Compiling tokio v1.52.1
[INFO] [stderr]    Compiling toml_datetime v0.6.11
[INFO] [stderr]    Compiling cranelift-entity v0.112.3
[INFO] [stderr]    Compiling serde_spanned v0.6.9
[INFO] [stderr]    Compiling toml_edit v0.22.27
[INFO] [stderr]    Compiling levcs-core v0.1.0 (/opt/rustwide/workdir/crates/levcs-core)
[INFO] [stderr]    Compiling icu_normalizer v2.2.0
[INFO] [stderr]    Compiling wasmparser v0.217.1
[INFO] [stderr]    Compiling cranelift-bforest v0.112.3
[INFO] [stderr]    Compiling regalloc2 v0.10.2
[INFO] [stderr]    Compiling postcard v1.1.3
[INFO] [stderr]    Compiling rustls-webpki v0.103.13
[INFO] [stderr]    Compiling ed25519 v2.2.3
[INFO] [stderr]    Compiling toml v0.8.23
[INFO] [stderr]    Compiling icu_properties v2.2.0
[INFO] [stderr]    Compiling chacha20 v0.9.1
[INFO] [stderr]    Compiling itertools v0.12.1
[INFO] [stderr]    Compiling sha2 v0.10.9
[INFO] [stderr]    Compiling hyper v1.9.0
[INFO] [stderr]    Compiling blake2 v0.10.6
[INFO] [stderr]    Compiling wasmtime-types v25.0.3
[INFO] [stderr]    Compiling wasmprinter v0.217.1
[INFO] [stderr]    Compiling aead v0.5.2
[INFO] [stderr]    Compiling http-body-util v0.1.3
[INFO] [stderr]    Compiling hyper-util v0.1.20
[INFO] [stderr]    Compiling chacha20poly1305 v0.10.1
[INFO] [stderr]    Compiling argon2 v0.5.3
[INFO] [stderr]    Compiling ed25519-dalek v2.2.0
[INFO] [stderr]    Compiling tower v0.5.3
[INFO] [stderr]    Compiling idna_adapter v1.2.2
[INFO] [stderr]    Compiling tree-sitter v0.26.8
[INFO] [stderr]    Compiling wasmtime v25.0.3
[INFO] [stderr]    Compiling tree-sitter-python v0.25.0
[INFO] [stderr]    Compiling wasmtime-environ v25.0.3
[INFO] [stderr]    Compiling tree-sitter-ruby v0.23.1
[INFO] [stderr]    Compiling tree-sitter-rust v0.24.2
[INFO] [stderr]    Compiling tree-sitter-typescript v0.23.2
[INFO] [stderr]    Compiling tree-sitter-bash v0.25.1
[INFO] [stderr]    Compiling tree-sitter-c v0.24.2
[INFO] [stderr]    Compiling tree-sitter-cpp v0.23.4
[INFO] [stderr]    Compiling tree-sitter-go v0.25.0
[INFO] [stderr]    Compiling tree-sitter-java v0.23.5
[INFO] [stderr]    Compiling tree-sitter-javascript v0.25.0
[INFO] [stderr]    Compiling unicode-width v0.2.2
[INFO] [stderr]    Compiling pulldown-cmark v0.13.3
[INFO] [stderr]    Compiling signal-hook v0.3.18
[INFO] [stderr]    Compiling darling_core v0.23.0
[INFO] [stderr]    Compiling getopts v0.2.24
[INFO] [stderr]    Compiling cranelift-frontend v0.112.3
[INFO] [stderr]    Compiling cranelift-native v0.112.3
[INFO] [stderr]    Compiling tokio-rustls v0.26.4
[INFO] [stderr]    Compiling cranelift-wasm v0.112.3
[INFO] [stderr]    Compiling idna v1.1.0
[INFO] [stderr]    Compiling wasmtime-cranelift v25.0.3
[INFO] [stderr]    Compiling levcs-identity v0.1.0 (/opt/rustwide/workdir/crates/levcs-identity)
[INFO] [stderr]    Compiling zstd v0.13.3
[INFO] [stderr]    Compiling serde_urlencoded v0.7.1
[INFO] [stderr]    Compiling regex v1.12.3
[INFO] [stderr]    Compiling webpki-roots v1.0.7
[INFO] [stderr]    Compiling memfd v0.6.5
[INFO] [stderr]    Compiling wasmtime-jit-icache-coherence v25.0.3
[INFO] [stderr]    Compiling wasmtime-asm-macros v25.0.3
[INFO] [stderr]    Compiling pulldown-cmark-escape v0.11.0
[INFO] [stderr]    Compiling wasmtime-slab v25.0.3
[INFO] [stderr]    Compiling streaming-iterator v0.1.9
[INFO] [stderr]    Compiling iri-string v0.7.12
[INFO] [stderr]    Compiling sptr v0.3.2
[INFO] [stderr]    Compiling serde_yaml v0.9.34+deprecated
[INFO] [stderr]    Compiling levcs-protocol v0.1.0 (/opt/rustwide/workdir/crates/levcs-protocol)
[INFO] [stderr]    Compiling tower-http v0.6.8
[INFO] [stderr]    Compiling hyper-rustls v0.27.9
[INFO] [stderr]    Compiling url v2.5.8
[INFO] [stderr]    Compiling darling_macro v0.23.0
[INFO] [stderr]    Compiling quick-xml v0.39.2
[INFO] [stderr]    Compiling instability v0.3.12
[INFO] [stderr]    Compiling similar v2.7.0
[INFO] [stderr]    Compiling darling v0.23.0
[INFO] [stderr]    Compiling signal-hook-mio v0.2.5
[INFO] [stderr]    Compiling strum_macros v0.26.4
[INFO] [stderr]    Compiling async-trait v0.1.89
[INFO] [stderr]    Compiling reqwest v0.12.28
[INFO] [stderr]    Compiling itertools v0.13.0
[INFO] [stderr]    Compiling castaway v0.2.4
[INFO] [stderr]    Compiling crossbeam-utils v0.8.22
[INFO] [stderr]    Compiling unicode-segmentation v1.13.2
[INFO] [stderr]    Compiling indoc v2.0.7
[INFO] [stderr]    Compiling static_assertions v1.1.0
[INFO] [stderr]    Compiling strum v0.26.3
[INFO] [stderr]    Compiling compact_str v0.8.1
[INFO] [stderr]    Compiling axum-core v0.4.5
[INFO] [stderr]    Compiling crossterm v0.28.1
[INFO] [stderr]    Compiling unicode-truncate v1.1.0
[INFO] [stderr]    Compiling levcs-client v0.1.0 (/opt/rustwide/workdir/crates/levcs-client)
[INFO] [stderr]    Compiling matchers v0.2.0
[INFO] [stderr]    Compiling lru v0.12.5
[INFO] [stderr]    Compiling serde_path_to_error v0.1.20
[INFO] [stderr]    Compiling bitmaps v2.1.0
[INFO] [stderr]    Compiling tracing-log v0.2.0
[INFO] [stderr]    Compiling im v15.1.0
[INFO] [stderr]    Compiling matchit v0.7.3
[INFO] [stderr]    Compiling cassowary v0.3.0
[INFO] [stderr]    Compiling sized-chunks v0.6.5
[INFO] [stderr]    Compiling levcs-merge v0.1.0 (/opt/rustwide/workdir/crates/levcs-merge)
[INFO] [stderr]    Compiling tracing-subscriber v0.3.23
[INFO] [stderr]    Compiling ratatui v0.28.1
[INFO] [stderr]    Compiling clap_builder v4.6.0
[INFO] [stderr]    Compiling axum v0.7.9
[INFO] [stderr]    Compiling clap_derive v4.6.1
[INFO] [stderr]    Compiling tower-http v0.5.2
[INFO] [stderr]    Compiling rand_xoshiro v0.6.0
[INFO] [stderr]    Compiling levcs-tui v0.1.0 (/opt/rustwide/workdir/crates/levcs-tui)
[INFO] [stderr]    Compiling crossbeam-channel v0.5.16
[INFO] [stderr]    Compiling clap v4.6.1
[INFO] [stderr]    Compiling arc-swap v1.9.2
[INFO] [stderr]    Compiling memmap2 v0.9.11
[INFO] [stderr]    Compiling levcs-store v0.1.0 (/opt/rustwide/workdir/crates/levcs-store)
[INFO] [stderr]    Compiling levcs-cli v0.1.0 (/opt/rustwide/workdir/crates/levcs-cli)
[INFO] [stderr]    Compiling levcs-instance v0.1.0 (/opt/rustwide/workdir/crates/levcs-instance)
[INFO] [stdout] warning: method `resolution` is never used
[INFO] [stdout]    --> crates/levcs-store/src/staging.rs:233:8
[INFO] [stdout]     |
[INFO] [stdout] 232 | pub(crate) trait ProjectionAdoptionLifecycle: Send + Sync {
[INFO] [stdout]     |                  --------------------------- method in this trait
[INFO] [stdout] 233 |     fn resolution(&self) -> Result<Arc<ProjectionAdoptionResolution>, StoreError>;
[INFO] [stdout]     |        ^^^^^^^^^^
[INFO] [stdout]     |
[INFO] [stdout]     = note: `#[warn(dead_code)]` (part of `#[warn(unused)]`) on by default
[INFO] [stdout] 
[INFO] [stdout] 
[INFO] [stdout] warning: methods `resolution` and `artifact_is_referenced` are never used
[INFO] [stdout]    --> crates/levcs-store/src/staging.rs:257:19
[INFO] [stdout]     |
[INFO] [stdout] 249 | impl ProjectionAdoption {
[INFO] [stdout]     | ----------------------- methods in this implementation
[INFO] [stdout] ...
[INFO] [stdout] 257 |     pub(crate) fn resolution(&self) -> Result<Arc<ProjectionAdoptionResolution>, StoreError> {
[INFO] [stdout]     |                   ^^^^^^^^^^
[INFO] [stdout] ...
[INFO] [stdout] 262 |     pub(crate) fn artifact_is_referenced(&self, root: &CommittedRoot, path: &Path) -> bool {
[INFO] [stdout]     |                   ^^^^^^^^^^^^^^^^^^^^^^
[INFO] [stdout] 
[INFO] [stdout] 
[INFO] [stdout] warning: field `descriptor` is never read
[INFO] [stdout]    --> crates/levcs-store/src/staging.rs:292:16
[INFO] [stdout]     |
[INFO] [stdout] 291 | pub(crate) struct StagedProjectionAdoption {
[INFO] [stdout]     |                   ------------------------ field in this struct
[INFO] [stdout] 292 |     pub(crate) descriptor: StagedProjectionInstallV1,
[INFO] [stdout]     |                ^^^^^^^^^^
[INFO] [stdout] 
[INFO] [stdout] 
[INFO] [stderr] warning: unused dependency `serde`
[INFO] [stderr]   --> crates/levcs-core/Cargo.toml:13:1
[INFO] [stderr]    |
[INFO] [stderr] 13 | serde = { workspace = true }
[INFO] [stderr]    | ^^^^^^^^^^^^^^^^^^^^^^^^^^^^
[INFO] [stderr]    |
[INFO] [stderr]    = note: `cargo::unused_dependencies` is set to `warn` by default
[INFO] [stderr] help: consider removing the dependency on `serde`
[INFO] [stderr] warning: `levcs-core` (manifest) generated 1 warning
[INFO] [stderr] warning: unused dependency `levcs-core`
[INFO] [stderr]  --> crates/levcs-merge/Cargo.toml:9:1
[INFO] [stderr]   |
[INFO] [stderr] 9 | levcs-core = { workspace = true }
[INFO] [stderr]   | ^^^^^^^^^^^^^^^^^^^^^^^^^^^^^^^^^
[INFO] [stderr]   |
[INFO] [stderr]   = note: `cargo::unused_dependencies` is set to `warn` by default
[INFO] [stderr] help: consider removing the dependency on `levcs-core`
[INFO] [stderr] warning: unused dependency `pulldown-cmark`
[INFO] [stderr]   --> crates/levcs-merge/Cargo.toml:31:1
[INFO] [stderr]    |
[INFO] [stderr] 31 | pulldown-cmark = { workspace = true }
[INFO] [stderr]    | ^^^^^^^^^^^^^^^^^^^^^^^^^^^^^^^^^^^^^
[INFO] [stderr]    |
[INFO] [stderr] help: consider removing the dependency on `pulldown-cmark`
[INFO] [stderr] warning: `levcs-merge` (manifest) generated 2 warnings
[INFO] [stderr]     Finished `dev` profile [unoptimized + debuginfo] target(s) in 5m 05s
[INFO] running `Command { std: "docker" "inspect" "36e6140e0243335de9a837386c783d82d048dc1ba7e59ecb875a6249e739dfaa", kill_on_drop: false }`
[INFO] running `Command { std: "docker" "exec" "-e" "SOURCE_DIR=/opt/rustwide/workdir" "-e" "CARGO_HOME=/opt/rustwide/cargo-home" "-e" "RUSTUP_HOME=/opt/rustwide/rustup-home" "-e" "CARGO_TARGET_DIR=/opt/rustwide/target" "-e" "CARGO_INCREMENTAL=0" "-e" "RUST_BACKTRACE=full" "-e" "RUSTFLAGS=--cap-lints=warn" "-e" "RUSTDOCFLAGS=--cap-lints=warn" "-w" "/opt/rustwide/workdir" "--user" "0:0" "36e6140e0243335de9a837386c783d82d048dc1ba7e59ecb875a6249e739dfaa" "/opt/rustwide/cargo-home/bin/cargo" "+1.100.0-beta.1" "test" "--frozen" "--no-run" "--message-format=json", kill_on_drop: false }`
[INFO] [stderr] warning: unused workspace dependency `levcs-store`
[INFO] [stderr]   --> Cargo.toml:86:25
[INFO] [stderr]    |
[INFO] [stderr] 86 | [workspace.dependencies.levcs-store]
[INFO] [stderr]    |                         ^^^^^^^^^^^
[INFO] [stderr]    |
[INFO] [stderr]    = note: `cargo::unused_workspace_dependencies` is set to `warn` by default
[INFO] [stderr] help: consider removing the workspace dependency `levcs-store`
[INFO] [stderr] warning: unused field `rust-version` in `workspace.package`
[INFO] [stderr]    --> Cargo.toml:138:1
[INFO] [stderr]     |
[INFO] [stderr] 138 | rust-version = "1.89"
[INFO] [stderr]     | ^^^^^^^^^^^^
[INFO] [stderr]     |
[INFO] [stderr]     = note: `cargo::unused_workspace_package_fields` is set to `warn` by default
[INFO] [stderr] help: consider removing the field `workspace.package.rust-version`
[INFO] [stderr] warning: workspace (manifest) generated 2 warnings
[INFO] [stderr]    Compiling zerocopy v0.8.48
[INFO] [stderr]    Compiling zerocopy-derive v0.8.48
[INFO] [stderr]    Compiling regex-syntax v0.8.10
[INFO] [stderr]    Compiling getrandom v0.3.4
[INFO] [stderr]    Compiling num-traits v0.2.19
[INFO] [stderr]    Compiling ciborium-io v0.2.2
[INFO] [stderr]    Compiling itertools v0.10.5
[INFO] [stderr]    Compiling wait-timeout v0.2.1
[INFO] [stderr]    Compiling cast v0.3.0
[INFO] [stderr]    Compiling rand_core v0.9.5
[INFO] [stderr]    Compiling tempfile v3.27.0
[INFO] [stderr]    Compiling bit-vec v0.8.0
[INFO] [stderr]    Compiling quick-error v1.2.3
[INFO] [stderr]    Compiling rand_xorshift v0.4.0
[INFO] [stderr]    Compiling rand v0.9.4
[INFO] [stderr]    Compiling bit-set v0.8.0
[INFO] [stderr]    Compiling rusty-fork v0.3.1
[INFO] [stderr]    Compiling tinytemplate v1.2.1
[INFO] [stderr]    Compiling is-terminal v0.4.17
[INFO] [stderr]    Compiling unarray v0.1.4
[INFO] [stderr]    Compiling anes v0.1.6
[INFO] [stderr]    Compiling oorandom v11.1.5
[INFO] [stdout] warning: method `resolution` is never used
[INFO] [stdout]    --> crates/levcs-store/src/staging.rs:233:8
[INFO] [stdout]     |
[INFO] [stdout] 232 | pub(crate) trait ProjectionAdoptionLifecycle: Send + Sync {
[INFO] [stdout]     |                  --------------------------- method in this trait
[INFO] [stdout] 233 |     fn resolution(&self) -> Result<Arc<ProjectionAdoptionResolution>, StoreError>;
[INFO] [stdout]     |        ^^^^^^^^^^
[INFO] [stdout]     |
[INFO] [stdout]     = note: `#[warn(dead_code)]` (part of `#[warn(unused)]`) on by default
[INFO] [stdout] 
[INFO] [stdout] 
[INFO] [stdout] warning: methods `resolution` and `artifact_is_referenced` are never used
[INFO] [stdout]    --> crates/levcs-store/src/staging.rs:257:19
[INFO] [stdout]     |
[INFO] [stdout] 249 | impl ProjectionAdoption {
[INFO] [stdout]     | ----------------------- methods in this implementation
[INFO] [stdout] ...
[INFO] [stdout] 257 |     pub(crate) fn resolution(&self) -> Result<Arc<ProjectionAdoptionResolution>, StoreError> {
[INFO] [stdout]     |                   ^^^^^^^^^^
[INFO] [stdout] ...
[INFO] [stdout] 262 |     pub(crate) fn artifact_is_referenced(&self, root: &CommittedRoot, path: &Path) -> bool {
[INFO] [stdout]     |                   ^^^^^^^^^^^^^^^^^^^^^^
[INFO] [stdout] 
[INFO] [stdout] 
[INFO] [stdout] warning: field `descriptor` is never read
[INFO] [stdout]    --> crates/levcs-store/src/staging.rs:292:16
[INFO] [stdout]     |
[INFO] [stdout] 291 | pub(crate) struct StagedProjectionAdoption {
[INFO] [stdout]     |                   ------------------------ field in this struct
[INFO] [stdout] 292 |     pub(crate) descriptor: StagedProjectionInstallV1,
[INFO] [stdout]     |                ^^^^^^^^^^
[INFO] [stdout] 
[INFO] [stdout] 
[INFO] [stderr]    Compiling leb128fmt v0.1.0
[INFO] [stderr]    Compiling levcs-client v0.1.0 (/opt/rustwide/workdir/crates/levcs-client)
[INFO] [stderr]    Compiling wasm-encoder v0.248.0
[INFO] [stderr]    Compiling levcs-identity v0.1.0 (/opt/rustwide/workdir/crates/levcs-identity)
[INFO] [stderr]    Compiling criterion-plot v0.5.0
[INFO] [stderr]    Compiling regex-automata v0.4.14
[INFO] [stderr]    Compiling wast v248.0.0
[INFO] [stderr]    Compiling regex v1.12.3
[INFO] [stderr]    Compiling matchers v0.2.0
[INFO] [stderr]    Compiling tracing-subscriber v0.3.23
[INFO] [stderr]    Compiling tree-sitter v0.26.8
[INFO] [stderr]    Compiling ahash v0.8.12
[INFO] [stderr]    Compiling half v2.7.1
[INFO] [stderr]    Compiling ppv-lite86 v0.2.21
[INFO] [stderr]    Compiling hashbrown v0.14.5
[INFO] [stderr]    Compiling ciborium-ll v0.2.2
[INFO] [stderr]    Compiling ciborium v0.2.2
[INFO] [stderr]    Compiling rand_chacha v0.9.0
[INFO] [stderr]    Compiling proptest v1.11.0
[INFO] [stderr]    Compiling wasmparser v0.217.1
[INFO] [stderr]    Compiling regalloc2 v0.10.2
[INFO] [stderr]    Compiling criterion v0.5.1
[INFO] [stderr]    Compiling cranelift-codegen v0.112.3
[INFO] [stderr]    Compiling wat v1.248.0
[INFO] [stderr]    Compiling levcs-store v0.1.0 (/opt/rustwide/workdir/crates/levcs-store)
[INFO] [stderr]    Compiling levcs-protocol v0.1.0 (/opt/rustwide/workdir/crates/levcs-protocol)
[INFO] [stderr]    Compiling levcs-core v0.1.0 (/opt/rustwide/workdir/crates/levcs-core)
[INFO] [stderr]    Compiling wasmtime-types v25.0.3
[INFO] [stderr]    Compiling wasmprinter v0.217.1
[INFO] [stderr]    Compiling wasmtime-environ v25.0.3
[INFO] [stdout] warning: function `counters` is never used
[INFO] [stdout]     --> crates/levcs-store/src/engine.rs:4192:8
[INFO] [stdout]      |
[INFO] [stdout] 4192 |     fn counters() -> Arc<DurabilityCounters> {
[INFO] [stdout]      |        ^^^^^^^^
[INFO] [stdout]      |
[INFO] [stdout]      = note: `#[warn(dead_code)]` (part of `#[warn(unused)]`) on by default
[INFO] [stdout] 
[INFO] [stdout] 
[INFO] [stdout] warning: method `resolution` is never used
[INFO] [stdout]    --> crates/levcs-store/src/staging.rs:233:8
[INFO] [stdout]     |
[INFO] [stdout] 232 | pub(crate) trait ProjectionAdoptionLifecycle: Send + Sync {
[INFO] [stdout]     |                  --------------------------- method in this trait
[INFO] [stdout] 233 |     fn resolution(&self) -> Result<Arc<ProjectionAdoptionResolution>, StoreError>;
[INFO] [stdout]     |        ^^^^^^^^^^
[INFO] [stdout] 
[INFO] [stdout] 
[INFO] [stdout] warning: methods `resolution` and `artifact_is_referenced` are never used
[INFO] [stdout]    --> crates/levcs-store/src/staging.rs:257:19
[INFO] [stdout]     |
[INFO] [stdout] 249 | impl ProjectionAdoption {
[INFO] [stdout]     | ----------------------- methods in this implementation
[INFO] [stdout] ...
[INFO] [stdout] 257 |     pub(crate) fn resolution(&self) -> Result<Arc<ProjectionAdoptionResolution>, StoreError> {
[INFO] [stdout]     |                   ^^^^^^^^^^
[INFO] [stdout] ...
[INFO] [stdout] 262 |     pub(crate) fn artifact_is_referenced(&self, root: &CommittedRoot, path: &Path) -> bool {
[INFO] [stdout]     |                   ^^^^^^^^^^^^^^^^^^^^^^
[INFO] [stdout] 
[INFO] [stdout] 
[INFO] [stdout] warning: field `descriptor` is never read
[INFO] [stdout]    --> crates/levcs-store/src/staging.rs:292:16
[INFO] [stdout]     |
[INFO] [stdout] 291 | pub(crate) struct StagedProjectionAdoption {
[INFO] [stdout]     |                   ------------------------ field in this struct
[INFO] [stdout] 292 |     pub(crate) descriptor: StagedProjectionInstallV1,
[INFO] [stdout]     |                ^^^^^^^^^^
[INFO] [stdout] 
[INFO] [stdout] 
[INFO] [stdout] warning: field `resolution` is never read
[INFO] [stdout]     --> crates/levcs-store/src/staging.rs:4213:9
[INFO] [stdout]      |
[INFO] [stdout] 4212 |     struct RecordingLifecycle {
[INFO] [stdout]      |            ------------------ field in this struct
[INFO] [stdout] 4213 |         resolution: Arc<ProjectionAdoptionResolution>,
[INFO] [stdout]      |         ^^^^^^^^^^
[INFO] [stdout] 
[INFO] [stdout] 
[INFO] [stderr]    Compiling cranelift-frontend v0.112.3
[INFO] [stderr]    Compiling cranelift-native v0.112.3
[INFO] [stderr]    Compiling cranelift-wasm v0.112.3
[INFO] [stderr]    Compiling wasmtime-cranelift v25.0.3
[INFO] [stderr]    Compiling wasmtime v25.0.3
[INFO] [stderr]    Compiling levcs-merge v0.1.0 (/opt/rustwide/workdir/crates/levcs-merge)
[INFO] [stderr]    Compiling levcs-instance v0.1.0 (/opt/rustwide/workdir/crates/levcs-instance)
[INFO] [stderr]    Compiling levcs-tui v0.1.0 (/opt/rustwide/workdir/crates/levcs-tui)
[INFO] [stderr]    Compiling levcs-cli v0.1.0 (/opt/rustwide/workdir/crates/levcs-cli)
[INFO] [stderr] warning: unused dependency `serde`
[INFO] [stderr]   --> crates/levcs-core/Cargo.toml:13:1
[INFO] [stderr]    |
[INFO] [stderr] 13 | serde = { workspace = true }
[INFO] [stderr]    | ^^^^^^^^^^^^^^^^^^^^^^^^^^^^
[INFO] [stderr]    |
[INFO] [stderr]    = note: `cargo::unused_dependencies` is set to `warn` by default
[INFO] [stderr] help: consider removing the dependency on `serde`
[INFO] [stderr] warning: `levcs-core` (manifest) generated 1 warning
[INFO] [stderr] warning: unused dependency `levcs-core`
[INFO] [stderr]  --> crates/levcs-merge/Cargo.toml:9:1
[INFO] [stderr]   |
[INFO] [stderr] 9 | levcs-core = { workspace = true }
[INFO] [stderr]   | ^^^^^^^^^^^^^^^^^^^^^^^^^^^^^^^^^
[INFO] [stderr]   |
[INFO] [stderr]   = note: `cargo::unused_dependencies` is set to `warn` by default
[INFO] [stderr] help: consider removing the dependency on `levcs-core`
[INFO] [stderr] warning: unused dependency `pulldown-cmark`
[INFO] [stderr]   --> crates/levcs-merge/Cargo.toml:31:1
[INFO] [stderr]    |
[INFO] [stderr] 31 | pulldown-cmark = { workspace = true }
[INFO] [stderr]    | ^^^^^^^^^^^^^^^^^^^^^^^^^^^^^^^^^^^^^
[INFO] [stderr]    |
[INFO] [stderr] help: consider removing the dependency on `pulldown-cmark`
[INFO] [stderr] warning: `levcs-merge` (manifest) generated 2 warnings
[INFO] [stderr]     Finished `test` profile [unoptimized + debuginfo] target(s) in 3m 30s
[INFO] running `Command { std: "docker" "inspect" "36e6140e0243335de9a837386c783d82d048dc1ba7e59ecb875a6249e739dfaa", kill_on_drop: false }`
[INFO] running `Command { std: "docker" "exec" "-e" "SOURCE_DIR=/opt/rustwide/workdir" "-e" "CARGO_HOME=/opt/rustwide/cargo-home" "-e" "RUSTUP_HOME=/opt/rustwide/rustup-home" "-e" "CARGO_TARGET_DIR=/opt/rustwide/target" "-e" "CARGO_INCREMENTAL=0" "-e" "RUST_BACKTRACE=full" "-e" "RUSTFLAGS=--cap-lints=warn" "-e" "RUSTDOCFLAGS=--cap-lints=warn" "-w" "/opt/rustwide/workdir" "--user" "0:0" "36e6140e0243335de9a837386c783d82d048dc1ba7e59ecb875a6249e739dfaa" "/opt/rustwide/cargo-home/bin/cargo" "+1.100.0-beta.1" "test" "--frozen", kill_on_drop: false }`
[INFO] [stderr] warning: unused workspace dependency `levcs-store`
[INFO] [stderr]   --> Cargo.toml:86:25
[INFO] [stderr]    |
[INFO] [stderr] 86 | [workspace.dependencies.levcs-store]
[INFO] [stderr]    |                         ^^^^^^^^^^^
[INFO] [stderr]    |
[INFO] [stderr]    = note: `cargo::unused_workspace_dependencies` is set to `warn` by default
[INFO] [stderr] help: consider removing the workspace dependency `levcs-store`
[INFO] [stderr] warning: unused field `rust-version` in `workspace.package`
[INFO] [stderr]    --> Cargo.toml:138:1
[INFO] [stderr]     |
[INFO] [stderr] 138 | rust-version = "1.89"
[INFO] [stderr]     | ^^^^^^^^^^^^
[INFO] [stderr]     |
[INFO] [stderr]     = note: `cargo::unused_workspace_package_fields` is set to `warn` by default
[INFO] [stderr] help: consider removing the field `workspace.package.rust-version`
[INFO] [stderr] warning: workspace (manifest) generated 2 warnings
[INFO] [stderr] warning: method `resolution` is never used
[INFO] [stderr]    --> crates/levcs-store/src/staging.rs:233:8
[INFO] [stderr]     |
[INFO] [stderr] 232 | pub(crate) trait ProjectionAdoptionLifecycle: Send + Sync {
[INFO] [stderr]     |                  --------------------------- method in this trait
[INFO] [stderr] 233 |     fn resolution(&self) -> Result<Arc<ProjectionAdoptionResolution>, StoreError>;
[INFO] [stderr]     |        ^^^^^^^^^^
[INFO] [stderr]     |
[INFO] [stderr]     = note: `#[warn(dead_code)]` (part of `#[warn(unused)]`) on by default
[INFO] [stderr] 
[INFO] [stderr] warning: methods `resolution` and `artifact_is_referenced` are never used
[INFO] [stderr]    --> crates/levcs-store/src/staging.rs:257:19
[INFO] [stderr]     |
[INFO] [stderr] 249 | impl ProjectionAdoption {
[INFO] [stderr]     | ----------------------- methods in this implementation
[INFO] [stderr] ...
[INFO] [stderr] 257 |     pub(crate) fn resolution(&self) -> Result<Arc<ProjectionAdoptionResolution>, StoreError> {
[INFO] [stderr]     |                   ^^^^^^^^^^
[INFO] [stderr] ...
[INFO] [stderr] 262 |     pub(crate) fn artifact_is_referenced(&self, root: &CommittedRoot, path: &Path) -> bool {
[INFO] [stderr]     |                   ^^^^^^^^^^^^^^^^^^^^^^
[INFO] [stderr] 
[INFO] [stderr] warning: field `descriptor` is never read
[INFO] [stderr]    --> crates/levcs-store/src/staging.rs:292:16
[INFO] [stderr]     |
[INFO] [stderr] 291 | pub(crate) struct StagedProjectionAdoption {
[INFO] [stderr]     |                   ------------------------ field in this struct
[INFO] [stderr] 292 |     pub(crate) descriptor: StagedProjectionInstallV1,
[INFO] [stderr]     |                ^^^^^^^^^^
[INFO] [stderr] 
[INFO] [stderr] warning: `levcs-store` (lib) generated 3 warnings
[INFO] [stderr] warning: function `counters` is never used
[INFO] [stderr]     --> crates/levcs-store/src/engine.rs:4192:8
[INFO] [stderr]      |
[INFO] [stderr] 4192 |     fn counters() -> Arc<DurabilityCounters> {
[INFO] [stderr]      |        ^^^^^^^^
[INFO] [stderr]      |
[INFO] [stderr]      = note: `#[warn(dead_code)]` (part of `#[warn(unused)]`) on by default
[INFO] [stderr] 
[INFO] [stderr] warning: method `resolution` is never used
[INFO] [stderr]    --> crates/levcs-store/src/staging.rs:233:8
[INFO] [stderr]     |
[INFO] [stderr] 232 | pub(crate) trait ProjectionAdoptionLifecycle: Send + Sync {
[INFO] [stderr]     |                  --------------------------- method in this trait
[INFO] [stderr] 233 |     fn resolution(&self) -> Result<Arc<ProjectionAdoptionResolution>, StoreError>;
[INFO] [stderr]     |        ^^^^^^^^^^
[INFO] [stderr] 
[INFO] [stderr] warning: field `resolution` is never read
[INFO] [stderr]     --> crates/levcs-store/src/staging.rs:4213:9
[INFO] [stderr]      |
[INFO] [stderr] 4212 |     struct RecordingLifecycle {
[INFO] [stderr]      |            ------------------ field in this struct
[INFO] [stderr] 4213 |         resolution: Arc<ProjectionAdoptionResolution>,
[INFO] [stderr]      |         ^^^^^^^^^^
[INFO] [stderr] 
[INFO] [stderr] warning: `levcs-store` (lib test) generated 5 warnings (2 duplicates)
[INFO] [stderr] warning: unused dependency `serde`
[INFO] [stderr]   --> crates/levcs-core/Cargo.toml:13:1
[INFO] [stderr]    |
[INFO] [stderr] 13 | serde = { workspace = true }
[INFO] [stderr]    | ^^^^^^^^^^^^^^^^^^^^^^^^^^^^
[INFO] [stderr]    |
[INFO] [stderr]    = note: `cargo::unused_dependencies` is set to `warn` by default
[INFO] [stderr] help: consider removing the dependency on `serde`
[INFO] [stderr] warning: `levcs-core` (manifest) generated 1 warning
[INFO] [stderr] warning: unused dependency `levcs-core`
[INFO] [stderr]  --> crates/levcs-merge/Cargo.toml:9:1
[INFO] [stderr]   |
[INFO] [stderr] 9 | levcs-core = { workspace = true }
[INFO] [stderr]   | ^^^^^^^^^^^^^^^^^^^^^^^^^^^^^^^^^
[INFO] [stderr]   |
[INFO] [stderr]   = note: `cargo::unused_dependencies` is set to `warn` by default
[INFO] [stderr] help: consider removing the dependency on `levcs-core`
[INFO] [stderr] warning: unused dependency `pulldown-cmark`
[INFO] [stderr]   --> crates/levcs-merge/Cargo.toml:31:1
[INFO] [stderr]    |
[INFO] [stderr] 31 | pulldown-cmark = { workspace = true }
[INFO] [stderr]    | ^^^^^^^^^^^^^^^^^^^^^^^^^^^^^^^^^^^^^
[INFO] [stderr]    |
[INFO] [stderr] help: consider removing the dependency on `pulldown-cmark`
[INFO] [stderr] warning: `levcs-merge` (manifest) generated 2 warnings
[INFO] [stderr]     Finished `test` profile [unoptimized + debuginfo] target(s) in 0.93s
[INFO] [stderr]      Running unittests src/main.rs (/opt/rustwide/target/debug/build/levcs-cli/c4207de7f50c444e/out/levcs-c4207de7f50c444e)
[INFO] [stdout] 
[INFO] [stdout] running 4 tests
[INFO] [stdout] test rev::tests::walks_first_and_nth_parent ... ok
[INFO] [stdout] test rev::tests::rejects_malformed_suffixes_without_panicking ... ok
[INFO] [stderr]      Running tests/concurrent_writers.rs (/opt/rustwide/target/debug/build/levcs-cli/d77e0ef6bf5d4bf0/out/concurrent_writers-d77e0ef6bf5d4bf0)
[INFO] [stdout] test rev::tests::walk_errors_name_the_problem ... ok
[INFO] [stdout] test rev::tests::splits_suffixes ... ok
[INFO] [stdout] 
[INFO] [stdout] test result: ok. 4 passed; 0 failed; 0 ignored; 0 measured; 0 filtered out; finished in 0.01s
[INFO] [stdout] 
[INFO] [stdout] 
[INFO] [stdout] running 6 tests
[INFO] [stderr] levcs: /tmp/levcs-concurrent-wrapper-6840-1791300516787478643/w/.levcs/index is missing; using HEAD's files with nothing staged
[INFO] [stdout] test a_lock_held_on_the_old_workaround_path_does_not_block ... ok
[INFO] [stdout] test concurrent_track_keeps_every_entry_and_a_parseable_index ... ok
[INFO] [stdout] test a_lost_index_is_head_with_nothing_staged ... ok
[INFO] [stdout] test a_failed_commit_leaves_status_dirty ... FAILED
[INFO] [stdout] test a_published_merge_whose_cleanup_fails_is_reported_and_not_repeated ... FAILED
[INFO] [stdout] test concurrent_scoped_commits_all_succeed_and_all_land ... ok
[INFO] [stdout] 
[INFO] [stdout] failures:
[INFO] [stdout] 
[INFO] [stdout] ---- a_failed_commit_leaves_status_dirty stdout ----
[INFO] [stdout] 
[INFO] [stdout] thread 'a_failed_commit_leaves_status_dirty' (6841) panicked at crates/levcs-cli/tests/concurrent_writers.rs:342:5:
[INFO] [stdout] commit into a read-only refs dir succeeded
[INFO] [stdout] stack backtrace:
[INFO] [stdout]    0:     0x574e8c44fd71 - std[617be2ca0a6fd877]::backtrace_rs::backtrace::libunwind::trace
[INFO] [stdout]                                at /rustc/e3feeb59cd1bdd011a2bfcc0747b55125d9b8527/library/std/src/../../backtrace/src/backtrace/libunwind.rs:117:9
[INFO] [stdout]    1:     0x574e8c44fd71 - std[617be2ca0a6fd877]::backtrace_rs::backtrace::trace_unsynchronized::<std[617be2ca0a6fd877]::sys::backtrace::_print_fmt::{closure#1}>
[INFO] [stdout]                                at /rustc/e3feeb59cd1bdd011a2bfcc0747b55125d9b8527/library/std/src/../../backtrace/src/backtrace/mod.rs:66:14
[INFO] [stdout]    2:     0x574e8c44fd71 - std[617be2ca0a6fd877]::sys::backtrace::_print_fmt
[INFO] [stdout]                                at /rustc/e3feeb59cd1bdd011a2bfcc0747b55125d9b8527/library/std/src/sys/backtrace.rs:74:9
[INFO] [stdout]    3:     0x574e8c44fd71 - <<std[617be2ca0a6fd877]::sys::backtrace::BacktraceLock>::print::DisplayBacktrace as core[a373ad73a504971]::fmt::Display>::fmt
[INFO] [stdout]                                at /rustc/e3feeb59cd1bdd011a2bfcc0747b55125d9b8527/library/std/src/sys/backtrace.rs:44:26
[INFO] [stdout]    4:     0x574e8c46443a - <core[a373ad73a504971]::fmt::rt::Argument>::fmt
[INFO] [stdout]                                at /rustc/e3feeb59cd1bdd011a2bfcc0747b55125d9b8527/library/core/src/fmt/rt.rs:152:76
[INFO] [stdout]    5:     0x574e8c46443a - core[a373ad73a504971]::fmt::write
[INFO] [stdout]    6:     0x574e8c453fdc - core[a373ad73a504971]::io::write::default_write_fmt::<alloc[2e1b2a31b91974c5]::vec::Vec<u8>>
[INFO] [stdout]                                at /rustc/e3feeb59cd1bdd011a2bfcc0747b55125d9b8527/library/core/src/io/write.rs:402:11
[INFO] [stdout]    7:     0x574e8c453fdc - <alloc[2e1b2a31b91974c5]::vec::Vec<u8> as core[a373ad73a504971]::io::write::Write>::write_fmt
[INFO] [stdout]                                at /rustc/e3feeb59cd1bdd011a2bfcc0747b55125d9b8527/library/core/src/io/write.rs:335:13
[INFO] [stdout]    8:     0x574e8c42a966 - <std[617be2ca0a6fd877]::sys::backtrace::BacktraceLock>::print
[INFO] [stdout]                                at /rustc/e3feeb59cd1bdd011a2bfcc0747b55125d9b8527/library/std/src/sys/backtrace.rs:47:9
[INFO] [stdout]    9:     0x574e8c42a966 - std[617be2ca0a6fd877]::panicking::default_hook::{closure#0}
[INFO] [stdout]                                at /rustc/e3feeb59cd1bdd011a2bfcc0747b55125d9b8527/library/std/src/panicking.rs:289:27
[INFO] [stdout]   10:     0x574e8c447be9 - std[617be2ca0a6fd877]::panicking::default_hook
[INFO] [stdout]                                at /rustc/e3feeb59cd1bdd011a2bfcc0747b55125d9b8527/library/std/src/panicking.rs:313:9
[INFO] [stdout]   11:     0x574e8c3e2bd0 - <alloc[2e1b2a31b91974c5]::boxed::Box<dyn for<'a, 'b> core[a373ad73a504971]::ops::function::Fn<(&'a std[617be2ca0a6fd877]::panic::PanicHookInfo<'b>,), Output = ()> + core[a373ad73a504971]::marker::Sync + core[a373ad73a504971]::marker::Send> as core[a373ad73a504971]::ops::function::Fn<(&std[617be2ca0a6fd877]::panic::PanicHookInfo,)>>::call
[INFO] [stdout]                                at /rustc/e3feeb59cd1bdd011a2bfcc0747b55125d9b8527/library/alloc/src/boxed.rs:2328:9
[INFO] [stdout]   12:     0x574e8c3e2bd0 - test[aada8e7e76ba119b]::test_main_inner::{closure#0}
[INFO] [stdout]                                at /rustc/e3feeb59cd1bdd011a2bfcc0747b55125d9b8527/library/test/src/lib.rs:137:21
[INFO] [stdout]   13:     0x574e8c447da2 - <alloc[2e1b2a31b91974c5]::boxed::Box<dyn for<'a, 'b> core[a373ad73a504971]::ops::function::Fn<(&'a std[617be2ca0a6fd877]::panic::PanicHookInfo<'b>,), Output = ()> + core[a373ad73a504971]::marker::Sync + core[a373ad73a504971]::marker::Send> as core[a373ad73a504971]::ops::function::Fn<(&std[617be2ca0a6fd877]::panic::PanicHookInfo,)>>::call
[INFO] [stdout]                                at /rustc/e3feeb59cd1bdd011a2bfcc0747b55125d9b8527/library/alloc/src/boxed.rs:2328:9
[INFO] [stdout]   14:     0x574e8c447da2 - std[617be2ca0a6fd877]::panicking::panic_with_hook
[INFO] [stdout]                                at /rustc/e3feeb59cd1bdd011a2bfcc0747b55125d9b8527/library/std/src/panicking.rs:819:13
[INFO] [stdout]   15:     0x574e8c42aa44 - std[617be2ca0a6fd877]::panicking::panic_handler::{closure#0}
[INFO] [stdout]                                at /rustc/e3feeb59cd1bdd011a2bfcc0747b55125d9b8527/library/std/src/panicking.rs:678:13
[INFO] [stdout]   16:     0x574e8c423479 - std[617be2ca0a6fd877]::sys::backtrace::__rust_end_short_backtrace::<std[617be2ca0a6fd877]::panicking::panic_handler::{closure#0}, !>
[INFO] [stdout]                                at /rustc/e3feeb59cd1bdd011a2bfcc0747b55125d9b8527/library/std/src/sys/backtrace.rs:182:18
[INFO] [stdout]   17:     0x574e8c42b6dd - __rustc[ea4f61d10b84890b]::rust_begin_unwind
[INFO] [stdout]                                at /rustc/e3feeb59cd1bdd011a2bfcc0747b55125d9b8527/library/std/src/panicking.rs:676:5
[INFO] [stdout]   18:     0x574e8c464bac - core[a373ad73a504971]::panicking::panic_fmt
[INFO] [stdout]                                at /rustc/e3feeb59cd1bdd011a2bfcc0747b55125d9b8527/library/core/src/panicking.rs:80:14
[INFO] [stdout]   19:     0x574e8c3c3e9a - concurrent_writers[8ce7894d5104f8e1]::a_failed_commit_leaves_status_dirty
[INFO] [stdout]                                at /opt/rustwide/workdir/crates/levcs-cli/tests/concurrent_writers.rs:342:5
[INFO] [stdout]   20:     0x574e8c3c0d77 - concurrent_writers[8ce7894d5104f8e1]::a_failed_commit_leaves_status_dirty::{closure#0}
[INFO] [stdout]                                at /opt/rustwide/workdir/crates/levcs-cli/tests/concurrent_writers.rs:323:41
[INFO] [stdout]   21:     0x574e8c3d0ae6 - <concurrent_writers[8ce7894d5104f8e1]::a_failed_commit_leaves_status_dirty::{closure#0} as core[a373ad73a504971]::ops::function::FnOnce<()>>::call_once
[INFO] [stdout]                                at /rustc/e3feeb59cd1bdd011a2bfcc0747b55125d9b8527/library/core/src/ops/function.rs:250:5
[INFO] [stdout]   22:     0x574e8c3d601b - <fn() -> core[a373ad73a504971]::result::Result<(), alloc[2e1b2a31b91974c5]::string::String> as core[a373ad73a504971]::ops::function::FnOnce<()>>::call_once
[INFO] [stdout]                                at /rustc/e3feeb59cd1bdd011a2bfcc0747b55125d9b8527/library/core/src/ops/function.rs:250:5
[INFO] [stdout]   23:     0x574e8c3d601b - test[aada8e7e76ba119b]::__rust_begin_short_backtrace::<core[a373ad73a504971]::result::Result<(), alloc[2e1b2a31b91974c5]::string::String>, fn() -> core[a373ad73a504971]::result::Result<(), alloc[2e1b2a31b91974c5]::string::String>>
[INFO] [stdout]                                at /rustc/e3feeb59cd1bdd011a2bfcc0747b55125d9b8527/library/test/src/lib.rs:701:18
[INFO] [stdout]   24:     0x574e8c3e31f5 - test[aada8e7e76ba119b]::run_test_in_process::{closure#0}
[INFO] [stdout]                                at /rustc/e3feeb59cd1bdd011a2bfcc0747b55125d9b8527/library/test/src/lib.rs:724:74
[INFO] [stdout]   25:     0x574e8c3e31f5 - <core[a373ad73a504971]::panic::unwind_safe::AssertUnwindSafe<test[aada8e7e76ba119b]::run_test_in_process::{closure#0}> as core[a373ad73a504971]::ops::function::FnOnce<()>>::call_once
[INFO] [stdout]                                at /rustc/e3feeb59cd1bdd011a2bfcc0747b55125d9b8527/library/core/src/panic/unwind_safe.rs:275:9
[INFO] [stdout]   26:     0x574e8c3e31f5 - std[617be2ca0a6fd877]::panicking::catch_unwind::do_call::<core[a373ad73a504971]::panic::unwind_safe::AssertUnwindSafe<test[aada8e7e76ba119b]::run_test_in_process::{closure#0}>, core[a373ad73a504971]::result::Result<(), alloc[2e1b2a31b91974c5]::string::String>>
[INFO] [stdout]                                at /rustc/e3feeb59cd1bdd011a2bfcc0747b55125d9b8527/library/std/src/panicking.rs:573:43
[INFO] [stdout]   27:     0x574e8c3e31f5 - std[617be2ca0a6fd877]::panicking::catch_unwind::<core[a373ad73a504971]::result::Result<(), alloc[2e1b2a31b91974c5]::string::String>, core[a373ad73a504971]::panic::unwind_safe::AssertUnwindSafe<test[aada8e7e76ba119b]::run_test_in_process::{closure#0}>>
[INFO] [stdout]                                at /rustc/e3feeb59cd1bdd011a2bfcc0747b55125d9b8527/library/std/src/panicking.rs:541:19
[INFO] [stdout]   28:     0x574e8c3e31f5 - std[617be2ca0a6fd877]::panic::catch_unwind::<core[a373ad73a504971]::panic::unwind_safe::AssertUnwindSafe<test[aada8e7e76ba119b]::run_test_in_process::{closure#0}>, core[a373ad73a504971]::result::Result<(), alloc[2e1b2a31b91974c5]::string::String>>
[INFO] [stdout]                                at /rustc/e3feeb59cd1bdd011a2bfcc0747b55125d9b8527/library/std/src/panic.rs:359:14
[INFO] [stdout]   29:     0x574e8c3e31f5 - test[aada8e7e76ba119b]::run_test_in_process
[INFO] [stdout]                                at /rustc/e3feeb59cd1bdd011a2bfcc0747b55125d9b8527/library/test/src/lib.rs:724:27
[INFO] [stdout]   30:     0x574e8c3e31f5 - test[aada8e7e76ba119b]::run_test::{closure#0}
[INFO] [stdout]                                at /rustc/e3feeb59cd1bdd011a2bfcc0747b55125d9b8527/library/test/src/lib.rs:645:43
[INFO] [stdout]   31:     0x574e8c3dcae4 - test[aada8e7e76ba119b]::run_test::{closure#1}
[INFO] [stdout]                                at /rustc/e3feeb59cd1bdd011a2bfcc0747b55125d9b8527/library/test/src/lib.rs:675:41
[INFO] [stdout]   32:     0x574e8c3dcae4 - std[617be2ca0a6fd877]::sys::backtrace::__rust_begin_short_backtrace::<test[aada8e7e76ba119b]::run_test::{closure#1}, ()>
[INFO] [stdout]                                at /rustc/e3feeb59cd1bdd011a2bfcc0747b55125d9b8527/library/std/src/sys/backtrace.rs:166:18
[INFO] [stdout]   33:     0x574e8c3e6282 - std[617be2ca0a6fd877]::thread::lifecycle::spawn_unchecked::<test[aada8e7e76ba119b]::run_test::{closure#1}, ()>::{closure#1}::{closure#0}
[INFO] [stdout]                                at /rustc/e3feeb59cd1bdd011a2bfcc0747b55125d9b8527/library/std/src/thread/lifecycle.rs:70:13
[INFO] [stdout]   34:     0x574e8c3e6282 - <core[a373ad73a504971]::panic::unwind_safe::AssertUnwindSafe<std[617be2ca0a6fd877]::thread::lifecycle::spawn_unchecked<test[aada8e7e76ba119b]::run_test::{closure#1}, ()>::{closure#1}::{closure#0}> as core[a373ad73a504971]::ops::function::FnOnce<()>>::call_once
[INFO] [stdout]                                at /rustc/e3feeb59cd1bdd011a2bfcc0747b55125d9b8527/library/core/src/panic/unwind_safe.rs:275:9
[INFO] [stdout]   35:     0x574e8c3e6282 - std[617be2ca0a6fd877]::panicking::catch_unwind::do_call::<core[a373ad73a504971]::panic::unwind_safe::AssertUnwindSafe<std[617be2ca0a6fd877]::thread::lifecycle::spawn_unchecked<test[aada8e7e76ba119b]::run_test::{closure#1}, ()>::{closure#1}::{closure#0}>, ()>
[INFO] [stdout]                                at /rustc/e3feeb59cd1bdd011a2bfcc0747b55125d9b8527/library/std/src/panicking.rs:573:43
[INFO] [stdout]   36:     0x574e8c3e6282 - std[617be2ca0a6fd877]::panicking::catch_unwind::<(), core[a373ad73a504971]::panic::unwind_safe::AssertUnwindSafe<std[617be2ca0a6fd877]::thread::lifecycle::spawn_unchecked<test[aada8e7e76ba119b]::run_test::{closure#1}, ()>::{closure#1}::{closure#0}>>
[INFO] [stdout]                                at /rustc/e3feeb59cd1bdd011a2bfcc0747b55125d9b8527/library/std/src/panicking.rs:541:19
[INFO] [stdout]   37:     0x574e8c3e6282 - std[617be2ca0a6fd877]::panic::catch_unwind::<core[a373ad73a504971]::panic::unwind_safe::AssertUnwindSafe<std[617be2ca0a6fd877]::thread::lifecycle::spawn_unchecked<test[aada8e7e76ba119b]::run_test::{closure#1}, ()>::{closure#1}::{closure#0}>, ()>
[INFO] [stdout]                                at /rustc/e3feeb59cd1bdd011a2bfcc0747b55125d9b8527/library/std/src/panic.rs:359:14
[INFO] [stdout]   38:     0x574e8c3e6282 - std[617be2ca0a6fd877]::thread::lifecycle::spawn_unchecked::<test[aada8e7e76ba119b]::run_test::{closure#1}, ()>::{closure#1}
[INFO] [stdout]                                at /rustc/e3feeb59cd1bdd011a2bfcc0747b55125d9b8527/library/std/src/thread/lifecycle.rs:68:26
[INFO] [stdout]   39:     0x574e8c3e6282 - <std[617be2ca0a6fd877]::thread::lifecycle::spawn_unchecked<test[aada8e7e76ba119b]::run_test::{closure#1}, ()>::{closure#1} as core[a373ad73a504971]::ops::function::FnOnce<()>>::call_once::{shim:vtable#0}
[INFO] [stdout]                                at /rustc/e3feeb59cd1bdd011a2bfcc0747b55125d9b8527/library/core/src/ops/function.rs:250:5
[INFO] [stdout]   40:     0x574e8c44f08f - <alloc[2e1b2a31b91974c5]::boxed::Box<dyn core[a373ad73a504971]::ops::function::FnOnce<(), Output = ()> + core[a373ad73a504971]::marker::Send> as core[a373ad73a504971]::ops::function::FnOnce<()>>::call_once
[INFO] [stdout]                                at /rustc/e3feeb59cd1bdd011a2bfcc0747b55125d9b8527/library/alloc/src/boxed.rs:2314:9
[INFO] [stdout]   41:     0x574e8c44f08f - <std[617be2ca0a6fd877]::sys::thread::unix::Thread>::new::thread_start
[INFO] [stdout]                                at /rustc/e3feeb59cd1bdd011a2bfcc0747b55125d9b8527/library/std/src/sys/thread/unix.rs:127:17
[INFO] [stdout]   42:     0x7bc8641fadfa - <unknown>
[INFO] [stdout]   43:     0x7bc86428e3d4 - clone
[INFO] [stdout]   44:                0x0 - <unknown>
[INFO] [stdout] 
[INFO] [stdout] ---- a_published_merge_whose_cleanup_fails_is_reported_and_not_repeated stdout ----
[INFO] [stdout] 
[INFO] [stdout] thread 'a_published_merge_whose_cleanup_fails_is_reported_and_not_repeated' (6844) panicked at crates/levcs-cli/tests/concurrent_writers.rs:251:5:
[INFO] [stdout] assertion `left == right` failed: published-but-incomplete must have its own status: 
[INFO] [stdout]   left: Some(0)
[INFO] [stdout]  right: Some(3)
[INFO] [stdout] stack backtrace:
[INFO] [stdout]    0:     0x574e8c44fd71 - std[617be2ca0a6fd877]::backtrace_rs::backtrace::libunwind::trace
[INFO] [stdout]                                at /rustc/e3feeb59cd1bdd011a2bfcc0747b55125d9b8527/library/std/src/../../backtrace/src/backtrace/libunwind.rs:117:9
[INFO] [stdout]    1:     0x574e8c44fd71 - std[617be2ca0a6fd877]::backtrace_rs::backtrace::trace_unsynchronized::<std[617be2ca0a6fd877]::sys::backtrace::_print_fmt::{closure#1}>
[INFO] [stdout]                                at /rustc/e3feeb59cd1bdd011a2bfcc0747b55125d9b8527/library/std/src/../../backtrace/src/backtrace/mod.rs:66:14
[INFO] [stdout]    2:     0x574e8c44fd71 - std[617be2ca0a6fd877]::sys::backtrace::_print_fmt
[INFO] [stdout]                                at /rustc/e3feeb59cd1bdd011a2bfcc0747b55125d9b8527/library/std/src/sys/backtrace.rs:74:9
[INFO] [stdout]    3:     0x574e8c44fd71 - <<std[617be2ca0a6fd877]::sys::backtrace::BacktraceLock>::print::DisplayBacktrace as core[a373ad73a504971]::fmt::Display>::fmt
[INFO] [stdout]                                at /rustc/e3feeb59cd1bdd011a2bfcc0747b55125d9b8527/library/std/src/sys/backtrace.rs:44:26
[INFO] [stdout]    4:     0x574e8c46443a - <core[a373ad73a504971]::fmt::rt::Argument>::fmt
[INFO] [stdout]                                at /rustc/e3feeb59cd1bdd011a2bfcc0747b55125d9b8527/library/core/src/fmt/rt.rs:152:76
[INFO] [stdout]    5:     0x574e8c46443a - core[a373ad73a504971]::fmt::write
[INFO] [stdout]    6:     0x574e8c453fdc - core[a373ad73a504971]::io::write::default_write_fmt::<alloc[2e1b2a31b91974c5]::vec::Vec<u8>>
[INFO] [stdout]                                at /rustc/e3feeb59cd1bdd011a2bfcc0747b55125d9b8527/library/core/src/io/write.rs:402:11
[INFO] [stdout]    7:     0x574e8c453fdc - <alloc[2e1b2a31b91974c5]::vec::Vec<u8> as core[a373ad73a504971]::io::write::Write>::write_fmt
[INFO] [stdout]                                at /rustc/e3feeb59cd1bdd011a2bfcc0747b55125d9b8527/library/core/src/io/write.rs:335:13
[INFO] [stdout]    8:     0x574e8c42a966 - <std[617be2ca0a6fd877]::sys::backtrace::BacktraceLock>::print
[INFO] [stdout]                                at /rustc/e3feeb59cd1bdd011a2bfcc0747b55125d9b8527/library/std/src/sys/backtrace.rs:47:9
[INFO] [stdout]    9:     0x574e8c42a966 - std[617be2ca0a6fd877]::panicking::default_hook::{closure#0}
[INFO] [stdout]                                at /rustc/e3feeb59cd1bdd011a2bfcc0747b55125d9b8527/library/std/src/panicking.rs:289:27
[INFO] [stdout]   10:     0x574e8c447be9 - std[617be2ca0a6fd877]::panicking::default_hook
[INFO] [stdout]                                at /rustc/e3feeb59cd1bdd011a2bfcc0747b55125d9b8527/library/std/src/panicking.rs:313:9
[INFO] [stdout]   11:     0x574e8c3e2bd0 - <alloc[2e1b2a31b91974c5]::boxed::Box<dyn for<'a, 'b> core[a373ad73a504971]::ops::function::Fn<(&'a std[617be2ca0a6fd877]::panic::PanicHookInfo<'b>,), Output = ()> + core[a373ad73a504971]::marker::Sync + core[a373ad73a504971]::marker::Send> as core[a373ad73a504971]::ops::function::Fn<(&std[617be2ca0a6fd877]::panic::PanicHookInfo,)>>::call
[INFO] [stdout]                                at /rustc/e3feeb59cd1bdd011a2bfcc0747b55125d9b8527/library/alloc/src/boxed.rs:2328:9
[INFO] [stdout]   12:     0x574e8c3e2bd0 - test[aada8e7e76ba119b]::test_main_inner::{closure#0}
[INFO] [stdout]                                at /rustc/e3feeb59cd1bdd011a2bfcc0747b55125d9b8527/library/test/src/lib.rs:137:21
[INFO] [stdout]   13:     0x574e8c447da2 - <alloc[2e1b2a31b91974c5]::boxed::Box<dyn for<'a, 'b> core[a373ad73a504971]::ops::function::Fn<(&'a std[617be2ca0a6fd877]::panic::PanicHookInfo<'b>,), Output = ()> + core[a373ad73a504971]::marker::Sync + core[a373ad73a504971]::marker::Send> as core[a373ad73a504971]::ops::function::Fn<(&std[617be2ca0a6fd877]::panic::PanicHookInfo,)>>::call
[INFO] [stdout]                                at /rustc/e3feeb59cd1bdd011a2bfcc0747b55125d9b8527/library/alloc/src/boxed.rs:2328:9
[INFO] [stdout]   14:     0x574e8c447da2 - std[617be2ca0a6fd877]::panicking::panic_with_hook
[INFO] [stdout]                                at /rustc/e3feeb59cd1bdd011a2bfcc0747b55125d9b8527/library/std/src/panicking.rs:819:13
[INFO] [stdout]   15:     0x574e8c42aa12 - std[617be2ca0a6fd877]::panicking::panic_handler::{closure#0}
[INFO] [stdout]                                at /rustc/e3feeb59cd1bdd011a2bfcc0747b55125d9b8527/library/std/src/panicking.rs:685:13
[INFO] [stdout]   16:     0x574e8c423479 - std[617be2ca0a6fd877]::sys::backtrace::__rust_end_short_backtrace::<std[617be2ca0a6fd877]::panicking::panic_handler::{closure#0}, !>
[INFO] [stdout]                                at /rustc/e3feeb59cd1bdd011a2bfcc0747b55125d9b8527/library/std/src/sys/backtrace.rs:182:18
[INFO] [stdout]   17:     0x574e8c42b6dd - __rustc[ea4f61d10b84890b]::rust_begin_unwind
[INFO] [stdout]                                at /rustc/e3feeb59cd1bdd011a2bfcc0747b55125d9b8527/library/std/src/panicking.rs:676:5
[INFO] [stdout]   18:     0x574e8c464bac - core[a373ad73a504971]::panicking::panic_fmt
[INFO] [stdout]                                at /rustc/e3feeb59cd1bdd011a2bfcc0747b55125d9b8527/library/core/src/panicking.rs:80:14
[INFO] [stdout]   19:     0x574e8c464b23 - core[a373ad73a504971]::panicking::assert_failed_inner
[INFO] [stdout]                                at /rustc/e3feeb59cd1bdd011a2bfcc0747b55125d9b8527/library/core/src/panicking.rs:447:23
[INFO] [stdout]   20:     0x574e8c3d1a02 - core[a373ad73a504971]::panicking::assert_failed::<core[a373ad73a504971]::option::Option<i32>, core[a373ad73a504971]::option::Option<i32>>
[INFO] [stdout]                                at /rustc/e3feeb59cd1bdd011a2bfcc0747b55125d9b8527/library/core/src/panicking.rs:407:5
[INFO] [stdout]   21:     0x574e8c3c8356 - concurrent_writers[8ce7894d5104f8e1]::a_published_merge_whose_cleanup_fails_is_reported_and_not_repeated
[INFO] [stdout]                                at /opt/rustwide/workdir/crates/levcs-cli/tests/concurrent_writers.rs:251:5
[INFO] [stdout]   22:     0x574e8c3c0e67 - concurrent_writers[8ce7894d5104f8e1]::a_published_merge_whose_cleanup_fails_is_reported_and_not_repeated::{closure#0}
[INFO] [stdout]                                at /opt/rustwide/workdir/crates/levcs-cli/tests/concurrent_writers.rs:219:72
[INFO] [stdout]   23:     0x574e8c3d0b86 - <concurrent_writers[8ce7894d5104f8e1]::a_published_merge_whose_cleanup_fails_is_reported_and_not_repeated::{closure#0} as core[a373ad73a504971]::ops::function::FnOnce<()>>::call_once
[INFO] [stdout]                                at /rustc/e3feeb59cd1bdd011a2bfcc0747b55125d9b8527/library/core/src/ops/function.rs:250:5
[INFO] [stdout]   24:     0x574e8c3d601b - <fn() -> core[a373ad73a504971]::result::Result<(), alloc[2e1b2a31b91974c5]::string::String> as core[a373ad73a504971]::ops::function::FnOnce<()>>::call_once
[INFO] [stdout]                                at /rustc/e3feeb59cd1bdd011a2bfcc0747b55125d9b8527/library/core/src/ops/function.rs:250:5
[INFO] [stdout]   25:     0x574e8c3d601b - test[aada8e7e76ba119b]::__rust_begin_short_backtrace::<core[a373ad73a504971]::result::Result<(), alloc[2e1b2a31b91974c5]::string::String>, fn() -> core[a373ad73a504971]::result::Result<(), alloc[2e1b2a31b91974c5]::string::String>>
[INFO] [stdout]                                at /rustc/e3feeb59cd1bdd011a2bfcc0747b55125d9b8527/library/test/src/lib.rs:701:18
[INFO] [stdout]   26:     0x574e8c3e31f5 - test[aada8e7e76ba119b]::run_test_in_process::{closure#0}
[INFO] [stdout]                                at /rustc/e3feeb59cd1bdd011a2bfcc0747b55125d9b8527/library/test/src/lib.rs:724:74
[INFO] [stdout]   27:     0x574e8c3e31f5 - <core[a373ad73a504971]::panic::unwind_safe::AssertUnwindSafe<test[aada8e7e76ba119b]::run_test_in_process::{closure#0}> as core[a373ad73a504971]::ops::function::FnOnce<()>>::call_once
[INFO] [stdout]                                at /rustc/e3feeb59cd1bdd011a2bfcc0747b55125d9b8527/library/core/src/panic/unwind_safe.rs:275:9
[INFO] [stdout]   28:     0x574e8c3e31f5 - std[617be2ca0a6fd877]::panicking::catch_unwind::do_call::<core[a373ad73a504971]::panic::unwind_safe::AssertUnwindSafe<test[aada8e7e76ba119b]::run_test_in_process::{closure#0}>, core[a373ad73a504971]::result::Result<(), alloc[2e1b2a31b91974c5]::string::String>>
[INFO] [stdout]                                at /rustc/e3feeb59cd1bdd011a2bfcc0747b55125d9b8527/library/std/src/panicking.rs:573:43
[INFO] [stdout]   29:     0x574e8c3e31f5 - std[617be2ca0a6fd877]::panicking::catch_unwind::<core[a373ad73a504971]::result::Result<(), alloc[2e1b2a31b91974c5]::string::String>, core[a373ad73a504971]::panic::unwind_safe::AssertUnwindSafe<test[aada8e7e76ba119b]::run_test_in_process::{closure#0}>>
[INFO] [stdout]                                at /rustc/e3feeb59cd1bdd011a2bfcc0747b55125d9b8527/library/std/src/panicking.rs:541:19
[INFO] [stdout]   30:     0x574e8c3e31f5 - std[617be2ca0a6fd877]::panic::catch_unwind::<core[a373ad73a504971]::panic::unwind_safe::AssertUnwindSafe<test[aada8e7e76ba119b]::run_test_in_process::{closure#0}>, core[a373ad73a504971]::result::Result<(), alloc[2e1b2a31b91974c5]::string::String>>
[INFO] [stdout]                                at /rustc/e3feeb59cd1bdd011a2bfcc0747b55125d9b8527/library/std/src/panic.rs:359:14
[INFO] [stdout]   31:     0x574e8c3e31f5 - test[aada8e7e76ba119b]::run_test_in_process
[INFO] [stdout]                                at /rustc/e3feeb59cd1bdd011a2bfcc0747b55125d9b8527/library/test/src/lib.rs:724:27
[INFO] [stdout]   32:     0x574e8c3e31f5 - test[aada8e7e76ba119b]::run_test::{closure#0}
[INFO] [stdout]                                at /rustc/e3feeb59cd1bdd011a2bfcc0747b55125d9b8527/library/test/src/lib.rs:645:43
[INFO] [stdout]   33:     0x574e8c3dcae4 - test[aada8e7e76ba119b]::run_test::{closure#1}
[INFO] [stdout]                                at /rustc/e3feeb59cd1bdd011a2bfcc0747b55125d9b8527/library/test/src/lib.rs:675:41
[INFO] [stdout]   34:     0x574e8c3dcae4 - std[617be2ca0a6fd877]::sys::backtrace::__rust_begin_short_backtrace::<test[aada8e7e76ba119b]::run_test::{closure#1}, ()>
[INFO] [stdout]                                at /rustc/e3feeb59cd1bdd011a2bfcc0747b55125d9b8527/library/std/src/sys/backtrace.rs:166:18
[INFO] [stdout]   35:     0x574e8c3e6282 - std[617be2ca0a6fd877]::thread::lifecycle::spawn_unchecked::<test[aada8e7e76ba119b]::run_test::{closure#1}, ()>::{closure#1}::{closure#0}
[INFO] [stdout]                                at /rustc/e3feeb59cd1bdd011a2bfcc0747b55125d9b8527/library/std/src/thread/lifecycle.rs:70:13
[INFO] [stdout]   36:     0x574e8c3e6282 - <core[a373ad73a504971]::panic::unwind_safe::AssertUnwindSafe<std[617be2ca0a6fd877]::thread::lifecycle::spawn_unchecked<test[aada8e7e76ba119b]::run_test::{closure#1}, ()>::{closure#1}::{closure#0}> as core[a373ad73a504971]::ops::function::FnOnce<()>>::call_once
[INFO] [stdout]                                at /rustc/e3feeb59cd1bdd011a2bfcc0747b55125d9b8527/library/core/src/panic/unwind_safe.rs:275:9
[INFO] [stdout]   37:     0x574e8c3e6282 - std[617be2ca0a6fd877]::panicking::catch_unwind::do_call::<core[a373ad73a504971]::panic::unwind_safe::AssertUnwindSafe<std[617be2ca0a6fd877]::thread::lifecycle::spawn_unchecked<test[aada8e7e76ba119b]::run_test::{closure#1}, ()>::{closure#1}::{closure#0}>, ()>
[INFO] [stdout]                                at /rustc/e3feeb59cd1bdd011a2bfcc0747b55125d9b8527/library/std/src/panicking.rs:573:43
[INFO] [stdout]   38:     0x574e8c3e6282 - std[617be2ca0a6fd877]::panicking::catch_unwind::<(), core[a373ad73a504971]::panic::unwind_safe::AssertUnwindSafe<std[617be2ca0a6fd877]::thread::lifecycle::spawn_unchecked<test[aada8e7e76ba119b]::run_test::{closure#1}, ()>::{closure#1}::{closure#0}>>
[INFO] [stdout]                                at /rustc/e3feeb59cd1bdd011a2bfcc0747b55125d9b8527/library/std/src/panicking.rs:541:19
[INFO] [stdout]   39:     0x574e8c3e6282 - std[617be2ca0a6fd877]::panic::catch_unwind::<core[a373ad73a504971]::panic::unwind_safe::AssertUnwindSafe<std[617be2ca0a6fd877]::thread::lifecycle::spawn_unchecked<test[aada8e7e76ba119b]::run_test::{closure#1}, ()>::{closure#1}::{closure#0}>, ()>
[INFO] [stdout]                                at /rustc/e3feeb59cd1bdd011a2bfcc0747b55125d9b8527/library/std/src/panic.rs:359:14
[INFO] [stdout]   40:     0x574e8c3e6282 - std[617be2ca0a6fd877]::thread::lifecycle::spawn_unchecked::<test[aada8e7e76ba119b]::run_test::{closure#1}, ()>::{closure#1}
[INFO] [stdout]                                at /rustc/e3feeb59cd1bdd011a2bfcc0747b55125d9b8527/library/std/src/thread/lifecycle.rs:68:26
[INFO] [stdout]   41:     0x574e8c3e6282 - <std[617be2ca0a6fd877]::thread::lifecycle::spawn_unchecked<test[aada8e7e76ba119b]::run_test::{closure#1}, ()>::{closure#1} as core[a373ad73a504971]::ops::function::FnOnce<()>>::call_once::{shim:vtable#0}
[INFO] [stdout]                                at /rustc/e3feeb59cd1bdd011a2bfcc0747b55125d9b8527/library/core/src/ops/function.rs:250:5
[INFO] [stdout]   42:     0x574e8c44f08f - <alloc[2e1b2a31b91974c5]::boxed::Box<dyn core[a373ad73a504971]::ops::function::FnOnce<(), Output = ()> + core[a373ad73a504971]::marker::Send> as core[a373ad73a504971]::ops::function::FnOnce<()>>::call_once
[INFO] [stdout]                                at /rustc/e3feeb59cd1bdd011a2bfcc0747b55125d9b8527/library/alloc/src/boxed.rs:2314:9
[INFO] [stdout]   43:     0x574e8c44f08f - <std[617be2ca0a6fd877]::sys::thread::unix::Thread>::new::thread_start
[INFO] [stdout]                                at /rustc/e3feeb59cd1bdd011a2bfcc0747b55125d9b8527/library/std/src/sys/thread/unix.rs:127:17
[INFO] [stdout]   44:     0x7bc8641fadfa - <unknown>
[INFO] [stdout]   45:     0x7bc86428e3d4 - clone
[INFO] [stdout]   46:                0x0 - <unknown>
[INFO] [stdout] 
[INFO] [stdout] 
[INFO] [stdout] failures:
[INFO] [stdout]     a_failed_commit_leaves_status_dirty
[INFO] [stdout]     a_published_merge_whose_cleanup_fails_is_reported_and_not_repeated
[INFO] [stdout] 
[INFO] [stdout] test result: FAILED. 4 passed; 2 failed; 0 ignored; 0 measured; 0 filtered out; finished in 0.96s
[INFO] [stdout] 
[INFO] [stderr] error: test failed, to rerun pass `-p levcs-cli --test concurrent_writers`
[INFO] running `Command { std: "docker" "inspect" "36e6140e0243335de9a837386c783d82d048dc1ba7e59ecb875a6249e739dfaa", kill_on_drop: false }`
[INFO] running `Command { std: "docker" "rm" "-f" "36e6140e0243335de9a837386c783d82d048dc1ba7e59ecb875a6249e739dfaa", kill_on_drop: false }`
[INFO] [stdout] 36e6140e0243335de9a837386c783d82d048dc1ba7e59ecb875a6249e739dfaa
