[INFO] cloning repository https://github.com/feagi/feagi-core
[INFO] running `Command { std: "git" "-c" "credential.helper=" "-c" "credential.helper=/workspace/cargo-home/bin/git-credential-null" "clone" "--bare" "https://github.com/feagi/feagi-core" "/workspace/cache/git-repos/https%3A%2F%2Fgithub.com%2Ffeagi%2Ffeagi-core", kill_on_drop: false }`
[INFO] [stderr] Cloning into bare repository '/workspace/cache/git-repos/https%3A%2F%2Fgithub.com%2Ffeagi%2Ffeagi-core'...
[INFO] running `Command { std: "git" "rev-parse" "HEAD", kill_on_drop: false }`
[INFO] [stdout] 324f6aba5da27eac277ad9a2e4fdb20948e7c4cc
[INFO] testing feagi/feagi-core against 1.100.0-beta.1 for beta-1.100-2
[INFO] running `Command { std: "git" "clone" "/workspace/cache/git-repos/https%3A%2F%2Fgithub.com%2Ffeagi%2Ffeagi-core" "/workspace/builds/worker-3-tc2/source", kill_on_drop: false }`
[INFO] [stderr] Cloning into '/workspace/builds/worker-3-tc2/source'...
[INFO] [stderr] done.
[INFO] started tweaking git repo https://github.com/feagi/feagi-core
[INFO] finished tweaking git repo https://github.com/feagi/feagi-core
[INFO] tweaked toml for git repo https://github.com/feagi/feagi-core written to /workspace/builds/worker-3-tc2/source/Cargo.toml
[INFO] validating manifest of git repo https://github.com/feagi/feagi-core on toolchain 1.100.0-beta.1
[INFO] running `Command { std: CARGO_HOME="/workspace/cargo-home" RUSTUP_HOME="/workspace/rustup-home" "/workspace/cargo-home/bin/cargo" "+1.100.0-beta.1" "metadata" "--manifest-path" "Cargo.toml" "--no-deps", kill_on_drop: false }`
[INFO] crate git repo https://github.com/feagi/feagi-core already has a lockfile, it will not be regenerated
[INFO] running `Command { std: CARGO_HOME="/workspace/cargo-home" RUSTUP_HOME="/workspace/rustup-home" "/workspace/cargo-home/bin/cargo" "+1.100.0-beta.1" "fetch" "--manifest-path" "Cargo.toml", kill_on_drop: false }`
[INFO] [stderr] warning: unused field `documentation` in `workspace.package`
[INFO] [stderr]    --> Cargo.toml:230:1
[INFO] [stderr]     |
[INFO] [stderr] 230 | documentation = "https://docs.rs/feagi"
[INFO] [stderr]     | ^^^^^^^^^^^^^
[INFO] [stderr]     |
[INFO] [stderr]     = note: `cargo::unused_workspace_package_fields` is set to `warn` by default
[INFO] [stderr] help: consider removing the field `workspace.package.documentation`
[INFO] [stderr] warning: unused field `rust-version` in `workspace.package`
[INFO] [stderr]    --> Cargo.toml:235:1
[INFO] [stderr]     |
[INFO] [stderr] 235 | rust-version = "1.75"
[INFO] [stderr]     | ^^^^^^^^^^^^
[INFO] [stderr]     |
[INFO] [stderr] help: consider removing the field `workspace.package.rust-version`
[INFO] [stderr] warning: workspace (manifest) generated 2 warnings
[INFO] [stderr] warning: crates/feagi-trainer/Cargo.toml: `default-features` is ignored for feagi-agent, since `default-features` was not specified for `workspace.dependencies.feagi-agent`; overriding workspace `default-features` to false requires Rust 1.99+ and the 2024 edition
[INFO] [stderr] warning: `feagi-trainer` (manifest) generated 1 warning
[INFO] [stderr]     Blocking waiting for file lock on package cache
[INFO] running `Command { std: "docker" "create" "-v" "/var/lib/crater-agent-workspace/builds/worker-3-tc2/source:/opt/rustwide/workdir:ro,Z" "-v" "/var/lib/crater-agent-workspace/builds/worker-3-tc2/target:/opt/rustwide/target:rw,Z" "-v" "/var/lib/crater-agent-workspace/cargo-home:/opt/rustwide/cargo-home:ro,Z" "-v" "/var/lib/crater-agent-workspace/rustup-home:/opt/rustwide/rustup-home:ro,Z" "-m" "1610612736" "--network" "none" "ghcr.io/rust-lang/crates-build-env/linux@sha256:3111399a4047eeb3a02b7a90e478d715f38a8c6669b5c4b49d30a17385265909" "sleep" "infinity", kill_on_drop: false }`
[INFO] [stdout] d8bb19b121bfdc66b9ebf13d77b87317aed747a915fdac0736b9c4254d329498
[INFO] running `Command { std: "docker" "start" "d8bb19b121bfdc66b9ebf13d77b87317aed747a915fdac0736b9c4254d329498", kill_on_drop: false }`
[INFO] running `Command { std: "docker" "inspect" "d8bb19b121bfdc66b9ebf13d77b87317aed747a915fdac0736b9c4254d329498", kill_on_drop: false }`
[INFO] running `Command { std: "docker" "exec" "-e" "SOURCE_DIR=/opt/rustwide/workdir" "-e" "CARGO_HOME=/opt/rustwide/cargo-home" "-e" "RUSTUP_HOME=/opt/rustwide/rustup-home" "-e" "CARGO_TARGET_DIR=/opt/rustwide/target" "-w" "/opt/rustwide/workdir" "--user" "0:0" "d8bb19b121bfdc66b9ebf13d77b87317aed747a915fdac0736b9c4254d329498" "/opt/rustwide/cargo-home/bin/cargo" "+1.100.0-beta.1" "metadata" "--no-deps" "--format-version=1", kill_on_drop: false }`
[INFO] running `Command { std: "docker" "inspect" "d8bb19b121bfdc66b9ebf13d77b87317aed747a915fdac0736b9c4254d329498", kill_on_drop: false }`
[INFO] running `Command { std: "docker" "exec" "-e" "SOURCE_DIR=/opt/rustwide/workdir" "-e" "CARGO_HOME=/opt/rustwide/cargo-home" "-e" "RUSTUP_HOME=/opt/rustwide/rustup-home" "-e" "CARGO_TARGET_DIR=/opt/rustwide/target" "-e" "CARGO_INCREMENTAL=0" "-e" "RUST_BACKTRACE=full" "-e" "RUSTFLAGS=--cap-lints=warn" "-e" "RUSTDOCFLAGS=--cap-lints=warn" "-w" "/opt/rustwide/workdir" "--user" "0:0" "d8bb19b121bfdc66b9ebf13d77b87317aed747a915fdac0736b9c4254d329498" "/opt/rustwide/cargo-home/bin/cargo" "+1.100.0-beta.1" "build" "--frozen" "--message-format=json", kill_on_drop: false }`
[INFO] [stderr] warning: unused field `documentation` in `workspace.package`
[INFO] [stderr]    --> Cargo.toml:230:1
[INFO] [stderr]     |
[INFO] [stderr] 230 | documentation = "https://docs.rs/feagi"
[INFO] [stderr]     | ^^^^^^^^^^^^^
[INFO] [stderr]     |
[INFO] [stderr]     = note: `cargo::unused_workspace_package_fields` is set to `warn` by default
[INFO] [stderr] help: consider removing the field `workspace.package.documentation`
[INFO] [stderr] warning: unused field `rust-version` in `workspace.package`
[INFO] [stderr]    --> Cargo.toml:235:1
[INFO] [stderr]     |
[INFO] [stderr] 235 | rust-version = "1.75"
[INFO] [stderr]     | ^^^^^^^^^^^^
[INFO] [stderr]     |
[INFO] [stderr] help: consider removing the field `workspace.package.rust-version`
[INFO] [stderr] warning: workspace (manifest) generated 2 warnings
[INFO] [stderr] warning: crates/feagi-trainer/Cargo.toml: `default-features` is ignored for feagi-agent, since `default-features` was not specified for `workspace.dependencies.feagi-agent`; overriding workspace `default-features` to false requires Rust 1.99+ and the 2024 edition
[INFO] [stderr] warning: `feagi-trainer` (manifest) generated 1 warning
[INFO] [stderr]    Compiling proc-macro2 v1.0.106
[INFO] [stderr]    Compiling quote v1.0.45
[INFO] [stderr]    Compiling unicode-ident v1.0.24
[INFO] [stderr]    Compiling crossbeam-utils v0.8.21
[INFO] [stderr]    Compiling libc v0.2.184
[INFO] [stderr]    Compiling cfg-if v1.0.4
[INFO] [stderr]    Compiling serde_core v1.0.228
[INFO] [stderr]    Compiling rayon-core v1.13.0
[INFO] [stderr]    Compiling autocfg v1.5.0
[INFO] [stderr]    Compiling zerocopy v0.8.48
[INFO] [stderr]    Compiling memchr v2.8.0
[INFO] [stderr]    Compiling version_check v0.9.5
[INFO] [stderr]    Compiling serde v1.0.228
[INFO] [stderr]    Compiling either v1.15.0
[INFO] [stderr]    Compiling itoa v1.0.18
[INFO] [stderr]    Compiling zmij v1.0.21
[INFO] [stderr]    Compiling serde_json v1.0.149
[INFO] [stderr]    Compiling paste v1.0.15
[INFO] [stderr]    Compiling once_cell v1.21.4
[INFO] [stderr]    Compiling anyhow v1.0.102
[INFO] [stderr]    Compiling typenum v1.19.0
[INFO] [stderr]    Compiling generic-array v0.14.7
[INFO] [stderr]    Compiling pin-project-lite v0.2.17
[INFO] [stderr]    Compiling crunchy v0.2.4
[INFO] [stderr]    Compiling equivalent v1.0.2
[INFO] [stderr]    Compiling hashbrown v0.16.1
[INFO] [stderr]    Compiling target-lexicon v0.12.16
[INFO] [stderr]    Compiling crossbeam-epoch v0.9.18
[INFO] [stderr]    Compiling num-traits v0.2.19
[INFO] [stderr]    Compiling matrixmultiply v0.3.10
[INFO] [stderr]    Compiling crossbeam-deque v0.8.6
[INFO] [stderr]    Compiling crossbeam-channel v0.5.15
[INFO] [stderr]    Compiling crossbeam-queue v0.3.12
[INFO] [stderr]    Compiling syn v2.0.117
[INFO] [stderr]    Compiling simd-adler32 v0.3.9
[INFO] [stderr]    Compiling winnow v0.7.15
[INFO] [stderr]    Compiling indexmap v2.13.1
[INFO] [stderr]    Compiling tiny-keccak v2.0.2
[INFO] [stderr]    Compiling same-file v1.0.6
[INFO] [stderr]    Compiling smallvec v1.15.1
[INFO] [stderr]    Compiling getrandom v0.4.2
[INFO] [stderr]    Compiling crossbeam v0.8.4
[INFO] [stderr]    Compiling thiserror v1.0.69
[INFO] [stderr]    Compiling jobserver v0.1.34
[INFO] [stderr]    Compiling walkdir v2.5.0
[INFO] [stderr]    Compiling num-integer v0.1.46
[INFO] [stderr]    Compiling rayon v1.11.0
[INFO] [stderr]    Compiling shlex v1.3.0
[INFO] [stderr]    Compiling find-msvc-tools v0.1.9
[INFO] [stderr]    Compiling log v0.4.29
[INFO] [stderr]    Compiling rawpointer v0.2.1
[INFO] [stderr]    Compiling num-bigint v0.4.6
[INFO] [stderr]    Compiling cfg-expr v0.15.8
[INFO] [stderr]    Compiling cc v1.2.59
[INFO] [stderr]    Compiling getrandom v0.2.17
[INFO] [stderr]    Compiling num-complex v0.4.6
[INFO] [stderr]    Compiling arrayvec v0.7.6
[INFO] [stderr]    Compiling version-compare v0.2.1
[INFO] [stderr]    Compiling heck v0.5.0
[INFO] [stderr]    Compiling pkg-config v0.3.32
[INFO] [stderr]    Compiling crc32fast v1.5.0
[INFO] [stderr]    Compiling adler2 v2.0.1
[INFO] [stderr]    Compiling stable_deref_trait v1.2.1
[INFO] [stderr]    Compiling thiserror v2.0.18
[INFO] [stderr]    Compiling as-slice v0.2.1
[INFO] [stderr]    Compiling miniz_oxide v0.8.9
[INFO] [stderr]    Compiling const-random-macro v0.1.16
[INFO] [stderr]    Compiling crypto-common v0.1.7
[INFO] [stderr]    Compiling block-buffer v0.10.4
[INFO] [stderr]    Compiling tracing-core v0.1.36
[INFO] [stderr]    Compiling ahash v0.8.12
[INFO] [stderr]    Compiling base64 v0.22.1
[INFO] [stderr]    Compiling parking_lot_core v0.9.12
[INFO] [stderr]    Compiling built v0.8.0
[INFO] [stderr]    Compiling av-scenechange v0.14.1
[INFO] [stderr]    Compiling byteorder v1.5.0
[INFO] [stderr]    Compiling const-random v0.1.18
[INFO] [stderr]    Compiling rand_core v0.6.4
[INFO] [stderr]    Compiling digest v0.10.7
[INFO] [stderr]    Compiling aligned v0.4.3
[INFO] [stderr]    Compiling core2 v0.4.0
[INFO] [stderr]    Compiling nom v8.0.0
[INFO] [stderr]    Compiling regex-syntax v0.8.10
[INFO] [stderr]    Compiling bytemuck v1.25.0
[INFO] [stderr]    Compiling rav1e v0.8.1
[INFO] [stderr]    Compiling pastey v0.1.1
[INFO] [stderr]    Compiling cpufeatures v0.2.17
[INFO] [stderr]    Compiling quick-error v2.0.1
[INFO] [stderr]    Compiling scopeguard v1.2.0
[INFO] [stderr]    Compiling y4m v0.8.0
[INFO] [stderr]    Compiling lock_api v0.4.14
[INFO] [stderr]    Compiling flate2 v1.1.9
[INFO] [stderr]    Compiling bitstream-io v4.9.0
[INFO] [stderr]    Compiling num-rational v0.4.2
[INFO] [stderr]    Compiling uuid v1.23.0
[INFO] [stderr]    Compiling simd_helpers v0.1.0
[INFO] [stderr]    Compiling itertools v0.14.0
[INFO] [stderr]    Compiling weezl v0.1.12
[INFO] [stderr]    Compiling imgref v1.12.0
[INFO] [stderr]    Compiling serde_spanned v0.6.9
[INFO] [stderr]    Compiling toml_datetime v0.6.11
[INFO] [stderr]    Compiling zune-core v0.5.1
[INFO] [stderr]    Compiling jwalk v0.8.1
[INFO] [stderr]    Compiling new_debug_unreachable v1.0.6
[INFO] [stderr]    Compiling toml_edit v0.22.27
[INFO] [stderr]    Compiling httparse v1.10.1
[INFO] [stderr]    Compiling lazy_static v1.5.0
[INFO] [stderr]    Compiling noop_proc_macro v0.3.0
[INFO] [stderr]    Compiling dircpy v0.3.20
[INFO] [stderr]    Compiling ndarray v0.17.2
[INFO] [stderr]    Compiling maybe-rayon v0.1.1
[INFO] [stderr]    Compiling sharded-slab v0.1.7
[INFO] [stderr]    Compiling zune-jpeg v0.5.15
[INFO] [stderr]    Compiling zeromq-src v0.2.6+4.3.4
[INFO] [stderr]    Compiling regex-automata v0.4.14
[INFO] [stderr]    Compiling loop9 v0.1.5
[INFO] [stderr]    Compiling parking_lot v0.12.5
[INFO] [stderr]    Compiling avif-serialize v0.8.8
[INFO] [stderr]    Compiling fdeflate v0.3.7
[INFO] [stderr]    Compiling zune-inflate v0.2.54
[INFO] [stderr]    Compiling thread_local v1.1.9
[INFO] [stderr]    Compiling pxfm v0.1.28
[INFO] [stderr]    Compiling bytes v1.11.1
[INFO] [stderr]    Compiling lebe v0.5.3
[INFO] [stderr]    Compiling iana-time-zone v0.1.65
[INFO] [stderr]    Compiling zmq v0.10.0
[INFO] [stderr]    Compiling bitflags v2.11.0
[INFO] [stderr]    Compiling atomic-polyfill v1.0.3
[INFO] [stderr]    Compiling byteorder-lite v0.1.0
[INFO] [stderr]    Compiling bit_field v0.10.3
[INFO] [stderr]    Compiling color_quant v1.1.0
[INFO] [stderr]    Compiling rgb v0.8.53
[INFO] [stderr]    Compiling gif v0.14.1
[INFO] [stderr]    Compiling png v0.18.1
[INFO] [stderr]    Compiling chrono v0.4.44
[INFO] [stderr]    Compiling image-webp v0.2.4
[INFO] [stderr]    Compiling http v1.4.0
[INFO] [stderr]    Compiling toml v0.8.23
[INFO] [stderr]    Compiling qoi v0.4.1
[INFO] [stderr]    Compiling zerocopy-derive v0.8.48
[INFO] [stderr]    Compiling serde_derive v1.0.228
[INFO] [stderr]    Compiling equator-macro v0.4.2
[INFO] [stderr]    Compiling thiserror-impl v1.0.69
[INFO] [stderr]    Compiling tokio-macros v2.7.0
[INFO] [stderr]    Compiling equator v0.4.2
[INFO] [stderr]    Compiling system-deps v6.2.2
[INFO] [stderr]    Compiling aligned-vec v0.6.4
[INFO] [stderr]    Compiling tracing-attributes v0.1.31
[INFO] [stderr]    Compiling tokio v1.51.1
[INFO] [stderr]    Compiling v_frame v0.3.9
[INFO] [stderr]    Compiling thiserror-impl v2.0.18
[INFO] [stderr]    Compiling profiling-procmacros v1.0.17
[INFO] [stderr]    Compiling arg_enum_proc_macro v0.3.4
[INFO] [stderr]    Compiling zmq-sys v0.12.0
[INFO] [stderr]    Compiling profiling v1.0.17
[INFO] [stderr]    Compiling av1-grain v0.2.5
[INFO] [stderr]    Compiling num-derive v0.4.2
[INFO] [stderr]    Compiling fax_derive v0.2.0
[INFO] [stderr]    Compiling fax v0.2.6
[INFO] [stderr]    Compiling tracing v0.1.44
[INFO] [stderr]    Compiling matchers v0.2.0
[INFO] [stderr]    Compiling moxcms v0.8.1
[INFO] [stderr]    Compiling tracing-subscriber v0.3.23
[INFO] [stderr]    Compiling sha1 v0.10.6
[INFO] [stderr]    Compiling data-encoding v2.10.0
[INFO] [stderr]    Compiling critical-section v1.2.0
[INFO] [stderr]    Compiling utf-8 v0.7.6
[INFO] [stderr]    Compiling bitflags v1.3.2
[INFO] [stderr]    Compiling feagi-io v0.0.40 (/opt/rustwide/workdir/crates/feagi-io)
[INFO] [stderr]    Compiling memmap2 v0.9.10
[INFO] [stderr]    Compiling feagi-npu-burst-engine v0.0.40 (/opt/rustwide/workdir/crates/feagi-npu/burst-engine)
[INFO] [stderr]    Compiling roaring v0.10.12
[INFO] [stderr]    Compiling sha2 v0.10.9
[INFO] [stderr]    Compiling feagi-structures v0.0.40 (/opt/rustwide/workdir/crates/feagi-structures)
[INFO] [stderr]    Compiling bincode v1.3.3
[INFO] [stderr]    Compiling feagi-dataset-contracts v0.0.40 (/opt/rustwide/workdir/crates/feagi-dataset-contracts)
[INFO] [stderr]    Compiling feagi-observability v0.0.40 (/opt/rustwide/workdir/crates/feagi-observability)
[INFO] [stderr]    Compiling feagi-serialization v0.0.40 (/opt/rustwide/workdir/crates/feagi-serialization)
[INFO] [stderr]    Compiling ppv-lite86 v0.2.21
[INFO] [stderr]    Compiling half v2.7.1
[INFO] [stderr]    Compiling feagi-npu-neural v0.0.40 (/opt/rustwide/workdir/crates/feagi-npu/neural)
[INFO] [stderr]    Compiling rand_chacha v0.3.1
[INFO] [stderr]    Compiling exr v1.74.0
[INFO] [stderr]    Compiling tiff v0.11.3
[INFO] [stderr]    Compiling rand v0.8.5
[INFO] [stderr]    Compiling feagi-state-manager v0.0.40 (/opt/rustwide/workdir/crates/feagi-state-manager)
[INFO] [stderr]    Compiling feagi-npu-runtime v0.0.40 (/opt/rustwide/workdir/crates/feagi-npu/runtime)
[INFO] [stderr]    Compiling tungstenite v0.24.0
[INFO] [stderr]    Compiling feagi-evolutionary v0.0.40 (/opt/rustwide/workdir/crates/feagi-evolutionary)
[INFO] [stderr]    Compiling ravif v0.13.0
[INFO] [stderr]    Compiling image v0.25.10
[INFO] [stderr]    Compiling feagi-sensorimotor v0.0.40 (/opt/rustwide/workdir/crates/feagi-sensorimotor)
[INFO] [stderr]    Compiling feagi-agent v0.0.40 (/opt/rustwide/workdir/crates/feagi-agent)
[INFO] [stderr]    Compiling feagi v0.0.40 (/opt/rustwide/workdir)
[INFO] [stderr] warning: unused dependency `feagi-agent`
[INFO] [stderr]   --> Cargo.toml:14:15
[INFO] [stderr]    |
[INFO] [stderr] 14 | [dependencies.feagi-agent]
[INFO] [stderr]    |               ^^^^^^^^^^^^
[INFO] [stderr]    |
[INFO] [stderr]    = note: `cargo::unused_dependencies` is set to `warn` by default
[INFO] [stderr] help: consider removing the dependency on `feagi-agent`
[INFO] [stderr] warning: unused dependency `feagi-npu-burst-engine`
[INFO] [stderr]   --> Cargo.toml:33:15
[INFO] [stderr]    |
[INFO] [stderr] 33 | [dependencies.feagi-npu-burst-engine]
[INFO] [stderr]    |               ^^^^^^^^^^^^^^^^^^^^^^^
[INFO] [stderr]    |
[INFO] [stderr] help: consider removing the dependency on `feagi-npu-burst-engine`
[INFO] [stderr] warning: `feagi` (manifest) generated 2 warnings
[INFO] [stderr]     Finished `dev` profile [optimized + debuginfo] target(s) in 4m 06s
[INFO] running `Command { std: "docker" "inspect" "d8bb19b121bfdc66b9ebf13d77b87317aed747a915fdac0736b9c4254d329498", kill_on_drop: false }`
[INFO] running `Command { std: "docker" "exec" "-e" "SOURCE_DIR=/opt/rustwide/workdir" "-e" "CARGO_HOME=/opt/rustwide/cargo-home" "-e" "RUSTUP_HOME=/opt/rustwide/rustup-home" "-e" "CARGO_TARGET_DIR=/opt/rustwide/target" "-e" "CARGO_INCREMENTAL=0" "-e" "RUST_BACKTRACE=full" "-e" "RUSTFLAGS=--cap-lints=warn" "-e" "RUSTDOCFLAGS=--cap-lints=warn" "-w" "/opt/rustwide/workdir" "--user" "0:0" "d8bb19b121bfdc66b9ebf13d77b87317aed747a915fdac0736b9c4254d329498" "/opt/rustwide/cargo-home/bin/cargo" "+1.100.0-beta.1" "test" "--frozen" "--no-run" "--message-format=json", kill_on_drop: false }`
[INFO] [stderr] warning: unused field `documentation` in `workspace.package`
[INFO] [stderr]    --> Cargo.toml:230:1
[INFO] [stderr]     |
[INFO] [stderr] 230 | documentation = "https://docs.rs/feagi"
[INFO] [stderr]     | ^^^^^^^^^^^^^
[INFO] [stderr]     |
[INFO] [stderr]     = note: `cargo::unused_workspace_package_fields` is set to `warn` by default
[INFO] [stderr] help: consider removing the field `workspace.package.documentation`
[INFO] [stderr] warning: unused field `rust-version` in `workspace.package`
[INFO] [stderr]    --> Cargo.toml:235:1
[INFO] [stderr]     |
[INFO] [stderr] 235 | rust-version = "1.75"
[INFO] [stderr]     | ^^^^^^^^^^^^
[INFO] [stderr]     |
[INFO] [stderr] help: consider removing the field `workspace.package.rust-version`
[INFO] [stderr] warning: workspace (manifest) generated 2 warnings
[INFO] [stderr] warning: crates/feagi-trainer/Cargo.toml: `default-features` is ignored for feagi-agent, since `default-features` was not specified for `workspace.dependencies.feagi-agent`; overriding workspace `default-features` to false requires Rust 1.99+ and the 2024 edition
[INFO] [stderr] warning: `feagi-trainer` (manifest) generated 1 warning
[INFO] [stderr]    Compiling memchr v2.8.0
[INFO] [stderr]    Compiling either v1.15.0
[INFO] [stderr]    Compiling serde v1.0.228
[INFO] [stderr]    Compiling zerocopy v0.8.48
[INFO] [stderr]    Compiling itoa v1.0.18
[INFO] [stderr]    Compiling zmij v1.0.21
[INFO] [stderr]    Compiling num-traits v0.2.19
[INFO] [stderr]    Compiling serde_json v1.0.149
[INFO] [stderr]    Compiling once_cell v1.21.4
[INFO] [stderr]    Compiling anyhow v1.0.102
[INFO] [stderr]    Compiling pin-project-lite v0.2.17
[INFO] [stderr]    Compiling typenum v1.19.0
[INFO] [stderr]    Compiling thiserror v1.0.69
[INFO] [stderr]    Compiling matrixmultiply v0.3.10
[INFO] [stderr]    Compiling generic-array v0.14.7
[INFO] [stderr]    Compiling getrandom v0.4.2
[INFO] [stderr]    Compiling rawpointer v0.2.1
[INFO] [stderr]    Compiling tokio v1.51.1
[INFO] [stderr]    Compiling simd-adler32 v0.3.9
[INFO] [stderr]    Compiling base64 v0.22.1
[INFO] [stderr]    Compiling byteorder v1.5.0
[INFO] [stderr]    Compiling parking_lot_core v0.9.12
[INFO] [stderr]    Compiling rayon v1.11.0
[INFO] [stderr]    Compiling uuid v1.23.0
[INFO] [stderr]    Compiling ahash v0.8.12
[INFO] [stderr]    Compiling tracing-core v0.1.36
[INFO] [stderr]    Compiling equator v0.4.2
[INFO] [stderr]    Compiling const-random v0.1.18
[INFO] [stderr]    Compiling getrandom v0.2.17
[INFO] [stderr]    Compiling regex-syntax v0.8.10
[INFO] [stderr]    Compiling bytemuck v1.25.0
[INFO] [stderr]    Compiling scopeguard v1.2.0
[INFO] [stderr]    Compiling rand_core v0.6.4
[INFO] [stderr]    Compiling lock_api v0.4.14
[INFO] [stderr]    Compiling aligned-vec v0.6.4
[INFO] [stderr]    Compiling arrayvec v0.7.6
[INFO] [stderr]    Compiling adler2 v2.0.1
[INFO] [stderr]    Compiling cpufeatures v0.2.17
[INFO] [stderr]    Compiling stable_deref_trait v1.2.1
[INFO] [stderr]    Compiling lazy_static v1.5.0
[INFO] [stderr]    Compiling tracing v0.1.44
[INFO] [stderr]    Compiling as-slice v0.2.1
[INFO] [stderr]    Compiling thiserror v2.0.18
[INFO] [stderr]    Compiling sharded-slab v0.1.7
[INFO] [stderr]    Compiling crc32fast v1.5.0
[INFO] [stderr]    Compiling miniz_oxide v0.8.9
[INFO] [stderr]    Compiling parking_lot v0.12.5
[INFO] [stderr]    Compiling thread_local v1.1.9
[INFO] [stderr]    Compiling iana-time-zone v0.1.65
[INFO] [stderr]    Compiling av-scenechange v0.14.1
[INFO] [stderr]    Compiling atomic-polyfill v1.0.3
[INFO] [stderr]    Compiling aligned v0.4.3
[INFO] [stderr]    Compiling core2 v0.4.0
[INFO] [stderr]    Compiling nom v8.0.0
[INFO] [stderr]    Compiling critical-section v1.2.0
[INFO] [stderr]    Compiling y4m v0.8.0
[INFO] [stderr]    Compiling quick-error v2.0.1
[INFO] [stderr]    Compiling profiling v1.0.17
[INFO] [stderr]    Compiling bitstream-io v4.9.0
[INFO] [stderr]    Compiling zmq-sys v0.12.0
[INFO] [stderr]    Compiling rav1e v0.8.1
[INFO] [stderr]    Compiling bincode v1.3.3
[INFO] [stderr]    Compiling itertools v0.14.0
[INFO] [stderr]    Compiling memmap2 v0.9.10
[INFO] [stderr]    Compiling num-integer v0.1.46
[INFO] [stderr]    Compiling num-complex v0.4.6
[INFO] [stderr]    Compiling v_frame v0.3.9
[INFO] [stderr]    Compiling num-bigint v0.4.6
[INFO] [stderr]    Compiling chrono v0.4.44
[INFO] [stderr]    Compiling flate2 v1.1.9
[INFO] [stderr]    Compiling weezl v0.1.12
[INFO] [stderr]    Compiling new_debug_unreachable v1.0.6
[INFO] [stderr]    Compiling imgref v1.12.0
[INFO] [stderr]    Compiling zune-core v0.5.1
[INFO] [stderr]    Compiling loop9 v0.1.5
[INFO] [stderr]    Compiling crypto-common v0.1.7
[INFO] [stderr]    Compiling block-buffer v0.10.4
[INFO] [stderr]    Compiling regex-automata v0.4.14
[INFO] [stderr]    Compiling zune-jpeg v0.5.15
[INFO] [stderr]    Compiling feagi-npu-burst-engine v0.0.40 (/opt/rustwide/workdir/crates/feagi-npu/burst-engine)
[INFO] [stderr]    Compiling digest v0.10.7
[INFO] [stderr]    Compiling httparse v1.10.1
[INFO] [stderr]    Compiling fax v0.2.6
[INFO] [stderr]    Compiling avif-serialize v0.8.8
[INFO] [stderr]    Compiling roaring v0.10.12
[INFO] [stderr]    Compiling fdeflate v0.3.7
[INFO] [stderr]    Compiling zune-inflate v0.2.54
[INFO] [stderr]    Compiling byteorder-lite v0.1.0
[INFO] [stderr]    Compiling bit_field v0.10.3
[INFO] [stderr]    Compiling color_quant v1.1.0
[INFO] [stderr]    Compiling pxfm v0.1.28
[INFO] [stderr]    Compiling lebe v0.5.3
[INFO] [stderr]    Compiling bytes v1.11.1
[INFO] [stderr]    Compiling rgb v0.8.53
[INFO] [stderr]    Compiling bitflags v2.11.0
[INFO] [stderr]    Compiling png v0.18.1
[INFO] [stderr]    Compiling gif v0.14.1
[INFO] [stderr]    Compiling num-rational v0.4.2
[INFO] [stderr]    Compiling ndarray v0.17.2
[INFO] [stderr]    Compiling maybe-rayon v0.1.1
[INFO] [stderr]    Compiling image-webp v0.2.4
[INFO] [stderr]    Compiling sha1 v0.10.6
[INFO] [stderr]    Compiling sha2 v0.10.9
[INFO] [stderr]    Compiling feagi-dataset-contracts v0.0.40 (/opt/rustwide/workdir/crates/feagi-dataset-contracts)
[INFO] [stderr]    Compiling qoi v0.4.1
[INFO] [stderr]    Compiling utf-8 v0.7.6
[INFO] [stderr]    Compiling bitflags v1.3.2
[INFO] [stderr]    Compiling http v1.4.0
[INFO] [stderr]    Compiling data-encoding v2.10.0
[INFO] [stderr]    Compiling feagi-io v0.0.40 (/opt/rustwide/workdir/crates/feagi-io)
[INFO] [stderr]    Compiling libm v0.2.16
[INFO] [stderr]    Compiling toml_datetime v0.6.11
[INFO] [stderr]    Compiling serde_spanned v0.6.9
[INFO] [stderr]    Compiling xxhash-rust v0.8.15
[INFO] [stderr]    Compiling toml_write v0.1.2
[INFO] [stderr]    Compiling syn v3.0.6
[INFO] [stderr]    Compiling toml_edit v0.22.27
[INFO] [stderr]    Compiling matchers v0.2.0
[INFO] [stderr]    Compiling tracing-subscriber v0.3.23
[INFO] [stderr]    Compiling av1-grain v0.2.5
[INFO] [stderr]    Compiling ppv-lite86 v0.2.21
[INFO] [stderr]    Compiling rand_chacha v0.3.1
[INFO] [stderr]    Compiling feagi-npu-neural v0.0.40 (/opt/rustwide/workdir/crates/feagi-npu/neural)
[INFO] [stderr]    Compiling feagi-observability v0.0.40 (/opt/rustwide/workdir/crates/feagi-observability)
[INFO] [stderr]    Compiling half v2.7.1
[INFO] [stderr]    Compiling rand v0.8.5
[INFO] [stderr]    Compiling feagi-state-manager v0.0.40 (/opt/rustwide/workdir/crates/feagi-state-manager)
[INFO] [stderr]    Compiling tiff v0.11.3
[INFO] [stderr]    Compiling exr v1.74.0
[INFO] [stderr]    Compiling moxcms v0.8.1
[INFO] [stderr]    Compiling toml v0.8.23
[INFO] [stderr]    Compiling tungstenite v0.24.0
[INFO] [stderr]    Compiling feagi-npu-runtime v0.0.40 (/opt/rustwide/workdir/crates/feagi-npu/runtime)
[INFO] [stderr]    Compiling feagi-config v0.0.40 (/opt/rustwide/workdir/crates/feagi-config)
[INFO] [stderr]    Compiling feagi-structures v0.0.40 (/opt/rustwide/workdir/crates/feagi-structures)
[INFO] [stderr]    Compiling async-trait v0.1.92
[INFO] [stderr]    Compiling feagi-serialization v0.0.40 (/opt/rustwide/workdir/crates/feagi-serialization)
[INFO] [stderr]    Compiling feagi-evolutionary v0.0.40 (/opt/rustwide/workdir/crates/feagi-evolutionary)
[INFO] [stderr]    Compiling ravif v0.13.0
[INFO] [stderr]    Compiling image v0.25.10
[INFO] [stderr]    Compiling zmq v0.10.0
[INFO] [stderr]    Compiling feagi-npu-plasticity v0.0.40 (/opt/rustwide/workdir/crates/feagi-npu/plasticity)
[INFO] [stderr]    Compiling feagi-brain-development v0.0.40 (/opt/rustwide/workdir/crates/feagi-brain-development)
[INFO] [stderr]    Compiling feagi-sensorimotor v0.0.40 (/opt/rustwide/workdir/crates/feagi-sensorimotor)
[INFO] [stderr]    Compiling feagi-services v0.0.40 (/opt/rustwide/workdir/crates/feagi-services)
[INFO] [stderr]    Compiling feagi-agent v0.0.40 (/opt/rustwide/workdir/crates/feagi-agent)
[INFO] [stderr]    Compiling feagi v0.0.40 (/opt/rustwide/workdir)
[INFO] [stdout] warning: function `attach_long_term_memory_replay_frames` is never used
[INFO] [stdout]     --> crates/feagi-services/src/impls/connectome_service_impl.rs:3442:4
[INFO] [stdout]      |
[INFO] [stdout] 3442 | fn attach_long_term_memory_replay_frames(
[INFO] [stdout]      |    ^^^^^^^^^^^^^^^^^^^^^^^^^^^^^^^^^^^^^
[INFO] [stdout]      |
[INFO] [stdout]      = note: `#[warn(dead_code)]` (part of `#[warn(unused)]`) on by default
[INFO] [stdout] 
[INFO] [stdout] 
[INFO] [stderr]     Finished `test` profile [unoptimized + debuginfo] target(s) in 2m 09s
[INFO] running `Command { std: "docker" "inspect" "d8bb19b121bfdc66b9ebf13d77b87317aed747a915fdac0736b9c4254d329498", kill_on_drop: false }`
[INFO] running `Command { std: "docker" "exec" "-e" "SOURCE_DIR=/opt/rustwide/workdir" "-e" "CARGO_HOME=/opt/rustwide/cargo-home" "-e" "RUSTUP_HOME=/opt/rustwide/rustup-home" "-e" "CARGO_TARGET_DIR=/opt/rustwide/target" "-e" "CARGO_INCREMENTAL=0" "-e" "RUST_BACKTRACE=full" "-e" "RUSTFLAGS=--cap-lints=warn" "-e" "RUSTDOCFLAGS=--cap-lints=warn" "-w" "/opt/rustwide/workdir" "--user" "0:0" "d8bb19b121bfdc66b9ebf13d77b87317aed747a915fdac0736b9c4254d329498" "/opt/rustwide/cargo-home/bin/cargo" "+1.100.0-beta.1" "test" "--frozen", kill_on_drop: false }`
[INFO] [stderr] warning: unused field `documentation` in `workspace.package`
[INFO] [stderr]    --> Cargo.toml:230:1
[INFO] [stderr]     |
[INFO] [stderr] 230 | documentation = "https://docs.rs/feagi"
[INFO] [stderr]     | ^^^^^^^^^^^^^
[INFO] [stderr]     |
[INFO] [stderr]     = note: `cargo::unused_workspace_package_fields` is set to `warn` by default
[INFO] [stderr] help: consider removing the field `workspace.package.documentation`
[INFO] [stderr] warning: unused field `rust-version` in `workspace.package`
[INFO] [stderr]    --> Cargo.toml:235:1
[INFO] [stderr]     |
[INFO] [stderr] 235 | rust-version = "1.75"
[INFO] [stderr]     | ^^^^^^^^^^^^
[INFO] [stderr]     |
[INFO] [stderr] help: consider removing the field `workspace.package.rust-version`
[INFO] [stderr] warning: workspace (manifest) generated 2 warnings
[INFO] [stderr] warning: crates/feagi-trainer/Cargo.toml: `default-features` is ignored for feagi-agent, since `default-features` was not specified for `workspace.dependencies.feagi-agent`; overriding workspace `default-features` to false requires Rust 1.99+ and the 2024 edition
[INFO] [stderr] warning: `feagi-trainer` (manifest) generated 1 warning
[INFO] [stderr] warning: function `attach_long_term_memory_replay_frames` is never used
[INFO] [stderr]     --> crates/feagi-services/src/impls/connectome_service_impl.rs:3442:4
[INFO] [stderr]      |
[INFO] [stderr] 3442 | fn attach_long_term_memory_replay_frames(
[INFO] [stderr]      |    ^^^^^^^^^^^^^^^^^^^^^^^^^^^^^^^^^^^^^
[INFO] [stderr]      |
[INFO] [stderr]      = note: `#[warn(dead_code)]` (part of `#[warn(unused)]`) on by default
[INFO] [stderr] 
[INFO] [stderr] warning: `feagi-services` (lib) generated 1 warning
[INFO] [stderr]     Finished `test` profile [unoptimized + debuginfo] target(s) in 0.64s
[INFO] [stderr]      Running unittests src/lib.rs (/opt/rustwide/target/debug/build/feagi/a3ac666c44276c5c/out/feagi-a3ac666c44276c5c)
[INFO] [stdout] 
[INFO] [stdout] running 1 test
[INFO] [stdout] test tests::test_facade_imports ... ok
[INFO] [stdout] 
[INFO] [stdout] test result: ok. 1 passed; 0 failed; 0 ignored; 0 measured; 0 filtered out; finished in 0.00s
[INFO] [stdout] 
[INFO] [stderr]      Running unittests tools/migrate_genome.rs (/opt/rustwide/target/debug/build/feagi/74f1b2705e38e9ba/out/migrate_genome-74f1b2705e38e9ba)
[INFO] [stdout] 
[INFO] [stderr]      Running unittests tools/perf_compare.rs (/opt/rustwide/target/debug/build/feagi/ed1ad58cda924734/out/perf_compare-ed1ad58cda924734)
[INFO] [stdout] running 0 tests
[INFO] [stdout] 
[INFO] [stdout] test result: ok. 0 passed; 0 failed; 0 ignored; 0 measured; 0 filtered out; finished in 0.00s
[INFO] [stdout] 
[INFO] [stdout] 
[INFO] [stdout] running 0 tests
[INFO] [stdout] 
[INFO] [stdout] test result: ok. 0 passed; 0 failed; 0 ignored; 0 measured; 0 filtered out; finished in 0.00s
[INFO] [stdout] 
[INFO] [stderr]      Running tests/benchmarking.rs (/opt/rustwide/target/debug/build/feagi/4e96b2231e8d670b/out/benchmarking-4e96b2231e8d670b)
[INFO] [stdout] 
[INFO] [stdout] running 2 tests
[INFO] [stdout] test burst_engine_jitter::burst_engine_jitter_under_stress ... ok
[INFO] [stdout] test burst_engine_jitter::burst_engine_jitter_with_injection ... FAILED
[INFO] [stdout] 
[INFO] [stdout] failures:
[INFO] [stdout] 
[INFO] [stdout] ---- burst_engine_jitter::burst_engine_jitter_with_injection stdout ----
[INFO] [stdout] 
[INFO] [stdout] Hz	Inj	Samples	Mean_ms	Std_ms	CV%	P99_ms	P99x
[INFO] [stdout] 15	100	80	66.72	2.65	4.0	82.41	1.24
[INFO] [stdout] 15	1000	81	66.74	2.00	3.0	72.21	1.08
[INFO] [stdout] 15	10000	81	66.75	11.36	17.0	98.22	1.47
[INFO] [stdout] 15	100000	80	124.88	143.00	114.5	471.51	7.07
[INFO] [stdout] 
[INFO] [stdout] thread 'burst_engine_jitter::burst_engine_jitter_with_injection' (6982) panicked at tests/benchmarking/burst_engine_jitter.rs:436:13:
[INFO] [stdout] 15 Hz injection 100000: CV 114.5% > 60%
[INFO] [stdout] stack backtrace:
[INFO] [stdout]    0:     0x5ad704891811 - std[617be2ca0a6fd877]::backtrace_rs::backtrace::libunwind::trace
[INFO] [stdout]                                at /rustc/e3feeb59cd1bdd011a2bfcc0747b55125d9b8527/library/std/src/../../backtrace/src/backtrace/libunwind.rs:117:9
[INFO] [stdout]    1:     0x5ad704891811 - std[617be2ca0a6fd877]::backtrace_rs::backtrace::trace_unsynchronized::<std[617be2ca0a6fd877]::sys::backtrace::_print_fmt::{closure#1}>
[INFO] [stdout]                                at /rustc/e3feeb59cd1bdd011a2bfcc0747b55125d9b8527/library/std/src/../../backtrace/src/backtrace/mod.rs:66:14
[INFO] [stdout]    2:     0x5ad704891811 - std[617be2ca0a6fd877]::sys::backtrace::_print_fmt
[INFO] [stdout]                                at /rustc/e3feeb59cd1bdd011a2bfcc0747b55125d9b8527/library/std/src/sys/backtrace.rs:74:9
[INFO] [stdout]    3:     0x5ad704891811 - <<std[617be2ca0a6fd877]::sys::backtrace::BacktraceLock>::print::DisplayBacktrace as core[a373ad73a504971]::fmt::Display>::fmt
[INFO] [stdout]                                at /rustc/e3feeb59cd1bdd011a2bfcc0747b55125d9b8527/library/std/src/sys/backtrace.rs:44:26
[INFO] [stdout]    4:     0x5ad7048a82aa - <core[a373ad73a504971]::fmt::rt::Argument>::fmt
[INFO] [stdout]                                at /rustc/e3feeb59cd1bdd011a2bfcc0747b55125d9b8527/library/core/src/fmt/rt.rs:152:76
[INFO] [stdout]    5:     0x5ad7048a82aa - core[a373ad73a504971]::fmt::write
[INFO] [stdout]    6:     0x5ad704895b9c - core[a373ad73a504971]::io::write::default_write_fmt::<alloc[2e1b2a31b91974c5]::vec::Vec<u8>>
[INFO] [stdout]                                at /rustc/e3feeb59cd1bdd011a2bfcc0747b55125d9b8527/library/core/src/io/write.rs:402:11
[INFO] [stdout]    7:     0x5ad704895b9c - <alloc[2e1b2a31b91974c5]::vec::Vec<u8> as core[a373ad73a504971]::io::write::Write>::write_fmt
[INFO] [stdout]                                at /rustc/e3feeb59cd1bdd011a2bfcc0747b55125d9b8527/library/core/src/io/write.rs:335:13
[INFO] [stdout]    8:     0x5ad70486d4f6 - <std[617be2ca0a6fd877]::sys::backtrace::BacktraceLock>::print
[INFO] [stdout]                                at /rustc/e3feeb59cd1bdd011a2bfcc0747b55125d9b8527/library/std/src/sys/backtrace.rs:47:9
[INFO] [stdout]    9:     0x5ad70486d4f6 - std[617be2ca0a6fd877]::panicking::default_hook::{closure#0}
[INFO] [stdout]                                at /rustc/e3feeb59cd1bdd011a2bfcc0747b55125d9b8527/library/std/src/panicking.rs:289:27
[INFO] [stdout]   10:     0x5ad704889ac9 - std[617be2ca0a6fd877]::panicking::default_hook
[INFO] [stdout]                                at /rustc/e3feeb59cd1bdd011a2bfcc0747b55125d9b8527/library/std/src/panicking.rs:313:9
[INFO] [stdout]   11:     0x5ad7045b7b80 - <alloc[2e1b2a31b91974c5]::boxed::Box<dyn for<'a, 'b> core[a373ad73a504971]::ops::function::Fn<(&'a std[617be2ca0a6fd877]::panic::PanicHookInfo<'b>,), Output = ()> + core[a373ad73a504971]::marker::Sync + core[a373ad73a504971]::marker::Send> as core[a373ad73a504971]::ops::function::Fn<(&std[617be2ca0a6fd877]::panic::PanicHookInfo,)>>::call
[INFO] [stdout]                                at /rustc/e3feeb59cd1bdd011a2bfcc0747b55125d9b8527/library/alloc/src/boxed.rs:2328:9
[INFO] [stdout]   12:     0x5ad7045b7b80 - test[aada8e7e76ba119b]::test_main_inner::{closure#0}
[INFO] [stdout]                                at /rustc/e3feeb59cd1bdd011a2bfcc0747b55125d9b8527/library/test/src/lib.rs:137:21
[INFO] [stdout]   13:     0x5ad704889df2 - <alloc[2e1b2a31b91974c5]::boxed::Box<dyn for<'a, 'b> core[a373ad73a504971]::ops::function::Fn<(&'a std[617be2ca0a6fd877]::panic::PanicHookInfo<'b>,), Output = ()> + core[a373ad73a504971]::marker::Sync + core[a373ad73a504971]::marker::Send> as core[a373ad73a504971]::ops::function::Fn<(&std[617be2ca0a6fd877]::panic::PanicHookInfo,)>>::call
[INFO] [stdout]                                at /rustc/e3feeb59cd1bdd011a2bfcc0747b55125d9b8527/library/alloc/src/boxed.rs:2328:9
[INFO] [stdout]   14:     0x5ad704889df2 - std[617be2ca0a6fd877]::panicking::panic_with_hook
[INFO] [stdout]                                at /rustc/e3feeb59cd1bdd011a2bfcc0747b55125d9b8527/library/std/src/panicking.rs:819:13
[INFO] [stdout]   15:     0x5ad70486d5a2 - std[617be2ca0a6fd877]::panicking::panic_handler::{closure#0}
[INFO] [stdout]                                at /rustc/e3feeb59cd1bdd011a2bfcc0747b55125d9b8527/library/std/src/panicking.rs:685:13
[INFO] [stdout]   16:     0x5ad7048662b9 - std[617be2ca0a6fd877]::sys::backtrace::__rust_end_short_backtrace::<std[617be2ca0a6fd877]::panicking::panic_handler::{closure#0}, !>
[INFO] [stdout]                                at /rustc/e3feeb59cd1bdd011a2bfcc0747b55125d9b8527/library/std/src/sys/backtrace.rs:182:18
[INFO] [stdout]   17:     0x5ad70486e1ad - __rustc[ea4f61d10b84890b]::rust_begin_unwind
[INFO] [stdout]                                at /rustc/e3feeb59cd1bdd011a2bfcc0747b55125d9b8527/library/std/src/panicking.rs:676:5
[INFO] [stdout]   18:     0x5ad7048a8acc - core[a373ad73a504971]::panicking::panic_fmt
[INFO] [stdout]                                at /rustc/e3feeb59cd1bdd011a2bfcc0747b55125d9b8527/library/core/src/panicking.rs:80:14
[INFO] [stdout]   19:     0x5ad7045858ea - benchmarking[3b487aeb74386c38]::burst_engine_jitter::burst_engine_jitter_with_injection
[INFO] [stdout]                                at /opt/rustwide/workdir/tests/benchmarking/burst_engine_jitter.rs:436:13
[INFO] [stdout]   20:     0x5ad70457f6a7 - benchmarking[3b487aeb74386c38]::burst_engine_jitter::burst_engine_jitter_with_injection::{closure#0}
[INFO] [stdout]                                at /opt/rustwide/workdir/tests/benchmarking/burst_engine_jitter.rs:255:40
[INFO] [stdout]   21:     0x5ad7045a0866 - <benchmarking[3b487aeb74386c38]::burst_engine_jitter::burst_engine_jitter_with_injection::{closure#0} as core[a373ad73a504971]::ops::function::FnOnce<()>>::call_once
[INFO] [stdout]                                at /rustc/e3feeb59cd1bdd011a2bfcc0747b55125d9b8527/library/core/src/ops/function.rs:250:5
[INFO] [stdout]   22:     0x5ad7045aafcb - <fn() -> core[a373ad73a504971]::result::Result<(), alloc[2e1b2a31b91974c5]::string::String> as core[a373ad73a504971]::ops::function::FnOnce<()>>::call_once
[INFO] [stdout]                                at /rustc/e3feeb59cd1bdd011a2bfcc0747b55125d9b8527/library/core/src/ops/function.rs:250:5
[INFO] [stdout]   23:     0x5ad7045aafcb - test[aada8e7e76ba119b]::__rust_begin_short_backtrace::<core[a373ad73a504971]::result::Result<(), alloc[2e1b2a31b91974c5]::string::String>, fn() -> core[a373ad73a504971]::result::Result<(), alloc[2e1b2a31b91974c5]::string::String>>
[INFO] [stdout]                                at /rustc/e3feeb59cd1bdd011a2bfcc0747b55125d9b8527/library/test/src/lib.rs:701:18
[INFO] [stdout]   24:     0x5ad7045b81a5 - test[aada8e7e76ba119b]::run_test_in_process::{closure#0}
[INFO] [stdout]                                at /rustc/e3feeb59cd1bdd011a2bfcc0747b55125d9b8527/library/test/src/lib.rs:724:74
[INFO] [stdout]   25:     0x5ad7045b81a5 - <core[a373ad73a504971]::panic::unwind_safe::AssertUnwindSafe<test[aada8e7e76ba119b]::run_test_in_process::{closure#0}> as core[a373ad73a504971]::ops::function::FnOnce<()>>::call_once
[INFO] [stdout]                                at /rustc/e3feeb59cd1bdd011a2bfcc0747b55125d9b8527/library/core/src/panic/unwind_safe.rs:275:9
[INFO] [stdout]   26:     0x5ad7045b81a5 - std[617be2ca0a6fd877]::panicking::catch_unwind::do_call::<core[a373ad73a504971]::panic::unwind_safe::AssertUnwindSafe<test[aada8e7e76ba119b]::run_test_in_process::{closure#0}>, core[a373ad73a504971]::result::Result<(), alloc[2e1b2a31b91974c5]::string::String>>
[INFO] [stdout]                                at /rustc/e3feeb59cd1bdd011a2bfcc0747b55125d9b8527/library/std/src/panicking.rs:573:43
[INFO] [stdout]   27:     0x5ad7045b81a5 - std[617be2ca0a6fd877]::panicking::catch_unwind::<core[a373ad73a504971]::result::Result<(), alloc[2e1b2a31b91974c5]::string::String>, core[a373ad73a504971]::panic::unwind_safe::AssertUnwindSafe<test[aada8e7e76ba119b]::run_test_in_process::{closure#0}>>
[INFO] [stdout]                                at /rustc/e3feeb59cd1bdd011a2bfcc0747b55125d9b8527/library/std/src/panicking.rs:541:19
[INFO] [stdout]   28:     0x5ad7045b81a5 - std[617be2ca0a6fd877]::panic::catch_unwind::<core[a373ad73a504971]::panic::unwind_safe::AssertUnwindSafe<test[aada8e7e76ba119b]::run_test_in_process::{closure#0}>, core[a373ad73a504971]::result::Result<(), alloc[2e1b2a31b91974c5]::string::String>>
[INFO] [stdout]                                at /rustc/e3feeb59cd1bdd011a2bfcc0747b55125d9b8527/library/std/src/panic.rs:359:14
[INFO] [stdout]   29:     0x5ad7045b81a5 - test[aada8e7e76ba119b]::run_test_in_process
[INFO] [stdout]                                at /rustc/e3feeb59cd1bdd011a2bfcc0747b55125d9b8527/library/test/src/lib.rs:724:27
[INFO] [stdout]   30:     0x5ad7045b81a5 - test[aada8e7e76ba119b]::run_test::{closure#0}
[INFO] [stdout]                                at /rustc/e3feeb59cd1bdd011a2bfcc0747b55125d9b8527/library/test/src/lib.rs:645:43
[INFO] [stdout]   31:     0x5ad7045b1a94 - test[aada8e7e76ba119b]::run_test::{closure#1}
[INFO] [stdout]                                at /rustc/e3feeb59cd1bdd011a2bfcc0747b55125d9b8527/library/test/src/lib.rs:675:41
[INFO] [stdout]   32:     0x5ad7045b1a94 - std[617be2ca0a6fd877]::sys::backtrace::__rust_begin_short_backtrace::<test[aada8e7e76ba119b]::run_test::{closure#1}, ()>
[INFO] [stdout]                                at /rustc/e3feeb59cd1bdd011a2bfcc0747b55125d9b8527/library/std/src/sys/backtrace.rs:166:18
[INFO] [stdout]   33:     0x5ad7045bb232 - std[617be2ca0a6fd877]::thread::lifecycle::spawn_unchecked::<test[aada8e7e76ba119b]::run_test::{closure#1}, ()>::{closure#1}::{closure#0}
[INFO] [stdout]                                at /rustc/e3feeb59cd1bdd011a2bfcc0747b55125d9b8527/library/std/src/thread/lifecycle.rs:70:13
[INFO] [stdout]   34:     0x5ad7045bb232 - <core[a373ad73a504971]::panic::unwind_safe::AssertUnwindSafe<std[617be2ca0a6fd877]::thread::lifecycle::spawn_unchecked<test[aada8e7e76ba119b]::run_test::{closure#1}, ()>::{closure#1}::{closure#0}> as core[a373ad73a504971]::ops::function::FnOnce<()>>::call_once
[INFO] [stdout]                                at /rustc/e3feeb59cd1bdd011a2bfcc0747b55125d9b8527/library/core/src/panic/unwind_safe.rs:275:9
[INFO] [stdout]   35:     0x5ad7045bb232 - std[617be2ca0a6fd877]::panicking::catch_unwind::do_call::<core[a373ad73a504971]::panic::unwind_safe::AssertUnwindSafe<std[617be2ca0a6fd877]::thread::lifecycle::spawn_unchecked<test[aada8e7e76ba119b]::run_test::{closure#1}, ()>::{closure#1}::{closure#0}>, ()>
[INFO] [stdout]                                at /rustc/e3feeb59cd1bdd011a2bfcc0747b55125d9b8527/library/std/src/panicking.rs:573:43
[INFO] [stdout]   36:     0x5ad7045bb232 - std[617be2ca0a6fd877]::panicking::catch_unwind::<(), core[a373ad73a504971]::panic::unwind_safe::AssertUnwindSafe<std[617be2ca0a6fd877]::thread::lifecycle::spawn_unchecked<test[aada8e7e76ba119b]::run_test::{closure#1}, ()>::{closure#1}::{closure#0}>>
[INFO] [stdout]                                at /rustc/e3feeb59cd1bdd011a2bfcc0747b55125d9b8527/library/std/src/panicking.rs:541:19
[INFO] [stdout]   37:     0x5ad7045bb232 - std[617be2ca0a6fd877]::panic::catch_unwind::<core[a373ad73a504971]::panic::unwind_safe::AssertUnwindSafe<std[617be2ca0a6fd877]::thread::lifecycle::spawn_unchecked<test[aada8e7e76ba119b]::run_test::{closure#1}, ()>::{closure#1}::{closure#0}>, ()>
[INFO] [stdout]                                at /rustc/e3feeb59cd1bdd011a2bfcc0747b55125d9b8527/library/std/src/panic.rs:359:14
[INFO] [stdout]   38:     0x5ad7045bb232 - std[617be2ca0a6fd877]::thread::lifecycle::spawn_unchecked::<test[aada8e7e76ba119b]::run_test::{closure#1}, ()>::{closure#1}
[INFO] [stdout]                                at /rustc/e3feeb59cd1bdd011a2bfcc0747b55125d9b8527/library/std/src/thread/lifecycle.rs:68:26
[INFO] [stdout]   39:     0x5ad7045bb232 - <std[617be2ca0a6fd877]::thread::lifecycle::spawn_unchecked<test[aada8e7e76ba119b]::run_test::{closure#1}, ()>::{closure#1} as core[a373ad73a504971]::ops::function::FnOnce<()>>::call_once::{shim:vtable#0}
[INFO] [stdout]                                at /rustc/e3feeb59cd1bdd011a2bfcc0747b55125d9b8527/library/core/src/ops/function.rs:250:5
[INFO] [stdout]   40:     0x5ad70489102f - <alloc[2e1b2a31b91974c5]::boxed::Box<dyn core[a373ad73a504971]::ops::function::FnOnce<(), Output = ()> + core[a373ad73a504971]::marker::Send> as core[a373ad73a504971]::ops::function::FnOnce<()>>::call_once
[INFO] [stdout]                                at /rustc/e3feeb59cd1bdd011a2bfcc0747b55125d9b8527/library/alloc/src/boxed.rs:2314:9
[INFO] [stdout]   41:     0x5ad70489102f - <std[617be2ca0a6fd877]::sys::thread::unix::Thread>::new::thread_start
[INFO] [stdout]                                at /rustc/e3feeb59cd1bdd011a2bfcc0747b55125d9b8527/library/std/src/sys/thread/unix.rs:127:17
[INFO] [stdout]   42:     0x716724d5edfa - <unknown>
[INFO] [stdout]   43:     0x716724df23d4 - clone
[INFO] [stdout]   44:                0x0 - <unknown>
[INFO] [stdout] 
[INFO] [stdout] 
[INFO] [stdout] failures:
[INFO] [stdout]     burst_engine_jitter::burst_engine_jitter_with_injection
[INFO] [stdout] 
[INFO] [stdout] test result: FAILED. 1 passed; 1 failed; 0 ignored; 0 measured; 0 filtered out; finished in 26.70s
[INFO] [stdout] 
[INFO] [stderr] error: test failed, to rerun pass `--test benchmarking`
[INFO] running `Command { std: "docker" "inspect" "d8bb19b121bfdc66b9ebf13d77b87317aed747a915fdac0736b9c4254d329498", kill_on_drop: false }`
[INFO] running `Command { std: "docker" "rm" "-f" "d8bb19b121bfdc66b9ebf13d77b87317aed747a915fdac0736b9c4254d329498", kill_on_drop: false }`
[INFO] [stdout] d8bb19b121bfdc66b9ebf13d77b87317aed747a915fdac0736b9c4254d329498
