[INFO] cloning repository https://github.com/ContinuousC/Rpc
[INFO] running `Command { std: "git" "-c" "credential.helper=" "-c" "credential.helper=/workspace/cargo-home/bin/git-credential-null" "clone" "--bare" "https://github.com/ContinuousC/Rpc" "/workspace/cache/git-repos/https%3A%2F%2Fgithub.com%2FContinuousC%2FRpc", kill_on_drop: false }`
[INFO] [stderr] Cloning into bare repository '/workspace/cache/git-repos/https%3A%2F%2Fgithub.com%2FContinuousC%2FRpc'...
[INFO] running `Command { std: "git" "rev-parse" "HEAD", kill_on_drop: false }`
[INFO] [stdout] 140b5870c624c614300b8982795df10708a5e249
[INFO] testing ContinuousC/Rpc against 1.100.0-beta.1 for beta-1.100-2
[INFO] running `Command { std: "git" "clone" "/workspace/cache/git-repos/https%3A%2F%2Fgithub.com%2FContinuousC%2FRpc" "/workspace/builds/worker-7-tc2/source", kill_on_drop: false }`
[INFO] [stderr] Cloning into '/workspace/builds/worker-7-tc2/source'...
[INFO] [stderr] done.
[INFO] started tweaking git repo https://github.com/ContinuousC/Rpc
[INFO] finished tweaking git repo https://github.com/ContinuousC/Rpc
[INFO] tweaked toml for git repo https://github.com/ContinuousC/Rpc written to /workspace/builds/worker-7-tc2/source/Cargo.toml
[INFO] validating manifest of git repo https://github.com/ContinuousC/Rpc on toolchain 1.100.0-beta.1
[INFO] running `Command { std: CARGO_HOME="/workspace/cargo-home" RUSTUP_HOME="/workspace/rustup-home" "/workspace/cargo-home/bin/cargo" "+1.100.0-beta.1" "metadata" "--manifest-path" "Cargo.toml" "--no-deps", kill_on_drop: false }`
[INFO] crate git repo https://github.com/ContinuousC/Rpc already has a lockfile, it will not be regenerated
[INFO] running `Command { std: CARGO_HOME="/workspace/cargo-home" RUSTUP_HOME="/workspace/rustup-home" "/workspace/cargo-home/bin/cargo" "+1.100.0-beta.1" "fetch" "--manifest-path" "Cargo.toml", kill_on_drop: false }`
[INFO] running `Command { std: "docker" "create" "-v" "/var/lib/crater-agent-workspace/builds/worker-7-tc2/source:/opt/rustwide/workdir:ro,Z" "-v" "/var/lib/crater-agent-workspace/builds/worker-7-tc2/target:/opt/rustwide/target:rw,Z" "-v" "/var/lib/crater-agent-workspace/cargo-home:/opt/rustwide/cargo-home:ro,Z" "-v" "/var/lib/crater-agent-workspace/rustup-home:/opt/rustwide/rustup-home:ro,Z" "-m" "1610612736" "--network" "none" "ghcr.io/rust-lang/crates-build-env/linux@sha256:3111399a4047eeb3a02b7a90e478d715f38a8c6669b5c4b49d30a17385265909" "sleep" "infinity", kill_on_drop: false }`
[INFO] [stdout] 1679c014f477b3aac9e7449977b0a472341d30e6db16a8ade37241b619d18f96
[INFO] running `Command { std: "docker" "start" "1679c014f477b3aac9e7449977b0a472341d30e6db16a8ade37241b619d18f96", kill_on_drop: false }`
[INFO] running `Command { std: "docker" "inspect" "1679c014f477b3aac9e7449977b0a472341d30e6db16a8ade37241b619d18f96", kill_on_drop: false }`
[INFO] running `Command { std: "docker" "exec" "-e" "SOURCE_DIR=/opt/rustwide/workdir" "-e" "CARGO_HOME=/opt/rustwide/cargo-home" "-e" "RUSTUP_HOME=/opt/rustwide/rustup-home" "-e" "CARGO_TARGET_DIR=/opt/rustwide/target" "-w" "/opt/rustwide/workdir" "--user" "0:0" "1679c014f477b3aac9e7449977b0a472341d30e6db16a8ade37241b619d18f96" "/opt/rustwide/cargo-home/bin/cargo" "+1.100.0-beta.1" "metadata" "--no-deps" "--format-version=1", kill_on_drop: false }`
[INFO] running `Command { std: "docker" "inspect" "1679c014f477b3aac9e7449977b0a472341d30e6db16a8ade37241b619d18f96", kill_on_drop: false }`
[INFO] running `Command { std: "docker" "exec" "-e" "SOURCE_DIR=/opt/rustwide/workdir" "-e" "CARGO_HOME=/opt/rustwide/cargo-home" "-e" "RUSTUP_HOME=/opt/rustwide/rustup-home" "-e" "CARGO_TARGET_DIR=/opt/rustwide/target" "-e" "CARGO_INCREMENTAL=0" "-e" "RUST_BACKTRACE=full" "-e" "RUSTFLAGS=--cap-lints=warn" "-e" "RUSTDOCFLAGS=--cap-lints=warn" "-w" "/opt/rustwide/workdir" "--user" "0:0" "1679c014f477b3aac9e7449977b0a472341d30e6db16a8ade37241b619d18f96" "/opt/rustwide/cargo-home/bin/cargo" "+1.100.0-beta.1" "build" "--frozen" "--message-format=json", kill_on_drop: false }`
[INFO] [stderr]    Compiling proc-macro2 v1.0.93
[INFO] [stderr]    Compiling unicode-ident v1.0.16
[INFO] [stderr]    Compiling libc v0.2.169
[INFO] [stderr]    Compiling paste v1.0.15
[INFO] [stderr]    Compiling itoa v1.0.14
[INFO] [stderr]    Compiling aws-lc-rs v1.12.2
[INFO] [stderr]    Compiling num-traits v0.2.19
[INFO] [stderr]    Compiling time-macros v0.2.19
[INFO] [stderr]    Compiling nom v7.1.3
[INFO] [stderr]    Compiling futures-sink v0.3.31
[INFO] [stderr]    Compiling strsim v0.11.1
[INFO] [stderr]    Compiling fnv v1.0.7
[INFO] [stderr]    Compiling rustls-pki-types v1.11.0
[INFO] [stderr]    Compiling serde v1.0.217
[INFO] [stderr]    Compiling zeroize v1.8.1
[INFO] [stderr]    Compiling bytes v1.9.0
[INFO] [stderr]    Compiling futures-channel v0.3.31
[INFO] [stderr]    Compiling rustls v0.23.22
[INFO] [stderr]    Compiling oid-registry v0.7.1
[INFO] [stderr]    Compiling once_cell v1.20.2
[INFO] [stderr]    Compiling serde_json v1.0.138
[INFO] [stderr]    Compiling log v0.4.25
[INFO] [stderr]    Compiling lazy_static v1.5.0
[INFO] [stderr]    Compiling half v1.8.3
[INFO] [stderr]    Compiling data-encoding v2.7.0
[INFO] [stderr]    Compiling ryu v1.0.19
[INFO] [stderr]    Compiling rustls-pemfile v2.2.0
[INFO] [stderr]    Compiling quote v1.0.38
[INFO] [stderr]    Compiling time v0.3.37
[INFO] [stderr]    Compiling syn v2.0.96
[INFO] [stderr]    Compiling num-integer v0.1.46
[INFO] [stderr]    Compiling jobserver v0.1.32
[INFO] [stderr]    Compiling mio v1.0.3
[INFO] [stderr]    Compiling socket2 v0.5.8
[INFO] [stderr]    Compiling parking_lot_core v0.9.10
[INFO] [stderr]    Compiling num-bigint v0.4.6
[INFO] [stderr]    Compiling cc v1.2.10
[INFO] [stderr]    Compiling parking_lot v0.12.3
[INFO] [stderr]    Compiling rusticata-macros v4.1.0
[INFO] [stderr]    Compiling cmake v0.1.53
[INFO] [stderr]    Compiling aws-lc-sys v0.25.0
[INFO] [stderr]    Compiling synstructure v0.13.1
[INFO] [stderr]    Compiling darling_core v0.20.10
[INFO] [stderr]    Compiling thiserror-impl v1.0.69
[INFO] [stderr]    Compiling displaydoc v0.2.5
[INFO] [stderr]    Compiling asn1-rs-impl v0.2.0
[INFO] [stderr]    Compiling asn1-rs-derive v0.5.1
[INFO] [stderr]    Compiling futures-macro v0.3.31
[INFO] [stderr]    Compiling tokio-macros v2.5.0
[INFO] [stderr]    Compiling serde_derive v1.0.217
[INFO] [stderr]    Compiling tokio v1.43.0
[INFO] [stderr]    Compiling futures-util v0.3.31
[INFO] [stderr]    Compiling thiserror v1.0.69
[INFO] [stderr]    Compiling asn1-rs v0.6.2
[INFO] [stderr]    Compiling darling_macro v0.20.10
[INFO] [stderr]    Compiling darling v0.20.10
[INFO] [stderr]    Compiling rpc_derive v0.1.23 (/opt/rustwide/workdir/rpc_derive)
[INFO] [stderr]    Compiling der-parser v9.0.0
[INFO] [stderr]    Compiling x509-parser v0.16.0
[INFO] [stderr]    Compiling futures-executor v0.3.31
[INFO] [stderr]    Compiling futures v0.3.31
[INFO] [stderr]    Compiling serde_cbor v0.11.2
[INFO] [stderr]    Compiling tokio-stream v0.1.17
[INFO] [stderr]    Compiling rustls-webpki v0.102.8
[INFO] [stderr]    Compiling tokio-rustls v0.26.1
[INFO] [stderr]    Compiling rpc v0.1.38 (/opt/rustwide/workdir/rpc)
[INFO] [stdout] warning: hiding a lifetime that's elided elsewhere is confusing
[INFO] [stdout]    --> rpc/src/msg_stream/cbor.rs:233:25
[INFO] [stdout]     |
[INFO] [stdout] 233 |     fn peer_certificate(&self) -> Option<&rustls::pki_types::CertificateDer> {
[INFO] [stdout]     |                         ^^^^^            ^^^^^^^^^^^^^^^^^^^^^^^^^^^^^^^^^^
[INFO] [stdout]     |                         |                ||
[INFO] [stdout]     |                         |                |the same lifetime is hidden here
[INFO] [stdout]     |                         |                the same lifetime is elided here
[INFO] [stdout]     |                         the lifetime is elided here
[INFO] [stdout]     |
[INFO] [stdout]     = help: the same lifetime is referred to in inconsistent ways, making the signature confusing
[INFO] [stdout]     = note: `#[warn(mismatched_lifetime_syntaxes)]` on by default
[INFO] [stdout] help: use `'_` for type paths
[INFO] [stdout]     |
[INFO] [stdout] 233 |     fn peer_certificate(&self) -> Option<&rustls::pki_types::CertificateDer<'_>> {
[INFO] [stdout]     |                                                                            ++++
[INFO] [stdout] 
[INFO] [stdout] 
[INFO] [stdout] warning: hiding a lifetime that's elided elsewhere is confusing
[INFO] [stdout]    --> rpc/src/msg_stream/json.rs:228:25
[INFO] [stdout]     |
[INFO] [stdout] 228 |     fn peer_certificate(&self) -> Option<&rustls::pki_types::CertificateDer> {
[INFO] [stdout]     |                         ^^^^^            ^^^^^^^^^^^^^^^^^^^^^^^^^^^^^^^^^^
[INFO] [stdout]     |                         |                ||
[INFO] [stdout]     |                         |                |the same lifetime is hidden here
[INFO] [stdout]     |                         |                the same lifetime is elided here
[INFO] [stdout]     |                         the lifetime is elided here
[INFO] [stdout]     |
[INFO] [stdout]     = help: the same lifetime is referred to in inconsistent ways, making the signature confusing
[INFO] [stdout] help: use `'_` for type paths
[INFO] [stdout]     |
[INFO] [stdout] 228 |     fn peer_certificate(&self) -> Option<&rustls::pki_types::CertificateDer<'_>> {
[INFO] [stdout]     |                                                                            ++++
[INFO] [stdout] 
[INFO] [stdout] 
[INFO] [stdout] warning: hiding a lifetime that's elided elsewhere is confusing
[INFO] [stdout]   --> rpc/src/template.rs:59:30
[INFO] [stdout]    |
[INFO] [stdout] 59 | fn parse_template(mut input: &str) -> IResult<&str, Template> {
[INFO] [stdout]    |                              ^^^^             ^^^^  ^^^^^^^^ the same lifetime is hidden here
[INFO] [stdout]    |                              |                |
[INFO] [stdout]    |                              |                the same lifetime is elided here
[INFO] [stdout]    |                              the lifetime is elided here
[INFO] [stdout]    |
[INFO] [stdout]    = help: the same lifetime is referred to in inconsistent ways, making the signature confusing
[INFO] [stdout] help: use `'_` for type paths
[INFO] [stdout]    |
[INFO] [stdout] 59 | fn parse_template(mut input: &str) -> IResult<&str, Template<'_>> {
[INFO] [stdout]    |                                                             ++++
[INFO] [stdout] 
[INFO] [stdout] 
[INFO] [stdout] warning: hiding a lifetime that's elided elsewhere is confusing
[INFO] [stdout]   --> rpc/src/template.rs:99:20
[INFO] [stdout]    |
[INFO] [stdout] 99 | fn indented(input: &str) -> IResult<&str, Elem> {
[INFO] [stdout]    |                    ^^^^             ^^^^  ^^^^ the same lifetime is hidden here
[INFO] [stdout]    |                    |                |
[INFO] [stdout]    |                    |                the same lifetime is elided here
[INFO] [stdout]    |                    the lifetime is elided here
[INFO] [stdout]    |
[INFO] [stdout]    = help: the same lifetime is referred to in inconsistent ways, making the signature confusing
[INFO] [stdout] help: use `'_` for type paths
[INFO] [stdout]    |
[INFO] [stdout] 99 | fn indented(input: &str) -> IResult<&str, Elem<'_>> {
[INFO] [stdout]    |                                               ++++
[INFO] [stdout] 
[INFO] [stdout] 
[INFO] [stdout] warning: hiding a lifetime that's elided elsewhere is confusing
[INFO] [stdout]   --> rpc/src/tls/tls_stream_ext.rs:10:25
[INFO] [stdout]    |
[INFO] [stdout] 10 |     fn peer_certificate(&self) -> Option<&CertificateDer>;
[INFO] [stdout]    |                         ^^^^^            ^^^^^^^^^^^^^^^
[INFO] [stdout]    |                         |                ||
[INFO] [stdout]    |                         |                |the same lifetime is hidden here
[INFO] [stdout]    |                         |                the same lifetime is elided here
[INFO] [stdout]    |                         the lifetime is elided here
[INFO] [stdout]    |
[INFO] [stdout]    = help: the same lifetime is referred to in inconsistent ways, making the signature confusing
[INFO] [stdout] help: use `'_` for type paths
[INFO] [stdout]    |
[INFO] [stdout] 10 |     fn peer_certificate(&self) -> Option<&CertificateDer<'_>>;
[INFO] [stdout]    |                                                         ++++
[INFO] [stdout] 
[INFO] [stdout] 
[INFO] [stdout] warning: hiding a lifetime that's elided elsewhere is confusing
[INFO] [stdout]   --> rpc/src/tls/tls_stream_ext.rs:36:25
[INFO] [stdout]    |
[INFO] [stdout] 36 |     fn peer_certificate(&self) -> Option<&CertificateDer> {
[INFO] [stdout]    |                         ^^^^^            ^^^^^^^^^^^^^^^
[INFO] [stdout]    |                         |                ||
[INFO] [stdout]    |                         |                |the same lifetime is hidden here
[INFO] [stdout]    |                         |                the same lifetime is elided here
[INFO] [stdout]    |                         the lifetime is elided here
[INFO] [stdout]    |
[INFO] [stdout]    = help: the same lifetime is referred to in inconsistent ways, making the signature confusing
[INFO] [stdout] help: use `'_` for type paths
[INFO] [stdout]    |
[INFO] [stdout] 36 |     fn peer_certificate(&self) -> Option<&CertificateDer<'_>> {
[INFO] [stdout]    |                                                         ++++
[INFO] [stdout] 
[INFO] [stdout] 
[INFO] [stdout] warning: hiding a lifetime that's elided elsewhere is confusing
[INFO] [stdout]   --> rpc/src/tls/tls_stream_ext.rs:49:25
[INFO] [stdout]    |
[INFO] [stdout] 49 |     fn peer_certificate(&self) -> Option<&CertificateDer> {
[INFO] [stdout]    |                         ^^^^^            ^^^^^^^^^^^^^^^
[INFO] [stdout]    |                         |                ||
[INFO] [stdout]    |                         |                |the same lifetime is hidden here
[INFO] [stdout]    |                         |                the same lifetime is elided here
[INFO] [stdout]    |                         the lifetime is elided here
[INFO] [stdout]    |
[INFO] [stdout]    = help: the same lifetime is referred to in inconsistent ways, making the signature confusing
[INFO] [stdout] help: use `'_` for type paths
[INFO] [stdout]    |
[INFO] [stdout] 49 |     fn peer_certificate(&self) -> Option<&CertificateDer<'_>> {
[INFO] [stdout]    |                                                         ++++
[INFO] [stdout] 
[INFO] [stdout] 
[INFO] [stdout] warning: hiding a lifetime that's elided elsewhere is confusing
[INFO] [stdout]   --> rpc/src/tls/tls_stream_ext.rs:55:25
[INFO] [stdout]    |
[INFO] [stdout] 55 |     fn peer_certificate(&self) -> Option<&CertificateDer> {
[INFO] [stdout]    |                         ^^^^^            ^^^^^^^^^^^^^^^
[INFO] [stdout]    |                         |                ||
[INFO] [stdout]    |                         |                |the same lifetime is hidden here
[INFO] [stdout]    |                         |                the same lifetime is elided here
[INFO] [stdout]    |                         the lifetime is elided here
[INFO] [stdout]    |
[INFO] [stdout]    = help: the same lifetime is referred to in inconsistent ways, making the signature confusing
[INFO] [stdout] help: use `'_` for type paths
[INFO] [stdout]    |
[INFO] [stdout] 55 |     fn peer_certificate(&self) -> Option<&CertificateDer<'_>> {
[INFO] [stdout]    |                                                         ++++
[INFO] [stdout] 
[INFO] [stdout] 
[INFO] [stderr]     Finished `dev` profile [unoptimized + debuginfo] target(s) in 57.63s
[INFO] running `Command { std: "docker" "inspect" "1679c014f477b3aac9e7449977b0a472341d30e6db16a8ade37241b619d18f96", kill_on_drop: false }`
[INFO] running `Command { std: "docker" "exec" "-e" "SOURCE_DIR=/opt/rustwide/workdir" "-e" "CARGO_HOME=/opt/rustwide/cargo-home" "-e" "RUSTUP_HOME=/opt/rustwide/rustup-home" "-e" "CARGO_TARGET_DIR=/opt/rustwide/target" "-e" "CARGO_INCREMENTAL=0" "-e" "RUST_BACKTRACE=full" "-e" "RUSTFLAGS=--cap-lints=warn" "-e" "RUSTDOCFLAGS=--cap-lints=warn" "-w" "/opt/rustwide/workdir" "--user" "0:0" "1679c014f477b3aac9e7449977b0a472341d30e6db16a8ade37241b619d18f96" "/opt/rustwide/cargo-home/bin/cargo" "+1.100.0-beta.1" "test" "--frozen" "--no-run" "--message-format=json", kill_on_drop: false }`
[INFO] [stderr]    Compiling num_threads v0.1.7
[INFO] [stderr]    Compiling log v0.4.25
[INFO] [stderr]    Compiling signal-hook-registry v1.4.2
[INFO] [stderr]    Compiling zerocopy-derive v0.7.35
[INFO] [stderr]    Compiling getrandom v0.2.15
[INFO] [stderr]    Compiling regex-syntax v0.8.5
[INFO] [stderr]    Compiling rpc_derive v0.1.23 (/opt/rustwide/workdir/rpc_derive)
[INFO] [stderr]    Compiling termcolor v1.4.1
[INFO] [stderr]    Compiling is-terminal v0.4.15
[INFO] [stderr]    Compiling humantime v2.1.0
[INFO] [stderr]    Compiling time v0.3.37
[INFO] [stderr]    Compiling rustls v0.23.22
[INFO] [stderr]    Compiling tokio v1.43.0
[INFO] [stderr]    Compiling rand_core v0.6.4
[INFO] [stderr]    Compiling zerocopy v0.7.35
[INFO] [stderr]    Compiling ppv-lite86 v0.2.20
[INFO] [stderr]    Compiling regex-automata v0.4.9
[INFO] [stderr]    Compiling rand_chacha v0.3.1
[INFO] [stderr]    Compiling rand v0.8.5
[INFO] [stderr]    Compiling asn1-rs v0.6.2
[INFO] [stderr]    Compiling simplelog v0.12.2
[INFO] [stderr]    Compiling der-parser v9.0.0
[INFO] [stderr]    Compiling oid-registry v0.7.1
[INFO] [stderr]    Compiling x509-parser v0.16.0
[INFO] [stderr]    Compiling tokio-stream v0.1.17
[INFO] [stderr]    Compiling lock_debug v0.1.4 (https://github.com/ContinuousC/LockDebug.git#bb4bf68e)
[INFO] [stderr]    Compiling regex v1.11.1
[INFO] [stderr]    Compiling env_logger v0.10.2
[INFO] [stderr]    Compiling tokio-rustls v0.26.1
[INFO] [stderr]    Compiling rpc v0.1.38 (/opt/rustwide/workdir/rpc)
[INFO] [stdout] warning: hiding a lifetime that's elided elsewhere is confusing
[INFO] [stdout]    --> rpc/src/msg_stream/cbor.rs:233:25
[INFO] [stdout]     |
[INFO] [stdout] 233 |     fn peer_certificate(&self) -> Option<&rustls::pki_types::CertificateDer> {
[INFO] [stdout]     |                         ^^^^^            ^^^^^^^^^^^^^^^^^^^^^^^^^^^^^^^^^^
[INFO] [stdout]     |                         |                ||
[INFO] [stdout]     |                         |                |the same lifetime is hidden here
[INFO] [stdout]     |                         |                the same lifetime is elided here
[INFO] [stdout]     |                         the lifetime is elided here
[INFO] [stdout]     |
[INFO] [stdout]     = help: the same lifetime is referred to in inconsistent ways, making the signature confusing
[INFO] [stdout]     = note: `#[warn(mismatched_lifetime_syntaxes)]` on by default
[INFO] [stdout] help: use `'_` for type paths
[INFO] [stdout]     |
[INFO] [stdout] 233 |     fn peer_certificate(&self) -> Option<&rustls::pki_types::CertificateDer<'_>> {
[INFO] [stdout]     |                                                                            ++++
[INFO] [stdout] 
[INFO] [stdout] 
[INFO] [stdout] warning: hiding a lifetime that's elided elsewhere is confusing
[INFO] [stdout]    --> rpc/src/msg_stream/json.rs:228:25
[INFO] [stdout]     |
[INFO] [stdout] 228 |     fn peer_certificate(&self) -> Option<&rustls::pki_types::CertificateDer> {
[INFO] [stdout]     |                         ^^^^^            ^^^^^^^^^^^^^^^^^^^^^^^^^^^^^^^^^^
[INFO] [stdout]     |                         |                ||
[INFO] [stdout]     |                         |                |the same lifetime is hidden here
[INFO] [stdout]     |                         |                the same lifetime is elided here
[INFO] [stdout]     |                         the lifetime is elided here
[INFO] [stdout]     |
[INFO] [stdout]     = help: the same lifetime is referred to in inconsistent ways, making the signature confusing
[INFO] [stdout] help: use `'_` for type paths
[INFO] [stdout]     |
[INFO] [stdout] 228 |     fn peer_certificate(&self) -> Option<&rustls::pki_types::CertificateDer<'_>> {
[INFO] [stdout]     |                                                                            ++++
[INFO] [stdout] 
[INFO] [stdout] 
[INFO] [stdout] warning: hiding a lifetime that's elided elsewhere is confusing
[INFO] [stdout]   --> rpc/src/template.rs:59:30
[INFO] [stdout]    |
[INFO] [stdout] 59 | fn parse_template(mut input: &str) -> IResult<&str, Template> {
[INFO] [stdout]    |                              ^^^^             ^^^^  ^^^^^^^^ the same lifetime is hidden here
[INFO] [stdout]    |                              |                |
[INFO] [stdout]    |                              |                the same lifetime is elided here
[INFO] [stdout]    |                              the lifetime is elided here
[INFO] [stdout]    |
[INFO] [stdout]    = help: the same lifetime is referred to in inconsistent ways, making the signature confusing
[INFO] [stdout] help: use `'_` for type paths
[INFO] [stdout]    |
[INFO] [stdout] 59 | fn parse_template(mut input: &str) -> IResult<&str, Template<'_>> {
[INFO] [stdout]    |                                                             ++++
[INFO] [stdout] 
[INFO] [stdout] 
[INFO] [stdout] warning: hiding a lifetime that's elided elsewhere is confusing
[INFO] [stdout]   --> rpc/src/template.rs:99:20
[INFO] [stdout]    |
[INFO] [stdout] 99 | fn indented(input: &str) -> IResult<&str, Elem> {
[INFO] [stdout]    |                    ^^^^             ^^^^  ^^^^ the same lifetime is hidden here
[INFO] [stdout]    |                    |                |
[INFO] [stdout]    |                    |                the same lifetime is elided here
[INFO] [stdout]    |                    the lifetime is elided here
[INFO] [stdout]    |
[INFO] [stdout]    = help: the same lifetime is referred to in inconsistent ways, making the signature confusing
[INFO] [stdout] help: use `'_` for type paths
[INFO] [stdout]    |
[INFO] [stdout] 99 | fn indented(input: &str) -> IResult<&str, Elem<'_>> {
[INFO] [stdout]    |                                               ++++
[INFO] [stdout] 
[INFO] [stdout] 
[INFO] [stdout] warning: hiding a lifetime that's elided elsewhere is confusing
[INFO] [stdout]   --> rpc/src/tls/tls_stream_ext.rs:10:25
[INFO] [stdout]    |
[INFO] [stdout] 10 |     fn peer_certificate(&self) -> Option<&CertificateDer>;
[INFO] [stdout]    |                         ^^^^^            ^^^^^^^^^^^^^^^
[INFO] [stdout]    |                         |                ||
[INFO] [stdout]    |                         |                |the same lifetime is hidden here
[INFO] [stdout]    |                         |                the same lifetime is elided here
[INFO] [stdout]    |                         the lifetime is elided here
[INFO] [stdout]    |
[INFO] [stdout]    = help: the same lifetime is referred to in inconsistent ways, making the signature confusing
[INFO] [stdout] help: use `'_` for type paths
[INFO] [stdout]    |
[INFO] [stdout] 10 |     fn peer_certificate(&self) -> Option<&CertificateDer<'_>>;
[INFO] [stdout]    |                                                         ++++
[INFO] [stdout] 
[INFO] [stdout] 
[INFO] [stdout] warning: hiding a lifetime that's elided elsewhere is confusing
[INFO] [stdout]   --> rpc/src/tls/tls_stream_ext.rs:36:25
[INFO] [stdout]    |
[INFO] [stdout] 36 |     fn peer_certificate(&self) -> Option<&CertificateDer> {
[INFO] [stdout]    |                         ^^^^^            ^^^^^^^^^^^^^^^
[INFO] [stdout]    |                         |                ||
[INFO] [stdout]    |                         |                |the same lifetime is hidden here
[INFO] [stdout]    |                         |                the same lifetime is elided here
[INFO] [stdout]    |                         the lifetime is elided here
[INFO] [stdout]    |
[INFO] [stdout]    = help: the same lifetime is referred to in inconsistent ways, making the signature confusing
[INFO] [stdout] help: use `'_` for type paths
[INFO] [stdout]    |
[INFO] [stdout] 36 |     fn peer_certificate(&self) -> Option<&CertificateDer<'_>> {
[INFO] [stdout]    |                                                         ++++
[INFO] [stdout] 
[INFO] [stdout] 
[INFO] [stdout] warning: hiding a lifetime that's elided elsewhere is confusing
[INFO] [stdout]   --> rpc/src/tls/tls_stream_ext.rs:49:25
[INFO] [stdout]    |
[INFO] [stdout] 49 |     fn peer_certificate(&self) -> Option<&CertificateDer> {
[INFO] [stdout]    |                         ^^^^^            ^^^^^^^^^^^^^^^
[INFO] [stdout]    |                         |                ||
[INFO] [stdout]    |                         |                |the same lifetime is hidden here
[INFO] [stdout]    |                         |                the same lifetime is elided here
[INFO] [stdout]    |                         the lifetime is elided here
[INFO] [stdout]    |
[INFO] [stdout]    = help: the same lifetime is referred to in inconsistent ways, making the signature confusing
[INFO] [stdout] help: use `'_` for type paths
[INFO] [stdout]    |
[INFO] [stdout] 49 |     fn peer_certificate(&self) -> Option<&CertificateDer<'_>> {
[INFO] [stdout]    |                                                         ++++
[INFO] [stdout] 
[INFO] [stdout] 
[INFO] [stdout] warning: hiding a lifetime that's elided elsewhere is confusing
[INFO] [stdout]   --> rpc/src/tls/tls_stream_ext.rs:55:25
[INFO] [stdout]    |
[INFO] [stdout] 55 |     fn peer_certificate(&self) -> Option<&CertificateDer> {
[INFO] [stdout]    |                         ^^^^^            ^^^^^^^^^^^^^^^
[INFO] [stdout]    |                         |                ||
[INFO] [stdout]    |                         |                |the same lifetime is hidden here
[INFO] [stdout]    |                         |                the same lifetime is elided here
[INFO] [stdout]    |                         the lifetime is elided here
[INFO] [stdout]    |
[INFO] [stdout]    = help: the same lifetime is referred to in inconsistent ways, making the signature confusing
[INFO] [stdout] help: use `'_` for type paths
[INFO] [stdout]    |
[INFO] [stdout] 55 |     fn peer_certificate(&self) -> Option<&CertificateDer<'_>> {
[INFO] [stdout]    |                                                         ++++
[INFO] [stdout] 
[INFO] [stdout] 
[INFO] [stdout] warning: enum `Request` is never used
[INFO] [stdout]   --> rpc/src/msg_stream/test.rs:13:6
[INFO] [stdout]    |
[INFO] [stdout] 13 | enum Request {
[INFO] [stdout]    |      ^^^^^^^
[INFO] [stdout]    |
[INFO] [stdout]    = note: `#[warn(dead_code)]` (part of `#[warn(unused)]`) on by default
[INFO] [stdout] 
[INFO] [stdout] 
[INFO] [stdout] warning: enum `Response` is never used
[INFO] [stdout]   --> rpc/src/msg_stream/test.rs:19:6
[INFO] [stdout]    |
[INFO] [stdout] 19 | enum Response {
[INFO] [stdout]    |      ^^^^^^^^
[INFO] [stdout] 
[INFO] [stdout] 
[INFO] [stdout] warning: hiding a lifetime that's elided elsewhere is confusing
[INFO] [stdout]    --> rpc/src/msg_stream/cbor.rs:233:25
[INFO] [stdout]     |
[INFO] [stdout] 233 |     fn peer_certificate(&self) -> Option<&rustls::pki_types::CertificateDer> {
[INFO] [stdout]     |                         ^^^^^            ^^^^^^^^^^^^^^^^^^^^^^^^^^^^^^^^^^
[INFO] [stdout]     |                         |                ||
[INFO] [stdout]     |                         |                |the same lifetime is hidden here
[INFO] [stdout]     |                         |                the same lifetime is elided here
[INFO] [stdout]     |                         the lifetime is elided here
[INFO] [stdout]     |
[INFO] [stdout]     = help: the same lifetime is referred to in inconsistent ways, making the signature confusing
[INFO] [stdout]     = note: `#[warn(mismatched_lifetime_syntaxes)]` on by default
[INFO] [stdout] help: use `'_` for type paths
[INFO] [stdout]     |
[INFO] [stdout] 233 |     fn peer_certificate(&self) -> Option<&rustls::pki_types::CertificateDer<'_>> {
[INFO] [stdout]     |                                                                            ++++
[INFO] [stdout] 
[INFO] [stdout] 
[INFO] [stdout] warning: hiding a lifetime that's elided elsewhere is confusing
[INFO] [stdout]    --> rpc/src/msg_stream/json.rs:228:25
[INFO] [stdout]     |
[INFO] [stdout] 228 |     fn peer_certificate(&self) -> Option<&rustls::pki_types::CertificateDer> {
[INFO] [stdout]     |                         ^^^^^            ^^^^^^^^^^^^^^^^^^^^^^^^^^^^^^^^^^
[INFO] [stdout]     |                         |                ||
[INFO] [stdout]     |                         |                |the same lifetime is hidden here
[INFO] [stdout]     |                         |                the same lifetime is elided here
[INFO] [stdout]     |                         the lifetime is elided here
[INFO] [stdout]     |
[INFO] [stdout]     = help: the same lifetime is referred to in inconsistent ways, making the signature confusing
[INFO] [stdout] help: use `'_` for type paths
[INFO] [stdout]     |
[INFO] [stdout] 228 |     fn peer_certificate(&self) -> Option<&rustls::pki_types::CertificateDer<'_>> {
[INFO] [stdout]     |                                                                            ++++
[INFO] [stdout] 
[INFO] [stdout] 
[INFO] [stdout] warning: hiding a lifetime that's elided elsewhere is confusing
[INFO] [stdout]   --> rpc/src/template.rs:59:30
[INFO] [stdout]    |
[INFO] [stdout] 59 | fn parse_template(mut input: &str) -> IResult<&str, Template> {
[INFO] [stdout]    |                              ^^^^             ^^^^  ^^^^^^^^ the same lifetime is hidden here
[INFO] [stdout]    |                              |                |
[INFO] [stdout]    |                              |                the same lifetime is elided here
[INFO] [stdout]    |                              the lifetime is elided here
[INFO] [stdout]    |
[INFO] [stdout]    = help: the same lifetime is referred to in inconsistent ways, making the signature confusing
[INFO] [stdout] help: use `'_` for type paths
[INFO] [stdout]    |
[INFO] [stdout] 59 | fn parse_template(mut input: &str) -> IResult<&str, Template<'_>> {
[INFO] [stdout]    |                                                             ++++
[INFO] [stdout] 
[INFO] [stdout] 
[INFO] [stdout] warning: hiding a lifetime that's elided elsewhere is confusing
[INFO] [stdout]   --> rpc/src/template.rs:99:20
[INFO] [stdout]    |
[INFO] [stdout] 99 | fn indented(input: &str) -> IResult<&str, Elem> {
[INFO] [stdout]    |                    ^^^^             ^^^^  ^^^^ the same lifetime is hidden here
[INFO] [stdout]    |                    |                |
[INFO] [stdout]    |                    |                the same lifetime is elided here
[INFO] [stdout]    |                    the lifetime is elided here
[INFO] [stdout]    |
[INFO] [stdout]    = help: the same lifetime is referred to in inconsistent ways, making the signature confusing
[INFO] [stdout] help: use `'_` for type paths
[INFO] [stdout]    |
[INFO] [stdout] 99 | fn indented(input: &str) -> IResult<&str, Elem<'_>> {
[INFO] [stdout]    |                                               ++++
[INFO] [stdout] 
[INFO] [stdout] 
[INFO] [stdout] warning: hiding a lifetime that's elided elsewhere is confusing
[INFO] [stdout]   --> rpc/src/tls/tls_stream_ext.rs:10:25
[INFO] [stdout]    |
[INFO] [stdout] 10 |     fn peer_certificate(&self) -> Option<&CertificateDer>;
[INFO] [stdout]    |                         ^^^^^            ^^^^^^^^^^^^^^^
[INFO] [stdout]    |                         |                ||
[INFO] [stdout]    |                         |                |the same lifetime is hidden here
[INFO] [stdout]    |                         |                the same lifetime is elided here
[INFO] [stdout]    |                         the lifetime is elided here
[INFO] [stdout]    |
[INFO] [stdout]    = help: the same lifetime is referred to in inconsistent ways, making the signature confusing
[INFO] [stdout] help: use `'_` for type paths
[INFO] [stdout]    |
[INFO] [stdout] 10 |     fn peer_certificate(&self) -> Option<&CertificateDer<'_>>;
[INFO] [stdout]    |                                                         ++++
[INFO] [stdout] 
[INFO] [stdout] 
[INFO] [stdout] warning: hiding a lifetime that's elided elsewhere is confusing
[INFO] [stdout]   --> rpc/src/tls/tls_stream_ext.rs:36:25
[INFO] [stdout]    |
[INFO] [stdout] 36 |     fn peer_certificate(&self) -> Option<&CertificateDer> {
[INFO] [stdout]    |                         ^^^^^            ^^^^^^^^^^^^^^^
[INFO] [stdout]    |                         |                ||
[INFO] [stdout]    |                         |                |the same lifetime is hidden here
[INFO] [stdout]    |                         |                the same lifetime is elided here
[INFO] [stdout]    |                         the lifetime is elided here
[INFO] [stdout]    |
[INFO] [stdout]    = help: the same lifetime is referred to in inconsistent ways, making the signature confusing
[INFO] [stdout] help: use `'_` for type paths
[INFO] [stdout]    |
[INFO] [stdout] 36 |     fn peer_certificate(&self) -> Option<&CertificateDer<'_>> {
[INFO] [stdout]    |                                                         ++++
[INFO] [stdout] 
[INFO] [stdout] 
[INFO] [stdout] warning: hiding a lifetime that's elided elsewhere is confusing
[INFO] [stdout]   --> rpc/src/tls/tls_stream_ext.rs:49:25
[INFO] [stdout]    |
[INFO] [stdout] 49 |     fn peer_certificate(&self) -> Option<&CertificateDer> {
[INFO] [stdout]    |                         ^^^^^            ^^^^^^^^^^^^^^^
[INFO] [stdout]    |                         |                ||
[INFO] [stdout]    |                         |                |the same lifetime is hidden here
[INFO] [stdout]    |                         |                the same lifetime is elided here
[INFO] [stdout]    |                         the lifetime is elided here
[INFO] [stdout]    |
[INFO] [stdout]    = help: the same lifetime is referred to in inconsistent ways, making the signature confusing
[INFO] [stdout] help: use `'_` for type paths
[INFO] [stdout]    |
[INFO] [stdout] 49 |     fn peer_certificate(&self) -> Option<&CertificateDer<'_>> {
[INFO] [stdout]    |                                                         ++++
[INFO] [stdout] 
[INFO] [stdout] 
[INFO] [stdout] warning: hiding a lifetime that's elided elsewhere is confusing
[INFO] [stdout]   --> rpc/src/tls/tls_stream_ext.rs:55:25
[INFO] [stdout]    |
[INFO] [stdout] 55 |     fn peer_certificate(&self) -> Option<&CertificateDer> {
[INFO] [stdout]    |                         ^^^^^            ^^^^^^^^^^^^^^^
[INFO] [stdout]    |                         |                ||
[INFO] [stdout]    |                         |                |the same lifetime is hidden here
[INFO] [stdout]    |                         |                the same lifetime is elided here
[INFO] [stdout]    |                         the lifetime is elided here
[INFO] [stdout]    |
[INFO] [stdout]    = help: the same lifetime is referred to in inconsistent ways, making the signature confusing
[INFO] [stdout] help: use `'_` for type paths
[INFO] [stdout]    |
[INFO] [stdout] 55 |     fn peer_certificate(&self) -> Option<&CertificateDer<'_>> {
[INFO] [stdout]    |                                                         ++++
[INFO] [stdout] 
[INFO] [stdout] 
[INFO] [stderr]     Finished `test` profile [unoptimized + debuginfo] target(s) in 44.72s
[INFO] running `Command { std: "docker" "inspect" "1679c014f477b3aac9e7449977b0a472341d30e6db16a8ade37241b619d18f96", kill_on_drop: false }`
[INFO] running `Command { std: "docker" "exec" "-e" "SOURCE_DIR=/opt/rustwide/workdir" "-e" "CARGO_HOME=/opt/rustwide/cargo-home" "-e" "RUSTUP_HOME=/opt/rustwide/rustup-home" "-e" "CARGO_TARGET_DIR=/opt/rustwide/target" "-e" "CARGO_INCREMENTAL=0" "-e" "RUST_BACKTRACE=full" "-e" "RUSTFLAGS=--cap-lints=warn" "-e" "RUSTDOCFLAGS=--cap-lints=warn" "-w" "/opt/rustwide/workdir" "--user" "0:0" "1679c014f477b3aac9e7449977b0a472341d30e6db16a8ade37241b619d18f96" "/opt/rustwide/cargo-home/bin/cargo" "+1.100.0-beta.1" "test" "--frozen", kill_on_drop: false }`
[INFO] [stderr] warning: hiding a lifetime that's elided elsewhere is confusing
[INFO] [stderr]    --> rpc/src/msg_stream/cbor.rs:233:25
[INFO] [stderr]     |
[INFO] [stderr] 233 |     fn peer_certificate(&self) -> Option<&rustls::pki_types::CertificateDer> {
[INFO] [stderr]     |                         ^^^^^            ^^^^^^^^^^^^^^^^^^^^^^^^^^^^^^^^^^
[INFO] [stderr]     |                         |                ||
[INFO] [stderr]     |                         |                |the same lifetime is hidden here
[INFO] [stderr]     |                         |                the same lifetime is elided here
[INFO] [stderr]     |                         the lifetime is elided here
[INFO] [stderr]     |
[INFO] [stderr]     = help: the same lifetime is referred to in inconsistent ways, making the signature confusing
[INFO] [stderr]     = note: `#[warn(mismatched_lifetime_syntaxes)]` on by default
[INFO] [stderr] help: use `'_` for type paths
[INFO] [stderr]     |
[INFO] [stderr] 233 |     fn peer_certificate(&self) -> Option<&rustls::pki_types::CertificateDer<'_>> {
[INFO] [stderr]     |                                                                            ++++
[INFO] [stderr] 
[INFO] [stderr] warning: hiding a lifetime that's elided elsewhere is confusing
[INFO] [stderr]    --> rpc/src/msg_stream/json.rs:228:25
[INFO] [stderr]     |
[INFO] [stderr] 228 |     fn peer_certificate(&self) -> Option<&rustls::pki_types::CertificateDer> {
[INFO] [stderr]     |                         ^^^^^            ^^^^^^^^^^^^^^^^^^^^^^^^^^^^^^^^^^
[INFO] [stderr]     |                         |                ||
[INFO] [stderr]     |                         |                |the same lifetime is hidden here
[INFO] [stderr]     |                         |                the same lifetime is elided here
[INFO] [stderr]     |                         the lifetime is elided here
[INFO] [stderr]     |
[INFO] [stderr]     = help: the same lifetime is referred to in inconsistent ways, making the signature confusing
[INFO] [stderr] help: use `'_` for type paths
[INFO] [stderr]     |
[INFO] [stderr] 228 |     fn peer_certificate(&self) -> Option<&rustls::pki_types::CertificateDer<'_>> {
[INFO] [stderr]     |                                                                            ++++
[INFO] [stderr] 
[INFO] [stderr] warning: hiding a lifetime that's elided elsewhere is confusing
[INFO] [stderr]   --> rpc/src/template.rs:59:30
[INFO] [stderr]    |
[INFO] [stderr] 59 | fn parse_template(mut input: &str) -> IResult<&str, Template> {
[INFO] [stderr]    |                              ^^^^             ^^^^  ^^^^^^^^ the same lifetime is hidden here
[INFO] [stderr]    |                              |                |
[INFO] [stderr]    |                              |                the same lifetime is elided here
[INFO] [stderr]    |                              the lifetime is elided here
[INFO] [stderr]    |
[INFO] [stderr]    = help: the same lifetime is referred to in inconsistent ways, making the signature confusing
[INFO] [stderr] help: use `'_` for type paths
[INFO] [stderr]    |
[INFO] [stderr] 59 | fn parse_template(mut input: &str) -> IResult<&str, Template<'_>> {
[INFO] [stderr]    |                                                             ++++
[INFO] [stderr] 
[INFO] [stderr] warning: hiding a lifetime that's elided elsewhere is confusing
[INFO] [stderr]   --> rpc/src/template.rs:99:20
[INFO] [stderr]    |
[INFO] [stderr] 99 | fn indented(input: &str) -> IResult<&str, Elem> {
[INFO] [stderr]    |                    ^^^^             ^^^^  ^^^^ the same lifetime is hidden here
[INFO] [stderr]    |                    |                |
[INFO] [stderr]    |                    |                the same lifetime is elided here
[INFO] [stderr]    |                    the lifetime is elided here
[INFO] [stderr]    |
[INFO] [stderr]    = help: the same lifetime is referred to in inconsistent ways, making the signature confusing
[INFO] [stderr] help: use `'_` for type paths
[INFO] [stderr]    |
[INFO] [stderr] 99 | fn indented(input: &str) -> IResult<&str, Elem<'_>> {
[INFO] [stderr]    |                                               ++++
[INFO] [stderr] 
[INFO] [stderr] warning: hiding a lifetime that's elided elsewhere is confusing
[INFO] [stderr]   --> rpc/src/tls/tls_stream_ext.rs:10:25
[INFO] [stderr]    |
[INFO] [stderr] 10 |     fn peer_certificate(&self) -> Option<&CertificateDer>;
[INFO] [stderr]    |                         ^^^^^            ^^^^^^^^^^^^^^^
[INFO] [stderr]    |                         |                ||
[INFO] [stderr]    |                         |                |the same lifetime is hidden here
[INFO] [stderr]    |                         |                the same lifetime is elided here
[INFO] [stderr]    |                         the lifetime is elided here
[INFO] [stderr]    |
[INFO] [stderr]    = help: the same lifetime is referred to in inconsistent ways, making the signature confusing
[INFO] [stderr] help: use `'_` for type paths
[INFO] [stderr]    |
[INFO] [stderr] 10 |     fn peer_certificate(&self) -> Option<&CertificateDer<'_>>;
[INFO] [stderr]    |                                                         ++++
[INFO] [stderr] 
[INFO] [stderr] warning: hiding a lifetime that's elided elsewhere is confusing
[INFO] [stderr]   --> rpc/src/tls/tls_stream_ext.rs:36:25
[INFO] [stderr]    |
[INFO] [stderr] 36 |     fn peer_certificate(&self) -> Option<&CertificateDer> {
[INFO] [stderr]    |                         ^^^^^            ^^^^^^^^^^^^^^^
[INFO] [stderr]    |                         |                ||
[INFO] [stderr]    |                         |                |the same lifetime is hidden here
[INFO] [stderr]    |                         |                the same lifetime is elided here
[INFO] [stderr]    |                         the lifetime is elided here
[INFO] [stderr]    |
[INFO] [stderr]    = help: the same lifetime is referred to in inconsistent ways, making the signature confusing
[INFO] [stderr] help: use `'_` for type paths
[INFO] [stderr]    |
[INFO] [stderr] 36 |     fn peer_certificate(&self) -> Option<&CertificateDer<'_>> {
[INFO] [stderr]    |                                                         ++++
[INFO] [stderr] 
[INFO] [stderr] warning: hiding a lifetime that's elided elsewhere is confusing
[INFO] [stderr]   --> rpc/src/tls/tls_stream_ext.rs:49:25
[INFO] [stderr]    |
[INFO] [stderr] 49 |     fn peer_certificate(&self) -> Option<&CertificateDer> {
[INFO] [stderr]    |                         ^^^^^            ^^^^^^^^^^^^^^^
[INFO] [stderr]    |                         |                ||
[INFO] [stderr]    |                         |                |the same lifetime is hidden here
[INFO] [stderr]    |                         |                the same lifetime is elided here
[INFO] [stderr]    |                         the lifetime is elided here
[INFO] [stderr]    |
[INFO] [stderr]    = help: the same lifetime is referred to in inconsistent ways, making the signature confusing
[INFO] [stderr] help: use `'_` for type paths
[INFO] [stderr]    |
[INFO] [stderr] 49 |     fn peer_certificate(&self) -> Option<&CertificateDer<'_>> {
[INFO] [stderr]    |                                                         ++++
[INFO] [stderr] 
[INFO] [stderr] warning: hiding a lifetime that's elided elsewhere is confusing
[INFO] [stderr]   --> rpc/src/tls/tls_stream_ext.rs:55:25
[INFO] [stderr]    |
[INFO] [stderr] 55 |     fn peer_certificate(&self) -> Option<&CertificateDer> {
[INFO] [stderr]    |                         ^^^^^            ^^^^^^^^^^^^^^^
[INFO] [stderr]    |                         |                ||
[INFO] [stderr]    |                         |                |the same lifetime is hidden here
[INFO] [stderr]    |                         |                the same lifetime is elided here
[INFO] [stderr]    |                         the lifetime is elided here
[INFO] [stderr]    |
[INFO] [stderr]    = help: the same lifetime is referred to in inconsistent ways, making the signature confusing
[INFO] [stderr] help: use `'_` for type paths
[INFO] [stderr]    |
[INFO] [stderr] 55 |     fn peer_certificate(&self) -> Option<&CertificateDer<'_>> {
[INFO] [stderr]    |                                                         ++++
[INFO] [stderr] 
[INFO] [stderr] warning: enum `Request` is never used
[INFO] [stderr]   --> rpc/src/msg_stream/test.rs:13:6
[INFO] [stderr]    |
[INFO] [stderr] 13 | enum Request {
[INFO] [stderr]    |      ^^^^^^^
[INFO] [stderr]    |
[INFO] [stderr]    = note: `#[warn(dead_code)]` (part of `#[warn(unused)]`) on by default
[INFO] [stderr] 
[INFO] [stderr] warning: enum `Response` is never used
[INFO] [stderr]   --> rpc/src/msg_stream/test.rs:19:6
[INFO] [stderr]    |
[INFO] [stderr] 19 | enum Response {
[INFO] [stderr]    |      ^^^^^^^^
[INFO] [stderr] 
[INFO] [stderr] warning: `rpc` (lib) generated 8 warnings (run `cargo fix --lib -p rpc` to apply 8 suggestions)
[INFO] [stderr] warning: `rpc` (lib test) generated 10 warnings (8 duplicates)
[INFO] [stderr]     Finished `test` profile [unoptimized + debuginfo] target(s) in 0.41s
[INFO] [stderr]      Running unittests src/lib.rs (/opt/rustwide/target/debug/build/rpc/6023fc4e507f789f/out/rpc-6023fc4e507f789f)
[INFO] [stdout] 
[INFO] [stdout] running 3 tests
[INFO] [stderr] ..+..............+...+...+.........+++++++++++++++++++++++++++++++++++++++++++++*.......+...+..+.+......+..............+.+......+...+..+...+.......+..+.......+....+...+...+++........++....++++++++++++++++++++++++++++++++++++++++++++++++++++++.+....+++...+.+++.....++...+++...++..+.*+....+.........+..........+........+..+.......++......+......+.+........+.........++....+.....+..+...+.....++..............+...+......+..+..............+....+........++..+...+...+......+....+.....+...+....+..+........+.++..............+......++.+++...++.+..++..+++...++.+..++.+++...++...+..++.+++.....++.+++......+++++++++++++++++++++++++++++++++++++++*+++....+....+...+++++++++++++++++++++++*.+.+..+....+.........++++++++++++++++++++++++++++++++*........++++++++++++++++++++++++++++++++.+.++*+........+..............+..............+.....+....+......+..+....+.+.....+..+........+.....+...+.+........++.....+.........+......+.......+.++.....++.............................+.++.................+.........................+.+
[INFO] [stderr] ..................+..............+...............+......++...............+................++++++++++++++++++++++++.+++++++++++++++++++++*......+.+...++.........+...+..+.+++++++++++.+.+.+..+..+...+....+......+++++++++++++++++++++++.+++++*.........+.....+..+.......+...+..+...+.....+............+................+..+..+...+...........+......+..+....+........+..........+..+...............+.................+.......+.............+...+...+..+.........+...+..+.............+.....+....+...........+.......+........+.......+.+.................+..+............+..........+......+......+...........................+...........+.......+........+..................+..............+....+..........++..+............+.+.........+...+...+.........+..............+..............+.+...+...............................+...........+.........+....+......+...+...+...+..+......+....+.......+...+...+........+...........+...++.......................................++.............+..++....++.....+......+........+.++
[INFO] [stderr] ..............++..+++++++++..+++++++++++++++++++++++++++++++++++++*....+..+....+........+.+..+.........+......+...+.........+++++++++++++++++++++++++++++++++++++++++++++*.....................+.+.+...............++.........+.......+...+..+..........+...+...............+...+...................+..........+......+.+............+......+...+..+...+...+..........+........+...+.................+...+.........+...............+.+........+.+...........+..+.......+.........+...+.....+..........+....+...........+..+...+...+...+............+...............+.........+....++................+...+............++...........+........++....+...+.+...............+..........+.....+...+......+.......++.....+......+...+...............+......+.+.....+....+........+.............+.....+...............+....+...+.+...+...................+.......+.....++........+..............+...+....+........................+.++............+...+...+........+..............+....+.......+..........++.....+......+.....................++.................+......................++......+.........+.....+.....+......+.+................+.....+.+........+.+...+.......+...+...+...+.....+..+....+..+......+..........+..+.........+......+..............+.........+.+..+....+..................+..........+....+..+................++.+.............+.....+.....+.......+.......+...+........+....++...................+.........+.....+............+.++..+........+...+.+....++.....+...+.+..+...++....+.......+..........+.+
[INFO] [stderr] .....+.....+...................+......+.....+.......+....+.....+..........+....................++.......+...........................+...............+............++..+...........+......+....+..................+.......+.........+.........+....+......+...+..............................+.req: Can't open "ca.key" for writing, Read-only file system
[INFO] [stderr] .....40776DEA237D0000:error:80000002:system library:process_include:No such file or directory:../crypto/conf/conf_def.c:812:calling stat(/var/lib/crypto-config/profiles/current/openssl.conf.d)
[INFO] [stderr] 40776DEA237D0000:error:80000002:system library:process_include:No such file or directory:../crypto/conf/conf_def.c:812:calling stat(/etc/ssl/openssl.conf.d)
[INFO] [stderr] ...+....+..................++..........+......+.....+.........+..................................................+..+...........++......++....+.....+......+......+...............+............+.+...+...+++++++++++++++++++++++++++++++++++++++++++++*........+...+.........+..+......+....+.....+.++++++..++++++++++++.+...+...+.+..+.++.+.+++...+....+..+.+....++++++++++++++++++*..........+.......++...................+....+...................+...++..+.+............++.........+...........++........+..+.+...............++...............+..+.....+.................+....................+.............+.....+.........++......+.................++...........++.........+........+..+.......................+........+.+...+...+.......+........+.....+....+.....+....+.....................+..............+...........+....+..................................+............+................+..+......+...+.........++....+..+..............+.....+...+...+......+....+........+..........+...+.......+.........+..........+.........+.....+.....+............+............+......+....+.....+.+....+...........+..+......+.......+..........+.....+.................+.............................++..+........+..+............+....+...+......+......................+.........+.+...+...........+..+.........+........+......+................................+......+.+...+......+.........+........+........+...+..+....+....+.........+...+......+.......+.+..+.........+.........+........+..+......+.......+.+.....+............+...+.........+.........+..+...+..+.......+....+.................++............+...................+......+...+...+.................+.................+.....+........+.+....+.....+........++.......+......+..+......+.+.......+...+...+..............+.................+............++...+............................++......+........+...+.........+..+..+.......+.......++............++...+....+....+...+...+.....+..+..............+...+..................+......+................+.......................++......+......+.......+.+....+..+...+.......+........+...............+...........+....+......+...+.........+.+.............+......+......+.......+.................+......+....................+.........+............++.....+....+..........+..........................+.....+...+......+........+........+....+...+...+..+..........+...............+.......+.+............++................+.+........+.......+.+.....+...............................+....++......+.+.................+.+.....+....+...+.........................+..+..+.............++.....+..........++......++...........+...........++.+......+................+...+..+...+..+..........+.......+....+......++.......+..+...+.........+.+...........+............+.............+....+.+........++........+..............+........+...+..........+....++...............+..+..........+............+.....+.......+.+..........+....+............++.........................+...........++..++.........+.+.
[INFO] [stderr] ............+........+.+..++....+...+...+.........+......+...+.......+......+..+.+..+.........+.+...........+.........+.............+.....+...++...+....+..+....+..+....+.....+....+......+.........+..+...+.......+..++++++++++++++++++++++++++++++++++++++.........+.++.....+++++*......+.....+.......+..+.+..+...+.......+......+............+..+.......+........+.+..+....+......+..+......+.+..............+......+.+..+.+...........+.........+.+...+...+...+.....+....+..++++++++++++++++..+.++++++++++++++++++++++++++++++*........+.....+.....+.........+.+......+.........+.....+.....+...+......+.....+.....+.......+.+...+....................................++............+....+..+.........+....+.................................+......+.....++...+...+......+...............+.+.........+....++.......+.+....+..+...+................+...+...+......+................+..................+......+.........+.....+.....+..........+.+.........................++..........+.+....+..............+.................+....+...+....+...+..............+......+.........+.........+............+.........+.......++.+...+............+...+........+.......+....+............++........+....+.+..+..............+.....+.+...................+.......+...........+..+......................+...+.+............+...+.......+..+.....+...................++..........+.+......+...............++..+...........+...............+...........++.+....................+..+........+...+.............+.......++..+.....................+......+.....+...+......+......+.+.............+.+..+...+........+....+..................+......+......+...+.........+...............+.........................+..+.........+..+............................++...+.......+.....+..+..+......+....+................+....+.....+.....+.......+..+....+...+..................+..........++......+...+........+.....+....+............+..+...+......+.......+........+.+.++..........+..........+...+...............++............+.......++
[INFO] [stderr] .+.......+.....+...+.+.....+.+..+......+......+.+.....+...+......+.+...+.........+.....+......+..............+.....+.++++++++++++++++++++++++......+++++++++++++++++++++++*.+......+.....+.+...............+.....+.............+...+...........+......+..+.+..+............+++++++++++++++++++++++++++++++++++++++++++++*...........+.+.........+....+.....+...+..............+....+.+......+.............+....+....+..+..................+..........+....+...+...+....................+.+..+...............+....+..+......+....+.............++.....+....+.............+..............+...+.+...+...............+..........+..+....+.............++..........+..+.......+.....+..................+..........................+....+..........++.........+...+..........+++...........+..+..........+.....+..............+......+...............++........+.....++..................+...........+.............+....................++............+.....+.....+....+...+......+.+.+...+........................+.+.+......++........+++...+..................++
[INFO] [stderr] .........+.+.........................................+.....+....+....+...............+...+...+..+req: Can't open "server.key" for writing, Read-only file system
[INFO] [stderr] 40F7723427760000:error:80000002:system library:process_include:No such file or directory:../crypto/conf/conf_def.c:812:calling stat(/var/lib/crypto-config/profiles/current/openssl.conf.d)
[INFO] [stderr] 40F7723427760000:error:80000002:system library:process_include:No such file or directory:../crypto/conf/conf_def.c:812:calling stat(/etc/ssl/openssl.conf.d)
[INFO] [stderr] ..+...++......+++................++
[INFO] [stderr] .........+Can't open "server.req" for reading, No such file or directory
[INFO] [stderr] 40273DBD7F7B0000:error:80000002:system library:BIO_new_file:No such file or directory:../crypto/bio/bss_file.c:67:calling fopen(server.req, rb)
[INFO] [stderr] 40273DBD7F7B0000:error:10000080:BIO routines:BIO_new_file:no such file:../crypto/bio/bss_file.c:75:
[INFO] [stderr] error: unable to load certificate request input from file 'server.req'
[INFO] [stderr] .........+....................+....+...+..........+..+.+............+...+.....+............+...+.+...+...+.....+.........+.+..+..........+.......+.....+.++......+......+...+......+.....+++++++++++++++++++++++++++++++++++++++++++++*...+.+........................+.....+.+..+..........+..+.++++++++++++++++++++++++++++++++.+.+.+.+.+.+.+.+.+.+.+++*+.........+req: Can't open "ca.key" for writing, Read-only file system
[INFO] [stderr] 40C7A649B7750000:error:80000002:system library:process_include:No such file or directory:../crypto/conf/conf_def.c:812:calling stat(/var/lib/crypto-config/profiles/current/openssl.conf.d)
[INFO] [stderr] 40C7A649B7750000:error:80000002:system library:process_include:No such file or directory:../crypto/conf/conf_def.c:812:calling stat(/etc/ssl/openssl.conf.d)
[INFO] [stderr] .......++........................................++.......+.+.....+.............+...++++++++++++++++++........................+++++++++++++++++++++++++++++*.......+......+.....+....+..+....+...+........+....+......+..+............+.........+......+.........+..+.......+.++...............+..+............++++.++.+.+.+.+.++++++++++++++++++++++++++++++++++++*..+...............+.....+...........+.+....+....+...............+..............+.........+.......................++..+.+...+....++..........+.....+..++....+.++...+..+......+...++
[INFO] [stderr] .....+.......+..+......+++++++++++++++++++++++++++++++++++++++++++++*.+++++++++++++++++++++++++++++++++++.++.+.+.+.++++.+.*+..........++.........+................+....+......+.........+..........+.........+...+......+..+.....+.......+....+.....+.......+.........+....+........+......+...+...+...+...+...........+..............+...+..........+.+.....+......+.....+......+......++...+..........+........+.++....++.......++......++
[INFO] [stderr] .+....................+....+...........+...+.+...+......+...............+...++....................+......+...+++++++++++++++++++++++++++++++++++++++++++++*.......+........+.+.........+.....+...+...+.+...+...+..+.............+...+..+...+....+........+.......+..+.........+....+..+....+.........+..+..........+......+..+......+++++++++++.++++++.+...++.....+....+.+++++++++++.+.+++++++++++++*.+...........+.+...+...............+......+....+.........+...........++.........+.+..........+..............+..................+.....+.........+...+.......+..+...................+.........++........+.....+.+...+.+.......+.....+............+....+..........+............+............+.......++........................+.....+..+....+....+...+...............++..+...+.........+....+.....+...+.......+......+......+..+...++.+......++......++......+.++
[INFO] [stderr] ..............+..+.......+............+.....+.........+..........................+.....+...+..................+.........+req: Can't open "ca.key" for writing, Read-only file system
[INFO] [stderr] 40572BD11B780000:error:80000002:system library:process_include:No such file or directory:../crypto/conf/conf_def.c:812:calling stat(/var/lib/crypto-config/profiles/current/openssl.conf.d)
[INFO] [stderr] 40572BD11B780000:error:80000002:system library:process_include:No such file or directory:../crypto/conf/conf_def.c:812:calling stat(/etc/ssl/openssl.conf.d)
[INFO] [stderr] .....+......+............++..........+..........+.....+......+.....+......+................+.............+.+.......+.....+.+..+....+...+........+....+.........+...........+...+...+.......+...+..................+.....+.......+..+.+......+..............+++++++++++++++++++++++++++++++++++++++++++++*.......+.....+...+..................++++++.........+...............++++++++++++++++++++++++++++++++++++++++*..+..............++...........+..++..................+.+..........+...+..+......+........+.+.+.........+...+.....+..+.............+.......+.........+.......................+..+.+.......+.........+......+.....+....+.....+...+...+............................++.....+.+.+.....+...................................+....+.........+......+....+............+.............+...+.........++......++.............++...........++
[INFO] [stderr] .+..............+..................+..........+.....+.....+..+..............+..............+.+.+.........++req: Can't open "client.key" for writing, Read-only file system
[INFO] [stderr] 4037AA39BF710000:error:80000002:system library:process_include:No such file or directory:../crypto/conf/conf_def.c:812:calling stat(/var/lib/crypto-config/profiles/current/openssl.conf.d)
[INFO] [stderr] 4037AA39BF710000:error:80000002:system library:process_include:No such file or directory:../crypto/conf/conf_def.c:812:calling stat(/etc/ssl/openssl.conf.d)
[INFO] [stderr] .........+...+.....+..........................+............+.+............+..........................+....+..........+.....+......+.....+Can't open "client.req" for reading, No such file or directory
[INFO] [stderr] 4067D90F21710000:error:80000002:system library:BIO_new_file:No such file or directory:../crypto/bio/bss_file.c:67:calling fopen(client.req, rb)
[INFO] [stderr] 4067D90F21710000:error:10000080:BIO routines:BIO_new_file:no such file:../crypto/bio/bss_file.c:75:
[INFO] [stderr] error: unable to load certificate request input from file 'client.req'
[INFO] [stderr] ...+...............+....+..+...+...+.........+.+....+...+.........++.............+..+......+....+......+........+.+......+..+.+.....+.......+..+++++++++++++++++++++++++++++++++++++++++++++*.....+....+.......+.......................+..+..+++++++++++++++++++++++++++++++++++++++++++++*............+..................+.....+...........+.......+........+...............+..+.....+...+.....+.+.........++.......+.........++............+............+..+.+..+...+...........+...+..+......+..................+......+...+....................+.....+.+.............+...++...+...............++.....+.....................................+........+.........+......+......+...+........+.+......+....+...+.+..+...++......................+.....+...............++......++.....+.........+.+
[INFO] [stderr] ..............+......+.............+.+......+...............+.........+.......+...........+............+...+.....+.+.........+...........+req: Can't open "server.key" for writing, Read-only file system
[INFO] [stderr] 40F72584D2700000:error:80000002:system library:process_include:No such file or directory:../crypto/conf/conf_def.c:812:calling stat(/var/lib/crypto-config/profiles/current/openssl.conf.d)
[INFO] [stderr] 40F72584D2700000:error:80000002:system library:process_include:No such file or directory:../crypto/conf/conf_def.c:812:calling stat(/etc/ssl/openssl.conf.d)
[INFO] [stderr] ........+..................+............+.+...................+..+.....+.+.......+......+...+..............+..Can't open "server.req" for reading, No such file or directory
[INFO] [stderr] 4047CD9FEA730000:error:80000002:system library:BIO_new_file:No such file or directory:../crypto/bio/bss_file.c:67:calling fopen(server.req, rb)
[INFO] [stderr] 4047CD9FEA730000:error:10000080:BIO routines:BIO_new_file:no such file:../crypto/bio/bss_file.c:75:
[INFO] [stderr] error: unable to load certificate request input from file 'server.req'
[INFO] [stderr] ......+.+......+...+.+..+.........+...+.........+..+.....+.+.....+...++++++++++++++++++++++++++++++++++++++++..........+......++++++*.+......+......+.+...............+++++++++++++++++++++++++++++.+.++++++++++++++++*.......+....+...+...............+.....+..........+..+.............+......+..+..+..............+..............++...................+........+.............+...+...+......+.......+.........+.......++..+......+.....+.+........+..+.+..+............................+...+...........+..+.....+...+...+....+.......+.+..........................+...........+....+....+........+.....+...+.+..............+..+...................++...+....+..+.....+............................+...+..........+............+........+...+......+............+.............+.....+......+...+...+.+............+....+......+........+..............+........................+.......................+.+.+.+..+.....+...........+...+.......++......+...+........+..........+....+............+...+...+..+.........+...+..........+..+.+...+....+...+......+......+.....+...+......+.............................+..+..........+....+......+.....+.......+......+.........+...........+.......+...+........+..+.......+.....................+.+.....+..+........++.....+......+....+.+...+............+......+.........+...+.....+........+...+....+.....+.......+...+...+.......+............+.....+......+..................+..............+.........+.........+....+.+.....+..+......+....+....................+.....+.........+.............+...............+.+.............+............+............+..+..............+............+..........+..............+............+...+.....+...........+..+...................+...+..........+.+...+....+.............+..+..+...........+......+.+.+.........+.....+.............+..+.........+..+....+..........+..............+...++.......+......+++..............++
[INFO] [stderr] ..........++..+......+...............+......+.+......+.+.+....+...+......+..+...+..........+.+.....+......+.+.....+..........+...........+....+...+..+.+..+..........++...+..+....+...............+.......++.........+++++++++++++++++++++++++++++++++++++++++++.+++*.....+++++++++++++++++++++++++++++++.........................++++++++++++++++*..........+..+.........+...+.....+...+...................+.....+.......+..+...............+............++...+..................+...+..................+.+....+......+.........+......+...+.................+...........+.............+.......+..........+....+.......++...+.....+......+.....................+...+...+............+.....+..........+............+...........+.....+.......+.......+......+.....+.......+.....+.........+..........................+......+......+.+..+...+.....+.....+..........+........+.....+.+.....................................+....+....................+............+..+.......+...+......+....................+...+..+...+..........................++........++...+......+++...+....++
[INFO] [stderr] ......+...............+.........+..........................+..+...+....+.....+......+.+.+......+.....+..................................................+req: Can't open "client.key" for writing, Read-only file system
[INFO] [stderr] ....40875A7C9E720000:error:80000002:system library:process_include:No such file or directory:../crypto/conf/conf_def.c:812:calling stat(/var/lib/crypto-config/profiles/current/openssl.conf.d)
[INFO] [stderr] 40875A7C9E720000:error:80000002:system library:process_include:No such file or directory:../crypto/conf/conf_def.c:812:calling stat(/etc/ssl/openssl.conf.d)
[INFO] [stderr] +...................+..............+..................++......++............++..+.....+.+.............+......+......+Can't open "client.req" for reading, No such file or directory
[INFO] [stderr] 40F7F789F97D0000:error:80000002:system library:BIO_new_file:No such file or directory:../crypto/bio/bss_file.c:67:calling fopen(client.req, rb)
[INFO] [stderr] 40F7F789F97D0000:error:10000080:BIO routines:BIO_new_file:no such file:../crypto/bio/bss_file.c:75:
[INFO] [stderr] error: unable to load certificate request input from file 'client.req'
[INFO] [stderr] ..................+......+...+...+.+++++++++++++++++++++++++++++++++++++++++++++*...+........+...+.+.....+.+........+....+.....+.......+...+.....+...+...+....++++++++++++++++++++++++++++++++++++.++.+.++.+.++.+*.....++............+........+.+...............+.............+............+...+.............++...+.................+.+...+.........+...............................++...............+++.+...+.....+........++....+.+..................++.........+.+............+..................+.......+.....................++............+............+.+..............+......................................+.....+..................+.....+....+...+......+..+....+....+.....++............+...+...................++......+......+.............+....................++.+...++.++.......++........+.++
[INFO] [stderr] ....+..+.+......+........+.+.....+.+...+...+..+.......+.........++...+...+....+.......+........+++++++++++++++++++++++++++++++...........++...+.+....++.....+++++++++*...............+..+.+...........+.+..+...+...+....+......+..+.......+...+...+...........+..................+...+...++++++++++++++++++++++++++++++++++++++++................+++++*..................++.....................++........+...........+..........+..++.....++.....+...+..+.......+............+......+...+.+.............+.........++............+........++........+..+.........+.........+.........+....+.........+........++............................+............+...++...............+++..........+........+....................+..........++....+...+.........+.................++
[INFO] [stderr] .+.........+.....+...+.........+.+..+................+......+.........+..+...+.+++++...+..+.+.+++++++++++++++++++++++++++++++++++++++*.....+.+........+....+...+..+................+.....+....+.....+.+++++++++..+...+.++++++++++++++++++++++++++++++++++++*.......+................++.....................+......+.+.....+......+......+............++............+............+............+..........+..............+..+...+.....+.+............++......+.....................+......+..........+.......................++.......+..................+.....+...+.........+.....+.......++.........+......+...+.........+.+.......+..+........................+.................+...+...+.........+....+..+.....+..+.........+..+..........+..+...+...........+......+..........+.+.........+........+......+.....+....+....++..+.............................+..+..+.+..........++.........+.......................+.++........+....................+.....+....+...+......+...............+..........+.........+.....+...+...........+................................+............+..+....+.......+.........++...+...........+.......+....+.............+.....+......+...........+++......+...+.+.+............++..............+..+........+............................+....................+...........+.+...+...............+.+....+......+......+...+....+......+............+.+.......+............+..........++..........+...+..+............++.....+...+...............+....+......+......+..........+......+........+......+...+......+...+............++.............++.....+..+...+....+.+........+..........+.................+.........+..+....++...+.....++........+................+......+++
[INFO] [stderr] .........+...+.....+...+....+......+.........+.........................+.+...+.+..+.............+..+....+.........+..+...+....+.................+.....+.+..+++++++++.+.+.+..+.+..+++++++++++++++++++++++++++++++*.+....+................+++++++++++++++++++++++++++++++++++++++++++++++*.+...+.......++...+...+
[INFO] [stderr] +...+..+.....+...+....+.......+.......+....+.......+...+...........+......................+..............+.................+.+...+........+...+.+.+.........+...........+..+req: Can't open "evil-server.key" for writing, Read-only file system
[INFO] [stderr] 4067BC9AF0760000:error:80000002:system library:process_include:No such file or directory:../crypto/conf/conf_def.c:812:calling stat(/var/lib/crypto-config/profiles/current/openssl.conf.d)
[INFO] [stderr] 4067BC9AF0760000:error:80000002:system library:process_include:No such file or directory:../crypto/conf/conf_def.c:812:calling stat(/etc/ssl/openssl.conf.d)
[INFO] [stderr] ...+...+........................+..................................+.+..+......+....+...+...........+.....+...+..............+.......+....++.++++++++++++++++++++++++++++++++++++++++++++*..+....+..+...+......+.+.........+......+..+....++.........+........+...+.+...++++++++++++++++++++++++++++++++++++++......++++++++*.+.+...............+................+.+...+.....+.....+......+...+.......+......+.......+..................+..+......+.....+........+......++....+............+.........+.....+.+.............+....+.........++.............+....................++..+....................+..+...............+...........+........+...+............++...+...+....+..................+.+...+......+...........++........+.........++.+...........+.......+......+...+.....+............+......+.....+.................++.......+....................+........+...+..........+..........+.....................+.......++.....+..........+....+.........+.........+..+................+...+.............+..+...+..+.....+...+.......+........+.....++........++++.+++
[INFO] [stderr] +...++..........................+
[INFO] [stderr] ...+...+..........+.....+req: Can't open "evil-server.key" for writing, Read-only file system
[INFO] [stderr] 4057B087DC7A0000:error:80000002:system library:process_include:No such file or directory:../crypto/conf/conf_def.c:812:calling stat(/var/lib/crypto-config/profiles/current/openssl.conf.d)
[INFO] [stderr] 4057B087DC7A0000:error:80000002:system library:process_include:No such file or directory:../crypto/conf/conf_def.c:812:calling stat(/etc/ssl/openssl.conf.d)
[INFO] [stderr] ...+......+...+.......+......+...+.....+......+.+.....+........+.......................+..+....+...+.....+.+..+......req: Can't open "server.key" for writing, Read-only file system
[INFO] [stderr] ...+.404763AF81710000:error:80000002:system library:process_include:No such file or directory:../crypto/conf/conf_def.c:812:calling stat(/var/lib/crypto-config/profiles/current/openssl.conf.d)
[INFO] [stderr] ...+404763AF81710000:error:80000002:system library:process_include:No such file or directory:../crypto/conf/conf_def.c:812:calling stat(/etc/ssl/openssl.conf.d)
[INFO] [stderr] ......+.........+.........+.....+......+.......+...+..+.........+.+.................+++++++++++++++++++++++++++++++++++++++++++++*........+.............+..+.......+..+....+..+....+........+...+.........+.+..+.+...........+.+...+..+...+.+...........+.......+...+.....+...+....+..+....+......+..................++++++++++++++++++++++++++++++++++++++++++++..+++*......+.+....+..+...+.....................................+........+...........+....+....+........+......+...+Can't open "server.req" for reading, No such file or directory
[INFO] [stderr] 40F7C4D15A750000:error:80000002:system library:BIO_new_file:No such file or directory:../crypto/bio/bss_file.c:67:calling fopen(server.req, rb)
[INFO] [stderr] 40F7C4D15A750000:error:10000080:BIO routines:BIO_new_file:no such file:../crypto/bio/bss_file.c:75:
[INFO] [stderr] error: unable to load certificate request input from file 'server.req'
[INFO] [stderr] ............+......+.+..+..+...+.+......................+.........+......+..++......++++++++++++++++++++++++++..+.......++++++++++++++++++++*.......+.....+++++++++++++++++++++++++++++++++++++++++++++*..........+.................................++...+..........+............+...+......+..........+...........+......+.................+.............+.+.........................+....+..+.........+.....+.+.+................+............+.....+..+.....+...+............++.....+..+............+.......+........................++...+...+........+.....+....+......+................+.........+......+...............+............+..........++.+.....+..+..+.....................+................+.......+.......................++.....++....................+.........++.......+.........+++
[INFO] [stderr] ...+..+........+......+..+..............+...+.........+.+...+..................+...+..............++...+.........+................+..+...+.........+............+++++++++++++++...+....+++++++++++++++++++++++++++++++*..++++++++++.+........+++++++++++++++++.....+++++++++++++++++++*..................+....................+.........+.........+...+............+....+....+..+...+..............+...............+..+...........+..+...................+..+...............+.....+.+..........+............+..............+.......+......++...............+...............................++..+..+..+..+.........+.............+............+....+....+......+.....+......................+....+...+..+........++.+...............+...........+....+.................+..+.....+......+.....+...+.....+..................+.+.........+...+...............+...+...+...+.+.........++...+......++...........+.......+.+........+..++......+.........++............+........+.+.......+...+..+...+....+...+.........+.....+...........+.+.+....+..+..+..+.........+......+...+...........+..............+...++....+...........++...+..........+...+...+..........+....................+..+.............+....+.........+.......+....+.....+...+...+....+.....+..+.............+..........+..+..............+.............+.+..........................++......+.+.....+.....................++..............++...............++....+.+.+....................++......+........+.........+.........+...+++++.....++.+++
[INFO] [stderr] .......+............+........+.....................+.+++++++++++++++++
[INFO] [stderr] ++++++++++++++++++++++++...+++++++*..........+..+.+......+++++++++++++++++++++++++++++++++++++++++++++*.+.........++...............+...+..............+..........+..........+............+req: Can't open "evil-client.key" for writing, Read-only file system
[INFO] [stderr] 4077C038A97B0000:error:80000002:system library:process_include:No such file or directory:../crypto/conf/conf_def.c:812:calling stat(/var/lib/crypto-config/profiles/current/openssl.conf.d)
[INFO] [stderr] 4077C038A97B0000:error:80000002:system library:process_include:No such file or directory:../crypto/conf/conf_def.c:812:calling stat(/etc/ssl/openssl.conf.d)
[INFO] [stderr] ...+..+...............+..+......+............+...+...+..+...+....+...+...+......+.....+...+...............+.............+.........+.....+...+.+..+....+.....++++++++++.+++++++.+++++++++++++++++++++++++++++*...........+++++++++++++++++++++++++++++++++++++++++++++*...........+........++..+...+.+..................++.........+.........+...+........+..+.......+...+......+..+....+.+.............+.........+......+........+.....+......+.......+............+...+.....+.+..............+..+..+.....+.......+....+..+..................+...........+...+........+......................+.....................+....+.........+.........+......+...+.............................+.....+..........+...+..+..........+........+..+.+........+..+..................++.................+....+.........+.........+........+.+.+.+.....+.........+...........+...............+.+.........+....+...+.....+..+.....+....+......+...+..+.+......+..+...+...........+.+..........+..................+.++.+.....+.....++....+....+.....++...........+.......+............++
[INFO] [stderr] .........+....+...+.....+++++++++++++++++++++++++++++++++++++++++++++*.+...+......+...........+++++++++++++++++++++++++++++++++++++++.++.+++++*..........++..........+.......+......+...+..+.....+.......+......................+............+..+...+......++..+...............+.....+...+..................+.......+......+...+..........+....+.....+..+........................+....+................+......+.....................+...+...+.....+......+........++..........+....+..............+...............+........+.......+.....+..........+..........+.....+.....+.+.....+.....+...............+....+......+.....+..........++............+....+....+...+..+...+..+.......+.....+.....+.......+...+.+...+......+.....+..........+......+..+.....+.........+...+....+................+........++..............+..........+...+......+..............+.........+..........+..........+....+...+............+.....+......+...+...................+....+......+.....+............+.....+.................................++...............+.+...........+...+...........+.......+..+....+..+.......+.........+..........+................+.......+...........+...............+...+.........++....+....+...+.....+...+....+..........+......+..........++......++..+..............+........+....+.....+........+.+...........+....................+....+.......+......+.+........+..+.......+......+........++...............+.....+......+..+................+..++......+.................++..+...+...+......+....+...+.............+.......+...+.........+.....................+........+.+..+..+...................+.....+....+...............++.........+...............+...+.......+........+......+..+..............+............+.......+........+...+......+......+...+.......+.+............+.........++..+.................+........+................+...+.+.....................+.+..+..+........++.....+.......+........+......+.......+.+.......+.......+...+.........+.+.........++...........+..............++....+..........+...........+...............+...............++......+...+................+.+.+.........+.....+.......+......+.........................+++.++........++......+......++
[INFO] [stderr] ......+.....+...+.......+++++++++++++++++++++++++++++++++++++++......+.......+++++++*............++.+.....+.+......+..+.+.....+....+..+.+.....................+..+...+........+.......+..+.......+.........+..+....+........+.+......+......+.........++....+.....+.........+.+..++++++++++++++++++++++++++++++......++++++++++++++++........*...++.....+......+.....+............+.+..........+.............+...+..............+........................++......+..+.....+..+......+.+..+..................++.....+................++.........+......+.+..................+.....+...........+...+....+.................................................+.+.........+...+..+..........+....+++...........++..............+.+.........++
[INFO] [stderr] .+.....+.....+.........................+.+....+.......++...........................+.....+..+...............++
[INFO] [stderr] ..............req: Can't open "client.key" for writing, Read-only file system
[INFO] [stderr] 40074EA6DA770000:error:80000002:system library:process_include:No such file or directory:../crypto/conf/conf_def.c:812:calling stat(/var/lib/crypto-config/profiles/current/openssl.conf.d)
[INFO] [stderr] 40074EA6DA770000:error:80000002:system library:process_include:No such file or directory:../crypto/conf/conf_def.c:812:calling stat(/etc/ssl/openssl.conf.d)
[INFO] [stderr] ....+...........+.........+...+Can't open "client.req" for reading, No such file or directory
[INFO] [stderr] 40572FAE66790000:error:80000002:system library:BIO_new_file:No such file or directory:../crypto/bio/bss_file.c:67:calling fopen(client.req, rb)
[INFO] [stderr] .40572FAE66790000:error:10000080:BIO routines:BIO_new_file:no such file:../crypto/bio/bss_file.c:75:
[INFO] [stderr] error: unable to load certificate request input from file 'client.req'
[INFO] [stderr] ..............+....+...+............+...............+..+........+req: Can't open "evil-client.key" for writing, Read-only file system
[INFO] [stderr] 40D750B3AB770000:error:80000002:system library:process_include:No such file or directory:../crypto/conf/conf_def.c:812:calling stat(/var/lib/crypto-config/profiles/current/openssl.conf.d)
[INFO] [stderr] 40D750B3AB770000:error:80000002:system library:process_include:No such file or directory:../crypto/conf/conf_def.c:812:calling stat(/etc/ssl/openssl.conf.d)
[INFO] [stderr] ...+.+.....+...+.......+........+.+...........+...+.......+.....+....+.....+++++++++++++++++++++++++++++++++++++++++++++*.+...+.........+........+.......+....+.....+..+............+....+...+....+........+.+.........++++++++++++++++++++++++++++..++++++++++++++++++*...+.............+..................++.+............+...+......+.....+....+...+...+..+...+.........+.............+.....+...+.+......+........+..+....+...+.............++..+....+..+.......+...........+.+...........+...+.+........+.......+......+..+...+.......+..+......+.........+....+.....+.........+.......+...+........+...+.+...+.....+.+..++++.+++.++++++.+.++++++++++++++++++++++++++++++++*..............+....+..+......+......+..............+..........+......+........+................+......+.....+...+......+....+....+.......+++++++++++++++++++++++++++++++++++++++++++++++*.+...+......+...............++.......+.........+...++...++
[INFO] [stderr] ....+...............+.+........+.+...+...+..+......+......+.+++.....++++++++++++++++++++++++++++++++++...++++++++++*...........+.........+.....+...+............+.+......+++++++++++++++++++++++++++++++++++++++++++++*...+....+.+.........+......++......+.....................+...+..+.........+......+..+.+................+..+.........+.......+............+........++...+...................+.....................+....+...+..+.....+.....+.............+.........+......+..................+....+.....+............................+.....+.+..+.............+.................+...+..........+...+.+...............+...+...........+..+......+...+...+................+......+.....+......+......+....+........+............+.+...............+..+.+.........+...+......+.........+.........+...+............+..+..................+...+.........++......+......+........+.....+.......+...+.....+...+...........+....+....+...+....+..................+.....+..........+.......+......+...+..+..............+.+..+....+.....................................+.......+...+...+...+..+..+..+.....................+...+.+.+.+......+..+...............+......+.....+........+.+.....++.....+.............+..+..+.........+.....+...........+...............+.....................++...+....+........+.....+..+.......+....+.........+........+.+...+...............+...........+...+........+.....+.+.....+.....+......+...............+..................+.........++.+............+....................++...+......+.+...+.......................................+......+...........+....+......+.....+.....+.........+.+..............................+.............+.+..++...+..+..............+.+.....+...+.........+........+...........+..................++..............+....+...+.+...............+......+..+.....+.......+.+..+......+...+...+.+......+...........+.+..............+....+........+...+.+...+.......+....++.........+...+..........+.+...........+...........+...+...................+....+...................................+...++.............+.....+........+..+..+......+........................+.........+..+.............+.+...+...............+.....+.........+........+.+....+...+.........+................+......++....+.....................+++.+............++........+......+...+..........++......+......+.....+...........+...+.....+.........+......+.......+............+............+..+.........+.+....+..+.+..+...............+..+..........+..........+..+.+................+..+..+..........+......+......+..+.......+.+.....+...+............................+.........+..+...+......+..............................++..+...+......+..........+..........+.................+..+........+.................+................+..+........+..............+.+...+.....+......+.......+.+....+...................++..+...+....++....+..................+...........+.......+..+.............................+.+.+.............................+............++......+............+...........+..+.+............+............+............+.................+........+...+..+..................+........+.......++......+.....+.....................+...+......+....+..+..............+...+...+....+...+...........+...........+..................+....+.+..................+.......+.....+...+....+..+...+..............+...............+++................+............+......+.....+.......+...............+........+..+.........+...+............++.......++....++..
[INFO] [stderr] +...+..........+...+...+.........+........................+...........+req: Can't open "broker.key" for writing, Read-only file system
[INFO] [stderr] 40179511AD7B0000:error:80000002:system library:process_include:No such file or directory:../crypto/conf/conf_def.c:812:calling stat(/var/lib/crypto-config/profiles/current/openssl.conf.d)
[INFO] [stderr] 40179511AD7B0000:error:80000002:system library:process_include:No such file or directory:../crypto/conf/conf_def.c:812:calling stat(/etc/ssl/openssl.conf.d)
[INFO] [stderr] ...........+....+.............++......++Can't open "broker.req" for reading, No such file or directory
[INFO] [stderr] +40C7B113AE7D0000:error:80000002:system library:BIO_new_file:No such file or directory:../crypto/bio/bss_file.c:67:calling fopen(broker.req, rb)
[INFO] [stderr] 40C7B113AE7D0000:error:10000080:BIO routines:BIO_new_file:no such file:../crypto/bio/bss_file.c:75:
[INFO] [stderr] error: unable to load certificate request input from file 'broker.req'
[INFO] [stderr] .....++
[INFO] [stderr] .....+........+...........+....+...+..+.+...........+.+...+.....+....+...+.........++++++++++++++++++++++++++++++++++++++++++++++*.....+.....+.+........+.+.....+.............+...+..+............+...............+....+..+.........+....+.....+....+............+...+.+++++++++++++++++++++++++++++++..+.++++++++++++++*.+.........+...........++...........++++++++++++++++++++++++++++++++++++++++++.+..........++*...+......++++++++++++++++++++++++.+..++++++++++++++++++...+.++*...........................+........+..+.+...+++..............+.......+++
[INFO] [stderr] ...+........+++++++++++++++++++++++++++++++++++++++++....++...++*.+..............+.....+......++....+..+...++++++++++++++++++++++++..+.+++++++++++++++++++++*........+......+......+...+.......+..+.........+......+.........+.........+...........+.+.................+.....+....+......+..+.....+.....+.........................+.++..+....................+.........+.+...............+...............+..+.+............+..........++..........+.........+.....+...+.........+......+.+..+.................+..........+........+.............+......+.....................++.........+.........+.+......+....+......+...+.....+....+.........+.........+....+.........+............+......+...+......+..+..+...........................+....+.+.+..+...+...+...........+....+.....+........+.............+.........+...+.......+..+.....................................+..+........+..+.+.....+..+.........+.......+...+...+...........+.....................+..+...+.+......+...............+..............+..................................+..++....+............+......+....+...+..+..+.......+...+.......+......+...+..+..............+....+...........+.+.+..........+..+....+..+.......+...................................+...+..+...............+.........+...........................+...........+.............+.......+......+.......+...............+.........++......+..+..++.............+..........+......++...........+.....................++
[INFO] [stderr] .............+.........+.................+....+.....++........................++......+.+.........+...+..+......++...............++.............+req: Can't open "evil-server.key" for writing, Read-only file system
[INFO] [stderr] 4017245FB2710000:error:80000002:system library:process_include:No such file or directory:../crypto/conf/conf_def.c:812:calling stat(/var/lib/crypto-config/profiles/current/openssl.conf.d)
[INFO] [stderr] 4017245FB2710000:error:80000002:system library:process_include:No such file or directory:../crypto/conf/conf_def.c:812:calling stat(/etc/ssl/openssl.conf.d)
[INFO] [stderr] +..++
[INFO] [stderr] ....+.........+......+...........+......................+req: Can't open "broker.key" for writing, Read-only file system
[INFO] [stderr] 40170D2A96780000:error:80000002:system library:process_include:No such file or directory:../crypto/conf/conf_def.c:812:calling stat(/var/lib/crypto-config/profiles/current/openssl.conf.d)
[INFO] [stderr] 40170D2A96780000:error:80000002:system library:process_include:No such file or directory:../crypto/conf/conf_def.c:812:calling stat(/etc/ssl/openssl.conf.d)
[INFO] [stderr] ......+............+.....+...............+Can't open "broker.req" for reading, No such file or directory
[INFO] [stderr] 4057F083A6720000:error:80000002:system library:BIO_new_file:No such file or directory:../crypto/bio/bss_file.c:67:calling fopen(broker.req, rb)
[INFO] [stderr] 4057F083A6720000:error:10000080:BIO routines:BIO_new_file:no such file:../crypto/bio/bss_file.c:75:
[INFO] [stderr] error: unable to load certificate request input from file 'broker.req'
[INFO] [stderr] .......+...+......+.....+....+..+.+..+......+..........+............+.....+...+.+..................+..+.+...+..+.......+..+....+.........+++++++++++++++++++++++++++++++++++++++++++++*.+.+.....+......+...+............+.......+........+..........+...+.....+.+......+..+.+..............+.+......+...+..+.........+.+.....+...............+.+.....+....+.........+++++++..+..++++++++++++++++++++++++++++++++++++++*.......+......+...+...+........+++++++++++++...++++++++++++++++++++++++++++++++*......+..............+...+...+...+.+...+.....+.+......+++++++++++++++++++++++++++++++++++++++++++++*.+.+........................+........++.....+...+.+...........................+.....+......+.+...+...+....+........+........+..+.+...+....+.....+...+.........................+......+........++..............+........+...+...+.....+...+....+.........+....+......+......+................++..................+.........+...+.........+...+.......+.+........+........................+....+....+.......+...+..........+............................++......+...............+......+.+..+...+...+.............+....+...+.............+.+..+.............+...+.....+..+...+.......+.+..........+..+..+.........+........+...+...+...+..+...+..+.....+........................+...+.+.............+.........................+..+........+..+....+...........+..................+............................+...+.+.+..+.........+......+......+.......+.....+.........+...+...+....................+...+...+.......++.+.....+..+...+..........+...+..............+.............+..+...........................++......+...................+...........+........+.....+........+.......+..+.......+.......+.....+......+..+.....++...+......+............+....+...+.........+...+..+......+...+............+...............+.......+....+.............+...........+..+.....+.............++..............+.+...........+..............+......+..................+...+.+...+..+........................+.............+............+......+............+......................+...........++...............+.......+...........+..............+..+.......+...............+...+.........+.............+..+...+.......+.....................+..+...++........++....+.++......++
[INFO] [stderr] ..+............................+....+........+......+.......+...+..+...+............+.+.....+.+.........+..+...+....+..+....+...........................+............+......+.....+......+.+...+......+..............+.+...+........+.......+.....+.+.....++++++++++++++++++++++++++++++++++.+++...+++++++++*...+.......+........+...+.+........+........+....++++++++++++++++++++++++++++++++++++++++++++++*..+..+....+.........+...+...+......+...+.......+.......+...+..............+.................+..+...+....+.....+.+.+.+..+...+.......+......+...+..+......+......+.....+......+......+....+.........+........................+.....++......+.............+............+...........+...+..+..........+................+....................+..............+.....................+....+...+.+...+.......................+......+............+.......+............+......+........+.........+...+....+...+...+..........+...........+...+..+........+..........+.........+.+.....+.+.....................+....+.........+..................+.....+......+......++........................+..+....+.............+....+.....+..+..+..+..................+.......+......................+....+.........+........+................+.......+.......+..+......+.........+.....................+.+.................++.......+.....+..+.+.....................+.+..+...+......+.+.+........+.........+.....++.+.....++........++..............+...++
[INFO] [stderr] ...+......+.............+........+.....+..+......+..................+...+....+...+...+.........++req: Can't open "backend.key" for writing, Read-only file system
[INFO] [stderr] 40871D5E95760000:error:80000002:system library:process_include:No such file or directory:../crypto/conf/conf_def.c:812:calling stat(/var/lib/crypto-config/profiles/current/openssl.conf.d)
[INFO] [stderr] 40871D5E95760000:error:80000002:system library:process_include:No such file or directory:../crypto/conf/conf_def.c:812:calling stat(/etc/ssl/openssl.conf.d)
[INFO] [stderr] ......++...++..........++
[INFO] [stderr] ...........+...+Can't open "backend.req" for reading, No such file or directory
[INFO] [stderr] 405742870A7C0000:error:80000002:system library:BIO_new_file:No such file or directory:../crypto/bio/bss_file.c:67:calling fopen(backend.req, rb)
[INFO] [stderr] 405742870A7C0000:error:10000080:BIO routines:BIO_new_file:no such file:../crypto/bio/bss_file.c:75:
[INFO] [stderr] error: unable to load certificate request input from file 'backend.req'
[INFO] [stderr] ..........+..........+....+...+...........+.....+......+.........+...+.+.....+...+.........+....+............+........+.+...+++++++++++++++++++++++++++++++++++++++++++++*....+++++++++++++++++++++++++++++++++++++++++++++*...+........+req: Can't open "backend.key" for writing, Read-only file system
[INFO] [stderr] 405754368C7B0000:error:80000002:system library:process_include:No such file or directory:../crypto/conf/conf_def.c:812:calling stat(/var/lib/crypto-config/profiles/current/openssl.conf.d)
[INFO] [stderr] 405754368C7B0000:error:80000002:system library:process_include:No such file or directory:../crypto/conf/conf_def.c:812:calling stat(/etc/ssl/openssl.conf.d)
[INFO] [stderr] ......+.........+.....................+......+.+.+......+..................................................++...+Can't open "backend.req" for reading, No such file or directory
[INFO] [stderr] 40D7F22D6A750000:error:80000002:system library:BIO_new_file:No such file or directory:../crypto/bio/bss_file.c:67:calling fopen(backend.req, rb)
[INFO] [stderr] 40D7F22D6A750000:error:10000080:BIO routines:BIO_new_file:no such file:../crypto/bio/bss_file.c:75:
[INFO] [stderr] error: unable to load certificate request input from file 'backend.req'
[INFO] [stderr] ........+.+...+.....+...+...+.........+.+..+++++++++++++++++++++++++++++++++++++++++++++*......+......+.....++++++++++............+..........+...++++++++++++++++++++++++++++++++++++*......+......+.....+..+.+.....+...+.........+.+................+...............+.........+.........+..+.........+........+......+...+...+......+.............+.+...........+.+...+.....+........++...............++.+....++.....++
[INFO] [stderr] .+.+...........+...+.........+......+.+.....+....+.........+..+.++++++++++++++++.+..++++++++++++++++++++++++....++++++*..........+.........+..+.+..............+....+.....+...............+......+.+............+......++++++++++++++++++++...+...+++++++++++++++++++++++++*.......+...+...+.....+.+..............+............+......+......+.......+.........+...++..++.......+.++........++
[INFO] [stderr] ..+......+.+.....+...+....+....................+.+.............+...+......+..++.......+....+.+++++++++++++++..+++++++++++++++++++++++++*......+..+.+.....+......+...+.......+...+...+.....+...+.+......+.....+.........+............................+...+...+.....+.+...+..+..........+..............+....+.........+...+.+...+...+...+...+..+.........+.+..+...+.......+......+.........+...+...+.....+.......+..+............+..........+...+.....+....................+.....+..++...+++++++++++...+..++++++++++++++++++++++++++++++++++*.....+....+....................+...+......+...+...............+.+....+.....+......+........+.++...++..............++....+......+....................++
[INFO] [stderr] ........................+....+.............+..+.......+..+..+.+...+................+.........req: Can't open "agent1.key" for writing, Read-only file system
[INFO] [stderr] 40B79A8D1C7A0000:error:80000002:system library:process_include:No such file or directory:../crypto/conf/conf_def.c:812:calling stat(/var/lib/crypto-config/profiles/current/openssl.conf.d)
[INFO] [stderr] 40B79A8D1C7A0000:error:80000002:system library:process_include:No such file or directory:../crypto/conf/conf_def.c:812:calling stat(/etc/ssl/openssl.conf.d)
[INFO] [stderr] +.........+........+.....+.+............+..+..........+Can't open "agent1.req" for reading, No such file or directory
[INFO] [stderr] 40577A08A5710000:error:80000002:system library:BIO_new_file:No such file or directory:../crypto/bio/bss_file.c:67:calling fopen(agent1.req, rb)
[INFO] [stderr] 40577A08A5710000:error:10000080:BIO routines:BIO_new_file:no such file:../crypto/bio/bss_file.c:75:
[INFO] [stderr] error: unable to load certificate request input from file 'agent1.req'
[INFO] [stderr] ............+........+.......+......+.......+..+...+....++++++++++++.....+....++.+...+..+++++++++++++++++++++++++++++*.+....+..+.........+....+..+....+........+.+.........+..+...+.+...........+....+.....+...............+....+...........+.......+..+..........+......++++++++++++++.++++++++++++++++++++++++++++++++*....+.........+.................+...............+.....+.............++..........+.+...+...............+......+..............................++.........++...+..++..........++.........+..............................++
[INFO] [stderr] ......+...+.......+........+.......+..+.+.....+.......+...............+.....+...+.......+..+....+............+...+..+.........+.++++++++++..++++++++++++++...+++++++++++++++++++++++*..+......+...+.+............++++++++++++++++++++++++++++++++++++.++++++++++*..+...................+.+.....+..............+......+.+.+.....+..................+...+....+...........+.....+.......+......+.......+......++..+.............+...........+.....+....+.+...................+.....+..+..........................................+.............+..+......+.......+..............+..................+...........+................+....+......+.+.....+..+.....+....+.+........+...+......+.........+......+....+...+.........++.....+.+..+..........+....+.......+.................+.........................+.........................+...+......+.............+.......+...+.+...........+.............+....+......++..+..+..+.....+....++.....+++
[INFO] [stderr] ........................+.....+.........+...+.+............+....................+.......+.+.....+...............+.+...............+...+.....+......+.......+req: Can't open "agent1.key" for writing, Read-only file system
[INFO] [stderr] 40F777D0217E0000:error:80000002:system library:process_include:No such file or directory:../crypto/conf/conf_def.c:812:calling stat(/var/lib/crypto-config/profiles/current/openssl.conf.d)
[INFO] [stderr] 40F777D0217E0000:error:80000002:system library:process_include:No such file or directory:../crypto/conf/conf_def.c:812:calling stat(/etc/ssl/openssl.conf.d)
[INFO] [stderr] .................++.........+..+......+...+..........+.......+Can't open "agent1.req" for reading, No such file or directory
[INFO] [stderr] 40F7CA192E7C0000:error:80000002:system library:BIO_new_file:No such file or directory:../crypto/bio/bss_file.c:67:calling fopen(agent1.req, rb)
[INFO] [stderr] 40F7CA192E7C0000:error:10000080:BIO routines:BIO_new_file:no such file:../crypto/bio/bss_file.c:75:
[INFO] [stderr] error: unable to load certificate request input from file 'agent1.req'
[INFO] [stderr] ...+..+...........+..+...+...........+.+......+...+....................+..................+...+........+....+..+.......+...+.....................++...+...+.....+...+...............+....+...+..........+........+.............+..+.......+..+...+.+++++++++++++++++++++++++++++++++++++++++++++...................+.....+..........+.+...+*.....+..........+.........+........+.+..+....+...+.......+...+....+.+...+.+........+........+......++.+...+++++++++++++++++++++++++++.++.+..+.+.++++++++++++++*....++.....+.........+.......++.........+...+...++..............++.+
[INFO] [stderr] ..++....+...+..+...+.........+............................+...+......+....++....+..+...........+...+....+.....+.....+....+.....+..+........+.....+.+...+..+......+....+...........+.......+...+...+.........+...........+.+........+.+.....+.+...+.....+......+............+.......+.....+++++++++++++++++++++++++++++++++++++++++++++*.+.....+........+.............+.........+...............+.++.....+.+...++++++++++++.++.+.++++.++..+.+.+.++.++++++++++++++++++++*....+.................+...+..+.....................+......................+...+...............+...........+.+.................++........+............+..+......+.+..........+...+..................+..+..+...+...........+..........++......+......+................................++..................+..........++...........+........++.......+......+.................++......+..+..+....+...............+....+......++...++.....+....
[INFO] [stderr] ..............+....+...+......+....+..+.........+....+req: Can't open "agent2.key" for writing, Read-only file system
[INFO] [stderr] 40C75D599A7B0000:error:80000002:system library:process_include:No such file or directory:../crypto/conf/conf_def.c:812:calling stat(/var/lib/crypto-config/profiles/current/openssl.conf.d)
[INFO] [stderr] 40C75D599A7B0000:error:80000002:system library:process_include:No such file or directory:../crypto/conf/conf_def.c:812:calling stat(/etc/ssl/openssl.conf.d)
[INFO] [stderr] ..............+...........+....+...+.........+.......+...........+....................+.......+.+........+........................+.+......+............+......+..+.+...........+..+.........+...+.........+......+....+..+......+....+...............+.....+......................+..+..+..+..+............++.+..............................+.........+.............+..+....................++...+Can't open "agent2.req" for reading, No such file or directory
[INFO] [stderr] 403701601A7E0000:error:80000002:system library:BIO_new_file:No such file or directory:../crypto/bio/bss_file.c:67:calling fopen(agent2.req, rb)
[INFO] [stderr] 403701601A7E0000:error:10000080:BIO routines:BIO_new_file:no such file:../crypto/bio/bss_file.c:75:
[INFO] [stderr] error: unable to load certificate request input from file 'agent2.req'
[INFO] [stderr] ...+.......+.....+.+................+......+......+..+.......................++...+..........+................+...+...........++..+......+...+.............++.........++.....................+.+...........+.........+....+............+........+.....................+...............+.........+.....................++............+...+...+........+....+.........+..........................+......+....+............+..+.+.............+....................+..+.......+....+..............++.........++......++...+......+.....+......+.+...+.....+..........+.+.................+........+.............+..........++.....++.........+++
[INFO] [stdout] test tls::test::tls_evil_server ... FAILED
[INFO] [stderr] ..+...+........+++++++++++++++++++++++++++++++++++++++++++++*........++...+..+.+..+.+.....+.......+.....+...+.+........+...+...++++++++++++++++++++++++++++++++++.++++++++++++*...............+..+.........+....+.....+.....+.......+...+..+...+..........+..+...+..........+.+.....+.....+....................+.....+.............+..+..+.........+......+...+...............+....+.+....................+........+.......+..................+...+..........+.....+............+.+...........+............+.........+........+............+.......+......+..................++...............++....++
[INFO] [stderr] ..+.........+...+.+.....................+.........+......+......+.....+....+req: Can't open "evil-client.key" for writing, Read-only file system
[INFO] [stderr] 4017CC95F7760000:error:80000002:system library:process_include:No such file or directory:../crypto/conf/conf_def.c:812:calling stat(/var/lib/crypto-config/profiles/current/openssl.conf.d)
[INFO] [stderr] 4017CC95F7760000:error:80000002:system library:process_include:No such file or directory:../crypto/conf/conf_def.c:812:calling stat(/etc/ssl/openssl.conf.d)
[INFO] [stderr] .....+.+..+.......++++++++++++++++++++++++++++++++++++++++++++++*.+...++++++++++++....++++++++++++++++++++++++++++++++++*.............+.................+...+...+.........+.......+..+...+...............+......+................+.................+..+...+.+......+.........+...............+...........+....+......+.....+.............+.+.....+.............+.....+...+.........+......+.........+.............+..+.................+....+......+.................+.......+...+...........+................+.+......+.....+..+....+.......+.....................+........+......+.............+.....+........+.........................+....+......+.....+.........+.........+............+.+...............+..+.....+...............+....+..........+......+.....+..............+......+.........+...............+............+.+.+......+........+..+.......+.+...+..+..+....+.........+........+...+......+.......+.+...+......+.................+........+.+.......+.....+..+.......+...............+...........+.+......+.........+.+......+..+......+...+..........+...+.....+...........+.+.....................+.....+............+.+...+..+....+....+..............................+...........+...+...........+.+...+.......+...+............+.........++...........+...+..............................+...+..+....+...+.....+...+.+.......+......+..............+...+....+...........+...+...+..........+..+........+......+....+..........+.....+.....+.+............+.................+.........+............+.+....+.........+..............++..+......+....+.................++....+.+..+......+....+...+.....+........+.......+..+.............+..........+..+...+..+...+.....................+....+......+.............+............+.....+.....+................+.+.....+..+...............+.......+...............+.....+..........+....+...+...+........+...+.........+.........+...............+......+..+.......+.+..+.........+.........+.........+...+............+......++.+..+..+............+..........+..........+.....+.........+.+......+........+...............+..+.......+......+............+................................+..................+......+.+.+..............+.....+....+...+............+..+.........+..................+....+..+......+.........+....+.......++...+..............+.++........++
[INFO] [stderr] ......+....+......+...+...............+..+req: Can't open "agent2.key" for writing, Read-only file system
[INFO] [stderr] 4077C6A42E760000:error:80000002:system library:process_include:No such file or directory:../crypto/conf/conf_def.c:812:calling stat(/var/lib/crypto-config/profiles/current/openssl.conf.d)
[INFO] [stderr] 4077C6A42E760000:error:80000002:system library:process_include:No such file or directory:../crypto/conf/conf_def.c:812:calling stat(/etc/ssl/openssl.conf.d)
[INFO] [stderr] .........+......+...+.......+.....................+..............+...+.......+....................+.+..+Can't open "agent2.req" for reading, No such file or directory
[INFO] [stderr] 409735EB63780000:error:80000002:system library:BIO_new_file:No such file or directory:../crypto/bio/bss_file.c:67:calling fopen(agent2.req, rb)
[INFO] [stderr] 409735EB63780000:error:10000080:BIO routines:BIO_new_file:no such file:../crypto/bio/bss_file.c:75:
[INFO] [stderr] error: unable to load certificate request input from file 'agent2.req'
[INFO] [stdout] test tls::test::tls_evil_client ... FAILED
[INFO] [stderr] ......+............+...+....+..+..........+..............+.+...+...........+.........+.+......+........+.+...........+...+...+.......+...........+.........+.......+.....+....+............+.........+......+........+............+...+.+......+..............+....+.........+...+...+...........+...+...+...+.........+..........+.....+.......+.....+...+............+.+..+......+.......+.....+...+...................+..+....+......+......+...+............+..+.....................+.+...+........+.........+.+.....+.......+..+...+.+...............+.........+.....+.+...........+.+..+.............+.....+....+........+............+.+...............+.....+.........+....+.....+.......+........+.....................+....+..+...+.+.....+.....................+.......+..+..........+...............+...+...............+............+........+...+..........+..+.......+.....+.+.....+...............+.......+...........+....+....................+............+.............+...+..+...+...+....+.................+.............+...........+..........+.....+.+...+......+.....+.......+.....+....+...+...+..+..................+...+..........+..+....+...+............+...+............+.....+.+........+.......+..............+......+...+....+++++
[INFO] [stderr] ...+.+........+......+.+.........+........+++++++++++++++++++++++++++++++++++++++++++++*.......+.+..+++++++++++++++++++++++++++++++++++++++++++++*.+.................+......+.......+.....+....+.....+.+...+..+...............+..................+.......+..+......+..........+............+.....+.........+.............+..+....+........................+..................+.........+..............+.+......+........+.......+....................+.................................+.+...+........+...+....+......+......+.....+...+...+...+.+...+...+..+.......+...+..+....+...........+.+...+.................+...........................+.+............+..+...+.......+...+........+...................+...............+.....+......................+........+......+.+.........+..+....+........+...+.......+++++
[INFO] [stderr] req: Can't open "broker.key" for writing, Read-only file system
[INFO] [stderr] 40875C24377F0000:error:80000002:system library:process_include:No such file or directory:../crypto/conf/conf_def.c:812:calling stat(/var/lib/crypto-config/profiles/current/openssl.conf.d)
[INFO] [stderr] 40875C24377F0000:error:80000002:system library:process_include:No such file or directory:../crypto/conf/conf_def.c:812:calling stat(/etc/ssl/openssl.conf.d)
[INFO] [stderr] Can't open "broker.req" for reading, No such file or directory
[INFO] [stderr] 4037CCF45F7D0000:error:80000002:system library:BIO_new_file:No such file or directory:../crypto/bio/bss_file.c:67:calling fopen(broker.req, rb)
[INFO] [stderr] 4037CCF45F7D0000:error:10000080:BIO routines:BIO_new_file:no such file:../crypto/bio/bss_file.c:75:
[INFO] [stderr] error: unable to load certificate request input from file 'broker.req'
[INFO] [stderr] ..+.+..+...+.+...+..+.........+.+.....+......+.......+...+............+.....+++++++++++++++++++++++++++++++++++++++++++++*.......+..+...+++++++++++++++++++++++++++++++++++++++++++++*..........+........+.......+..................+........+...+................+...+.....+.+..+...+.......+..............+...................+.....+.......+.....+..........+............+.................+................+...+......+......+...............+.........+...+..+......+.........................+...+......+.....+...+.+..+.......+...+...+.........+..........................+......+.+..+......+....+......+..+..........+...+++++
[INFO] [stderr] ...+...+..........+...+......+++++++++++++++++++++++++++++++++++++++++++++*..+...+...+..........+.....+....+..+...+.......+++++++++++++++++++++++++++++++++++++++++++++*...+.....+....+.................................+..+.........+.....................................+...+........................+..+......+.........+.+..+..................+...+....+......+.....+......................+..+...+...+......+.........+......+.+...............+..+.......+........+.......+..............+.......+...............+.....+...+.+........+.......+.....+....+.....+....+...+.........+...........+...+.........+.+.........+..+..........+......+...+..+.........+.........+...............+....+..+..........+.....+...+................+....................+.+.....+.+...............+..+......+....+...........+................+........+...+....+...+...+..................+............+..+.+..+...+++++
[INFO] [stderr] req: Can't open "backend.key" for writing, Read-only file system
[INFO] [stderr] 4017E9E3B4760000:error:80000002:system library:process_include:No such file or directory:../crypto/conf/conf_def.c:812:calling stat(/var/lib/crypto-config/profiles/current/openssl.conf.d)
[INFO] [stderr] 4017E9E3B4760000:error:80000002:system library:process_include:No such file or directory:../crypto/conf/conf_def.c:812:calling stat(/etc/ssl/openssl.conf.d)
[INFO] [stderr] Can't open "backend.req" for reading, No such file or directory
[INFO] [stderr] 403749C36C7B0000:error:80000002:system library:BIO_new_file:No such file or directory:../crypto/bio/bss_file.c:67:calling fopen(backend.req, rb)
[INFO] [stderr] 403749C36C7B0000:error:10000080:BIO routines:BIO_new_file:no such file:../crypto/bio/bss_file.c:75:
[INFO] [stderr] error: unable to load certificate request input from file 'backend.req'
[INFO] [stderr] .....+.+++++++++++++++++++++++++++++++++++++++++++++*..+.......+...+........+.......+..+.+........+.+.....+.+..+..........+..+.+........+++++++++++++++++++++++++++++++++++++++++++++*.....+...+.......+.....+...+......+....+.......................................+...+........+.......+.....+.........+.+..+++++
[INFO] [stderr] ...+........+++++++++++++++++++++++++++++++++++++++++++++*.......+...+............+...+++++++++++++++++++++++++++++++++++++++++++++*.........+.+..............+...+.........+.............+......+..+...+.......+.........+...........+....+........+.+......+...+..+.........+...............+.+.....+......+....+...+...+...............+.....+.......+..........................+.+...+...........+.......+.......................+.+.....+.+............+..+.+.....+....+.....+......+...................+........................+.....+.+.....+.+.........+......+..............+.+...+...........+.............+...+..+...............+.+......+......+.....+............................+...........+.+.....+.............+..+...............+...+.+.....+..................+.+.....+.......+........+...............+......+....+.........+.....+.......+...+......+..+............+.......+..............+....+.....+.......+..............+......+..........+...+..+....+....................+....+......+.....+......+...+..........+...+..+.......+...+......+.....+....+.......................+..........+..+............+...............+.............+.....+...+...+....+......+............+.................+.......+......+...+.........+...........+......+.........+....+..+.+..+.......+...+...+...............+...+..+....+...............+........+............+...+.......+......+.........+.....+...+.......+......+............+........+....+.........+..+...+.+...+.....+...+...+.........+......+.........+.+......+......+........+...................+....................+......+.+...........+.........+.........+..........+..+...+....+...+............+..................+...+..+....+.........+..+...+....+...+.........+.......................+..........+..+.+..+...+..........+...+..+.............+..+.......+...............+...+..............+.+..+......+.+...........+.........+................+............+..+...+.+.........+.....................+............+.........+.........+++++
[INFO] [stderr] req: Can't open "agent1.key" for writing, Read-only file system
[INFO] [stderr] 40F759D40E7C0000:error:80000002:system library:process_include:No such file or directory:../crypto/conf/conf_def.c:812:calling stat(/var/lib/crypto-config/profiles/current/openssl.conf.d)
[INFO] [stderr] 40F759D40E7C0000:error:80000002:system library:process_include:No such file or directory:../crypto/conf/conf_def.c:812:calling stat(/etc/ssl/openssl.conf.d)
[INFO] [stderr] Can't open "agent1.req" for reading, No such file or directory
[INFO] [stderr] 4077ACDF45720000:error:80000002:system library:BIO_new_file:No such file or directory:../crypto/bio/bss_file.c:67:calling fopen(agent1.req, rb)
[INFO] [stderr] 4077ACDF45720000:error:10000080:BIO routines:BIO_new_file:no such file:../crypto/bio/bss_file.c:75:
[INFO] [stderr] error: unable to load certificate request input from file 'agent1.req'
[INFO] [stderr] ..+.......+..+....+.........+++++++++++++++++++++++++++++++++++++++++++++*.+.......+..+.+...........+++++++++++++++++++++++++++++++++++++++++++++*...........................+........+.......+............+....................+.+..+......+.......+........+....+..+.+........+.........+.......+........+...+...+.+........+.+......+.......................+...+....+.....+..........+.....+.+............+.....+.+......+.....+......+.............+..+...+..........+...........+....+.....+....+..+...+...+++++
[INFO] [stderr] .........+...+.+..+...+....+...+++++++++++++++++++++++++++++++++++++++++++++*...+.........+.............+...+..+.......+...+.....+......+.+...+........+++++++++++++++++++++++++++++++++++++++++++++*......+..+...................+............+...+..+.......+..+...+...............+..........+..+......+....+.....+.............+..........................+.......+..+...+.........+.+..+.............+..+......+....+..+.........+......+.+........+........................+...+............+.+......+...+..+........................+................+...........+.........+......+....+...+..+......+...+..........+..+....+...+...+........+......+......+....+......+..+...+...+...............+.......+.....+....+...+..+.............+......+.....+.......+..+................+...........+..........+...+..+....+..+...........................+...+....+...+...+...+......+......+..............+.+...............+...........................+.....+.+......+.....+...+...+....+....................+.........+......+.........+....+..+.+............+...............+...+..+..........+...........+.+...+........+.......+......+.....+.+......+++++
[INFO] [stderr] req: Can't open "agent2.key" for writing, Read-only file system
[INFO] [stderr] 40B71E919E7A0000:error:80000002:system library:process_include:No such file or directory:../crypto/conf/conf_def.c:812:calling stat(/var/lib/crypto-config/profiles/current/openssl.conf.d)
[INFO] [stderr] 40B71E919E7A0000:error:80000002:system library:process_include:No such file or directory:../crypto/conf/conf_def.c:812:calling stat(/etc/ssl/openssl.conf.d)
[INFO] [stderr] Can't open "agent2.req" for reading, No such file or directory
[INFO] [stderr] 40A7CABCB17D0000:error:80000002:system library:BIO_new_file:No such file or directory:../crypto/bio/bss_file.c:67:calling fopen(agent2.req, rb)
[INFO] [stderr] 40A7CABCB17D0000:error:10000080:BIO routines:BIO_new_file:no such file:../crypto/bio/bss_file.c:75:
[INFO] [stderr] error: unable to load certificate request input from file 'agent2.req'
[INFO] [stdout] test tls::test::tls_client_server ... FAILED
[INFO] [stdout] 
[INFO] [stdout] failures:
[INFO] [stdout] 
[INFO] [stdout] ---- tls::test::tls_evil_server stdout ----
[INFO] [stdout] 
[INFO] [stdout] thread 'tls::test::tls_evil_server' (2985) panicked at rpc/src/tls/test.rs:119:6:
[INFO] [stdout] failed to create server tls config: ReadCert("tests/certs/ca.crt", Os { code: 2, kind: NotFound, message: "No such file or directory" })
[INFO] [stdout] stack backtrace:
[INFO] [stdout]    0:     0x58aa7d2029b1 - std[617be2ca0a6fd877]::backtrace_rs::backtrace::libunwind::trace
[INFO] [stdout]                                at /rustc/e3feeb59cd1bdd011a2bfcc0747b55125d9b8527/library/std/src/../../backtrace/src/backtrace/libunwind.rs:117:9
[INFO] [stdout]    1:     0x58aa7d2029b1 - std[617be2ca0a6fd877]::backtrace_rs::backtrace::trace_unsynchronized::<std[617be2ca0a6fd877]::sys::backtrace::_print_fmt::{closure#1}>
[INFO] [stdout]                                at /rustc/e3feeb59cd1bdd011a2bfcc0747b55125d9b8527/library/std/src/../../backtrace/src/backtrace/mod.rs:66:14
[INFO] [stdout]    2:     0x58aa7d2029b1 - std[617be2ca0a6fd877]::sys::backtrace::_print_fmt
[INFO] [stdout]                                at /rustc/e3feeb59cd1bdd011a2bfcc0747b55125d9b8527/library/std/src/sys/backtrace.rs:74:9
[INFO] [stdout]    3:     0x58aa7d2029b1 - <<std[617be2ca0a6fd877]::sys::backtrace::BacktraceLock>::print::DisplayBacktrace as core[a373ad73a504971]::fmt::Display>::fmt
[INFO] [stdout]                                at /rustc/e3feeb59cd1bdd011a2bfcc0747b55125d9b8527/library/std/src/sys/backtrace.rs:44:26
[INFO] [stdout]    4:     0x58aa7d2190fa - <core[a373ad73a504971]::fmt::rt::Argument>::fmt
[INFO] [stdout]                                at /rustc/e3feeb59cd1bdd011a2bfcc0747b55125d9b8527/library/core/src/fmt/rt.rs:152:76
[INFO] [stdout]    5:     0x58aa7d2190fa - core[a373ad73a504971]::fmt::write
[INFO] [stdout]    6:     0x58aa7d20729c - core[a373ad73a504971]::io::write::default_write_fmt::<alloc[2e1b2a31b91974c5]::vec::Vec<u8>>
[INFO] [stdout]                                at /rustc/e3feeb59cd1bdd011a2bfcc0747b55125d9b8527/library/core/src/io/write.rs:402:11
[INFO] [stdout]    7:     0x58aa7d20729c - <alloc[2e1b2a31b91974c5]::vec::Vec<u8> as core[a373ad73a504971]::io::write::Write>::write_fmt
[INFO] [stdout]                                at /rustc/e3feeb59cd1bdd011a2bfcc0747b55125d9b8527/library/core/src/io/write.rs:335:13
[INFO] [stdout]    8:     0x58aa7d1ddc26 - <std[617be2ca0a6fd877]::sys::backtrace::BacktraceLock>::print
[INFO] [stdout]                                at /rustc/e3feeb59cd1bdd011a2bfcc0747b55125d9b8527/library/std/src/sys/backtrace.rs:47:9
[INFO] [stdout]    9:     0x58aa7d1ddc26 - std[617be2ca0a6fd877]::panicking::default_hook::{closure#0}
[INFO] [stdout]                                at /rustc/e3feeb59cd1bdd011a2bfcc0747b55125d9b8527/library/std/src/panicking.rs:289:27
[INFO] [stdout]   10:     0x58aa7d1fa979 - std[617be2ca0a6fd877]::panicking::default_hook
[INFO] [stdout]                                at /rustc/e3feeb59cd1bdd011a2bfcc0747b55125d9b8527/library/std/src/panicking.rs:313:9
[INFO] [stdout]   11:     0x58aa7cd10220 - <alloc[2e1b2a31b91974c5]::boxed::Box<dyn for<'a, 'b> core[a373ad73a504971]::ops::function::Fn<(&'a std[617be2ca0a6fd877]::panic::PanicHookInfo<'b>,), Output = ()> + core[a373ad73a504971]::marker::Sync + core[a373ad73a504971]::marker::Send> as core[a373ad73a504971]::ops::function::Fn<(&std[617be2ca0a6fd877]::panic::PanicHookInfo,)>>::call
[INFO] [stdout]                                at /rustc/e3feeb59cd1bdd011a2bfcc0747b55125d9b8527/library/alloc/src/boxed.rs:2328:9
[INFO] [stdout]   12:     0x58aa7cd10220 - test[aada8e7e76ba119b]::test_main_inner::{closure#0}
[INFO] [stdout]                                at /rustc/e3feeb59cd1bdd011a2bfcc0747b55125d9b8527/library/test/src/lib.rs:137:21
[INFO] [stdout]   13:     0x58aa7d1faca2 - <alloc[2e1b2a31b91974c5]::boxed::Box<dyn for<'a, 'b> core[a373ad73a504971]::ops::function::Fn<(&'a std[617be2ca0a6fd877]::panic::PanicHookInfo<'b>,), Output = ()> + core[a373ad73a504971]::marker::Sync + core[a373ad73a504971]::marker::Send> as core[a373ad73a504971]::ops::function::Fn<(&std[617be2ca0a6fd877]::panic::PanicHookInfo,)>>::call
[INFO] [stdout]                                at /rustc/e3feeb59cd1bdd011a2bfcc0747b55125d9b8527/library/alloc/src/boxed.rs:2328:9
[INFO] [stdout]   14:     0x58aa7d1faca2 - std[617be2ca0a6fd877]::panicking::panic_with_hook
[INFO] [stdout]                                at /rustc/e3feeb59cd1bdd011a2bfcc0747b55125d9b8527/library/std/src/panicking.rs:819:13
[INFO] [stdout]   15:     0x58aa7d1ddcd2 - std[617be2ca0a6fd877]::panicking::panic_handler::{closure#0}
[INFO] [stdout]                                at /rustc/e3feeb59cd1bdd011a2bfcc0747b55125d9b8527/library/std/src/panicking.rs:685:13
[INFO] [stdout]   16:     0x58aa7d1d6779 - std[617be2ca0a6fd877]::sys::backtrace::__rust_end_short_backtrace::<std[617be2ca0a6fd877]::panicking::panic_handler::{closure#0}, !>
[INFO] [stdout]                                at /rustc/e3feeb59cd1bdd011a2bfcc0747b55125d9b8527/library/std/src/sys/backtrace.rs:182:18
[INFO] [stdout]   17:     0x58aa7d1de8dd - __rustc[ea4f61d10b84890b]::rust_begin_unwind
[INFO] [stdout]                                at /rustc/e3feeb59cd1bdd011a2bfcc0747b55125d9b8527/library/std/src/panicking.rs:676:5
[INFO] [stdout]   18:     0x58aa7d2199cc - core[a373ad73a504971]::panicking::panic_fmt
[INFO] [stdout]                                at /rustc/e3feeb59cd1bdd011a2bfcc0747b55125d9b8527/library/core/src/panicking.rs:80:14
[INFO] [stdout]   19:     0x58aa7d2196f2 - core[a373ad73a504971]::result::unwrap_failed
[INFO] [stdout]                                at /rustc/e3feeb59cd1bdd011a2bfcc0747b55125d9b8527/library/core/src/result.rs:1870:5
[INFO] [stdout]   20:     0x58aa7ca7ab0a - <core[a373ad73a504971]::result::Result<alloc[2e1b2a31b91974c5]::sync::Arc<rustls[ead625352388d8e2]::server::server_conn::ServerConfig>, rpc[98a467d049106111]::error::Error>>::expect
[INFO] [stdout]                                at /rustc/e3feeb59cd1bdd011a2bfcc0747b55125d9b8527/library/core/src/result.rs:1184:23
[INFO] [stdout]   21:     0x58aa7ca2305d - rpc[98a467d049106111]::tls::test::tls_client_server_test::{closure#0}
[INFO] [stdout]                                at /opt/rustwide/workdir/rpc/src/tls/test.rs:119:6
[INFO] [stdout]   22:     0x58aa7ca25097 - rpc[98a467d049106111]::tls::test::tls_evil_server::{closure#0}
[INFO] [stdout]                                at /opt/rustwide/workdir/rpc/src/tls/test.rs:70:6
[INFO] [stdout]   23:     0x58aa7ca5b892 - <core[a373ad73a504971]::pin::Pin<&mut dyn core[a373ad73a504971]::future::future::Future<Output = ()>> as core[a373ad73a504971]::future::future::Future>::poll
[INFO] [stdout]                                at /rustc/e3feeb59cd1bdd011a2bfcc0747b55125d9b8527/library/core/src/future/future.rs:133:9
[INFO] [stdout]   24:     0x58aa7ca5b90d - <core[a373ad73a504971]::pin::Pin<&mut core[a373ad73a504971]::pin::Pin<&mut dyn core[a373ad73a504971]::future::future::Future<Output = ()>>> as core[a373ad73a504971]::future::future::Future>::poll
[INFO] [stdout]                                at /rustc/e3feeb59cd1bdd011a2bfcc0747b55125d9b8527/library/core/src/future/future.rs:133:9
[INFO] [stdout]   25:     0x58aa7ca4cf4d - <tokio[a4f2aa2741b75436]::runtime::scheduler::current_thread::CoreGuard>::block_on::<core[a373ad73a504971]::pin::Pin<&mut core[a373ad73a504971]::pin::Pin<&mut dyn core[a373ad73a504971]::future::future::Future<Output = ()>>>>::{closure#0}::{closure#0}::{closure#0}
[INFO] [stdout]                                at /opt/rustwide/cargo-home/registry/src/index.crates.io-1949cf8c6b5b557f/tokio-1.43.0/src/runtime/scheduler/current_thread/mod.rs:729:73
[INFO] [stdout]   26:     0x58aa7ca4ce75 - tokio[a4f2aa2741b75436]::runtime::coop::with_budget::<core[a373ad73a504971]::task::poll::Poll<()>, <tokio[a4f2aa2741b75436]::runtime::scheduler::current_thread::CoreGuard>::block_on<core[a373ad73a504971]::pin::Pin<&mut core[a373ad73a504971]::pin::Pin<&mut dyn core[a373ad73a504971]::future::future::Future<Output = ()>>>>::{closure#0}::{closure#0}::{closure#0}>
[INFO] [stdout]                                at /opt/rustwide/cargo-home/registry/src/index.crates.io-1949cf8c6b5b557f/tokio-1.43.0/src/runtime/coop.rs:107:5
[INFO] [stdout]   27:     0x58aa7ca4ce75 - tokio[a4f2aa2741b75436]::runtime::coop::budget::<core[a373ad73a504971]::task::poll::Poll<()>, <tokio[a4f2aa2741b75436]::runtime::scheduler::current_thread::CoreGuard>::block_on<core[a373ad73a504971]::pin::Pin<&mut core[a373ad73a504971]::pin::Pin<&mut dyn core[a373ad73a504971]::future::future::Future<Output = ()>>>>::{closure#0}::{closure#0}::{closure#0}>
[INFO] [stdout]                                at /opt/rustwide/cargo-home/registry/src/index.crates.io-1949cf8c6b5b557f/tokio-1.43.0/src/runtime/coop.rs:73:5
[INFO] [stdout]   28:     0x58aa7ca4ce75 - <tokio[a4f2aa2741b75436]::runtime::scheduler::current_thread::CoreGuard>::block_on::<core[a373ad73a504971]::pin::Pin<&mut core[a373ad73a504971]::pin::Pin<&mut dyn core[a373ad73a504971]::future::future::Future<Output = ()>>>>::{closure#0}::{closure#0}
[INFO] [stdout]                                at /opt/rustwide/cargo-home/registry/src/index.crates.io-1949cf8c6b5b557f/tokio-1.43.0/src/runtime/scheduler/current_thread/mod.rs:729:25
[INFO] [stdout]   29:     0x58aa7ca43792 - <tokio[a4f2aa2741b75436]::runtime::scheduler::current_thread::Context>::enter::<core[a373ad73a504971]::task::poll::Poll<()>, <tokio[a4f2aa2741b75436]::runtime::scheduler::current_thread::CoreGuard>::block_on<core[a373ad73a504971]::pin::Pin<&mut core[a373ad73a504971]::pin::Pin<&mut dyn core[a373ad73a504971]::future::future::Future<Output = ()>>>>::{closure#0}::{closure#0}>
[INFO] [stdout]                                at /opt/rustwide/cargo-home/registry/src/index.crates.io-1949cf8c6b5b557f/tokio-1.43.0/src/runtime/scheduler/current_thread/mod.rs:428:19
[INFO] [stdout]   30:     0x58aa7ca4be40 - <tokio[a4f2aa2741b75436]::runtime::scheduler::current_thread::CoreGuard>::block_on::<core[a373ad73a504971]::pin::Pin<&mut core[a373ad73a504971]::pin::Pin<&mut dyn core[a373ad73a504971]::future::future::Future<Output = ()>>>>::{closure#0}
[INFO] [stdout]                                at /opt/rustwide/cargo-home/registry/src/index.crates.io-1949cf8c6b5b557f/tokio-1.43.0/src/runtime/scheduler/current_thread/mod.rs:728:44
[INFO] [stdout]   31:     0x58aa7ca4b124 - <tokio[a4f2aa2741b75436]::runtime::scheduler::current_thread::CoreGuard>::enter::<<tokio[a4f2aa2741b75436]::runtime::scheduler::current_thread::CoreGuard>::block_on<core[a373ad73a504971]::pin::Pin<&mut core[a373ad73a504971]::pin::Pin<&mut dyn core[a373ad73a504971]::future::future::Future<Output = ()>>>>::{closure#0}, core[a373ad73a504971]::option::Option<()>>::{closure#0}
[INFO] [stdout]                                at /opt/rustwide/cargo-home/registry/src/index.crates.io-1949cf8c6b5b557f/tokio-1.43.0/src/runtime/scheduler/current_thread/mod.rs:807:68
[INFO] [stdout]   32:     0x58aa7ca2854b - <tokio[a4f2aa2741b75436]::runtime::context::scoped::Scoped<tokio[a4f2aa2741b75436]::runtime::scheduler::Context>>::set::<<tokio[a4f2aa2741b75436]::runtime::scheduler::current_thread::CoreGuard>::enter<<tokio[a4f2aa2741b75436]::runtime::scheduler::current_thread::CoreGuard>::block_on<core[a373ad73a504971]::pin::Pin<&mut core[a373ad73a504971]::pin::Pin<&mut dyn core[a373ad73a504971]::future::future::Future<Output = ()>>>>::{closure#0}, core[a373ad73a504971]::option::Option<()>>::{closure#0}, (alloc[2e1b2a31b91974c5]::boxed::Box<tokio[a4f2aa2741b75436]::runtime::scheduler::current_thread::Core>, core[a373ad73a504971]::option::Option<()>)>
[INFO] [stdout]                                at /opt/rustwide/cargo-home/registry/src/index.crates.io-1949cf8c6b5b557f/tokio-1.43.0/src/runtime/context/scoped.rs:40:9
[INFO] [stdout]   33:     0x58aa7ca4ca99 - tokio[a4f2aa2741b75436]::runtime::context::set_scheduler::<(alloc[2e1b2a31b91974c5]::boxed::Box<tokio[a4f2aa2741b75436]::runtime::scheduler::current_thread::Core>, core[a373ad73a504971]::option::Option<()>), <tokio[a4f2aa2741b75436]::runtime::scheduler::current_thread::CoreGuard>::enter<<tokio[a4f2aa2741b75436]::runtime::scheduler::current_thread::CoreGuard>::block_on<core[a373ad73a504971]::pin::Pin<&mut core[a373ad73a504971]::pin::Pin<&mut dyn core[a373ad73a504971]::future::future::Future<Output = ()>>>>::{closure#0}, core[a373ad73a504971]::option::Option<()>>::{closure#0}>::{closure#0}
[INFO] [stdout]                                at /opt/rustwide/cargo-home/registry/src/index.crates.io-1949cf8c6b5b557f/tokio-1.43.0/src/runtime/context.rs:180:38
[INFO] [stdout]   34:     0x58aa7ca942ef - <std[617be2ca0a6fd877]::thread::local::LocalKey<tokio[a4f2aa2741b75436]::runtime::context::Context>>::try_with::<tokio[a4f2aa2741b75436]::runtime::context::set_scheduler<(alloc[2e1b2a31b91974c5]::boxed::Box<tokio[a4f2aa2741b75436]::runtime::scheduler::current_thread::Core>, core[a373ad73a504971]::option::Option<()>), <tokio[a4f2aa2741b75436]::runtime::scheduler::current_thread::CoreGuard>::enter<<tokio[a4f2aa2741b75436]::runtime::scheduler::current_thread::CoreGuard>::block_on<core[a373ad73a504971]::pin::Pin<&mut core[a373ad73a504971]::pin::Pin<&mut dyn core[a373ad73a504971]::future::future::Future<Output = ()>>>>::{closure#0}, core[a373ad73a504971]::option::Option<()>>::{closure#0}>::{closure#0}, (alloc[2e1b2a31b91974c5]::boxed::Box<tokio[a4f2aa2741b75436]::runtime::scheduler::current_thread::Core>, core[a373ad73a504971]::option::Option<()>)>
[INFO] [stdout]                                at /rustc/e3feeb59cd1bdd011a2bfcc0747b55125d9b8527/library/std/src/thread/local.rs:463:12
[INFO] [stdout]   35:     0x58aa7ca93e9e - <std[617be2ca0a6fd877]::thread::local::LocalKey<tokio[a4f2aa2741b75436]::runtime::context::Context>>::with::<tokio[a4f2aa2741b75436]::runtime::context::set_scheduler<(alloc[2e1b2a31b91974c5]::boxed::Box<tokio[a4f2aa2741b75436]::runtime::scheduler::current_thread::Core>, core[a373ad73a504971]::option::Option<()>), <tokio[a4f2aa2741b75436]::runtime::scheduler::current_thread::CoreGuard>::enter<<tokio[a4f2aa2741b75436]::runtime::scheduler::current_thread::CoreGuard>::block_on<core[a373ad73a504971]::pin::Pin<&mut core[a373ad73a504971]::pin::Pin<&mut dyn core[a373ad73a504971]::future::future::Future<Output = ()>>>>::{closure#0}, core[a373ad73a504971]::option::Option<()>>::{closure#0}>::{closure#0}, (alloc[2e1b2a31b91974c5]::boxed::Box<tokio[a4f2aa2741b75436]::runtime::scheduler::current_thread::Core>, core[a373ad73a504971]::option::Option<()>)>
[INFO] [stdout]                                at /rustc/e3feeb59cd1bdd011a2bfcc0747b55125d9b8527/library/std/src/thread/local.rs:427:20
[INFO] [stdout]   36:     0x58aa7ca491bd - tokio[a4f2aa2741b75436]::runtime::context::set_scheduler::<(alloc[2e1b2a31b91974c5]::boxed::Box<tokio[a4f2aa2741b75436]::runtime::scheduler::current_thread::Core>, core[a373ad73a504971]::option::Option<()>), <tokio[a4f2aa2741b75436]::runtime::scheduler::current_thread::CoreGuard>::enter<<tokio[a4f2aa2741b75436]::runtime::scheduler::current_thread::CoreGuard>::block_on<core[a373ad73a504971]::pin::Pin<&mut core[a373ad73a504971]::pin::Pin<&mut dyn core[a373ad73a504971]::future::future::Future<Output = ()>>>>::{closure#0}, core[a373ad73a504971]::option::Option<()>>::{closure#0}>
[INFO] [stdout]                                at /opt/rustwide/cargo-home/registry/src/index.crates.io-1949cf8c6b5b557f/tokio-1.43.0/src/runtime/context.rs:180:17
[INFO] [stdout]   37:     0x58aa7ca47c90 - <tokio[a4f2aa2741b75436]::runtime::scheduler::current_thread::CoreGuard>::enter::<<tokio[a4f2aa2741b75436]::runtime::scheduler::current_thread::CoreGuard>::block_on<core[a373ad73a504971]::pin::Pin<&mut core[a373ad73a504971]::pin::Pin<&mut dyn core[a373ad73a504971]::future::future::Future<Output = ()>>>>::{closure#0}, core[a373ad73a504971]::option::Option<()>>
[INFO] [stdout]                                at /opt/rustwide/cargo-home/registry/src/index.crates.io-1949cf8c6b5b557f/tokio-1.43.0/src/runtime/scheduler/current_thread/mod.rs:807:27
[INFO] [stdout]   38:     0x58aa7ca47f86 - <tokio[a4f2aa2741b75436]::runtime::scheduler::current_thread::CoreGuard>::block_on::<core[a373ad73a504971]::pin::Pin<&mut core[a373ad73a504971]::pin::Pin<&mut dyn core[a373ad73a504971]::future::future::Future<Output = ()>>>>
[INFO] [stdout]                                at /opt/rustwide/cargo-home/registry/src/index.crates.io-1949cf8c6b5b557f/tokio-1.43.0/src/runtime/scheduler/current_thread/mod.rs:716:24
[INFO] [stdout]   39:     0x58aa7ca4abb3 - <tokio[a4f2aa2741b75436]::runtime::scheduler::current_thread::CurrentThread>::block_on::<core[a373ad73a504971]::pin::Pin<&mut dyn core[a373ad73a504971]::future::future::Future<Output = ()>>>::{closure#0}
[INFO] [stdout]                                at /opt/rustwide/cargo-home/registry/src/index.crates.io-1949cf8c6b5b557f/tokio-1.43.0/src/runtime/scheduler/current_thread/mod.rs:196:33
[INFO] [stdout]   40:     0x58aa7ca545f8 - tokio[a4f2aa2741b75436]::runtime::context::runtime::enter_runtime::<<tokio[a4f2aa2741b75436]::runtime::scheduler::current_thread::CurrentThread>::block_on<core[a373ad73a504971]::pin::Pin<&mut dyn core[a373ad73a504971]::future::future::Future<Output = ()>>>::{closure#0}, ()>
[INFO] [stdout]                                at /opt/rustwide/cargo-home/registry/src/index.crates.io-1949cf8c6b5b557f/tokio-1.43.0/src/runtime/context/runtime.rs:65:16
[INFO] [stdout]   41:     0x58aa7ca43194 - <tokio[a4f2aa2741b75436]::runtime::scheduler::current_thread::CurrentThread>::block_on::<core[a373ad73a504971]::pin::Pin<&mut dyn core[a373ad73a504971]::future::future::Future<Output = ()>>>
[INFO] [stdout]                                at /opt/rustwide/cargo-home/registry/src/index.crates.io-1949cf8c6b5b557f/tokio-1.43.0/src/runtime/scheduler/current_thread/mod.rs:184:9
[INFO] [stdout]   42:     0x58aa7caa06df - <tokio[a4f2aa2741b75436]::runtime::runtime::Runtime>::block_on_inner::<core[a373ad73a504971]::pin::Pin<&mut dyn core[a373ad73a504971]::future::future::Future<Output = ()>>>
[INFO] [stdout]                                at /opt/rustwide/cargo-home/registry/src/index.crates.io-1949cf8c6b5b557f/tokio-1.43.0/src/runtime/runtime.rs:368:52
[INFO] [stdout]   43:     0x58aa7caa0826 - <tokio[a4f2aa2741b75436]::runtime::runtime::Runtime>::block_on::<core[a373ad73a504971]::pin::Pin<&mut dyn core[a373ad73a504971]::future::future::Future<Output = ()>>>
[INFO] [stdout]                                at /opt/rustwide/cargo-home/registry/src/index.crates.io-1949cf8c6b5b557f/tokio-1.43.0/src/runtime/runtime.rs:342:18
[INFO] [stdout]   44:     0x58aa7ca271f1 - rpc[98a467d049106111]::tls::test::tls_evil_server
[INFO] [stdout]                                at /opt/rustwide/workdir/rpc/src/tls/test.rs:71:76
[INFO] [stdout]   45:     0x58aa7ca22277 - rpc[98a467d049106111]::tls::test::tls_evil_server::{closure#0}
[INFO] [stdout]                                at /opt/rustwide/workdir/rpc/src/tls/test.rs:61:27
[INFO] [stdout]   46:     0x58aa7c9f9716 - <rpc[98a467d049106111]::tls::test::tls_evil_server::{closure#0} as core[a373ad73a504971]::ops::function::FnOnce<()>>::call_once
[INFO] [stdout]                                at /rustc/e3feeb59cd1bdd011a2bfcc0747b55125d9b8527/library/core/src/ops/function.rs:250:5
[INFO] [stdout]   47:     0x58aa7cd0366b - <fn() -> core[a373ad73a504971]::result::Result<(), alloc[2e1b2a31b91974c5]::string::String> as core[a373ad73a504971]::ops::function::FnOnce<()>>::call_once
[INFO] [stdout]                                at /rustc/e3feeb59cd1bdd011a2bfcc0747b55125d9b8527/library/core/src/ops/function.rs:250:5
[INFO] [stdout]   48:     0x58aa7cd0366b - test[aada8e7e76ba119b]::__rust_begin_short_backtrace::<core[a373ad73a504971]::result::Result<(), alloc[2e1b2a31b91974c5]::string::String>, fn() -> core[a373ad73a504971]::result::Result<(), alloc[2e1b2a31b91974c5]::string::String>>
[INFO] [stdout]                                at /rustc/e3feeb59cd1bdd011a2bfcc0747b55125d9b8527/library/test/src/lib.rs:701:18
[INFO] [stdout]   49:     0x58aa7cd10845 - test[aada8e7e76ba119b]::run_test_in_process::{closure#0}
[INFO] [stdout]                                at /rustc/e3feeb59cd1bdd011a2bfcc0747b55125d9b8527/library/test/src/lib.rs:724:74
[INFO] [stdout]   50:     0x58aa7cd10845 - <core[a373ad73a504971]::panic::unwind_safe::AssertUnwindSafe<test[aada8e7e76ba119b]::run_test_in_process::{closure#0}> as core[a373ad73a504971]::ops::function::FnOnce<()>>::call_once
[INFO] [stdout]                                at /rustc/e3feeb59cd1bdd011a2bfcc0747b55125d9b8527/library/core/src/panic/unwind_safe.rs:275:9
[INFO] [stdout]   51:     0x58aa7cd10845 - std[617be2ca0a6fd877]::panicking::catch_unwind::do_call::<core[a373ad73a504971]::panic::unwind_safe::AssertUnwindSafe<test[aada8e7e76ba119b]::run_test_in_process::{closure#0}>, core[a373ad73a504971]::result::Result<(), alloc[2e1b2a31b91974c5]::string::String>>
[INFO] [stdout]                                at /rustc/e3feeb59cd1bdd011a2bfcc0747b55125d9b8527/library/std/src/panicking.rs:573:43
[INFO] [stdout]   52:     0x58aa7cd10845 - std[617be2ca0a6fd877]::panicking::catch_unwind::<core[a373ad73a504971]::result::Result<(), alloc[2e1b2a31b91974c5]::string::String>, core[a373ad73a504971]::panic::unwind_safe::AssertUnwindSafe<test[aada8e7e76ba119b]::run_test_in_process::{closure#0}>>
[INFO] [stdout]                                at /rustc/e3feeb59cd1bdd011a2bfcc0747b55125d9b8527/library/std/src/panicking.rs:541:19
[INFO] [stdout]   53:     0x58aa7cd10845 - std[617be2ca0a6fd877]::panic::catch_unwind::<core[a373ad73a504971]::panic::unwind_safe::AssertUnwindSafe<test[aada8e7e76ba119b]::run_test_in_process::{closure#0}>, core[a373ad73a504971]::result::Result<(), alloc[2e1b2a31b91974c5]::string::String>>
[INFO] [stdout]                                at /rustc/e3feeb59cd1bdd011a2bfcc0747b55125d9b8527/library/std/src/panic.rs:359:14
[INFO] [stdout]   54:     0x58aa7cd10845 - test[aada8e7e76ba119b]::run_test_in_process
[INFO] [stdout]                                at /rustc/e3feeb59cd1bdd011a2bfcc0747b55125d9b8527/library/test/src/lib.rs:724:27
[INFO] [stdout]   55:     0x58aa7cd10845 - test[aada8e7e76ba119b]::run_test::{closure#0}
[INFO] [stdout]                                at /rustc/e3feeb59cd1bdd011a2bfcc0747b55125d9b8527/library/test/src/lib.rs:645:43
[INFO] [stdout]   56:     0x58aa7cd0a134 - test[aada8e7e76ba119b]::run_test::{closure#1}
[INFO] [stdout]                                at /rustc/e3feeb59cd1bdd011a2bfcc0747b55125d9b8527/library/test/src/lib.rs:675:41
[INFO] [stdout]   57:     0x58aa7cd0a134 - std[617be2ca0a6fd877]::sys::backtrace::__rust_begin_short_backtrace::<test[aada8e7e76ba119b]::run_test::{closure#1}, ()>
[INFO] [stdout]                                at /rustc/e3feeb59cd1bdd011a2bfcc0747b55125d9b8527/library/std/src/sys/backtrace.rs:166:18
[INFO] [stdout]   58:     0x58aa7cd138d2 - std[617be2ca0a6fd877]::thread::lifecycle::spawn_unchecked::<test[aada8e7e76ba119b]::run_test::{closure#1}, ()>::{closure#1}::{closure#0}
[INFO] [stdout]                                at /rustc/e3feeb59cd1bdd011a2bfcc0747b55125d9b8527/library/std/src/thread/lifecycle.rs:70:13
[INFO] [stdout]   59:     0x58aa7cd138d2 - <core[a373ad73a504971]::panic::unwind_safe::AssertUnwindSafe<std[617be2ca0a6fd877]::thread::lifecycle::spawn_unchecked<test[aada8e7e76ba119b]::run_test::{closure#1}, ()>::{closure#1}::{closure#0}> as core[a373ad73a504971]::ops::function::FnOnce<()>>::call_once
[INFO] [stdout]                                at /rustc/e3feeb59cd1bdd011a2bfcc0747b55125d9b8527/library/core/src/panic/unwind_safe.rs:275:9
[INFO] [stdout]   60:     0x58aa7cd138d2 - std[617be2ca0a6fd877]::panicking::catch_unwind::do_call::<core[a373ad73a504971]::panic::unwind_safe::AssertUnwindSafe<std[617be2ca0a6fd877]::thread::lifecycle::spawn_unchecked<test[aada8e7e76ba119b]::run_test::{closure#1}, ()>::{closure#1}::{closure#0}>, ()>
[INFO] [stdout]                                at /rustc/e3feeb59cd1bdd011a2bfcc0747b55125d9b8527/library/std/src/panicking.rs:573:43
[INFO] [stdout]   61:     0x58aa7cd138d2 - std[617be2ca0a6fd877]::panicking::catch_unwind::<(), core[a373ad73a504971]::panic::unwind_safe::AssertUnwindSafe<std[617be2ca0a6fd877]::thread::lifecycle::spawn_unchecked<test[aada8e7e76ba119b]::run_test::{closure#1}, ()>::{closure#1}::{closure#0}>>
[INFO] [stdout]                                at /rustc/e3feeb59cd1bdd011a2bfcc0747b55125d9b8527/library/std/src/panicking.rs:541:19
[INFO] [stdout]   62:     0x58aa7cd138d2 - std[617be2ca0a6fd877]::panic::catch_unwind::<core[a373ad73a504971]::panic::unwind_safe::AssertUnwindSafe<std[617be2ca0a6fd877]::thread::lifecycle::spawn_unchecked<test[aada8e7e76ba119b]::run_test::{closure#1}, ()>::{closure#1}::{closure#0}>, ()>
[INFO] [stdout]                                at /rustc/e3feeb59cd1bdd011a2bfcc0747b55125d9b8527/library/std/src/panic.rs:359:14
[INFO] [stdout]   63:     0x58aa7cd138d2 - std[617be2ca0a6fd877]::thread::lifecycle::spawn_unchecked::<test[aada8e7e76ba119b]::run_test::{closure#1}, ()>::{closure#1}
[INFO] [stdout]                                at /rustc/e3feeb59cd1bdd011a2bfcc0747b55125d9b8527/library/std/src/thread/lifecycle.rs:68:26
[INFO] [stdout]   64:     0x58aa7cd138d2 - <std[617be2ca0a6fd877]::thread::lifecycle::spawn_unchecked<test[aada8e7e76ba119b]::run_test::{closure#1}, ()>::{closure#1} as core[a373ad73a504971]::ops::function::FnOnce<()>>::call_once::{shim:vtable#0}
[INFO] [stdout]                                at /rustc/e3feeb59cd1bdd011a2bfcc0747b55125d9b8527/library/core/src/ops/function.rs:250:5
[INFO] [stdout]   65:     0x58aa7d201eef - <alloc[2e1b2a31b91974c5]::boxed::Box<dyn core[a373ad73a504971]::ops::function::FnOnce<(), Output = ()> + core[a373ad73a504971]::marker::Send> as core[a373ad73a504971]::ops::function::FnOnce<()>>::call_once
[INFO] [stdout]                                at /rustc/e3feeb59cd1bdd011a2bfcc0747b55125d9b8527/library/alloc/src/boxed.rs:2314:9
[INFO] [stdout]   66:     0x58aa7d201eef - <std[617be2ca0a6fd877]::sys::thread::unix::Thread>::new::thread_start
[INFO] [stdout]                                at /rustc/e3feeb59cd1bdd011a2bfcc0747b55125d9b8527/library/std/src/sys/thread/unix.rs:127:17
[INFO] [stdout]   67:     0x7aa4255a5dfa - <unknown>
[INFO] [stdout]   68:     0x7aa4256393d4 - clone
[INFO] [stdout]   69:                0x0 - <unknown>
[INFO] [stdout] 
[INFO] [stdout] ---- tls::test::tls_evil_client stdout ----
[INFO] [stdout] 
[INFO] [stdout] thread 'tls::test::tls_evil_client' (2984) panicked at rpc/src/tls/test.rs:119:6:
[INFO] [stdout] failed to create server tls config: ReadCert("tests/certs/ca.crt", Os { code: 2, kind: NotFound, message: "No such file or directory" })
[INFO] [stdout] stack backtrace:
[INFO] [stdout]    0:     0x58aa7d2029b1 - std[617be2ca0a6fd877]::backtrace_rs::backtrace::libunwind::trace
[INFO] [stdout]                                at /rustc/e3feeb59cd1bdd011a2bfcc0747b55125d9b8527/library/std/src/../../backtrace/src/backtrace/libunwind.rs:117:9
[INFO] [stdout]    1:     0x58aa7d2029b1 - std[617be2ca0a6fd877]::backtrace_rs::backtrace::trace_unsynchronized::<std[617be2ca0a6fd877]::sys::backtrace::_print_fmt::{closure#1}>
[INFO] [stdout]                                at /rustc/e3feeb59cd1bdd011a2bfcc0747b55125d9b8527/library/std/src/../../backtrace/src/backtrace/mod.rs:66:14
[INFO] [stdout]    2:     0x58aa7d2029b1 - std[617be2ca0a6fd877]::sys::backtrace::_print_fmt
[INFO] [stdout]                                at /rustc/e3feeb59cd1bdd011a2bfcc0747b55125d9b8527/library/std/src/sys/backtrace.rs:74:9
[INFO] [stdout]    3:     0x58aa7d2029b1 - <<std[617be2ca0a6fd877]::sys::backtrace::BacktraceLock>::print::DisplayBacktrace as core[a373ad73a504971]::fmt::Display>::fmt
[INFO] [stdout]                                at /rustc/e3feeb59cd1bdd011a2bfcc0747b55125d9b8527/library/std/src/sys/backtrace.rs:44:26
[INFO] [stdout]    4:     0x58aa7d2190fa - <core[a373ad73a504971]::fmt::rt::Argument>::fmt
[INFO] [stdout]                                at /rustc/e3feeb59cd1bdd011a2bfcc0747b55125d9b8527/library/core/src/fmt/rt.rs:152:76
[INFO] [stdout]    5:     0x58aa7d2190fa - core[a373ad73a504971]::fmt::write
[INFO] [stdout]    6:     0x58aa7d20729c - core[a373ad73a504971]::io::write::default_write_fmt::<alloc[2e1b2a31b91974c5]::vec::Vec<u8>>
[INFO] [stdout]                                at /rustc/e3feeb59cd1bdd011a2bfcc0747b55125d9b8527/library/core/src/io/write.rs:402:11
[INFO] [stdout]    7:     0x58aa7d20729c - <alloc[2e1b2a31b91974c5]::vec::Vec<u8> as core[a373ad73a504971]::io::write::Write>::write_fmt
[INFO] [stdout]                                at /rustc/e3feeb59cd1bdd011a2bfcc0747b55125d9b8527/library/core/src/io/write.rs:335:13
[INFO] [stdout]    8:     0x58aa7d1ddc26 - <std[617be2ca0a6fd877]::sys::backtrace::BacktraceLock>::print
[INFO] [stdout]                                at /rustc/e3feeb59cd1bdd011a2bfcc0747b55125d9b8527/library/std/src/sys/backtrace.rs:47:9
[INFO] [stdout]    9:     0x58aa7d1ddc26 - std[617be2ca0a6fd877]::panicking::default_hook::{closure#0}
[INFO] [stdout]                                at /rustc/e3feeb59cd1bdd011a2bfcc0747b55125d9b8527/library/std/src/panicking.rs:289:27
[INFO] [stdout]   10:     0x58aa7d1fa979 - std[617be2ca0a6fd877]::panicking::default_hook
[INFO] [stdout]                                at /rustc/e3feeb59cd1bdd011a2bfcc0747b55125d9b8527/library/std/src/panicking.rs:313:9
[INFO] [stdout]   11:     0x58aa7cd10220 - <alloc[2e1b2a31b91974c5]::boxed::Box<dyn for<'a, 'b> core[a373ad73a504971]::ops::function::Fn<(&'a std[617be2ca0a6fd877]::panic::PanicHookInfo<'b>,), Output = ()> + core[a373ad73a504971]::marker::Sync + core[a373ad73a504971]::marker::Send> as core[a373ad73a504971]::ops::function::Fn<(&std[617be2ca0a6fd877]::panic::PanicHookInfo,)>>::call
[INFO] [stdout]                                at /rustc/e3feeb59cd1bdd011a2bfcc0747b55125d9b8527/library/alloc/src/boxed.rs:2328:9
[INFO] [stdout]   12:     0x58aa7cd10220 - test[aada8e7e76ba119b]::test_main_inner::{closure#0}
[INFO] [stdout]                                at /rustc/e3feeb59cd1bdd011a2bfcc0747b55125d9b8527/library/test/src/lib.rs:137:21
[INFO] [stdout]   13:     0x58aa7d1faca2 - <alloc[2e1b2a31b91974c5]::boxed::Box<dyn for<'a, 'b> core[a373ad73a504971]::ops::function::Fn<(&'a std[617be2ca0a6fd877]::panic::PanicHookInfo<'b>,), Output = ()> + core[a373ad73a504971]::marker::Sync + core[a373ad73a504971]::marker::Send> as core[a373ad73a504971]::ops::function::Fn<(&std[617be2ca0a6fd877]::panic::PanicHookInfo,)>>::call
[INFO] [stdout]                                at /rustc/e3feeb59cd1bdd011a2bfcc0747b55125d9b8527/library/alloc/src/boxed.rs:2328:9
[INFO] [stdout]   14:     0x58aa7d1faca2 - std[617be2ca0a6fd877]::panicking::panic_with_hook
[INFO] [stdout]                                at /rustc/e3feeb59cd1bdd011a2bfcc0747b55125d9b8527/library/std/src/panicking.rs:819:13
[INFO] [stdout]   15:     0x58aa7d1ddcd2 - std[617be2ca0a6fd877]::panicking::panic_handler::{closure#0}
[INFO] [stdout]                                at /rustc/e3feeb59cd1bdd011a2bfcc0747b55125d9b8527/library/std/src/panicking.rs:685:13
[INFO] [stdout]   16:     0x58aa7d1d6779 - std[617be2ca0a6fd877]::sys::backtrace::__rust_end_short_backtrace::<std[617be2ca0a6fd877]::panicking::panic_handler::{closure#0}, !>
[INFO] [stdout]                                at /rustc/e3feeb59cd1bdd011a2bfcc0747b55125d9b8527/library/std/src/sys/backtrace.rs:182:18
[INFO] [stdout]   17:     0x58aa7d1de8dd - __rustc[ea4f61d10b84890b]::rust_begin_unwind
[INFO] [stdout]                                at /rustc/e3feeb59cd1bdd011a2bfcc0747b55125d9b8527/library/std/src/panicking.rs:676:5
[INFO] [stdout]   18:     0x58aa7d2199cc - core[a373ad73a504971]::panicking::panic_fmt
[INFO] [stdout]                                at /rustc/e3feeb59cd1bdd011a2bfcc0747b55125d9b8527/library/core/src/panicking.rs:80:14
[INFO] [stdout]   19:     0x58aa7d2196f2 - core[a373ad73a504971]::result::unwrap_failed
[INFO] [stdout]                                at /rustc/e3feeb59cd1bdd011a2bfcc0747b55125d9b8527/library/core/src/result.rs:1870:5
[INFO] [stdout]   20:     0x58aa7ca7ab0a - <core[a373ad73a504971]::result::Result<alloc[2e1b2a31b91974c5]::sync::Arc<rustls[ead625352388d8e2]::server::server_conn::ServerConfig>, rpc[98a467d049106111]::error::Error>>::expect
[INFO] [stdout]                                at /rustc/e3feeb59cd1bdd011a2bfcc0747b55125d9b8527/library/core/src/result.rs:1184:23
[INFO] [stdout]   21:     0x58aa7ca2305d - rpc[98a467d049106111]::tls::test::tls_client_server_test::{closure#0}
[INFO] [stdout]                                at /opt/rustwide/workdir/rpc/src/tls/test.rs:119:6
[INFO] [stdout]   22:     0x58aa7ca24c57 - rpc[98a467d049106111]::tls::test::tls_evil_client::{closure#0}
[INFO] [stdout]                                at /opt/rustwide/workdir/rpc/src/tls/test.rs:56:6
[INFO] [stdout]   23:     0x58aa7ca5b892 - <core[a373ad73a504971]::pin::Pin<&mut dyn core[a373ad73a504971]::future::future::Future<Output = ()>> as core[a373ad73a504971]::future::future::Future>::poll
[INFO] [stdout]                                at /rustc/e3feeb59cd1bdd011a2bfcc0747b55125d9b8527/library/core/src/future/future.rs:133:9
[INFO] [stdout]   24:     0x58aa7ca5b90d - <core[a373ad73a504971]::pin::Pin<&mut core[a373ad73a504971]::pin::Pin<&mut dyn core[a373ad73a504971]::future::future::Future<Output = ()>>> as core[a373ad73a504971]::future::future::Future>::poll
[INFO] [stdout]                                at /rustc/e3feeb59cd1bdd011a2bfcc0747b55125d9b8527/library/core/src/future/future.rs:133:9
[INFO] [stdout]   25:     0x58aa7ca4cf4d - <tokio[a4f2aa2741b75436]::runtime::scheduler::current_thread::CoreGuard>::block_on::<core[a373ad73a504971]::pin::Pin<&mut core[a373ad73a504971]::pin::Pin<&mut dyn core[a373ad73a504971]::future::future::Future<Output = ()>>>>::{closure#0}::{closure#0}::{closure#0}
[INFO] [stdout]                                at /opt/rustwide/cargo-home/registry/src/index.crates.io-1949cf8c6b5b557f/tokio-1.43.0/src/runtime/scheduler/current_thread/mod.rs:729:73
[INFO] [stdout]   26:     0x58aa7ca4ce75 - tokio[a4f2aa2741b75436]::runtime::coop::with_budget::<core[a373ad73a504971]::task::poll::Poll<()>, <tokio[a4f2aa2741b75436]::runtime::scheduler::current_thread::CoreGuard>::block_on<core[a373ad73a504971]::pin::Pin<&mut core[a373ad73a504971]::pin::Pin<&mut dyn core[a373ad73a504971]::future::future::Future<Output = ()>>>>::{closure#0}::{closure#0}::{closure#0}>
[INFO] [stdout]                                at /opt/rustwide/cargo-home/registry/src/index.crates.io-1949cf8c6b5b557f/tokio-1.43.0/src/runtime/coop.rs:107:5
[INFO] [stdout]   27:     0x58aa7ca4ce75 - tokio[a4f2aa2741b75436]::runtime::coop::budget::<core[a373ad73a504971]::task::poll::Poll<()>, <tokio[a4f2aa2741b75436]::runtime::scheduler::current_thread::CoreGuard>::block_on<core[a373ad73a504971]::pin::Pin<&mut core[a373ad73a504971]::pin::Pin<&mut dyn core[a373ad73a504971]::future::future::Future<Output = ()>>>>::{closure#0}::{closure#0}::{closure#0}>
[INFO] [stdout]                                at /opt/rustwide/cargo-home/registry/src/index.crates.io-1949cf8c6b5b557f/tokio-1.43.0/src/runtime/coop.rs:73:5
[INFO] [stdout]   28:     0x58aa7ca4ce75 - <tokio[a4f2aa2741b75436]::runtime::scheduler::current_thread::CoreGuard>::block_on::<core[a373ad73a504971]::pin::Pin<&mut core[a373ad73a504971]::pin::Pin<&mut dyn core[a373ad73a504971]::future::future::Future<Output = ()>>>>::{closure#0}::{closure#0}
[INFO] [stdout]                                at /opt/rustwide/cargo-home/registry/src/index.crates.io-1949cf8c6b5b557f/tokio-1.43.0/src/runtime/scheduler/current_thread/mod.rs:729:25
[INFO] [stdout]   29:     0x58aa7ca43792 - <tokio[a4f2aa2741b75436]::runtime::scheduler::current_thread::Context>::enter::<core[a373ad73a504971]::task::poll::Poll<()>, <tokio[a4f2aa2741b75436]::runtime::scheduler::current_thread::CoreGuard>::block_on<core[a373ad73a504971]::pin::Pin<&mut core[a373ad73a504971]::pin::Pin<&mut dyn core[a373ad73a504971]::future::future::Future<Output = ()>>>>::{closure#0}::{closure#0}>
[INFO] [stdout]                                at /opt/rustwide/cargo-home/registry/src/index.crates.io-1949cf8c6b5b557f/tokio-1.43.0/src/runtime/scheduler/current_thread/mod.rs:428:19
[INFO] [stdout]   30:     0x58aa7ca4be40 - <tokio[a4f2aa2741b75436]::runtime::scheduler::current_thread::CoreGuard>::block_on::<core[a373ad73a504971]::pin::Pin<&mut core[a373ad73a504971]::pin::Pin<&mut dyn core[a373ad73a504971]::future::future::Future<Output = ()>>>>::{closure#0}
[INFO] [stdout]                                at /opt/rustwide/cargo-home/registry/src/index.crates.io-1949cf8c6b5b557f/tokio-1.43.0/src/runtime/scheduler/current_thread/mod.rs:728:44
[INFO] [stdout]   31:     0x58aa7ca4b124 - <tokio[a4f2aa2741b75436]::runtime::scheduler::current_thread::CoreGuard>::enter::<<tokio[a4f2aa2741b75436]::runtime::scheduler::current_thread::CoreGuard>::block_on<core[a373ad73a504971]::pin::Pin<&mut core[a373ad73a504971]::pin::Pin<&mut dyn core[a373ad73a504971]::future::future::Future<Output = ()>>>>::{closure#0}, core[a373ad73a504971]::option::Option<()>>::{closure#0}
[INFO] [stdout]                                at /opt/rustwide/cargo-home/registry/src/index.crates.io-1949cf8c6b5b557f/tokio-1.43.0/src/runtime/scheduler/current_thread/mod.rs:807:68
[INFO] [stdout]   32:     0x58aa7ca2854b - <tokio[a4f2aa2741b75436]::runtime::context::scoped::Scoped<tokio[a4f2aa2741b75436]::runtime::scheduler::Context>>::set::<<tokio[a4f2aa2741b75436]::runtime::scheduler::current_thread::CoreGuard>::enter<<tokio[a4f2aa2741b75436]::runtime::scheduler::current_thread::CoreGuard>::block_on<core[a373ad73a504971]::pin::Pin<&mut core[a373ad73a504971]::pin::Pin<&mut dyn core[a373ad73a504971]::future::future::Future<Output = ()>>>>::{closure#0}, core[a373ad73a504971]::option::Option<()>>::{closure#0}, (alloc[2e1b2a31b91974c5]::boxed::Box<tokio[a4f2aa2741b75436]::runtime::scheduler::current_thread::Core>, core[a373ad73a504971]::option::Option<()>)>
[INFO] [stdout]                                at /opt/rustwide/cargo-home/registry/src/index.crates.io-1949cf8c6b5b557f/tokio-1.43.0/src/runtime/context/scoped.rs:40:9
[INFO] [stdout]   33:     0x58aa7ca4ca99 - tokio[a4f2aa2741b75436]::runtime::context::set_scheduler::<(alloc[2e1b2a31b91974c5]::boxed::Box<tokio[a4f2aa2741b75436]::runtime::scheduler::current_thread::Core>, core[a373ad73a504971]::option::Option<()>), <tokio[a4f2aa2741b75436]::runtime::scheduler::current_thread::CoreGuard>::enter<<tokio[a4f2aa2741b75436]::runtime::scheduler::current_thread::CoreGuard>::block_on<core[a373ad73a504971]::pin::Pin<&mut core[a373ad73a504971]::pin::Pin<&mut dyn core[a373ad73a504971]::future::future::Future<Output = ()>>>>::{closure#0}, core[a373ad73a504971]::option::Option<()>>::{closure#0}>::{closure#0}
[INFO] [stdout]                                at /opt/rustwide/cargo-home/registry/src/index.crates.io-1949cf8c6b5b557f/tokio-1.43.0/src/runtime/context.rs:180:38
[INFO] [stdout]   34:     0x58aa7ca942ef - <std[617be2ca0a6fd877]::thread::local::LocalKey<tokio[a4f2aa2741b75436]::runtime::context::Context>>::try_with::<tokio[a4f2aa2741b75436]::runtime::context::set_scheduler<(alloc[2e1b2a31b91974c5]::boxed::Box<tokio[a4f2aa2741b75436]::runtime::scheduler::current_thread::Core>, core[a373ad73a504971]::option::Option<()>), <tokio[a4f2aa2741b75436]::runtime::scheduler::current_thread::CoreGuard>::enter<<tokio[a4f2aa2741b75436]::runtime::scheduler::current_thread::CoreGuard>::block_on<core[a373ad73a504971]::pin::Pin<&mut core[a373ad73a504971]::pin::Pin<&mut dyn core[a373ad73a504971]::future::future::Future<Output = ()>>>>::{closure#0}, core[a373ad73a504971]::option::Option<()>>::{closure#0}>::{closure#0}, (alloc[2e1b2a31b91974c5]::boxed::Box<tokio[a4f2aa2741b75436]::runtime::scheduler::current_thread::Core>, core[a373ad73a504971]::option::Option<()>)>
[INFO] [stdout]                                at /rustc/e3feeb59cd1bdd011a2bfcc0747b55125d9b8527/library/std/src/thread/local.rs:463:12
[INFO] [stdout]   35:     0x58aa7ca93e9e - <std[617be2ca0a6fd877]::thread::local::LocalKey<tokio[a4f2aa2741b75436]::runtime::context::Context>>::with::<tokio[a4f2aa2741b75436]::runtime::context::set_scheduler<(alloc[2e1b2a31b91974c5]::boxed::Box<tokio[a4f2aa2741b75436]::runtime::scheduler::current_thread::Core>, core[a373ad73a504971]::option::Option<()>), <tokio[a4f2aa2741b75436]::runtime::scheduler::current_thread::CoreGuard>::enter<<tokio[a4f2aa2741b75436]::runtime::scheduler::current_thread::CoreGuard>::block_on<core[a373ad73a504971]::pin::Pin<&mut core[a373ad73a504971]::pin::Pin<&mut dyn core[a373ad73a504971]::future::future::Future<Output = ()>>>>::{closure#0}, core[a373ad73a504971]::option::Option<()>>::{closure#0}>::{closure#0}, (alloc[2e1b2a31b91974c5]::boxed::Box<tokio[a4f2aa2741b75436]::runtime::scheduler::current_thread::Core>, core[a373ad73a504971]::option::Option<()>)>
[INFO] [stdout]                                at /rustc/e3feeb59cd1bdd011a2bfcc0747b55125d9b8527/library/std/src/thread/local.rs:427:20
[INFO] [stdout]   36:     0x58aa7ca491bd - tokio[a4f2aa2741b75436]::runtime::context::set_scheduler::<(alloc[2e1b2a31b91974c5]::boxed::Box<tokio[a4f2aa2741b75436]::runtime::scheduler::current_thread::Core>, core[a373ad73a504971]::option::Option<()>), <tokio[a4f2aa2741b75436]::runtime::scheduler::current_thread::CoreGuard>::enter<<tokio[a4f2aa2741b75436]::runtime::scheduler::current_thread::CoreGuard>::block_on<core[a373ad73a504971]::pin::Pin<&mut core[a373ad73a504971]::pin::Pin<&mut dyn core[a373ad73a504971]::future::future::Future<Output = ()>>>>::{closure#0}, core[a373ad73a504971]::option::Option<()>>::{closure#0}>
[INFO] [stdout]                                at /opt/rustwide/cargo-home/registry/src/index.crates.io-1949cf8c6b5b557f/tokio-1.43.0/src/runtime/context.rs:180:17
[INFO] [stdout]   37:     0x58aa7ca47c90 - <tokio[a4f2aa2741b75436]::runtime::scheduler::current_thread::CoreGuard>::enter::<<tokio[a4f2aa2741b75436]::runtime::scheduler::current_thread::CoreGuard>::block_on<core[a373ad73a504971]::pin::Pin<&mut core[a373ad73a504971]::pin::Pin<&mut dyn core[a373ad73a504971]::future::future::Future<Output = ()>>>>::{closure#0}, core[a373ad73a504971]::option::Option<()>>
[INFO] [stdout]                                at /opt/rustwide/cargo-home/registry/src/index.crates.io-1949cf8c6b5b557f/tokio-1.43.0/src/runtime/scheduler/current_thread/mod.rs:807:27
[INFO] [stdout]   38:     0x58aa7ca47f86 - <tokio[a4f2aa2741b75436]::runtime::scheduler::current_thread::CoreGuard>::block_on::<core[a373ad73a504971]::pin::Pin<&mut core[a373ad73a504971]::pin::Pin<&mut dyn core[a373ad73a504971]::future::future::Future<Output = ()>>>>
[INFO] [stdout]                                at /opt/rustwide/cargo-home/registry/src/index.crates.io-1949cf8c6b5b557f/tokio-1.43.0/src/runtime/scheduler/current_thread/mod.rs:716:24
[INFO] [stdout]   39:     0x58aa7ca4abb3 - <tokio[a4f2aa2741b75436]::runtime::scheduler::current_thread::CurrentThread>::block_on::<core[a373ad73a504971]::pin::Pin<&mut dyn core[a373ad73a504971]::future::future::Future<Output = ()>>>::{closure#0}
[INFO] [stdout]                                at /opt/rustwide/cargo-home/registry/src/index.crates.io-1949cf8c6b5b557f/tokio-1.43.0/src/runtime/scheduler/current_thread/mod.rs:196:33
[INFO] [stdout]   40:     0x58aa7ca545f8 - tokio[a4f2aa2741b75436]::runtime::context::runtime::enter_runtime::<<tokio[a4f2aa2741b75436]::runtime::scheduler::current_thread::CurrentThread>::block_on<core[a373ad73a504971]::pin::Pin<&mut dyn core[a373ad73a504971]::future::future::Future<Output = ()>>>::{closure#0}, ()>
[INFO] [stdout]                                at /opt/rustwide/cargo-home/registry/src/index.crates.io-1949cf8c6b5b557f/tokio-1.43.0/src/runtime/context/runtime.rs:65:16
[INFO] [stdout]   41:     0x58aa7ca43194 - <tokio[a4f2aa2741b75436]::runtime::scheduler::current_thread::CurrentThread>::block_on::<core[a373ad73a504971]::pin::Pin<&mut dyn core[a373ad73a504971]::future::future::Future<Output = ()>>>
[INFO] [stdout]                                at /opt/rustwide/cargo-home/registry/src/index.crates.io-1949cf8c6b5b557f/tokio-1.43.0/src/runtime/scheduler/current_thread/mod.rs:184:9
[INFO] [stdout]   42:     0x58aa7caa06df - <tokio[a4f2aa2741b75436]::runtime::runtime::Runtime>::block_on_inner::<core[a373ad73a504971]::pin::Pin<&mut dyn core[a373ad73a504971]::future::future::Future<Output = ()>>>
[INFO] [stdout]                                at /opt/rustwide/cargo-home/registry/src/index.crates.io-1949cf8c6b5b557f/tokio-1.43.0/src/runtime/runtime.rs:368:52
[INFO] [stdout]   43:     0x58aa7caa0826 - <tokio[a4f2aa2741b75436]::runtime::runtime::Runtime>::block_on::<core[a373ad73a504971]::pin::Pin<&mut dyn core[a373ad73a504971]::future::future::Future<Output = ()>>>
[INFO] [stdout]                                at /opt/rustwide/cargo-home/registry/src/index.crates.io-1949cf8c6b5b557f/tokio-1.43.0/src/runtime/runtime.rs:342:18
[INFO] [stdout]   44:     0x58aa7ca27031 - rpc[98a467d049106111]::tls::test::tls_evil_client
[INFO] [stdout]                                at /opt/rustwide/workdir/rpc/src/tls/test.rs:57:76
[INFO] [stdout]   45:     0x58aa7ca22247 - rpc[98a467d049106111]::tls::test::tls_evil_client::{closure#0}
[INFO] [stdout]                                at /opt/rustwide/workdir/rpc/src/tls/test.rs:47:27
[INFO] [stdout]   46:     0x58aa7c9f96f6 - <rpc[98a467d049106111]::tls::test::tls_evil_client::{closure#0} as core[a373ad73a504971]::ops::function::FnOnce<()>>::call_once
[INFO] [stdout]                                at /rustc/e3feeb59cd1bdd011a2bfcc0747b55125d9b8527/library/core/src/ops/function.rs:250:5
[INFO] [stdout]   47:     0x58aa7cd0366b - <fn() -> core[a373ad73a504971]::result::Result<(), alloc[2e1b2a31b91974c5]::string::String> as core[a373ad73a504971]::ops::function::FnOnce<()>>::call_once
[INFO] [stdout]                                at /rustc/e3feeb59cd1bdd011a2bfcc0747b55125d9b8527/library/core/src/ops/function.rs:250:5
[INFO] [stdout]   48:     0x58aa7cd0366b - test[aada8e7e76ba119b]::__rust_begin_short_backtrace::<core[a373ad73a504971]::result::Result<(), alloc[2e1b2a31b91974c5]::string::String>, fn() -> core[a373ad73a504971]::result::Result<(), alloc[2e1b2a31b91974c5]::string::String>>
[INFO] [stdout]                                at /rustc/e3feeb59cd1bdd011a2bfcc0747b55125d9b8527/library/test/src/lib.rs:701:18
[INFO] [stdout]   49:     0x58aa7cd10845 - test[aada8e7e76ba119b]::run_test_in_process::{closure#0}
[INFO] [stdout]                                at /rustc/e3feeb59cd1bdd011a2bfcc0747b55125d9b8527/library/test/src/lib.rs:724:74
[INFO] [stdout]   50:     0x58aa7cd10845 - <core[a373ad73a504971]::panic::unwind_safe::AssertUnwindSafe<test[aada8e7e76ba119b]::run_test_in_process::{closure#0}> as core[a373ad73a504971]::ops::function::FnOnce<()>>::call_once
[INFO] [stdout]                                at /rustc/e3feeb59cd1bdd011a2bfcc0747b55125d9b8527/library/core/src/panic/unwind_safe.rs:275:9
[INFO] [stdout]   51:     0x58aa7cd10845 - std[617be2ca0a6fd877]::panicking::catch_unwind::do_call::<core[a373ad73a504971]::panic::unwind_safe::AssertUnwindSafe<test[aada8e7e76ba119b]::run_test_in_process::{closure#0}>, core[a373ad73a504971]::result::Result<(), alloc[2e1b2a31b91974c5]::string::String>>
[INFO] [stdout]                                at /rustc/e3feeb59cd1bdd011a2bfcc0747b55125d9b8527/library/std/src/panicking.rs:573:43
[INFO] [stdout]   52:     0x58aa7cd10845 - std[617be2ca0a6fd877]::panicking::catch_unwind::<core[a373ad73a504971]::result::Result<(), alloc[2e1b2a31b91974c5]::string::String>, core[a373ad73a504971]::panic::unwind_safe::AssertUnwindSafe<test[aada8e7e76ba119b]::run_test_in_process::{closure#0}>>
[INFO] [stdout]                                at /rustc/e3feeb59cd1bdd011a2bfcc0747b55125d9b8527/library/std/src/panicking.rs:541:19
[INFO] [stdout]   53:     0x58aa7cd10845 - std[617be2ca0a6fd877]::panic::catch_unwind::<core[a373ad73a504971]::panic::unwind_safe::AssertUnwindSafe<test[aada8e7e76ba119b]::run_test_in_process::{closure#0}>, core[a373ad73a504971]::result::Result<(), alloc[2e1b2a31b91974c5]::string::String>>
[INFO] [stdout]                                at /rustc/e3feeb59cd1bdd011a2bfcc0747b55125d9b8527/library/std/src/panic.rs:359:14
[INFO] [stdout]   54:     0x58aa7cd10845 - test[aada8e7e76ba119b]::run_test_in_process
[INFO] [stdout]                                at /rustc/e3feeb59cd1bdd011a2bfcc0747b55125d9b8527/library/test/src/lib.rs:724:27
[INFO] [stdout]   55:     0x58aa7cd10845 - test[aada8e7e76ba119b]::run_test::{closure#0}
[INFO] [stdout]                                at /rustc/e3feeb59cd1bdd011a2bfcc0747b55125d9b8527/library/test/src/lib.rs:645:43
[INFO] [stdout]   56:     0x58aa7cd0a134 - test[aada8e7e76ba119b]::run_test::{closure#1}
[INFO] [stdout]                                at /rustc/e3feeb59cd1bdd011a2bfcc0747b55125d9b8527/library/test/src/lib.rs:675:41
[INFO] [stdout]   57:     0x58aa7cd0a134 - std[617be2ca0a6fd877]::sys::backtrace::__rust_begin_short_backtrace::<test[aada8e7e76ba119b]::run_test::{closure#1}, ()>
[INFO] [stdout]                                at /rustc/e3feeb59cd1bdd011a2bfcc0747b55125d9b8527/library/std/src/sys/backtrace.rs:166:18
[INFO] [stdout]   58:     0x58aa7cd138d2 - std[617be2ca0a6fd877]::thread::lifecycle::spawn_unchecked::<test[aada8e7e76ba119b]::run_test::{closure#1}, ()>::{closure#1}::{closure#0}
[INFO] [stdout]                                at /rustc/e3feeb59cd1bdd011a2bfcc0747b55125d9b8527/library/std/src/thread/lifecycle.rs:70:13
[INFO] [stdout]   59:     0x58aa7cd138d2 - <core[a373ad73a504971]::panic::unwind_safe::AssertUnwindSafe<std[617be2ca0a6fd877]::thread::lifecycle::spawn_unchecked<test[aada8e7e76ba119b]::run_test::{closure#1}, ()>::{closure#1}::{closure#0}> as core[a373ad73a504971]::ops::function::FnOnce<()>>::call_once
[INFO] [stdout]                                at /rustc/e3feeb59cd1bdd011a2bfcc0747b55125d9b8527/library/core/src/panic/unwind_safe.rs:275:9
[INFO] [stdout]   60:     0x58aa7cd138d2 - std[617be2ca0a6fd877]::panicking::catch_unwind::do_call::<core[a373ad73a504971]::panic::unwind_safe::AssertUnwindSafe<std[617be2ca0a6fd877]::thread::lifecycle::spawn_unchecked<test[aada8e7e76ba119b]::run_test::{closure#1}, ()>::{closure#1}::{closure#0}>, ()>
[INFO] [stdout]                                at /rustc/e3feeb59cd1bdd011a2bfcc0747b55125d9b8527/library/std/src/panicking.rs:573:43
[INFO] [stdout]   61:     0x58aa7cd138d2 - std[617be2ca0a6fd877]::panicking::catch_unwind::<(), core[a373ad73a504971]::panic::unwind_safe::AssertUnwindSafe<std[617be2ca0a6fd877]::thread::lifecycle::spawn_unchecked<test[aada8e7e76ba119b]::run_test::{closure#1}, ()>::{closure#1}::{closure#0}>>
[INFO] [stdout]                                at /rustc/e3feeb59cd1bdd011a2bfcc0747b55125d9b8527/library/std/src/panicking.rs:541:19
[INFO] [stdout]   62:     0x58aa7cd138d2 - std[617be2ca0a6fd877]::panic::catch_unwind::<core[a373ad73a504971]::panic::unwind_safe::AssertUnwindSafe<std[617be2ca0a6fd877]::thread::lifecycle::spawn_unchecked<test[aada8e7e76ba119b]::run_test::{closure#1}, ()>::{closure#1}::{closure#0}>, ()>
[INFO] [stdout]                                at /rustc/e3feeb59cd1bdd011a2bfcc0747b55125d9b8527/library/std/src/panic.rs:359:14
[INFO] [stdout]   63:     0x58aa7cd138d2 - std[617be2ca0a6fd877]::thread::lifecycle::spawn_unchecked::<test[aada8e7e76ba119b]::run_test::{closure#1}, ()>::{closure#1}
[INFO] [stdout]                                at /rustc/e3feeb59cd1bdd011a2bfcc0747b55125d9b8527/library/std/src/thread/lifecycle.rs:68:26
[INFO] [stdout]   64:     0x58aa7cd138d2 - <std[617be2ca0a6fd877]::thread::lifecycle::spawn_unchecked<test[aada8e7e76ba119b]::run_test::{closure#1}, ()>::{closure#1} as core[a373ad73a504971]::ops::function::FnOnce<()>>::call_once::{shim:vtable#0}
[INFO] [stdout]                                at /rustc/e3feeb59cd1bdd011a2bfcc0747b55125d9b8527/library/core/src/ops/function.rs:250:5
[INFO] [stdout]   65:     0x58aa7d201eef - <alloc[2e1b2a31b91974c5]::boxed::Box<dyn core[a373ad73a504971]::ops::function::FnOnce<(), Output = ()> + core[a373ad73a504971]::marker::Send> as core[a373ad73a504971]::ops::function::FnOnce<()>>::call_once
[INFO] [stdout]                                at /rustc/e3feeb59cd1bdd011a2bfcc0747b55125d9b8527/library/alloc/src/boxed.rs:2314:9
[INFO] [stdout]   66:     0x58aa7d201eef - <std[617be2ca0a6fd877]::sys::thread::unix::Thread>::new::thread_start
[INFO] [stdout]                                at /rustc/e3feeb59cd1bdd011a2bfcc0747b55125d9b8527/library/std/src/sys/thread/unix.rs:127:17
[INFO] [stdout]   67:     0x7aa4255a5dfa - <unknown>
[INFO] [stdout]   68:     0x7aa4256393d4 - clone
[INFO] [stdout]   69:                0x0 - <unknown>
[INFO] [stdout] 
[INFO] [stdout] ---- tls::test::tls_client_server stdout ----
[INFO] [stdout] 
[INFO] [stdout] thread 'tls::test::tls_client_server' (2983) panicked at rpc/src/tls/test.rs:119:6:
[INFO] [stdout] failed to create server tls config: ReadCert("tests/certs/ca.crt", Os { code: 2, kind: NotFound, message: "No such file or directory" })
[INFO] [stdout] stack backtrace:
[INFO] [stdout]    0:     0x58aa7d2029b1 - std[617be2ca0a6fd877]::backtrace_rs::backtrace::libunwind::trace
[INFO] [stdout]                                at /rustc/e3feeb59cd1bdd011a2bfcc0747b55125d9b8527/library/std/src/../../backtrace/src/backtrace/libunwind.rs:117:9
[INFO] [stdout]    1:     0x58aa7d2029b1 - std[617be2ca0a6fd877]::backtrace_rs::backtrace::trace_unsynchronized::<std[617be2ca0a6fd877]::sys::backtrace::_print_fmt::{closure#1}>
[INFO] [stdout]                                at /rustc/e3feeb59cd1bdd011a2bfcc0747b55125d9b8527/library/std/src/../../backtrace/src/backtrace/mod.rs:66:14
[INFO] [stdout]    2:     0x58aa7d2029b1 - std[617be2ca0a6fd877]::sys::backtrace::_print_fmt
[INFO] [stdout]                                at /rustc/e3feeb59cd1bdd011a2bfcc0747b55125d9b8527/library/std/src/sys/backtrace.rs:74:9
[INFO] [stdout]    3:     0x58aa7d2029b1 - <<std[617be2ca0a6fd877]::sys::backtrace::BacktraceLock>::print::DisplayBacktrace as core[a373ad73a504971]::fmt::Display>::fmt
[INFO] [stdout]                                at /rustc/e3feeb59cd1bdd011a2bfcc0747b55125d9b8527/library/std/src/sys/backtrace.rs:44:26
[INFO] [stdout]    4:     0x58aa7d2190fa - <core[a373ad73a504971]::fmt::rt::Argument>::fmt
[INFO] [stdout]                                at /rustc/e3feeb59cd1bdd011a2bfcc0747b55125d9b8527/library/core/src/fmt/rt.rs:152:76
[INFO] [stdout]    5:     0x58aa7d2190fa - core[a373ad73a504971]::fmt::write
[INFO] [stdout]    6:     0x58aa7d20729c - core[a373ad73a504971]::io::write::default_write_fmt::<alloc[2e1b2a31b91974c5]::vec::Vec<u8>>
[INFO] [stdout]                                at /rustc/e3feeb59cd1bdd011a2bfcc0747b55125d9b8527/library/core/src/io/write.rs:402:11
[INFO] [stdout]    7:     0x58aa7d20729c - <alloc[2e1b2a31b91974c5]::vec::Vec<u8> as core[a373ad73a504971]::io::write::Write>::write_fmt
[INFO] [stdout]                                at /rustc/e3feeb59cd1bdd011a2bfcc0747b55125d9b8527/library/core/src/io/write.rs:335:13
[INFO] [stdout]    8:     0x58aa7d1ddc26 - <std[617be2ca0a6fd877]::sys::backtrace::BacktraceLock>::print
[INFO] [stdout]                                at /rustc/e3feeb59cd1bdd011a2bfcc0747b55125d9b8527/library/std/src/sys/backtrace.rs:47:9
[INFO] [stdout]    9:     0x58aa7d1ddc26 - std[617be2ca0a6fd877]::panicking::default_hook::{closure#0}
[INFO] [stdout]                                at /rustc/e3feeb59cd1bdd011a2bfcc0747b55125d9b8527/library/std/src/panicking.rs:289:27
[INFO] [stdout]   10:     0x58aa7d1fa979 - std[617be2ca0a6fd877]::panicking::default_hook
[INFO] [stdout]                                at /rustc/e3feeb59cd1bdd011a2bfcc0747b55125d9b8527/library/std/src/panicking.rs:313:9
[INFO] [stdout]   11:     0x58aa7cd10220 - <alloc[2e1b2a31b91974c5]::boxed::Box<dyn for<'a, 'b> core[a373ad73a504971]::ops::function::Fn<(&'a std[617be2ca0a6fd877]::panic::PanicHookInfo<'b>,), Output = ()> + core[a373ad73a504971]::marker::Sync + core[a373ad73a504971]::marker::Send> as core[a373ad73a504971]::ops::function::Fn<(&std[617be2ca0a6fd877]::panic::PanicHookInfo,)>>::call
[INFO] [stdout]                                at /rustc/e3feeb59cd1bdd011a2bfcc0747b55125d9b8527/library/alloc/src/boxed.rs:2328:9
[INFO] [stdout]   12:     0x58aa7cd10220 - test[aada8e7e76ba119b]::test_main_inner::{closure#0}
[INFO] [stdout]                                at /rustc/e3feeb59cd1bdd011a2bfcc0747b55125d9b8527/library/test/src/lib.rs:137:21
[INFO] [stdout]   13:     0x58aa7d1faca2 - <alloc[2e1b2a31b91974c5]::boxed::Box<dyn for<'a, 'b> core[a373ad73a504971]::ops::function::Fn<(&'a std[617be2ca0a6fd877]::panic::PanicHookInfo<'b>,), Output = ()> + core[a373ad73a504971]::marker::Sync + core[a373ad73a504971]::marker::Send> as core[a373ad73a504971]::ops::function::Fn<(&std[617be2ca0a6fd877]::panic::PanicHookInfo,)>>::call
[INFO] [stdout]                                at /rustc/e3feeb59cd1bdd011a2bfcc0747b55125d9b8527/library/alloc/src/boxed.rs:2328:9
[INFO] [stdout]   14:     0x58aa7d1faca2 - std[617be2ca0a6fd877]::panicking::panic_with_hook
[INFO] [stdout]                                at /rustc/e3feeb59cd1bdd011a2bfcc0747b55125d9b8527/library/std/src/panicking.rs:819:13
[INFO] [stdout]   15:     0x58aa7d1ddcd2 - std[617be2ca0a6fd877]::panicking::panic_handler::{closure#0}
[INFO] [stdout]                                at /rustc/e3feeb59cd1bdd011a2bfcc0747b55125d9b8527/library/std/src/panicking.rs:685:13
[INFO] [stdout]   16:     0x58aa7d1d6779 - std[617be2ca0a6fd877]::sys::backtrace::__rust_end_short_backtrace::<std[617be2ca0a6fd877]::panicking::panic_handler::{closure#0}, !>
[INFO] [stdout]                                at /rustc/e3feeb59cd1bdd011a2bfcc0747b55125d9b8527/library/std/src/sys/backtrace.rs:182:18
[INFO] [stdout]   17:     0x58aa7d1de8dd - __rustc[ea4f61d10b84890b]::rust_begin_unwind
[INFO] [stdout]                                at /rustc/e3feeb59cd1bdd011a2bfcc0747b55125d9b8527/library/std/src/panicking.rs:676:5
[INFO] [stdout]   18:     0x58aa7d2199cc - core[a373ad73a504971]::panicking::panic_fmt
[INFO] [stdout]                                at /rustc/e3feeb59cd1bdd011a2bfcc0747b55125d9b8527/library/core/src/panicking.rs:80:14
[INFO] [stdout]   19:     0x58aa7d2196f2 - core[a373ad73a504971]::result::unwrap_failed
[INFO] [stdout]                                at /rustc/e3feeb59cd1bdd011a2bfcc0747b55125d9b8527/library/core/src/result.rs:1870:5
[INFO] [stdout]   20:     0x58aa7ca7ab0a - <core[a373ad73a504971]::result::Result<alloc[2e1b2a31b91974c5]::sync::Arc<rustls[ead625352388d8e2]::server::server_conn::ServerConfig>, rpc[98a467d049106111]::error::Error>>::expect
[INFO] [stdout]                                at /rustc/e3feeb59cd1bdd011a2bfcc0747b55125d9b8527/library/core/src/result.rs:1184:23
[INFO] [stdout]   21:     0x58aa7ca2305d - rpc[98a467d049106111]::tls::test::tls_client_server_test::{closure#0}
[INFO] [stdout]                                at /opt/rustwide/workdir/rpc/src/tls/test.rs:119:6
[INFO] [stdout]   22:     0x58aa7ca254e3 - rpc[98a467d049106111]::tls::test::tls_client_server::{closure#0}
[INFO] [stdout]                                at /opt/rustwide/workdir/rpc/src/tls/test.rs:41:6
[INFO] [stdout]   23:     0x58aa7ca5b892 - <core[a373ad73a504971]::pin::Pin<&mut dyn core[a373ad73a504971]::future::future::Future<Output = ()>> as core[a373ad73a504971]::future::future::Future>::poll
[INFO] [stdout]                                at /rustc/e3feeb59cd1bdd011a2bfcc0747b55125d9b8527/library/core/src/future/future.rs:133:9
[INFO] [stdout]   24:     0x58aa7ca5b90d - <core[a373ad73a504971]::pin::Pin<&mut core[a373ad73a504971]::pin::Pin<&mut dyn core[a373ad73a504971]::future::future::Future<Output = ()>>> as core[a373ad73a504971]::future::future::Future>::poll
[INFO] [stdout]                                at /rustc/e3feeb59cd1bdd011a2bfcc0747b55125d9b8527/library/core/src/future/future.rs:133:9
[INFO] [stdout]   25:     0x58aa7ca4cf4d - <tokio[a4f2aa2741b75436]::runtime::scheduler::current_thread::CoreGuard>::block_on::<core[a373ad73a504971]::pin::Pin<&mut core[a373ad73a504971]::pin::Pin<&mut dyn core[a373ad73a504971]::future::future::Future<Output = ()>>>>::{closure#0}::{closure#0}::{closure#0}
[INFO] [stdout]                                at /opt/rustwide/cargo-home/registry/src/index.crates.io-1949cf8c6b5b557f/tokio-1.43.0/src/runtime/scheduler/current_thread/mod.rs:729:73
[INFO] [stdout]   26:     0x58aa7ca4ce75 - tokio[a4f2aa2741b75436]::runtime::coop::with_budget::<core[a373ad73a504971]::task::poll::Poll<()>, <tokio[a4f2aa2741b75436]::runtime::scheduler::current_thread::CoreGuard>::block_on<core[a373ad73a504971]::pin::Pin<&mut core[a373ad73a504971]::pin::Pin<&mut dyn core[a373ad73a504971]::future::future::Future<Output = ()>>>>::{closure#0}::{closure#0}::{closure#0}>
[INFO] [stdout]                                at /opt/rustwide/cargo-home/registry/src/index.crates.io-1949cf8c6b5b557f/tokio-1.43.0/src/runtime/coop.rs:107:5
[INFO] [stdout]   27:     0x58aa7ca4ce75 - tokio[a4f2aa2741b75436]::runtime::coop::budget::<core[a373ad73a504971]::task::poll::Poll<()>, <tokio[a4f2aa2741b75436]::runtime::scheduler::current_thread::CoreGuard>::block_on<core[a373ad73a504971]::pin::Pin<&mut core[a373ad73a504971]::pin::Pin<&mut dyn core[a373ad73a504971]::future::future::Future<Output = ()>>>>::{closure#0}::{closure#0}::{closure#0}>
[INFO] [stdout]                                at /opt/rustwide/cargo-home/registry/src/index.crates.io-1949cf8c6b5b557f/tokio-1.43.0/src/runtime/coop.rs:73:5
[INFO] [stdout]   28:     0x58aa7ca4ce75 - <tokio[a4f2aa2741b75436]::runtime::scheduler::current_thread::CoreGuard>::block_on::<core[a373ad73a504971]::pin::Pin<&mut core[a373ad73a504971]::pin::Pin<&mut dyn core[a373ad73a504971]::future::future::Future<Output = ()>>>>::{closure#0}::{closure#0}
[INFO] [stdout]                                at /opt/rustwide/cargo-home/registry/src/index.crates.io-1949cf8c6b5b557f/tokio-1.43.0/src/runtime/scheduler/current_thread/mod.rs:729:25
[INFO] [stdout]   29:     0x58aa7ca43792 - <tokio[a4f2aa2741b75436]::runtime::scheduler::current_thread::Context>::enter::<core[a373ad73a504971]::task::poll::Poll<()>, <tokio[a4f2aa2741b75436]::runtime::scheduler::current_thread::CoreGuard>::block_on<core[a373ad73a504971]::pin::Pin<&mut core[a373ad73a504971]::pin::Pin<&mut dyn core[a373ad73a504971]::future::future::Future<Output = ()>>>>::{closure#0}::{closure#0}>
[INFO] [stdout]                                at /opt/rustwide/cargo-home/registry/src/index.crates.io-1949cf8c6b5b557f/tokio-1.43.0/src/runtime/scheduler/current_thread/mod.rs:428:19
[INFO] [stdout]   30:     0x58aa7ca4be40 - <tokio[a4f2aa2741b75436]::runtime::scheduler::current_thread::CoreGuard>::block_on::<core[a373ad73a504971]::pin::Pin<&mut core[a373ad73a504971]::pin::Pin<&mut dyn core[a373ad73a504971]::future::future::Future<Output = ()>>>>::{closure#0}
[INFO] [stdout]                                at /opt/rustwide/cargo-home/registry/src/index.crates.io-1949cf8c6b5b557f/tokio-1.43.0/src/runtime/scheduler/current_thread/mod.rs:728:44
[INFO] [stdout]   31:     0x58aa7ca4b124 - <tokio[a4f2aa2741b75436]::runtime::scheduler::current_thread::CoreGuard>::enter::<<tokio[a4f2aa2741b75436]::runtime::scheduler::current_thread::CoreGuard>::block_on<core[a373ad73a504971]::pin::Pin<&mut core[a373ad73a504971]::pin::Pin<&mut dyn core[a373ad73a504971]::future::future::Future<Output = ()>>>>::{closure#0}, core[a373ad73a504971]::option::Option<()>>::{closure#0}
[INFO] [stdout]                                at /opt/rustwide/cargo-home/registry/src/index.crates.io-1949cf8c6b5b557f/tokio-1.43.0/src/runtime/scheduler/current_thread/mod.rs:807:68
[INFO] [stdout]   32:     0x58aa7ca2854b - <tokio[a4f2aa2741b75436]::runtime::context::scoped::Scoped<tokio[a4f2aa2741b75436]::runtime::scheduler::Context>>::set::<<tokio[a4f2aa2741b75436]::runtime::scheduler::current_thread::CoreGuard>::enter<<tokio[a4f2aa2741b75436]::runtime::scheduler::current_thread::CoreGuard>::block_on<core[a373ad73a504971]::pin::Pin<&mut core[a373ad73a504971]::pin::Pin<&mut dyn core[a373ad73a504971]::future::future::Future<Output = ()>>>>::{closure#0}, core[a373ad73a504971]::option::Option<()>>::{closure#0}, (alloc[2e1b2a31b91974c5]::boxed::Box<tokio[a4f2aa2741b75436]::runtime::scheduler::current_thread::Core>, core[a373ad73a504971]::option::Option<()>)>
[INFO] [stdout]                                at /opt/rustwide/cargo-home/registry/src/index.crates.io-1949cf8c6b5b557f/tokio-1.43.0/src/runtime/context/scoped.rs:40:9
[INFO] [stdout]   33:     0x58aa7ca4ca99 - tokio[a4f2aa2741b75436]::runtime::context::set_scheduler::<(alloc[2e1b2a31b91974c5]::boxed::Box<tokio[a4f2aa2741b75436]::runtime::scheduler::current_thread::Core>, core[a373ad73a504971]::option::Option<()>), <tokio[a4f2aa2741b75436]::runtime::scheduler::current_thread::CoreGuard>::enter<<tokio[a4f2aa2741b75436]::runtime::scheduler::current_thread::CoreGuard>::block_on<core[a373ad73a504971]::pin::Pin<&mut core[a373ad73a504971]::pin::Pin<&mut dyn core[a373ad73a504971]::future::future::Future<Output = ()>>>>::{closure#0}, core[a373ad73a504971]::option::Option<()>>::{closure#0}>::{closure#0}
[INFO] [stdout]                                at /opt/rustwide/cargo-home/registry/src/index.crates.io-1949cf8c6b5b557f/tokio-1.43.0/src/runtime/context.rs:180:38
[INFO] [stdout]   34:     0x58aa7ca942ef - <std[617be2ca0a6fd877]::thread::local::LocalKey<tokio[a4f2aa2741b75436]::runtime::context::Context>>::try_with::<tokio[a4f2aa2741b75436]::runtime::context::set_scheduler<(alloc[2e1b2a31b91974c5]::boxed::Box<tokio[a4f2aa2741b75436]::runtime::scheduler::current_thread::Core>, core[a373ad73a504971]::option::Option<()>), <tokio[a4f2aa2741b75436]::runtime::scheduler::current_thread::CoreGuard>::enter<<tokio[a4f2aa2741b75436]::runtime::scheduler::current_thread::CoreGuard>::block_on<core[a373ad73a504971]::pin::Pin<&mut core[a373ad73a504971]::pin::Pin<&mut dyn core[a373ad73a504971]::future::future::Future<Output = ()>>>>::{closure#0}, core[a373ad73a504971]::option::Option<()>>::{closure#0}>::{closure#0}, (alloc[2e1b2a31b91974c5]::boxed::Box<tokio[a4f2aa2741b75436]::runtime::scheduler::current_thread::Core>, core[a373ad73a504971]::option::Option<()>)>
[INFO] [stdout]                                at /rustc/e3feeb59cd1bdd011a2bfcc0747b55125d9b8527/library/std/src/thread/local.rs:463:12
[INFO] [stdout]   35:     0x58aa7ca93e9e - <std[617be2ca0a6fd877]::thread::local::LocalKey<tokio[a4f2aa2741b75436]::runtime::context::Context>>::with::<tokio[a4f2aa2741b75436]::runtime::context::set_scheduler<(alloc[2e1b2a31b91974c5]::boxed::Box<tokio[a4f2aa2741b75436]::runtime::scheduler::current_thread::Core>, core[a373ad73a504971]::option::Option<()>), <tokio[a4f2aa2741b75436]::runtime::scheduler::current_thread::CoreGuard>::enter<<tokio[a4f2aa2741b75436]::runtime::scheduler::current_thread::CoreGuard>::block_on<core[a373ad73a504971]::pin::Pin<&mut core[a373ad73a504971]::pin::Pin<&mut dyn core[a373ad73a504971]::future::future::Future<Output = ()>>>>::{closure#0}, core[a373ad73a504971]::option::Option<()>>::{closure#0}>::{closure#0}, (alloc[2e1b2a31b91974c5]::boxed::Box<tokio[a4f2aa2741b75436]::runtime::scheduler::current_thread::Core>, core[a373ad73a504971]::option::Option<()>)>
[INFO] [stdout]                                at /rustc/e3feeb59cd1bdd011a2bfcc0747b55125d9b8527/library/std/src/thread/local.rs:427:20
[INFO] [stdout]   36:     0x58aa7ca491bd - tokio[a4f2aa2741b75436]::runtime::context::set_scheduler::<(alloc[2e1b2a31b91974c5]::boxed::Box<tokio[a4f2aa2741b75436]::runtime::scheduler::current_thread::Core>, core[a373ad73a504971]::option::Option<()>), <tokio[a4f2aa2741b75436]::runtime::scheduler::current_thread::CoreGuard>::enter<<tokio[a4f2aa2741b75436]::runtime::scheduler::current_thread::CoreGuard>::block_on<core[a373ad73a504971]::pin::Pin<&mut core[a373ad73a504971]::pin::Pin<&mut dyn core[a373ad73a504971]::future::future::Future<Output = ()>>>>::{closure#0}, core[a373ad73a504971]::option::Option<()>>::{closure#0}>
[INFO] [stdout]                                at /opt/rustwide/cargo-home/registry/src/index.crates.io-1949cf8c6b5b557f/tokio-1.43.0/src/runtime/context.rs:180:17
[INFO] [stdout]   37:     0x58aa7ca47c90 - <tokio[a4f2aa2741b75436]::runtime::scheduler::current_thread::CoreGuard>::enter::<<tokio[a4f2aa2741b75436]::runtime::scheduler::current_thread::CoreGuard>::block_on<core[a373ad73a504971]::pin::Pin<&mut core[a373ad73a504971]::pin::Pin<&mut dyn core[a373ad73a504971]::future::future::Future<Output = ()>>>>::{closure#0}, core[a373ad73a504971]::option::Option<()>>
[INFO] [stdout]                                at /opt/rustwide/cargo-home/registry/src/index.crates.io-1949cf8c6b5b557f/tokio-1.43.0/src/runtime/scheduler/current_thread/mod.rs:807:27
[INFO] [stdout]   38:     0x58aa7ca47f86 - <tokio[a4f2aa2741b75436]::runtime::scheduler::current_thread::CoreGuard>::block_on::<core[a373ad73a504971]::pin::Pin<&mut core[a373ad73a504971]::pin::Pin<&mut dyn core[a373ad73a504971]::future::future::Future<Output = ()>>>>
[INFO] [stdout]                                at /opt/rustwide/cargo-home/registry/src/index.crates.io-1949cf8c6b5b557f/tokio-1.43.0/src/runtime/scheduler/current_thread/mod.rs:716:24
[INFO] [stdout]   39:     0x58aa7ca4abb3 - <tokio[a4f2aa2741b75436]::runtime::scheduler::current_thread::CurrentThread>::block_on::<core[a373ad73a504971]::pin::Pin<&mut dyn core[a373ad73a504971]::future::future::Future<Output = ()>>>::{closure#0}
[INFO] [stdout]                                at /opt/rustwide/cargo-home/registry/src/index.crates.io-1949cf8c6b5b557f/tokio-1.43.0/src/runtime/scheduler/current_thread/mod.rs:196:33
[INFO] [stdout]   40:     0x58aa7ca545f8 - tokio[a4f2aa2741b75436]::runtime::context::runtime::enter_runtime::<<tokio[a4f2aa2741b75436]::runtime::scheduler::current_thread::CurrentThread>::block_on<core[a373ad73a504971]::pin::Pin<&mut dyn core[a373ad73a504971]::future::future::Future<Output = ()>>>::{closure#0}, ()>
[INFO] [stdout]                                at /opt/rustwide/cargo-home/registry/src/index.crates.io-1949cf8c6b5b557f/tokio-1.43.0/src/runtime/context/runtime.rs:65:16
[INFO] [stdout]   41:     0x58aa7ca43194 - <tokio[a4f2aa2741b75436]::runtime::scheduler::current_thread::CurrentThread>::block_on::<core[a373ad73a504971]::pin::Pin<&mut dyn core[a373ad73a504971]::future::future::Future<Output = ()>>>
[INFO] [stdout]                                at /opt/rustwide/cargo-home/registry/src/index.crates.io-1949cf8c6b5b557f/tokio-1.43.0/src/runtime/scheduler/current_thread/mod.rs:184:9
[INFO] [stdout]   42:     0x58aa7caa06df - <tokio[a4f2aa2741b75436]::runtime::runtime::Runtime>::block_on_inner::<core[a373ad73a504971]::pin::Pin<&mut dyn core[a373ad73a504971]::future::future::Future<Output = ()>>>
[INFO] [stdout]                                at /opt/rustwide/cargo-home/registry/src/index.crates.io-1949cf8c6b5b557f/tokio-1.43.0/src/runtime/runtime.rs:368:52
[INFO] [stdout]   43:     0x58aa7caa0826 - <tokio[a4f2aa2741b75436]::runtime::runtime::Runtime>::block_on::<core[a373ad73a504971]::pin::Pin<&mut dyn core[a373ad73a504971]::future::future::Future<Output = ()>>>
[INFO] [stdout]                                at /opt/rustwide/cargo-home/registry/src/index.crates.io-1949cf8c6b5b557f/tokio-1.43.0/src/runtime/runtime.rs:342:18
[INFO] [stdout]   44:     0x58aa7ca273b1 - rpc[98a467d049106111]::tls::test::tls_client_server
[INFO] [stdout]                                at /opt/rustwide/workdir/rpc/src/tls/test.rs:43:23
[INFO] [stdout]   45:     0x58aa7ca222a7 - rpc[98a467d049106111]::tls::test::tls_client_server::{closure#0}
[INFO] [stdout]                                at /opt/rustwide/workdir/rpc/src/tls/test.rs:32:29
[INFO] [stdout]   46:     0x58aa7c9f9736 - <rpc[98a467d049106111]::tls::test::tls_client_server::{closure#0} as core[a373ad73a504971]::ops::function::FnOnce<()>>::call_once
[INFO] [stdout]                                at /rustc/e3feeb59cd1bdd011a2bfcc0747b55125d9b8527/library/core/src/ops/function.rs:250:5
[INFO] [stdout]   47:     0x58aa7cd0366b - <fn() -> core[a373ad73a504971]::result::Result<(), alloc[2e1b2a31b91974c5]::string::String> as core[a373ad73a504971]::ops::function::FnOnce<()>>::call_once
[INFO] [stdout]                                at /rustc/e3feeb59cd1bdd011a2bfcc0747b55125d9b8527/library/core/src/ops/function.rs:250:5
[INFO] [stdout]   48:     0x58aa7cd0366b - test[aada8e7e76ba119b]::__rust_begin_short_backtrace::<core[a373ad73a504971]::result::Result<(), alloc[2e1b2a31b91974c5]::string::String>, fn() -> core[a373ad73a504971]::result::Result<(), alloc[2e1b2a31b91974c5]::string::String>>
[INFO] [stdout]                                at /rustc/e3feeb59cd1bdd011a2bfcc0747b55125d9b8527/library/test/src/lib.rs:701:18
[INFO] [stdout]   49:     0x58aa7cd10845 - test[aada8e7e76ba119b]::run_test_in_process::{closure#0}
[INFO] [stdout]                                at /rustc/e3feeb59cd1bdd011a2bfcc0747b55125d9b8527/library/test/src/lib.rs:724:74
[INFO] [stdout]   50:     0x58aa7cd10845 - <core[a373ad73a504971]::panic::unwind_safe::AssertUnwindSafe<test[aada8e7e76ba119b]::run_test_in_process::{closure#0}> as core[a373ad73a504971]::ops::function::FnOnce<()>>::call_once
[INFO] [stdout]                                at /rustc/e3feeb59cd1bdd011a2bfcc0747b55125d9b8527/library/core/src/panic/unwind_safe.rs:275:9
[INFO] [stdout]   51:     0x58aa7cd10845 - std[617be2ca0a6fd877]::panicking::catch_unwind::do_call::<core[a373ad73a504971]::panic::unwind_safe::AssertUnwindSafe<test[aada8e7e76ba119b]::run_test_in_process::{closure#0}>, core[a373ad73a504971]::result::Result<(), alloc[2e1b2a31b91974c5]::string::String>>
[INFO] [stdout]                                at /rustc/e3feeb59cd1bdd011a2bfcc0747b55125d9b8527/library/std/src/panicking.rs:573:43
[INFO] [stdout]   52:     0x58aa7cd10845 - std[617be2ca0a6fd877]::panicking::catch_unwind::<core[a373ad73a504971]::result::Result<(), alloc[2e1b2a31b91974c5]::string::String>, core[a373ad73a504971]::panic::unwind_safe::AssertUnwindSafe<test[aada8e7e76ba119b]::run_test_in_process::{closure#0}>>
[INFO] [stdout]                                at /rustc/e3feeb59cd1bdd011a2bfcc0747b55125d9b8527/library/std/src/panicking.rs:541:19
[INFO] [stdout]   53:     0x58aa7cd10845 - std[617be2ca0a6fd877]::panic::catch_unwind::<core[a373ad73a504971]::panic::unwind_safe::AssertUnwindSafe<test[aada8e7e76ba119b]::run_test_in_process::{closure#0}>, core[a373ad73a504971]::result::Result<(), alloc[2e1b2a31b91974c5]::string::String>>
[INFO] [stdout]                                at /rustc/e3feeb59cd1bdd011a2bfcc0747b55125d9b8527/library/std/src/panic.rs:359:14
[INFO] [stdout]   54:     0x58aa7cd10845 - test[aada8e7e76ba119b]::run_test_in_process
[INFO] [stdout]                                at /rustc/e3feeb59cd1bdd011a2bfcc0747b55125d9b8527/library/test/src/lib.rs:724:27
[INFO] [stdout]   55:     0x58aa7cd10845 - test[aada8e7e76ba119b]::run_test::{closure#0}
[INFO] [stdout]                                at /rustc/e3feeb59cd1bdd011a2bfcc0747b55125d9b8527/library/test/src/lib.rs:645:43
[INFO] [stdout]   56:     0x58aa7cd0a134 - test[aada8e7e76ba119b]::run_test::{closure#1}
[INFO] [stdout]                                at /rustc/e3feeb59cd1bdd011a2bfcc0747b55125d9b8527/library/test/src/lib.rs:675:41
[INFO] [stdout]   57:     0x58aa7cd0a134 - std[617be2ca0a6fd877]::sys::backtrace::__rust_begin_short_backtrace::<test[aada8e7e76ba119b]::run_test::{closure#1}, ()>
[INFO] [stdout]                                at /rustc/e3feeb59cd1bdd011a2bfcc0747b55125d9b8527/library/std/src/sys/backtrace.rs:166:18
[INFO] [stdout]   58:     0x58aa7cd138d2 - std[617be2ca0a6fd877]::thread::lifecycle::spawn_unchecked::<test[aada8e7e76ba119b]::run_test::{closure#1}, ()>::{closure#1}::{closure#0}
[INFO] [stdout]                                at /rustc/e3feeb59cd1bdd011a2bfcc0747b55125d9b8527/library/std/src/thread/lifecycle.rs:70:13
[INFO] [stdout]   59:     0x58aa7cd138d2 - <core[a373ad73a504971]::panic::unwind_safe::AssertUnwindSafe<std[617be2ca0a6fd877]::thread::lifecycle::spawn_unchecked<test[aada8e7e76ba119b]::run_test::{closure#1}, ()>::{closure#1}::{closure#0}> as core[a373ad73a504971]::ops::function::FnOnce<()>>::call_once
[INFO] [stdout]                                at /rustc/e3feeb59cd1bdd011a2bfcc0747b55125d9b8527/library/core/src/panic/unwind_safe.rs:275:9
[INFO] [stdout]   60:     0x58aa7cd138d2 - std[617be2ca0a6fd877]::panicking::catch_unwind::do_call::<core[a373ad73a504971]::panic::unwind_safe::AssertUnwindSafe<std[617be2ca0a6fd877]::thread::lifecycle::spawn_unchecked<test[aada8e7e76ba119b]::run_test::{closure#1}, ()>::{closure#1}::{closure#0}>, ()>
[INFO] [stdout]                                at /rustc/e3feeb59cd1bdd011a2bfcc0747b55125d9b8527/library/std/src/panicking.rs:573:43
[INFO] [stdout]   61:     0x58aa7cd138d2 - std[617be2ca0a6fd877]::panicking::catch_unwind::<(), core[a373ad73a504971]::panic::unwind_safe::AssertUnwindSafe<std[617be2ca0a6fd877]::thread::lifecycle::spawn_unchecked<test[aada8e7e76ba119b]::run_test::{closure#1}, ()>::{closure#1}::{closure#0}>>
[INFO] [stdout]                                at /rustc/e3feeb59cd1bdd011a2bfcc0747b55125d9b8527/library/std/src/panicking.rs:541:19
[INFO] [stdout]   62:     0x58aa7cd138d2 - std[617be2ca0a6fd877]::panic::catch_unwind::<core[a373ad73a504971]::panic::unwind_safe::AssertUnwindSafe<std[617be2ca0a6fd877]::thread::lifecycle::spawn_unchecked<test[aada8e7e76ba119b]::run_test::{closure#1}, ()>::{closure#1}::{closure#0}>, ()>
[INFO] [stdout]                                at /rustc/e3feeb59cd1bdd011a2bfcc0747b55125d9b8527/library/std/src/panic.rs:359:14
[INFO] [stdout]   63:     0x58aa7cd138d2 - std[617be2ca0a6fd877]::thread::lifecycle::spawn_unchecked::<test[aada8e7e76ba119b]::run_test::{closure#1}, ()>::{closure#1}
[INFO] [stdout]                                at /rustc/e3feeb59cd1bdd011a2bfcc0747b55125d9b8527/library/std/src/thread/lifecycle.rs:68:26
[INFO] [stdout]   64:     0x58aa7cd138d2 - <std[617be2ca0a6fd877]::thread::lifecycle::spawn_unchecked<test[aada8e7e76ba119b]::run_test::{closure#1}, ()>::{closure#1} as core[a373ad73a504971]::ops::function::FnOnce<()>>::call_once::{shim:vtable#0}
[INFO] [stdout]                                at /rustc/e3feeb59cd1bdd011a2bfcc0747b55125d9b8527/library/core/src/ops/function.rs:250:5
[INFO] [stdout]   65:     0x58aa7d201eef - <alloc[2e1b2a31b91974c5]::boxed::Box<dyn core[a373ad73a504971]::ops::function::FnOnce<(), Output = ()> + core[a373ad73a504971]::marker::Send> as core[a373ad73a504971]::ops::function::FnOnce<()>>::call_once
[INFO] [stdout]                                at /rustc/e3feeb59cd1bdd011a2bfcc0747b55125d9b8527/library/alloc/src/boxed.rs:2314:9
[INFO] [stdout]   66:     0x58aa7d201eef - <std[617be2ca0a6fd877]::sys::thread::unix::Thread>::new::thread_start
[INFO] [stdout]                                at /rustc/e3feeb59cd1bdd011a2bfcc0747b55125d9b8527/library/std/src/sys/thread/unix.rs:127:17
[INFO] [stdout]   67:     0x7aa4255a5dfa - <unknown>
[INFO] [stdout]   68:     0x7aa4256393d4 - clone
[INFO] [stdout]   69:                0x0 - <unknown>
[INFO] [stdout] 
[INFO] [stdout] 
[INFO] [stdout] failures:
[INFO] [stdout]     tls::test::tls_client_server
[INFO] [stdout]     tls::test::tls_evil_client
[INFO] [stdout]     tls::test::tls_evil_server
[INFO] [stdout] 
[INFO] [stdout] test result: FAILED. 0 passed; 3 failed; 0 ignored; 0 measured; 0 filtered out; finished in 11.69s
[INFO] [stdout] 
[INFO] [stderr] error: test failed, to rerun pass `-p rpc --lib`
[INFO] running `Command { std: "docker" "inspect" "1679c014f477b3aac9e7449977b0a472341d30e6db16a8ade37241b619d18f96", kill_on_drop: false }`
[INFO] running `Command { std: "docker" "rm" "-f" "1679c014f477b3aac9e7449977b0a472341d30e6db16a8ade37241b619d18f96", kill_on_drop: false }`
[INFO] [stdout] 1679c014f477b3aac9e7449977b0a472341d30e6db16a8ade37241b619d18f96
