[INFO] fetching crate wingfoil 9.0.0...
[INFO] testing wingfoil-9.0.0 against 1.100.0-beta.1 for beta-1.100-2
[INFO] extracting crate wingfoil 9.0.0 into /workspace/builds/worker-0-tc2/source
[INFO] started tweaking crates.io crate wingfoil 9.0.0
[INFO] removed 0 missing examples
[INFO] removed 0 missing tests
[INFO] finished tweaking crates.io crate wingfoil 9.0.0
[INFO] tweaked toml for crates.io crate wingfoil 9.0.0 written to /workspace/builds/worker-0-tc2/source/Cargo.toml
[INFO] validating manifest of crates.io crate wingfoil 9.0.0 on toolchain 1.100.0-beta.1
[INFO] running `Command { std: CARGO_HOME="/workspace/cargo-home" RUSTUP_HOME="/workspace/rustup-home" "/workspace/cargo-home/bin/cargo" "+1.100.0-beta.1" "metadata" "--manifest-path" "Cargo.toml" "--no-deps", kill_on_drop: false }`
[INFO] crate crates.io crate wingfoil 9.0.0 already has a lockfile, it will not be regenerated
[INFO] running `Command { std: CARGO_HOME="/workspace/cargo-home" RUSTUP_HOME="/workspace/rustup-home" "/workspace/cargo-home/bin/cargo" "+1.100.0-beta.1" "fetch" "--manifest-path" "Cargo.toml", kill_on_drop: false }`
[INFO] [stderr] warning: `package.homepage` is redundant with `package.repository`
[INFO] [stderr]    --> Cargo.toml:645:12
[INFO] [stderr]     |
[INFO] [stderr] 645 | homepage = "https://github.com/wingfoil-io/wingfoil/"
[INFO] [stderr]     |            ^^^^^^^^^^^^^^^^^^^^^^^^^^^^^^^^^^^^^^^^^^
[INFO] [stderr] ...
[INFO] [stderr] 651 | repository = "https://github.com/wingfoil-io/wingfoil/"
[INFO] [stderr]     |              ------------------------------------------
[INFO] [stderr]     |
[INFO] [stderr]     = note: `cargo::redundant_homepage` is set to `warn` by default
[INFO] [stderr] help: consider removing `package.homepage`
[INFO] [stderr] warning: `wingfoil` (manifest) generated 1 warning
[INFO] running `Command { std: "docker" "create" "-v" "/var/lib/crater-agent-workspace/builds/worker-0-tc2/source:/opt/rustwide/workdir:ro,Z" "-v" "/var/lib/crater-agent-workspace/builds/worker-0-tc2/target:/opt/rustwide/target:rw,Z" "-v" "/var/lib/crater-agent-workspace/cargo-home:/opt/rustwide/cargo-home:ro,Z" "-v" "/var/lib/crater-agent-workspace/rustup-home:/opt/rustwide/rustup-home:ro,Z" "-m" "1610612736" "--network" "none" "ghcr.io/rust-lang/crates-build-env/linux@sha256:3111399a4047eeb3a02b7a90e478d715f38a8c6669b5c4b49d30a17385265909" "sleep" "infinity", kill_on_drop: false }`
[INFO] [stdout] e4f0ed7b9a659296234352747878942ef3053a6f695ed661a540d70aacd189ea
[INFO] running `Command { std: "docker" "start" "e4f0ed7b9a659296234352747878942ef3053a6f695ed661a540d70aacd189ea", kill_on_drop: false }`
[INFO] running `Command { std: "docker" "inspect" "e4f0ed7b9a659296234352747878942ef3053a6f695ed661a540d70aacd189ea", kill_on_drop: false }`
[INFO] running `Command { std: "docker" "exec" "-e" "SOURCE_DIR=/opt/rustwide/workdir" "-e" "CARGO_HOME=/opt/rustwide/cargo-home" "-e" "RUSTUP_HOME=/opt/rustwide/rustup-home" "-e" "CARGO_TARGET_DIR=/opt/rustwide/target" "-w" "/opt/rustwide/workdir" "--user" "0:0" "e4f0ed7b9a659296234352747878942ef3053a6f695ed661a540d70aacd189ea" "/opt/rustwide/cargo-home/bin/cargo" "+1.100.0-beta.1" "metadata" "--no-deps" "--format-version=1", kill_on_drop: false }`
[INFO] running `Command { std: "docker" "inspect" "e4f0ed7b9a659296234352747878942ef3053a6f695ed661a540d70aacd189ea", kill_on_drop: false }`
[INFO] running `Command { std: "docker" "exec" "-e" "SOURCE_DIR=/opt/rustwide/workdir" "-e" "CARGO_HOME=/opt/rustwide/cargo-home" "-e" "RUSTUP_HOME=/opt/rustwide/rustup-home" "-e" "CARGO_TARGET_DIR=/opt/rustwide/target" "-e" "CARGO_INCREMENTAL=0" "-e" "RUST_BACKTRACE=full" "-e" "RUSTFLAGS=--cap-lints=warn" "-e" "RUSTDOCFLAGS=--cap-lints=warn" "-w" "/opt/rustwide/workdir" "--user" "0:0" "e4f0ed7b9a659296234352747878942ef3053a6f695ed661a540d70aacd189ea" "/opt/rustwide/cargo-home/bin/cargo" "+1.100.0-beta.1" "build" "--frozen" "--message-format=json", kill_on_drop: false }`
[INFO] [stderr] warning: `package.homepage` is redundant with `package.repository`
[INFO] [stderr]    --> Cargo.toml:645:12
[INFO] [stderr]     |
[INFO] [stderr] 645 | homepage = "https://github.com/wingfoil-io/wingfoil/"
[INFO] [stderr]     |            ^^^^^^^^^^^^^^^^^^^^^^^^^^^^^^^^^^^^^^^^^^
[INFO] [stderr] ...
[INFO] [stderr] 651 | repository = "https://github.com/wingfoil-io/wingfoil/"
[INFO] [stderr]     |              ------------------------------------------
[INFO] [stderr]     |
[INFO] [stderr]     = note: `cargo::redundant_homepage` is set to `warn` by default
[INFO] [stderr] help: consider removing `package.homepage`
[INFO] [stderr] warning: `wingfoil` (manifest) generated 1 warning
[INFO] [stderr]    Compiling unicode-segmentation v1.13.2
[INFO] [stderr]    Compiling syn v2.0.117
[INFO] [stderr]    Compiling syn v3.0.3
[INFO] [stderr]    Compiling anyhow v1.0.104
[INFO] [stderr]    Compiling crossbeam-epoch v0.9.20
[INFO] [stderr]    Compiling crossbeam-channel v0.5.15
[INFO] [stderr]    Compiling crossbeam-queue v0.3.12
[INFO] [stderr]    Compiling raw-cpuid v10.7.0
[INFO] [stderr]    Compiling iana-time-zone v0.1.65
[INFO] [stderr]    Compiling crossbeam-deque v0.8.6
[INFO] [stderr]    Compiling tinyvec v1.12.0
[INFO] [stderr]    Compiling convert_case v0.10.0
[INFO] [stderr]    Compiling crossbeam v0.8.4
[INFO] [stderr]    Compiling chrono v0.4.45
[INFO] [stderr]    Compiling formato v0.3.0
[INFO] [stderr]    Compiling quanta v0.9.3
[INFO] [stderr]    Compiling serde_derive v1.0.229
[INFO] [stderr]    Compiling serde v1.0.229
[INFO] [stderr]    Compiling derive_more-impl v2.1.1
[INFO] [stderr]    Compiling wingfoil-derive v9.0.0
[INFO] [stderr]    Compiling derive-new v0.7.0
[INFO] [stderr]    Compiling derive_more v2.1.1
[INFO] [stderr]    Compiling wingfoil v9.0.0 (/opt/rustwide/workdir)
[INFO] [stderr]     Finished `dev` profile [unoptimized + debuginfo] target(s) in 30.96s
[INFO] running `Command { std: "docker" "inspect" "e4f0ed7b9a659296234352747878942ef3053a6f695ed661a540d70aacd189ea", kill_on_drop: false }`
[INFO] running `Command { std: "docker" "exec" "-e" "SOURCE_DIR=/opt/rustwide/workdir" "-e" "CARGO_HOME=/opt/rustwide/cargo-home" "-e" "RUSTUP_HOME=/opt/rustwide/rustup-home" "-e" "CARGO_TARGET_DIR=/opt/rustwide/target" "-e" "CARGO_INCREMENTAL=0" "-e" "RUST_BACKTRACE=full" "-e" "RUSTFLAGS=--cap-lints=warn" "-e" "RUSTDOCFLAGS=--cap-lints=warn" "-w" "/opt/rustwide/workdir" "--user" "0:0" "e4f0ed7b9a659296234352747878942ef3053a6f695ed661a540d70aacd189ea" "/opt/rustwide/cargo-home/bin/cargo" "+1.100.0-beta.1" "test" "--frozen" "--no-run" "--message-format=json", kill_on_drop: false }`
[INFO] [stderr] warning: `package.homepage` is redundant with `package.repository`
[INFO] [stderr]    --> Cargo.toml:645:12
[INFO] [stderr]     |
[INFO] [stderr] 645 | homepage = "https://github.com/wingfoil-io/wingfoil/"
[INFO] [stderr]     |            ^^^^^^^^^^^^^^^^^^^^^^^^^^^^^^^^^^^^^^^^^^
[INFO] [stderr] ...
[INFO] [stderr] 651 | repository = "https://github.com/wingfoil-io/wingfoil/"
[INFO] [stderr]     |              ------------------------------------------
[INFO] [stderr]     |
[INFO] [stderr]     = note: `cargo::redundant_homepage` is set to `warn` by default
[INFO] [stderr] help: consider removing `package.homepage`
[INFO] [stderr] warning: `wingfoil` (manifest) generated 1 warning
[INFO] [stderr]    Compiling memchr v2.8.1
[INFO] [stderr]    Compiling regex-syntax v0.8.10
[INFO] [stderr]    Compiling zerocopy v0.8.49
[INFO] [stderr]    Compiling semver v1.0.28
[INFO] [stderr]    Compiling crossbeam-deque v0.8.6
[INFO] [stderr]    Compiling serde v1.0.229
[INFO] [stderr]    Compiling zerocopy-derive v0.8.49
[INFO] [stderr]    Compiling log v0.4.33
[INFO] [stderr]    Compiling rustc_version v0.4.1
[INFO] [stderr]    Compiling either v1.16.0
[INFO] [stderr]    Compiling object v0.37.3
[INFO] [stderr]    Compiling alloca v0.4.0
[INFO] [stderr]    Compiling plotters-backend v0.3.7
[INFO] [stderr]    Compiling target-triple v1.0.1
[INFO] [stderr]    Compiling winnow v1.0.3
[INFO] [stderr]    Compiling gimli v0.32.3
[INFO] [stderr]    Compiling branches v0.4.4
[INFO] [stderr]    Compiling plotters-svg v0.3.7
[INFO] [stderr]    Compiling clap_builder v4.6.0
[INFO] [stderr]    Compiling aho-corasick v1.1.4
[INFO] [stderr]    Compiling serde_json v1.0.151
[INFO] [stderr]    Compiling toml_parser v1.1.2+spec-1.1.0
[INFO] [stderr]    Compiling miniz_oxide v0.8.9
[INFO] [stderr]    Compiling regex-automata v0.4.14
[INFO] [stderr]    Compiling itertools v0.13.0
[INFO] [stderr]    Compiling rayon-core v1.13.0
[INFO] [stderr]    Compiling addr2line v0.25.1
[INFO] [stderr]    Compiling parking_lot_core v0.9.12
[INFO] [stderr]    Compiling toml_datetime v1.1.1+spec-1.1.0
[INFO] [stderr]    Compiling serde_spanned v1.1.1
[INFO] [stderr]    Compiling rustc-demangle v0.1.27
[INFO] [stderr]    Compiling toml_writer v1.1.1+spec-1.1.0
[INFO] [stderr]    Compiling cast v0.3.0
[INFO] [stderr]    Compiling cargo-husky v1.5.0
[INFO] [stderr]    Compiling toml v1.1.2+spec-1.1.0
[INFO] [stderr]    Compiling criterion-plot v0.8.2
[INFO] [stderr]    Compiling chrono v0.4.45
[INFO] [stderr]    Compiling anstream v1.0.0
[INFO] [stderr]    Compiling crossbeam v0.8.4
[INFO] [stderr]    Compiling parking_lot v0.12.5
[INFO] [stderr]    Compiling rayon v1.12.0
[INFO] [stderr]    Compiling clap v4.6.1
[INFO] [stderr]    Compiling backtrace v0.3.76
[INFO] [stderr]    Compiling tinytemplate v1.2.1
[INFO] [stderr]    Compiling plotters v0.3.7
[INFO] [stderr]    Compiling regex v1.12.3
[INFO] [stderr]    Compiling matchers v0.2.0
[INFO] [stderr]    Compiling rclite v0.4.1
[INFO] [stderr]    Compiling sharded-slab v0.1.7
[INFO] [stderr]    Compiling env_filter v2.0.0
[INFO] [stderr]    Compiling tracing v0.1.44
[INFO] [stderr]    Compiling half v2.7.1
[INFO] [stderr]    Compiling tracing-log v0.2.0
[INFO] [stderr]    Compiling tokio v1.53.1
[INFO] [stderr]    Compiling page_size v0.6.0
[INFO] [stderr]    Compiling thread_local v1.1.9
[INFO] [stderr]    Compiling ciborium-ll v0.2.2
[INFO] [stderr]    Compiling futures-core v0.3.33
[INFO] [stderr]    Compiling oorandom v11.1.5
[INFO] [stderr]    Compiling glob v0.3.3
[INFO] [stderr]    Compiling anes v0.1.6
[INFO] [stderr]    Compiling ciborium v0.2.2
[INFO] [stderr]    Compiling thousands v0.2.0
[INFO] [stderr]    Compiling mintex v0.1.4
[INFO] [stderr]    Compiling nu-ansi-term v0.50.3
[INFO] [stderr]    Compiling jiff v0.2.27
[INFO] [stderr]    Compiling trybuild v1.0.120
[INFO] [stderr]    Compiling tracing-subscriber v0.3.23
[INFO] [stderr]    Compiling dhat v0.3.3
[INFO] [stderr]    Compiling criterion v0.8.2
[INFO] [stderr]    Compiling lobster v0.7.0
[INFO] [stderr]    Compiling wingfoil v9.0.0 (/opt/rustwide/workdir)
[INFO] [stderr]    Compiling rxrust v1.0.0-rc.5
[INFO] [stderr]    Compiling env_logger v0.11.11
[INFO] [stdout] warning: unused import: `wingfoil::ops::EwmaDecay`
[INFO] [stdout]    --> tests/op_completeness.rs:201:5
[INFO] [stdout]     |
[INFO] [stdout] 201 | use wingfoil::ops::EwmaDecay;
[INFO] [stdout]     |     ^^^^^^^^^^^^^^^^^^^^^^^^
[INFO] [stdout]     |
[INFO] [stdout]     = note: `#[warn(unused_imports)]` (part of `#[warn(unused)]`) on by default
[INFO] [stdout] 
[INFO] [stdout] 
[INFO] [stdout] warning: constant `W` is never used
[INFO] [stdout]    --> tests/op_completeness.rs:210:7
[INFO] [stdout]     |
[INFO] [stdout] 210 | const W: Duration = Duration::from_millis(30);
[INFO] [stdout]     |       ^
[INFO] [stdout]     |
[INFO] [stdout]     = note: `#[warn(dead_code)]` (part of `#[warn(unused)]`) on by default
[INFO] [stdout] 
[INFO] [stdout] 
[INFO] [stderr]     Finished `test` profile [unoptimized + debuginfo] target(s) in 2m 24s
[INFO] running `Command { std: "docker" "inspect" "e4f0ed7b9a659296234352747878942ef3053a6f695ed661a540d70aacd189ea", kill_on_drop: false }`
[INFO] running `Command { std: "docker" "exec" "-e" "SOURCE_DIR=/opt/rustwide/workdir" "-e" "CARGO_HOME=/opt/rustwide/cargo-home" "-e" "RUSTUP_HOME=/opt/rustwide/rustup-home" "-e" "CARGO_TARGET_DIR=/opt/rustwide/target" "-e" "CARGO_INCREMENTAL=0" "-e" "RUST_BACKTRACE=full" "-e" "RUSTFLAGS=--cap-lints=warn" "-e" "RUSTDOCFLAGS=--cap-lints=warn" "-w" "/opt/rustwide/workdir" "--user" "0:0" "e4f0ed7b9a659296234352747878942ef3053a6f695ed661a540d70aacd189ea" "/opt/rustwide/cargo-home/bin/cargo" "+1.100.0-beta.1" "test" "--frozen", kill_on_drop: false }`
[INFO] [stderr] warning: `package.homepage` is redundant with `package.repository`
[INFO] [stderr]    --> Cargo.toml:645:12
[INFO] [stderr]     |
[INFO] [stderr] 645 | homepage = "https://github.com/wingfoil-io/wingfoil/"
[INFO] [stderr]     |            ^^^^^^^^^^^^^^^^^^^^^^^^^^^^^^^^^^^^^^^^^^
[INFO] [stderr] ...
[INFO] [stderr] 651 | repository = "https://github.com/wingfoil-io/wingfoil/"
[INFO] [stderr]     |              ------------------------------------------
[INFO] [stderr]     |
[INFO] [stderr]     = note: `cargo::redundant_homepage` is set to `warn` by default
[INFO] [stderr] help: consider removing `package.homepage`
[INFO] [stderr] warning: `wingfoil` (manifest) generated 1 warning
[INFO] [stderr] warning: unused import: `wingfoil::ops::EwmaDecay`
[INFO] [stderr]    --> tests/op_completeness.rs:201:5
[INFO] [stderr]     |
[INFO] [stderr] 201 | use wingfoil::ops::EwmaDecay;
[INFO] [stderr]     |     ^^^^^^^^^^^^^^^^^^^^^^^^
[INFO] [stderr]     |
[INFO] [stderr]     = note: `#[warn(unused_imports)]` (part of `#[warn(unused)]`) on by default
[INFO] [stderr] 
[INFO] [stderr] warning: constant `W` is never used
[INFO] [stderr]    --> tests/op_completeness.rs:210:7
[INFO] [stderr]     |
[INFO] [stderr] 210 | const W: Duration = Duration::from_millis(30);
[INFO] [stderr]     |       ^
[INFO] [stderr]     |
[INFO] [stderr]     = note: `#[warn(dead_code)]` (part of `#[warn(unused)]`) on by default
[INFO] [stderr] 
[INFO] [stderr] warning: `wingfoil` (test "op_completeness") generated 2 warnings (run `cargo fix --test "op_completeness" -p wingfoil` to apply 1 suggestion)
[INFO] [stderr]     Finished `test` profile [unoptimized + debuginfo] target(s) in 0.46s
[INFO] [stderr]      Running unittests src/lib.rs (/opt/rustwide/target/debug/build/wingfoil/45fd1d4d20edeeee/out/wingfoil-45fd1d4d20edeeee)
[INFO] [stdout] 
[INFO] [stdout] running 95 tests
[INFO] [stdout] test adapters::common::sym_tests::interning_shares_one_allocation ... ok
[INFO] [stdout] test adapters::common::sym_tests::ordering_and_display ... ok
[INFO] [stdout] test adapters::lines::tests::poll_line_reassembles_a_line_split_across_polls ... ok
[INFO] [stdout] test introspect::tests::accessors_tolerate_an_out_of_range_index ... ok
[INFO] [stdout] test introspect::tests::activation_appears_in_the_label ... ok
[INFO] [stdout] test adapters::common::sym_tests::equality_is_by_content_not_pointer ... ok
[INFO] [stdout] test adapters::lines::tests::poll_line_strips_crlf_and_emits_each_line_once ... ok
[INFO] [stdout] test introspect::tests::mermaid_dots_passive_edges ... ok
[INFO] [stdout] test interp::tests::stall_warning_reports_disconnect ... ok
[INFO] [stdout] test introspect::tests::dot_dashes_passive_edges ... ok
[INFO] [stdout] test introspect::tests::edges_separate_active_from_passive ... ok
[INFO] [stdout] test introspect::tests::escaping ... ok
[INFO] [stdout] test introspect::tests::removed_nodes_are_omitted_everywhere ... ok
[INFO] [stdout] test introspect::tests::sources_and_sinks ... ok
[INFO] [stdout] test introspect::tests::text_form_lists_both_edge_kinds ... ok
[INFO] [stdout] test op::tests::nested_ctx_forwards_the_snaps_it_is_given ... ok
[INFO] [stdout] test op::tests::nested_ctx_wall_snap_is_independent_of_the_node_index ... ok
[INFO] [stdout] test pool::tests::pooled_equality_is_pointer_identity ... ok
[INFO] [stdout] test pool::tests::dropped_loan_returns_its_buffer ... ok
[INFO] [stdout] test pool::tests::last_handle_drop_releases ... ok
[INFO] [stdout] test pool::tests::default_handle_is_empty ... ok
[INFO] [stdout] test runtime::kernel::tests::explicit_cycle_bound_still_stops_exactly_at_the_bound ... ok
[INFO] [stdout] test runtime::kernel::tests::cycles_zero_runs_no_cycles ... ok
[INFO] [stdout] test runtime::kernel::tests::duration_bound_does_not_impose_a_cycle_bound ... ok
[INFO] [stdout] test runtime::kernel::tests::duration_bound_runs_final_cycle ... ok
[INFO] [stdout] test runtime::kernel::tests::historical_kernel_advances_like_the_engine ... ok
[INFO] [stdout] test runtime::kernel::tests::historical_kernel_terminates_when_queue_empties ... ok
[INFO] [stdout] test runtime::kernel::tests::realtime_forever_is_not_secretly_cycle_bounded ... ok
[INFO] [stdout] test runtime::kernel::tests::realtime_kernel_fires_scheduled_callbacks ... ok
[INFO] [stdout] test runtime::kernel::tests::realtime_kernel_wakes_on_external_events_and_terminates ... ok
[INFO] [stdout] test interp::tests::cross_builder_handle_panics_in_slot - should panic ... ok
[INFO] [stdout] test interp::tests::cross_runner_handle_panics_in_value - should panic ... ok
[INFO] [stdout] test pool::tests::default_handle_deref_panics_with_context - should panic ... ok
[INFO] [stdout] test runtime::latency::aggregation_tests::a_backwards_hop_is_tallied_and_never_measured ... ok
[INFO] [stdout] test runtime::kernel::tests::spin_ahead_never_fires_before_the_scheduled_time ... ok
[INFO] [stdout] test runtime::latency::aggregation_tests::a_measured_hop_records_a_sample_and_no_tally ... ok
[INFO] [stdout] test runtime::latency::aggregation_tests::a_same_cycle_hop_is_tallied_not_recorded_as_a_zero_sample ... ok
[INFO] [stdout] test runtime::latency::aggregation_tests::an_unstamped_hop_is_distinguishable_from_a_rejected_one ... ok
[INFO] [stdout] test runtime::latency::aggregation_tests::a_summary_never_leaks_the_min_sentinel ... ok
[INFO] [stdout] test runtime::latency::aggregation_tests::a_stage_stays_small_enough_to_hold_one_per_stage ... ok
[INFO] [stdout] test runtime::latency::aggregation_tests::the_report_has_a_p999_column_and_a_self_sizing_label_column ... ok
[INFO] [stdout] test runtime::latency::aggregation_tests::reset_returns_a_stage_to_its_zeroed_state ... ok
[INFO] [stdout] test runtime::latency::aggregation_tests::the_report_ends_with_an_end_to_end_row ... ok
[INFO] [stdout] test runtime::latency::aggregation_tests::the_report_prints_dashes_and_a_reason_where_it_has_no_measurement ... ok
[INFO] [stdout] test runtime::latency::aggregation_tests::the_total_is_measured_even_when_a_middle_hop_is_not ... ok
[INFO] [stdout] test runtime::latency::aggregation_tests::the_total_is_unstamped_when_an_endpoint_is ... ok
[INFO] [stdout] test runtime::latency::histogram_tests::all_zero_samples_report_zero_everywhere ... ok
[INFO] [stdout] test runtime::latency::histogram_tests::an_outlier_past_the_top_octave_saturates_without_losing_the_max ... ok
[INFO] [stdout] test runtime::latency::histogram_tests::bucket_index_is_monotonic ... ok
[INFO] [stdout] test runtime::latency::aggregation_tests::the_total_slot_carries_first_stage_to_last ... ok
[INFO] [stdout] test runtime::latency::histogram_tests::buckets_are_contiguous_and_cover_their_own_range ... ok
[INFO] [stdout] test runtime::latency::histogram_tests::every_value_lands_in_a_bucket_containing_it ... ok
[INFO] [stdout] test runtime::latency::histogram_tests::quantiles_are_exact_below_the_sub_bucket_count ... ok
[INFO] [stdout] test runtime::latency::histogram_tests::quantiles_are_monotonic_in_q ... ok
[INFO] [stdout] test runtime::latency::histogram_tests::out_of_range_and_nan_quantiles_are_clamped ... ok
[INFO] [stdout] test runtime::latency::histogram_tests::quantile_is_zero_when_empty ... ok
[INFO] [stdout] test runtime::kernel::tests::spin_ahead_still_takes_external_wakeups_inside_the_guard_window ... ok
[INFO] [stdout] test runtime::kernel::tests::spin_ahead_lands_much_closer_to_the_deadline_than_a_bare_sleep ... ok
[INFO] [stdout] test runtime::latency::histogram_tests::relative_bucket_width_is_bounded_by_the_sub_bucket_resolution ... ok
[INFO] [stdout] test runtime::latency::histogram_tests::quantiles_never_escape_the_exact_min_max_range ... ok
[INFO] [stdout] test runtime::time::tests::from_naive_datetime_roundtrips ... ok
[INFO] [stdout] test runtime::time::tests::arithmetic_add_sub_mul ... ok
[INFO] [stdout] test runtime::time::tests::from_nanos_u128_saturating_is_exact_in_range_and_saturates_above_it ... ok
[INFO] [stdout] test runtime::latency::histogram_tests::quantiles_are_within_the_documented_error_bound ... ok
[INFO] [stdout] test runtime::time::tests::duration_roundtrip ... ok
[INFO] [stdout] test runtime::time::tests::from_duration_is_exact_in_range_and_saturates_above_it ... ok
[INFO] [stdout] test runtime::time::tests::kdb_epoch_offset_lands_on_year_2000 ... ok
[INFO] [stdout] test runtime::time::tests::kdb_max_converts_to_i64_max ... ok
[INFO] [stdout] test runtime::time::tests::mul_i32_and_i64 ... ok
[INFO] [stdout] test runtime::time::tests::now_is_anchored_to_the_unix_epoch ... ok
[INFO] [stdout] test runtime::time::tests::now_is_monotonic_non_decreasing ... ok
[INFO] [stdout] test runtime::time::tests::ordering ... ok
[INFO] [stdout] test runtime::time::tests::pretty_returns_formatted_string ... ok
[INFO] [stdout] test runtime::time::tests::sub_is_exact_for_ordered_operands ... ok
[INFO] [stdout] test runtime::time_queue::tests::a_fast_repeat_interleaves_correctly_with_a_distant_entry ... ok
[INFO] [stdout] test runtime::time_queue::tests::dedup_holds_against_an_entry_parked_in_the_map ... ok
[INFO] [stdout] test runtime::time::tests::from_u64_roundtrip ... ok
[INFO] [stdout] test runtime::time::tests::into_f64_converts ... ok
[INFO] [stdout] test runtime::time_queue::tests::dedup_is_scoped_to_the_pushed_time_only ... ok
[INFO] [stdout] test runtime::time_queue::tests::distinct_values_same_time_pop_in_fifo_order ... ok
[INFO] [stdout] test runtime::time_queue::tests::draining_a_time_lets_it_be_pushed_again ... ok
[INFO] [stdout] test runtime::time_queue::tests::next_time_is_none_when_empty ... ok
[INFO] [stdout] test runtime::time::tests::kdb_timestamp_roundtrip ... ok
[INFO] [stdout] test runtime::time_queue::tests::float_payloads_are_supported_and_deduplicated ... ok
[INFO] [stdout] test runtime::time_queue::tests::identical_pushes_are_deduplicated ... ok
[INFO] [stdout] test runtime::time_queue::tests::is_empty_is_false_while_only_the_map_holds_entries ... ok
[INFO] [stdout] test runtime::time_queue::tests::same_value_distinct_times_all_kept ... ok
[INFO] [stdout] test runtime::time_queue::tests::sorted ... ok
[INFO] [stdout] test runtime::time_queue::tests::pop_is_none_when_empty ... ok
[INFO] [stdout] test tier::tests::display_round_trips_through_from_str ... ok
[INFO] [stdout] test tier::tests::parses_both_spellings_case_insensitively ... ok
[INFO] [stdout] test interp::tests::stall_warning_still_delivers_the_late_value ... ok
[INFO] [stdout] test runtime::time_queue::tests::pop_if_pending ... ok
[INFO] [stdout] test runtime::kernel::tests::park_is_the_default_and_costs_no_cpu ... ok
[INFO] [stdout] test runtime::kernel::tests::realtime_kernel_parks_after_every_waker_is_dropped ... ok
[INFO] [stdout] 
[INFO] [stdout] test result: ok. 95 passed; 0 failed; 0 ignored; 0 measured; 0 filtered out; finished in 0.32s
[INFO] [stdout] 
[INFO] [stderr]      Running tests/aeron_adapter.rs (/opt/rustwide/target/debug/build/wingfoil/8b29aaaf0bb1f93d/out/aeron_adapter-8b29aaaf0bb1f93d)
[INFO] [stderr]      Running tests/aeron_integration.rs (/opt/rustwide/target/debug/build/wingfoil/554635a56d3e1965/out/aeron_integration-554635a56d3e1965)
[INFO] [stdout] 
[INFO] [stderr]      Running tests/augurs_adapter.rs (/opt/rustwide/target/debug/build/wingfoil/ecaddeab944356a1/out/augurs_adapter-ecaddeab944356a1)
[INFO] [stdout] running 0 tests
[INFO] [stderr]      Running tests/busy_loop.rs (/opt/rustwide/target/debug/build/wingfoil/2cc0779d8f6db941/out/busy_loop-2cc0779d8f6db941)
[INFO] [stdout] 
[INFO] [stdout] test result: ok. 0 passed; 0 failed; 0 ignored; 0 measured; 0 filtered out; finished in 0.00s
[INFO] [stdout] 
[INFO] [stdout] 
[INFO] [stdout] running 0 tests
[INFO] [stdout] 
[INFO] [stdout] test result: ok. 0 passed; 0 failed; 0 ignored; 0 measured; 0 filtered out; finished in 0.00s
[INFO] [stdout] 
[INFO] [stdout] 
[INFO] [stdout] running 0 tests
[INFO] [stdout] 
[INFO] [stdout] test result: ok. 0 passed; 0 failed; 0 ignored; 0 measured; 0 filtered out; finished in 0.00s
[INFO] [stdout] 
[INFO] [stdout] 
[INFO] [stdout] running 5 tests
[INFO] [stdout] test poll_activation_is_always ... ok
[INFO] [stdout] test spin_run_still_fires_scheduled_callbacks ... ok
[INFO] [stdout] test spin_run_honours_cycle_bound ... ok
[INFO] [stdout] test poll_rejects_historical_mode - should panic ... ok
[INFO] [stdout] test poll_source_is_lossless_and_ordered ... ok
[INFO] [stdout] 
[INFO] [stdout] test result: ok. 5 passed; 0 failed; 0 ignored; 0 measured; 0 filtered out; finished in 0.06s
[INFO] [stdout] 
[INFO] [stderr]      Running tests/cache_adapter.rs (/opt/rustwide/target/debug/build/wingfoil/df8e40ce41eaa341/out/cache_adapter-df8e40ce41eaa341)
[INFO] [stdout] 
[INFO] [stdout] running 0 tests
[INFO] [stdout] 
[INFO] [stderr]      Running tests/catalog.rs (/opt/rustwide/target/debug/build/wingfoil/d259a4d66d9fc29b/out/catalog-d259a4d66d9fc29b)
[INFO] [stdout] test result: ok. 0 passed; 0 failed; 0 ignored; 0 measured; 0 filtered out; finished in 0.00s
[INFO] [stdout] 
[INFO] [stdout] 
[INFO] [stdout] running 34 tests
[INFO] [stdout] test difference_emits_deltas_after_first ... ok
[INFO] [stdout] test distinct_emits_first_value_equal_to_default ... ok
[INFO] [stdout] test distinct_suppresses_repeats ... ok
[INFO] [stdout] test inspect_observes_and_passes_through ... ok
[INFO] [stdout] test join3_combines_three_streams ... ok
[INFO] [stdout] test join_passive_reads_without_triggering ... ok
[INFO] [stdout] test limit_and_skip_count_in_usize ... ok
[INFO] [stdout] test limit_caps_ticks ... ok
[INFO] [stdout] test map_filter_maps_and_filters ... ok
[INFO] [stdout] test enumerate_indexes_every_value_and_preserves_tick_times ... ok
[INFO] [stdout] test buffer_flushes_by_capacity ... ok
[INFO] [stdout] test not_inverts_bool_stream ... ok
[INFO] [stdout] test pairwise_emits_pairs ... ok
[INFO] [stdout] test pairwise_with_non_arithmetic_types ... ok
[INFO] [stdout] test drop_small_change_propagates_when_predicate_is_false ... ok
[INFO] [stdout] test drop_small_change_with_equality_matches_distinct ... ok
[INFO] [stdout] test skip_while_latches_open_at_the_first_rejection ... ok
[INFO] [stdout] test skip_while_passes_everything_when_the_first_value_is_rejected ... ok
[INFO] [stdout] test step_by_one_is_identity ... ok
[INFO] [stdout] test step_by_emits_every_nth_value_with_original_time ... ok
[INFO] [stdout] test skip_zero_passes_all_and_skip_past_the_run_passes_none ... ok
[INFO] [stdout] test throttle_suppresses_fast_ticks ... ok
[INFO] [stdout] test drop_small_change_compares_to_last_emitted_value ... ok
[INFO] [stdout] test skip_suppresses_first_n ... ok
[INFO] [stdout] test step_by_zero_aborts_the_run_with_context ... ok
[INFO] [stdout] test take_while_latches_quiet_after_the_first_rejection ... ok
[INFO] [stdout] test ticked_at_emits_engine_time ... ok
[INFO] [stdout] test window_from_non_zero_start_anchors_boundaries_at_zero ... ok
[INFO] [stderr]      Running tests/catalog_filter_value_scan.rs (/opt/rustwide/target/debug/build/wingfoil/2964777ad0f36165/out/catalog_filter_value_scan-2964777ad0f36165)
[INFO] [stdout] test ticked_at_elapsed_emits_elapsed_time ... ok
[INFO] [stdout] test zero_length_window_flushes_every_cycle_rather_than_hanging ... ok
[INFO] [stdout] test drop_small_change_first_tick_always_propagates ... ok
[INFO] [stdout] test try_map_filter_maps_and_filters_with_tick_times ... ok
[INFO] [stdout] test window_flushes_on_time_boundaries ... ok
[INFO] [stdout] test with_time_pairs_value_with_engine_time ... ok
[INFO] [stdout] 
[INFO] [stdout] test result: ok. 34 passed; 0 failed; 0 ignored; 0 measured; 0 filtered out; finished in 0.01s
[INFO] [stdout] 
[INFO] [stdout] 
[INFO] [stdout] running 10 tests
[INFO] [stdout] test filter_value_matches_map_plus_filter ... ok
[INFO] [stdout] test filter_value_preserves_source_tick_times ... ok
[INFO] [stdout] test filter_stays_quiet_until_source_ticks_then_samples_on_condition_ticks ... ok
[INFO] [stdout] test passes_values_when_predicate_true ... ok
[INFO] [stdout] test scan_accumulates_returning_values ... ok
[INFO] [stdout] test filter_value_wires_a_single_node ... ok
[INFO] [stdout] test scan_agrees_with_fold_on_values_and_times ... ok
[INFO] [stdout] test suppresses_all_when_predicate_always_false ... ok
[INFO] [stdout] test scan_reseeds_on_rerun ... ok
[INFO] [stdout] test scan_accumulator_may_differ_from_input ... ok
[INFO] [stdout] 
[INFO] [stdout] test result: ok. 10 passed; 0 failed; 0 ignored; 0 measured; 0 filtered out; finished in 0.00s
[INFO] [stdout] 
[INFO] [stderr]      Running tests/catalog_flow.rs (/opt/rustwide/target/debug/build/wingfoil/396d3909758918e2/out/catalog_flow-396d3909758918e2)
[INFO] [stdout] 
[INFO] [stdout] running 19 tests
[INFO] [stdout] test collapse_skips_empty_iterator ... ok
[INFO] [stdout] test filter_map_emits_some_and_stays_quiet_on_none ... ok
[INFO] [stdout] test filter_map_matches_map_filter ... ok
[INFO] [stdout] test delay_with_reset_snaps_on_trigger ... ok
[INFO] [stdout] test filter_none_drops_none ... ok
[INFO] [stdout] test delay_with_reset_snaps_on_trigger_2 ... ok
[INFO] [stdout] test filter_map_all_none_never_ticks_downstream ... ok
[INFO] [stdout] test delay_with_reset_never_reset_matches_delay ... ok
[INFO] [stdout] test delay_with_reset_zero_delay_passes_through_immediately ... ok
[INFO] [stdout] test combine_gathers_same_instant_values ... ok
[INFO] [stdout] test node_delay_zero_passes_immediately ... ok
[INFO] [stdout] test node_filter_gates_ticks ... ok
[INFO] [stdout] test node_feedback_sends_signal ... ok
[INFO] [stdout] test node_limit_caps_ticks ... ok
[INFO] [stdout] test node_throttle_suppresses_fast_ticks ... ok
[INFO] [stdout] test node_throttle_zero_interval_passes_all ... ok
[INFO] [stdout] test never_never_triggers_downstream ... ok
[INFO] [stdout] test node_delay_shifts_ticks ... ok
[INFO] [stdout] test split_decomposes_tuple_stream ... ok
[INFO] [stdout] 
[INFO] [stdout] test result: ok. 19 passed; 0 failed; 0 ignored; 0 measured; 0 filtered out; finished in 0.00s
[INFO] [stdout] 
[INFO] [stderr]      Running tests/catalog_not_collapse.rs (/opt/rustwide/target/debug/build/wingfoil/96605b9c4b128caf/out/catalog_not_collapse-96605b9c4b128caf)
[INFO] [stdout] 
[INFO] [stdout] running 11 tests
[INFO] [stdout] test collapse_agrees_between_burst_and_vec ... ok
[INFO] [stdout] test collapse_clones_only_the_item_it_emits ... ok
[INFO] [stdout] test collapse_emits_last_item ... ok
[INFO] [stdout] test collapse_works_on_a_burst ... ok
[INFO] [stdout] test collapse_is_quiet_on_empty ... ok
[INFO] [stdout] test not_works_on_integer_bitwise_negation ... ok
[INFO] [stdout] test collapse_matches_map_filter_desugar ... ok
[INFO] [stdout] test collapse_on_vec_agrees_across_engines ... ok
[INFO] [stdout] test collapse_on_burst_agrees_across_engines ... ok
[INFO] [stdout] test not_matches_map_desugar ... ok
[INFO] [stdout] test not_negates_each_value ... ok
[INFO] [stderr]      Running tests/catalog_ops.rs (/opt/rustwide/target/debug/build/wingfoil/08f5752483cd8543/out/catalog_ops-08f5752483cd8543)
[INFO] [stdout] 
[INFO] [stdout] test result: ok. 11 passed; 0 failed; 0 ignored; 0 measured; 0 filtered out; finished in 0.00s
[INFO] [stdout] 
[INFO] [stdout] 
[INFO] [stdout] running 9 tests
[INFO] [stdout] test logged_passes_through_values_and_times ... ok
[INFO] [stdout] test timed_passes_through_values ... ok
[INFO] [stdout] test try_join3_success ... ok
[INFO] [stdout] test try_join3_error_aborts_run ... ok
[INFO] [stdout] test try_join3_passive_does_not_trigger ... ok
[INFO] [stdout] test try_join_error_aborts_run ... ok
[INFO] [stdout] test try_join_passive_does_not_trigger ... ok
[INFO] [stdout] test print_passes_through_values ... ok
[INFO] [stdout] test try_join_success ... ok
[INFO] [stdout] 
[INFO] [stdout] test result: ok. 9 passed; 0 failed; 0 ignored; 0 measured; 0 filtered out; finished in 0.05s
[INFO] [stdout] 
[INFO] [stderr]      Running tests/channel.rs (/opt/rustwide/target/debug/build/wingfoil/1afcc92a4a47ec31/out/channel-1afcc92a4a47ec31)
[INFO] [stdout] 
[INFO] [stdout] running 7 tests
[INFO] [stdout] test message_equality_matches_legacy ... ok
[INFO] [stdout] test channel_realtime_groups_by_arrival_not_by_timestamp ... ok
[INFO] [stdout] test channel_error_aborts_the_run ... ok
[INFO] [stdout] test channel_bounded_applies_backpressure_without_changing_the_result ... ok
[INFO] [stdout] test channel_replays_deterministically_in_historical_mode ... ok
[INFO] [stdout] test channel_historical_same_time_values_ride_one_burst ... ok
[INFO] [stdout] test channel_delivers_all_values_across_threads ... ok
[INFO] [stdout] 
[INFO] [stdout] test result: ok. 7 passed; 0 failed; 0 ignored; 0 measured; 0 filtered out; finished in 0.02s
[INFO] [stdout] 
[INFO] [stderr]      Running tests/combine_n.rs (/opt/rustwide/target/debug/build/wingfoil/f1d3f0403e813895/out/combine_n-f1d3f0403e813895)
[INFO] [stdout] 
[INFO] [stdout] running 5 tests
[INFO] [stdout] test an_empty_gather_is_quiet_not_an_empty_burst ... ok
[INFO] [stderr]      Running tests/common_adapter.rs (/opt/rustwide/target/debug/build/wingfoil/996d22b1cc6c39c4/out/common_adapter-996d22b1cc6c39c4)
[INFO] [stdout] test combine_gathers_in_supplied_order_on_the_compiled_path ... ok
[INFO] [stdout] test combine_gathers_only_the_inputs_that_ticked ... ok
[INFO] [stdout] test wide_combine_costs_one_node ... ok
[INFO] [stdout] test combine_agrees_across_engines ... ok
[INFO] [stdout] 
[INFO] [stdout] test result: ok. 5 passed; 0 failed; 0 ignored; 0 measured; 0 filtered out; finished in 0.01s
[INFO] [stdout] 
[INFO] [stdout] 
[INFO] [stdout] running 4 tests
[INFO] [stdout] test window_filter_all_kept_no_warning_path ... ok
[INFO] [stdout] test time_window_contains_is_half_open ... ok
[INFO] [stdout] test window_filter_keeps_in_window_drops_out_of_window ... ok
[INFO] [stdout] test time_window_clamp_tightens_to_run_bounds ... ok
[INFO] [stderr]      Running tests/compiled_lifecycle_ops.rs (/opt/rustwide/target/debug/build/wingfoil/28f4014b58f64136/out/compiled_lifecycle_ops-28f4014b58f64136)
[INFO] [stdout] 
[INFO] [stdout] test result: ok. 4 passed; 0 failed; 0 ignored; 0 measured; 0 filtered out; finished in 0.00s
[INFO] [stdout] 
[INFO] [stdout] 
[INFO] [stdout] running 5 tests
[INFO] [stdout] test stop_then_teardown_ordering_matches_across_engines ... ok
[INFO] [stdout] test print_and_timed_pass_through_on_all_three_engines ... ok
[INFO] [stdout] test teardown_order_matches_across_engines ... ok
[INFO] [stdout] test finally_teardown_fires_once_on_all_three_engines ... ok
[INFO] [stdout] test compiled_cleanup_runs_after_cycle_abort ... ok
[INFO] [stdout] 
[INFO] [stdout] test result: ok. 5 passed; 0 failed; 0 ignored; 0 measured; 0 filtered out; finished in 0.11s
[INFO] [stdout] 
[INFO] [stderr]      Running tests/compiled_parity.rs (/opt/rustwide/target/debug/build/wingfoil/37adb16def0a1c8b/out/compiled_parity-37adb16def0a1c8b)
[INFO] [stdout] 
[INFO] [stdout] running 3 tests
[INFO] [stdout] test hand_expansion_matches_macro_emission ... ok
[INFO] [stdout] test compiled_matches_interpreted_duration_bound ... ok
[INFO] [stdout] test compiled_matches_interpreted ... ok
[INFO] [stdout] 
[INFO] [stdout] test result: ok. 3 passed; 0 failed; 0 ignored; 0 measured; 0 filtered out; finished in 0.00s
[INFO] [stdout] 
[INFO] [stderr]      Running tests/compiled_stateful_ops.rs (/opt/rustwide/target/debug/build/wingfoil/4de054fcbb802709/out/compiled_stateful_ops-4de054fcbb802709)
[INFO] [stdout] 
[INFO] [stdout] running 18 tests
[INFO] [stdout] test delay_with_reset_agrees_across_engines ... ok
[INFO] [stdout] test enumerate_agrees_across_engines ... ok
[INFO] [stdout] test filter_resamples_on_condition_ticks_across_engines ... ok
[INFO] [stdout] test delay_agrees_across_engines ... ok
[INFO] [stdout] test skip_while_agrees_across_engines ... ok
[INFO] [stdout] test throttle_times_agree_across_engines ... ok
[INFO] [stdout] test join3_agrees_across_engines ... ok
[INFO] [stdout] test throttle_values_agree_across_engines ... ok
[INFO] [stdout] test try_join3_agrees_across_engines ... ok
[INFO] [stdout] test pairwise_agrees_across_engines ... ok
[INFO] [stdout] test step_by_agrees_across_engines ... ok
[INFO] [stdout] test try_join_error_aborts_both_engines ... ok
[INFO] [stdout] test step_by_zero_start_error_reaches_all_engines ... ok
[INFO] [stdout] test skip_agrees_across_engines ... ok
[INFO] [stdout] test take_while_agrees_across_engines ... ok
[INFO] [stdout] test window_values_agree_across_engines ... ok
[INFO] [stderr]      Running tests/consume_async.rs (/opt/rustwide/target/debug/build/wingfoil/c86d9ccf96a26118/out/consume_async-c86d9ccf96a26118)
[INFO] [stdout] test try_join_agrees_across_engines ... ok
[INFO] [stdout] test window_times_agree_across_engines ... ok
[INFO] [stdout] 
[INFO] [stdout] test result: ok. 18 passed; 0 failed; 0 ignored; 0 measured; 0 filtered out; finished in 0.00s
[INFO] [stdout] 
[INFO] [stdout] 
[INFO] [stderr]      Running tests/csv_adapter.rs (/opt/rustwide/target/debug/build/wingfoil/0a740f1ddfc0fcca/out/csv_adapter-0a740f1ddfc0fcca)
[INFO] [stdout] running 0 tests
[INFO] [stdout] 
[INFO] [stdout] test result: ok. 0 passed; 0 failed; 0 ignored; 0 measured; 0 filtered out; finished in 0.00s
[INFO] [stdout] 
[INFO] [stderr]      Running tests/custom_node.rs (/opt/rustwide/target/debug/build/wingfoil/c8a0aa9d8e89a906/out/custom_node-c8a0aa9d8e89a906)
[INFO] [stdout] 
[INFO] [stdout] running 0 tests
[INFO] [stdout] 
[INFO] [stdout] test result: ok. 0 passed; 0 failed; 0 ignored; 0 measured; 0 filtered out; finished in 0.00s
[INFO] [stdout] 
[INFO] [stdout] 
[INFO] [stdout] running 5 tests
[INFO] [stdout] test custom_node_quiet_suppresses_tick_like_map_filter ... ok
[INFO] [stderr]      Running tests/custom_op.rs (/opt/rustwide/target/debug/build/wingfoil/0d33a8e147852155/out/custom_op-0d33a8e147852155)
[INFO] [stdout] test custom_node_graph_is_single_run ... ok
[INFO] [stdout] test custom_node_reading_upstream_matches_map ... ok
[INFO] [stdout] test custom_node_with_owned_state_matches_fold ... ok
[INFO] [stdout] test custom_node_passive_upstream_matches_sample ... ok
[INFO] [stdout] 
[INFO] [stdout] test result: ok. 5 passed; 0 failed; 0 ignored; 0 measured; 0 filtered out; finished in 0.00s
[INFO] [stdout] 
[INFO] [stdout] 
[INFO] [stdout] running 5 tests
[INFO] [stdout] test multi_input_custom_ops_compiled_matches_interpreted ... ok
[INFO] [stdout] test custom_ops_compiled_matches_interpreted ... ok
[INFO] [stdout] test multi_input_custom_op_in_nested_island ... ok
[INFO] [stdout] test custom_ops_in_nested_island ... ok
[INFO] [stdout] test user_passive_and_seeded_shapes ... ok
[INFO] [stderr]      Running tests/demux.rs (/opt/rustwide/target/debug/build/wingfoil/6c5a77cbb9d9d696/out/demux-6c5a77cbb9d9d696)
[INFO] [stdout] 
[INFO] [stdout] test result: ok. 5 passed; 0 failed; 0 ignored; 0 measured; 0 filtered out; finished in 0.01s
[INFO] [stdout] 
[INFO] [stdout] 
[INFO] [stdout] running 5 tests
[INFO] [stdout] test demux_routes_each_value_to_its_child ... ok
[INFO] [stdout] test demux_routes_identically_under_the_full_sweep_oracle ... ok
[INFO] [stdout] test demux_map_auto_assigns_and_releases_slots ... ok
[INFO] [stdout] test demux_routes_excess_to_overflow ... ok
[INFO] [stdout] test demux_it_routes_each_item_to_a_burst_per_child ... ok
[INFO] [stdout] 
[INFO] [stdout] test result: ok. 5 passed; 0 failed; 0 ignored; 0 measured; 0 filtered out; finished in 0.00s
[INFO] [stdout] 
[INFO] [stderr]      Running tests/dynamic_graph.rs (/opt/rustwide/target/debug/build/wingfoil/f3a3218d11d36d17/out/dynamic_graph-f3a3218d11d36d17)
[INFO] [stdout] 
[INFO] [stdout] running 0 tests
[INFO] [stdout] 
[INFO] [stderr]      Running tests/engine_semantics.rs (/opt/rustwide/target/debug/build/wingfoil/6d9d470e4ef9e0ed/out/engine_semantics-6d9d470e4ef9e0ed)
[INFO] [stdout] test result: ok. 0 passed; 0 failed; 0 ignored; 0 measured; 0 filtered out; finished in 0.00s
[INFO] [stdout] 
[INFO] [stdout] 
[INFO] [stdout] running 8 tests
[INFO] [stdout] test duration_bound_matches_legacy_engine ... ok
[INFO] [stdout] test activation_is_declared_statically ... ok
[INFO] [stdout] test constant_and_sample_match_legacy_engine ... ok
[INFO] [stdout] test delay_matches_legacy_engine ... ok
[INFO] [stdout] test join_combines_current_values ... ok
[INFO] [stdout] test for_each_observes_every_tick ... ok
[INFO] [stdout] test filter_suppresses_like_legacy_engine ... ok
[INFO] [stdout] test external_source_ticks_the_graph ... ok
[INFO] [stdout] 
[INFO] [stdout] test result: ok. 8 passed; 0 failed; 0 ignored; 0 measured; 0 filtered out; finished in 0.02s
[INFO] [stdout] 
[INFO] [stderr]      Running tests/etcd_adapter.rs (/opt/rustwide/target/debug/build/wingfoil/51a29df66e4f8800/out/etcd_adapter-51a29df66e4f8800)
[INFO] [stdout] 
[INFO] [stdout] running 0 tests
[INFO] [stdout] 
[INFO] [stdout] test result: ok. 0 passed; 0 failed; 0 ignored; 0 measured; 0 filtered out; finished in 0.00s
[INFO] [stdout] 
[INFO] [stderr]      Running tests/etcd_integration.rs (/opt/rustwide/target/debug/build/wingfoil/eca1817125810702/out/etcd_integration-eca1817125810702)
[INFO] [stdout] 
[INFO] [stdout] running 0 tests
[INFO] [stdout] 
[INFO] [stdout] test result: ok. 0 passed; 0 failed; 0 ignored; 0 measured; 0 filtered out; finished in 0.00s
[INFO] [stdout] 
[INFO] [stderr]      Running tests/fallibility.rs (/opt/rustwide/target/debug/build/wingfoil/cfb4428991205b4b/out/fallibility-cfb4428991205b4b)
[INFO] [stdout] 
[INFO] [stdout] running 4 tests
[INFO] [stdout] test cycle_error_aborts_with_context_and_runs_teardown ... ok
[INFO] [stdout] test try_map_filter_err_aborts_run ... ok
[INFO] [stdout] test teardown_runs_on_clean_completion ... ok
[INFO] [stderr]      Running tests/feedback.rs (/opt/rustwide/target/debug/build/wingfoil/462013f25aa3e022/out/feedback-462013f25aa3e022)
[INFO] [stdout] test sink_error_aborts_with_context ... ok
[INFO] [stdout] 
[INFO] [stdout] test result: ok. 4 passed; 0 failed; 0 ignored; 0 measured; 0 filtered out; finished in 0.00s
[INFO] [stdout] 
[INFO] [stdout] 
[INFO] [stdout] running 4 tests
[INFO] [stdout] test feedback_sink_clones ... ok
[INFO] [stdout] test feedback_self_sustains ... ok
[INFO] [stdout] test feedback_passive_matches_legacy_engine ... ok
[INFO] [stderr]      Running tests/fix_adapter.rs (/opt/rustwide/target/debug/build/wingfoil/2ad8ee5d58f57d54/out/fix_adapter-2ad8ee5d58f57d54)
[INFO] [stdout] test feedback_active_matches_legacy_engine ... ok
[INFO] [stdout] 
[INFO] [stdout] test result: ok. 4 passed; 0 failed; 0 ignored; 0 measured; 0 filtered out; finished in 0.00s
[INFO] [stdout] 
[INFO] [stdout] 
[INFO] [stdout] running 0 tests
[INFO] [stdout] 
[INFO] [stdout] test result: ok. 0 passed; 0 failed; 0 ignored; 0 measured; 0 filtered out; finished in 0.00s
[INFO] [stdout] 
[INFO] [stderr]      Running tests/fix_integration.rs (/opt/rustwide/target/debug/build/wingfoil/fdcc1f5bab7bf39f/out/fix_integration-fdcc1f5bab7bf39f)
[INFO] [stdout] 
[INFO] [stdout] running 0 tests
[INFO] [stdout] 
[INFO] [stdout] test result: ok. 0 passed; 0 failed; 0 ignored; 0 measured; 0 filtered out; finished in 0.00s
[INFO] [stdout] 
[INFO] [stderr]      Running tests/fluent_primitives.rs (/opt/rustwide/target/debug/build/wingfoil/61518e7b062cd2a4/out/fluent_primitives-61518e7b062cd2a4)
[INFO] [stdout] 
[INFO] [stdout] running 15 tests
[INFO] [stdout] test register_op3_state_re_seeds_between_runs ... ok
[INFO] [stdout] test runner_value_accepts_a_handle_by_reference ... ok
[INFO] [stdout] test for_each_mut_gives_a_mutable_writer_each_tick ... ok
[INFO] [stdout] test replay_results_groups_same_instant_rows_into_bursts ... ok
[INFO] [stdout] test replay_results_forwards_error_and_stops ... ok
[INFO] [stdout] test for_each_mut_error_aborts_the_run ... ok
[INFO] [stdout] test register_op4_reads_four_actives ... ok
[INFO] [stdout] test count_works_on_any_payload_type ... ok
[INFO] [stdout] test stream_build_builds_the_graph_not_the_stream ... ok
[INFO] [stdout] test source_at_start_defers_setup_to_run_and_stops_at_teardown ... ok
[INFO] [stdout] test register_op3_reads_three_actives_and_owns_its_state ... ok
[INFO] [stdout] test source_at_start_historical_replays_timestamped_sends ... ok
[INFO] [stdout] test stream_build_runs_the_whole_graph_from_the_end_of_a_chain ... ok
[INFO] [stdout] test stream_build_shares_the_builders_call_once_guard - should panic ... ok
[INFO] [stdout] test source_at_start_setup_error_aborts_the_run ... ok
[INFO] [stdout] 
[INFO] [stdout] test result: ok. 15 passed; 0 failed; 0 ignored; 0 measured; 0 filtered out; finished in 0.15s
[INFO] [stdout] 
[INFO] [stderr]      Running tests/fluvio_adapter.rs (/opt/rustwide/target/debug/build/wingfoil/d36247dad7f4e620/out/fluvio_adapter-d36247dad7f4e620)
[INFO] [stdout] 
[INFO] [stderr]      Running tests/fluvio_integration.rs (/opt/rustwide/target/debug/build/wingfoil/261b5e8a85ca2946/out/fluvio_integration-261b5e8a85ca2946)
[INFO] [stdout] running 0 tests
[INFO] [stdout] 
[INFO] [stdout] test result: ok. 0 passed; 0 failed; 0 ignored; 0 measured; 0 filtered out; finished in 0.00s
[INFO] [stdout] 
[INFO] [stderr]      Running tests/iceoryx2_adapter.rs (/opt/rustwide/target/debug/build/wingfoil/12685301eb9e497c/out/iceoryx2_adapter-12685301eb9e497c)
[INFO] [stdout] 
[INFO] [stdout] running 0 tests
[INFO] [stdout] 
[INFO] [stdout] test result: ok. 0 passed; 0 failed; 0 ignored; 0 measured; 0 filtered out; finished in 0.00s
[INFO] [stdout] 
[INFO] [stdout] 
[INFO] [stderr]      Running tests/iceoryx2_integration.rs (/opt/rustwide/target/debug/build/wingfoil/180deb4361191096/out/iceoryx2_integration-180deb4361191096)
[INFO] [stdout] running 0 tests
[INFO] [stdout] 
[INFO] [stdout] test result: ok. 0 passed; 0 failed; 0 ignored; 0 measured; 0 filtered out; finished in 0.00s
[INFO] [stdout] 
[INFO] [stderr]      Running tests/instrumentation.rs (/opt/rustwide/target/debug/build/wingfoil/92eec4627cb3615c/out/instrumentation-92eec4627cb3615c)
[INFO] [stdout] 
[INFO] [stdout] running 0 tests
[INFO] [stdout] 
[INFO] [stdout] test result: ok. 0 passed; 0 failed; 0 ignored; 0 measured; 0 filtered out; finished in 0.00s
[INFO] [stdout] 
[INFO] [stdout] 
[INFO] [stdout] running 0 tests
[INFO] [stdout] 
[INFO] [stdout] test result: ok. 0 passed; 0 failed; 0 ignored; 0 measured; 0 filtered out; finished in 0.00s
[INFO] [stdout] 
[INFO] [stderr]      Running tests/introspect.rs (/opt/rustwide/target/debug/build/wingfoil/9b658353a11516ec/out/introspect-9b658353a11516ec)
[INFO] [stdout] 
[INFO] [stdout] running 9 tests
[INFO] [stdout] test display_is_the_text_form ... ok
[INFO] [stdout] test sample_records_a_passive_edge ... ok
[INFO] [stdout] test runner_snapshot_matches_the_builder_and_survives_a_run ... ok
[INFO] [stdout] test a_ticker_is_labelled_and_declares_that_it_schedules ... ok
[INFO] [stdout] test an_empty_graph_snapshots_cleanly ... ok
[INFO] [stdout] test json_round_trips_through_serde ... ok
[INFO] [stdout] test passive_edges_render_differently_in_every_visual_format ... ok
[INFO] [stdout] test snapshot_does_not_consume_the_builder ... ok
[INFO] [stdout] test snapshot_captures_a_linear_chain ... ok
[INFO] [stdout] 
[INFO] [stdout] test result: ok. 9 passed; 0 failed; 0 ignored; 0 measured; 0 filtered out; finished in 0.01s
[INFO] [stdout] 
[INFO] [stderr]      Running tests/island_collapse_fold.rs (/opt/rustwide/target/debug/build/wingfoil/488b649296f487c6/out/island_collapse_fold-488b649296f487c6)
[INFO] [stdout] 
[INFO] [stdout] running 3 tests
[INFO] [stdout] test collapse_fold_island_matches_flat_tick_times ... ok
[INFO] [stdout] test collapse_fold_island_matches_flat_wiring ... ok
[INFO] [stdout] test collapse_keeps_only_the_last_burst_item_on_both_paths ... ok
[INFO] [stdout] 
[INFO] [stdout] test result: ok. 3 passed; 0 failed; 0 ignored; 0 measured; 0 filtered out; finished in 0.00s
[INFO] [stdout] 
[INFO] [stderr]      Running tests/island_scheduling.rs (/opt/rustwide/target/debug/build/wingfoil/86814f5f95dbc870/out/island_scheduling-86814f5f95dbc870)
[INFO] [stdout] 
[INFO] [stdout] running 2 tests
[INFO] [stderr]      Running tests/island_wall_time.rs (/opt/rustwide/target/debug/build/wingfoil/2c9c67d3e8c91457/out/island_wall_time-2c9c67d3e8c91457)
[INFO] [stdout] test island_two_scheduling_ops_all_paths ... ok
[INFO] [stdout] test island_merge_filter_constant_all_paths ... ok
[INFO] [stdout] 
[INFO] [stdout] test result: ok. 2 passed; 0 failed; 0 ignored; 0 measured; 0 filtered out; finished in 0.00s
[INFO] [stdout] 
[INFO] [stdout] 
[INFO] [stdout] running 3 tests
[INFO] [stderr]      Running tests/kafka_adapter.rs (/opt/rustwide/target/debug/build/wingfoil/e12a5ea29b15c037/out/kafka_adapter-e12a5ea29b15c037)
[INFO] [stdout] test island_ops_see_the_outer_cycles_wall_snap ... ok
[INFO] [stdout] test the_wall_snap_is_re_taken_each_cycle ... ok
[INFO] [stdout] test island_nodes_agree_within_one_activation ... ok
[INFO] [stdout] 
[INFO] [stdout] test result: ok. 3 passed; 0 failed; 0 ignored; 0 measured; 0 filtered out; finished in 0.00s
[INFO] [stdout] 
[INFO] [stderr]      Running tests/kafka_integration.rs (/opt/rustwide/target/debug/build/wingfoil/196d827362d2fac0/out/kafka_integration-196d827362d2fac0)
[INFO] [stdout] 
[INFO] [stdout] running 0 tests
[INFO] [stdout] 
[INFO] [stdout] test result: ok. 0 passed; 0 failed; 0 ignored; 0 measured; 0 filtered out; finished in 0.00s
[INFO] [stdout] 
[INFO] [stdout] 
[INFO] [stderr]      Running tests/kdb_adapter.rs (/opt/rustwide/target/debug/build/wingfoil/a7034c6f9beed57b/out/kdb_adapter-a7034c6f9beed57b)
[INFO] [stdout] running 0 tests
[INFO] [stdout] 
[INFO] [stdout] test result: ok. 0 passed; 0 failed; 0 ignored; 0 measured; 0 filtered out; finished in 0.00s
[INFO] [stdout] 
[INFO] [stdout] 
[INFO] [stdout] running 0 tests
[INFO] [stdout] 
[INFO] [stdout] test result: ok. 0 passed; 0 failed; 0 ignored; 0 measured; 0 filtered out; finished in 0.00s
[INFO] [stdout] 
[INFO] [stderr]      Running tests/kdb_integration.rs (/opt/rustwide/target/debug/build/wingfoil/5f6b753592acfd1c/out/kdb_integration-5f6b753592acfd1c)
[INFO] [stdout] 
[INFO] [stdout] running 0 tests
[INFO] [stdout] 
[INFO] [stdout] test result: ok. 0 passed; 0 failed; 0 ignored; 0 measured; 0 filtered out; finished in 0.00s
[INFO] [stdout] 
[INFO] [stderr]      Running tests/latency.rs (/opt/rustwide/target/debug/build/wingfoil/bf68f6bdab93d386/out/latency-bf68f6bdab93d386)
[INFO] [stdout] 
[INFO] [stdout] running 24 tests
[INFO] [stdout] test has_latency_round_trip ... ok
[INFO] [stdout] test latency_stages_derive_works_in_next ... ok
[INFO] [stdout] test latency_report_if_disabled_stays_empty ... ok
[INFO] [stdout] test burst_stamps_reach_the_compiled_tier ... ok
[INFO] [stdout] test stamp_all_matches_the_chained_form_exactly ... ok
[INFO] [stdout] test stamp_all_off_wires_no_node ... ok
[INFO] [stdout] test burst_stamps_reach_a_nested_island ... ok
[INFO] [stdout] test latency_report_aggregates_across_ticks ... ok
[INFO] [stdout] test stamp_all_takes_one_clock_read_per_stage_when_precise ... ok
[INFO] [stdout] test stamp_precise_writes_fresh_timestamps ... ok
[INFO] [stdout] test stamp_disabled_is_identity ... ok
[INFO] [stdout] test stamp_writes_wall_time_into_named_stage ... ok
[INFO] [stdout] test stamping_off_writes_nothing ... ok
[INFO] [stdout] test multiple_stamps_compose ... ok
[INFO] [stdout] test stamping_resolves_the_two_config_flags ... ok
[INFO] [stdout] test stamp_as_agrees_with_the_named_stamps ... ok
[INFO] [stdout] test same_cycle_stamps_are_reported_as_unmeasured_not_as_zero ... ok
[INFO] [stdout] test stamps_reach_a_nested_island ... ok
[INFO] [stdout] test stamps_reach_the_compiled_tier ... ok
[INFO] [stdout] test windows_emits_per_window_snapshots_not_cumulative_ones ... ok
[INFO] [stdout] test take_reads_the_numbers_out_and_leaves_the_accumulator_empty ... ok
[INFO] [stdout] test the_handle_reads_out_labelled_hops_and_an_end_to_end_total ... ok
[INFO] [stdout] test stamp_works_identically_in_historical_and_realtime ... ok
[INFO] [stdout] test a_second_windows_stream_on_one_handle_panics_at_wiring - should panic ... ok
[INFO] [stdout] 
[INFO] [stdout] test result: ok. 24 passed; 0 failed; 0 ignored; 0 measured; 0 filtered out; finished in 0.11s
[INFO] [stdout] 
[INFO] [stderr]      Running tests/latency_bursts.rs (/opt/rustwide/target/debug/build/wingfoil/3bc6aacd17be1036/out/latency_bursts-3bc6aacd17be1036)
[INFO] [stdout] 
[INFO] [stdout] running 8 tests
[INFO] [stdout] test stamp_each_as_off_wires_no_node ... ok
[INFO] [stdout] test stamp_each_reads_the_clock_once_per_burst ... ok
[INFO] [stdout] test latency_report_over_bursts_observes_every_value ... ok
[INFO] [stdout] test stamp_each_as_agrees_with_the_named_burst_stamp ... ok
[INFO] [stderr]      Running tests/lines_adapter.rs (/opt/rustwide/target/debug/build/wingfoil/b24ae2f8ef9ff3ef/out/lines_adapter-b24ae2f8ef9ff3ef)
[INFO] [stdout] test stamp_each_stamps_every_value_and_keeps_them_all ... ok
[INFO] [stderr]      Running tests/macro_parity.rs (/opt/rustwide/target/debug/build/wingfoil/9dd98d4436d9c437/out/macro_parity-9dd98d4436d9c437)
[INFO] [stdout] test stamp_each_all_matches_the_chained_form_exactly ... ok
[INFO] [stderr]      Running tests/market_adapter.rs (/opt/rustwide/target/debug/build/wingfoil/ef3bb1c6440f7619/out/market_adapter-ef3bb1c6440f7619)
[INFO] [stdout] test stamp_each_all_reads_the_clock_once_per_stage_not_per_value ... ok
[INFO] [stdout] test stamp_precise_each_separates_stages_not_values ... ok
[INFO] [stdout] 
[INFO] [stdout] test result: ok. 8 passed; 0 failed; 0 ignored; 0 measured; 0 filtered out; finished in 0.01s
[INFO] [stdout] 
[INFO] [stdout] 
[INFO] [stdout] running 0 tests
[INFO] [stdout] 
[INFO] [stdout] test result: ok. 0 passed; 0 failed; 0 ignored; 0 measured; 0 filtered out; finished in 0.00s
[INFO] [stdout] 
[INFO] [stdout] 
[INFO] [stdout] running 9 tests
[INFO] [stdout] test macro_allows_passthrough_statements ... ok
[INFO] [stdout] test macro_handles_a_node_read_twice_by_one_join ... ok
[INFO] [stdout] test macro_engines_agree_on_duration_bound ... ok
[INFO] [stdout] test macro_interleaves_passthrough_with_wiring ... ok
[INFO] [stdout] test macro_exports_the_wiring_fn_verbatim ... ok
[INFO] [stdout] test macro_handles_delay_on_both_engines ... ok
[INFO] [stdout] test macro_handles_join_and_multiple_outputs ... ok
[INFO] [stdout] test macro_interpreted_matches_macro_compiled ... ok
[INFO] [stdout] test macro_handles_sample_and_constant ... ok
[INFO] [stdout] 
[INFO] [stdout] test result: ok. 9 passed; 0 failed; 0 ignored; 0 measured; 0 filtered out; finished in 0.00s
[INFO] [stdout] 
[INFO] [stdout] 
[INFO] [stdout] running 0 tests
[INFO] [stdout] 
[INFO] [stdout] test result: ok. 0 passed; 0 failed; 0 ignored; 0 measured; 0 filtered out; finished in 0.00s
[INFO] [stdout] 
[INFO] [stderr]      Running tests/merge_n.rs (/opt/rustwide/target/debug/build/wingfoil/ceb339894831e475/out/merge_n-ceb339894831e475)
[INFO] [stdout] 
[INFO] [stdout] running 10 tests
[INFO] [stdout] test merge_all_forwards_bursts_intact ... ok
[INFO] [stdout] test empty_merge_all_is_the_receiver ... ok
[INFO] [stdout] test single_branch_fan_wires_no_merge ... ok
[INFO] [stdout] test fan_costs_one_merge_node ... ok
[INFO] [stdout] test quiet_inputs_are_skipped_in_supplied_order ... ok
[INFO] [stdout] test graph_merge_all_agrees_across_engines ... ok
[INFO] [stdout] test n_ary_merge_matches_the_binary_chain ... ok
[INFO] [stdout] test n_ary_tie_break_takes_the_earliest_supplied ... ok
[INFO] [stdout] test wide_merge_costs_one_node ... ok
[INFO] [stdout] test graph_fan_agrees_across_engines ... ok
[INFO] [stdout] 
[INFO] [stdout] test result: ok. 10 passed; 0 failed; 0 ignored; 0 measured; 0 filtered out; finished in 0.01s
[INFO] [stdout] 
[INFO] [stderr]      Running tests/merge_tiebreak.rs (/opt/rustwide/target/debug/build/wingfoil/cda06ba7a7cf2a9b/out/merge_tiebreak-cda06ba7a7cf2a9b)
[INFO] [stdout] 
[INFO] [stdout] running 1 test
[INFO] [stdout] test merge_tie_break_first_input_wins_all_paths ... ok
[INFO] [stdout] 
[INFO] [stdout] test result: ok. 1 passed; 0 failed; 0 ignored; 0 measured; 0 filtered out; finished in 0.01s
[INFO] [stdout] 
[INFO] [stderr]      Running tests/nested_islands.rs (/opt/rustwide/target/debug/build/wingfoil/35682ab50af08e27/out/nested_islands-35682ab50af08e27)
[INFO] [stdout] 
[INFO] [stdout] running 6 tests
[INFO] [stdout] test island_with_input_matches_flat_wiring ... ok
[INFO] [stdout] test island_delay_schedules_through_outer_kernel ... ok
[INFO] [stdout] test island_recombines_a_doubly_read_edge ... ok
[INFO] [stdout] test source_island_drives_the_outer_graph ... ok
[INFO] [stdout] test passive_input_does_not_activate_the_island ... ok
[INFO] [stdout] test source_island_agrees_with_standalone_expansions ... ok
[INFO] [stdout] 
[INFO] [stdout] test result: ok. 6 passed; 0 failed; 0 ignored; 0 measured; 0 filtered out; finished in 0.01s
[INFO] [stdout] 
[INFO] [stderr]      Running tests/op_builder_shapes.rs (/opt/rustwide/target/debug/build/wingfoil/d571f8546869dc8e/out/op_builder_shapes-d571f8546869dc8e)
[INFO] [stdout] 
[INFO] [stdout] running 12 tests
[INFO] [stdout] test passive_mask_shape_reads_the_passive_edge_without_being_triggered_by_it ... ok
[INFO] [stdout] test multi_input_shape_reads_and_is_triggered_by_every_edge ... ok
[INFO] [stdout] test multi_input_shape_types_each_edge_from_the_in_tuple ... ok
[INFO] [stdout] test default_seeded_shape_resets_state_and_slot_between_runs ... ok
[INFO] [stdout] test seeded_shape_takes_init_before_cfg_and_needs_no_default ... ok
[INFO] [stdout] test passive_mask_shape_suppresses_activation_from_the_masked_edge ... ok
[INFO] [stdout] test tick_flag_shape_passes_the_engines_per_edge_tick_into_the_op ... ok
[INFO] [stdout] test seeded_shape_re_seeds_from_init_between_runs ... ok
[INFO] [stdout] test tick_flag_shape_carries_one_flag_per_edge ... ok
[INFO] [stdout] test source_shape_takes_config_only_and_runs_its_start_hook ... ok
[INFO] [stdout] test lifecycle_shape_attaches_start_and_stop_hooks ... ok
[INFO] [stdout] test lifecycle_shape_attaches_the_teardown_hook ... ok
[INFO] [stdout] 
[INFO] [stdout] test result: ok. 12 passed; 0 failed; 0 ignored; 0 measured; 0 filtered out; finished in 0.00s
[INFO] [stdout] 
[INFO] [stderr]      Running tests/op_completeness.rs (/opt/rustwide/target/debug/build/wingfoil/1dcaa8dbcda16619/out/op_completeness-1dcaa8dbcda16619)
[INFO] [stdout] 
[INFO] [stdout] running 11 tests
[INFO] [stdout] test lifecycle_surface_three_engine_parity ... ok
[INFO] [stdout] test multi_input_surface_three_engine_parity ... ok
[INFO] [stdout] test scheduling_surface_three_engine_parity ... ok
[INFO] [stdout] test skip_while_latches_with_exact_tick_times ... ok
[INFO] [stdout] test u64_surface_three_engine_parity ... ok
[INFO] [stdout] test windowing_surface_three_engine_parity ... ok
[INFO] [stdout] test fallible_surface_three_engine_parity ... ok
[INFO] [stdout] test time_surface_three_engine_parity ... ok
[INFO] [stdout] test passive_delay_surface_three_engine_parity ... ok
[INFO] [stdout] test sugar_surface_three_engine_parity ... ok
[INFO] [stdout] test passive_delay_surface_interp_eq_compiled ... ok
[INFO] [stdout] 
[INFO] [stdout] test result: ok. 11 passed; 0 failed; 0 ignored; 0 measured; 0 filtered out; finished in 0.01s
[INFO] [stdout] 
[INFO] [stderr]      Running tests/op_fluent_shapes.rs (/opt/rustwide/target/debug/build/wingfoil/c9aa9432d379f87d/out/op_fluent_shapes-c9aa9432d379f87d)
[INFO] [stdout] 
[INFO] [stdout] running 4 tests
[INFO] [stdout] test generic_receiver_supports_tuple_output ... ok
[INFO] [stdout] test source_receiver_wires_through_the_graph_builder ... ok
[INFO] [stdout] test concrete_receiver_needs_no_type_argument ... ok
[INFO] [stdout] test generic_receiver_binds_the_element_type_of_the_invoking_trait ... ok
[INFO] [stdout] 
[INFO] [stdout] test result: ok. 4 passed; 0 failed; 0 ignored; 0 measured; 0 filtered out; finished in 0.01s
[INFO] [stdout] 
[INFO] [stderr]      Running tests/otlp_adapter.rs (/opt/rustwide/target/debug/build/wingfoil/18640ededa5fdf69/out/otlp_adapter-18640ededa5fdf69)
[INFO] [stdout] 
[INFO] [stderr]      Running tests/otlp_integration.rs (/opt/rustwide/target/debug/build/wingfoil/cef6f436c0049816/out/otlp_integration-cef6f436c0049816)
[INFO] [stdout] running 0 tests
[INFO] [stdout] 
[INFO] [stdout] test result: ok. 0 passed; 0 failed; 0 ignored; 0 measured; 0 filtered out; finished in 0.00s
[INFO] [stdout] 
[INFO] [stderr]      Running tests/parity_bugs.rs (/opt/rustwide/target/debug/build/wingfoil/5b571c5500eef739/out/parity_bugs-5b571c5500eef739)
[INFO] [stdout] 
[INFO] [stdout] running 0 tests
[INFO] [stdout] 
[INFO] [stdout] test result: ok. 0 passed; 0 failed; 0 ignored; 0 measured; 0 filtered out; finished in 0.00s
[INFO] [stdout] 
[INFO] [stdout] 
[INFO] [stdout] running 15 tests
[INFO] [stdout] test compiled_evaluates_closure_factory_once ... ok
[INFO] [stdout] test delay_seeds_first_value_all_paths ... ok
[INFO] [stdout] test delay_initializes_to_first_value_legacy_port ... ok
[INFO] [stdout] test external_source_historical_run_is_an_error_not_a_panic ... ok
[INFO] [stdout] test bare_alias_output_works_in_all_paths ... ok
[INFO] [stdout] test bare_ticker_return_works_in_all_paths ... ok
[INFO] [stdout] test merge_tie_break_when_both_inputs_tick ... ok
[INFO] [stdout] test historical_channel_rejects_out_of_order_timestamps ... ok
[INFO] [stdout] test user_stream_named_anon1_does_not_collide ... ok
[INFO] [stdout] test zero_delay_emits_inline_all_paths ... ok
[INFO] [stdout] test island_with_two_inner_schedulers ... ok
[INFO] [stdout] test fold_non_default_init_seed_parity ... ok
[INFO] [stdout] test poll_source_historical_run_is_an_error_not_a_panic ... ok
[INFO] [stdout] test historical_channel_rejects_pre_start_timestamp ... ok
[INFO] [stdout] test realtime_close_ends_run_with_live_sender_clone ... ok
[INFO] [stdout] 
[INFO] [stdout] test result: ok. 15 passed; 0 failed; 0 ignored; 0 measured; 0 filtered out; finished in 0.01s
[INFO] [stdout] 
[INFO] [stderr]      Running tests/poll_all_tiers.rs (/opt/rustwide/target/debug/build/wingfoil/295f55ebb1a548d5/out/poll_all_tiers-295f55ebb1a548d5)
[INFO] [stdout] 
[INFO] [stdout] running 2 tests
[INFO] [stdout] test poll_in_compiled_rejects_historical ... ok
[INFO] [stderr]      Running tests/pooled_channel.rs (/opt/rustwide/target/debug/build/wingfoil/122af7752f43712d/out/pooled_channel-122af7752f43712d)
[INFO] [stdout] test poll_source_runs_in_all_three_tiers ... ok
[INFO] [stdout] 
[INFO] [stdout] test result: ok. 2 passed; 0 failed; 0 ignored; 0 measured; 0 filtered out; finished in 0.00s
[INFO] [stdout] 
[INFO] [stdout] 
[INFO] [stdout] running 7 tests
[INFO] [stdout] test interior_capacity_survives_recycling ... ok
[INFO] [stdout] test pooled_channel_replays_deterministically_in_historical_mode ... ok
[INFO] [stdout] test try_loan_reports_exhaustion_and_recovery ... ok
[INFO] [stdout] test pre_first_tick_passive_read_sees_the_empty_handle ... ok
[INFO] [stdout] test pooled_channel_error_aborts_the_run ... ok
[INFO] [stdout] test flat_out_producer_does_not_wedge ... ok
[INFO] [stderr]      Running tests/postgres_adapter.rs (/opt/rustwide/target/debug/build/wingfoil/46ab99857968b3a7/out/postgres_adapter-46ab99857968b3a7)
[INFO] [stderr]      Running tests/postgres_integration.rs (/opt/rustwide/target/debug/build/wingfoil/7a07b23efed99551/out/postgres_integration-7a07b23efed99551)
[INFO] [stderr]      Running tests/produce_async.rs (/opt/rustwide/target/debug/build/wingfoil/3f7a57653846405f/out/produce_async-3f7a57653846405f)
[INFO] [stdout] test pooled_channel_delivers_all_values_and_recycles_buffers ... ok
[INFO] [stdout] 
[INFO] [stdout] test result: ok. 7 passed; 0 failed; 0 ignored; 0 measured; 0 filtered out; finished in 0.03s
[INFO] [stdout] 
[INFO] [stdout] 
[INFO] [stdout] running 0 tests
[INFO] [stdout] 
[INFO] [stdout] test result: ok. 0 passed; 0 failed; 0 ignored; 0 measured; 0 filtered out; finished in 0.00s
[INFO] [stdout] 
[INFO] [stdout] 
[INFO] [stdout] running 0 tests
[INFO] [stdout] 
[INFO] [stdout] test result: ok. 0 passed; 0 failed; 0 ignored; 0 measured; 0 filtered out; finished in 0.00s
[INFO] [stdout] 
[INFO] [stdout] 
[INFO] [stdout] running 0 tests
[INFO] [stdout] 
[INFO] [stdout] test result: ok. 0 passed; 0 failed; 0 ignored; 0 measured; 0 filtered out; finished in 0.00s
[INFO] [stdout] 
[INFO] [stderr]      Running tests/prometheus_adapter.rs (/opt/rustwide/target/debug/build/wingfoil/b045a036d4c0b6c2/out/prometheus_adapter-b045a036d4c0b6c2)
[INFO] [stdout] 
[INFO] [stdout] running 0 tests
[INFO] [stdout] 
[INFO] [stdout] test result: ok. 0 passed; 0 failed; 0 ignored; 0 measured; 0 filtered out; finished in 0.00s
[INFO] [stdout] 
[INFO] [stderr]      Running tests/prometheus_integration.rs (/opt/rustwide/target/debug/build/wingfoil/004adf222bc17cff/out/prometheus_integration-004adf222bc17cff)
[INFO] [stderr]      Running tests/redis_adapter.rs (/opt/rustwide/target/debug/build/wingfoil/e683f76107b595ac/out/redis_adapter-e683f76107b595ac)
[INFO] [stdout] 
[INFO] [stdout] running 0 tests
[INFO] [stdout] 
[INFO] [stdout] test result: ok. 0 passed; 0 failed; 0 ignored; 0 measured; 0 filtered out; finished in 0.00s
[INFO] [stdout] 
[INFO] [stderr]      Running tests/redis_integration.rs (/opt/rustwide/target/debug/build/wingfoil/b6c246d2c385f1e3/out/redis_integration-b6c246d2c385f1e3)
[INFO] [stdout] 
[INFO] [stdout] running 0 tests
[INFO] [stdout] 
[INFO] [stdout] test result: ok. 0 passed; 0 failed; 0 ignored; 0 measured; 0 filtered out; finished in 0.00s
[INFO] [stdout] 
[INFO] [stdout] 
[INFO] [stdout] running 0 tests
[INFO] [stdout] 
[INFO] [stdout] test result: ok. 0 passed; 0 failed; 0 ignored; 0 measured; 0 filtered out; finished in 0.00s
[INFO] [stdout] 
[INFO] [stdout] 
[INFO] [stdout] running 1 test
[INFO] [stdout] test map_n_and_fan_match_hand_unrolling ... ok
[INFO] [stdout] 
[INFO] [stdout] test result: ok. 1 passed; 0 failed; 0 ignored; 0 measured; 0 filtered out; finished in 0.00s
[INFO] [stdout] 
[INFO] [stderr]      Running tests/repetition.rs (/opt/rustwide/target/debug/build/wingfoil/5d51984e5a72867a/out/repetition-5d51984e5a72867a)
[INFO] [stderr]      Running tests/rerun.rs (/opt/rustwide/target/debug/build/wingfoil/be5bf6d283e08ac8/out/rerun-be5bf6d283e08ac8)
[INFO] [stdout] 
[INFO] [stdout] running 9 tests
[INFO] [stdout] test explicit_reset_restores_state ... ok
[INFO] [stdout] test fold_accumulator_restarts_not_continues ... ok
[INFO] [stdout] test rerun_matches_fresh_graph ... ok
[INFO] [stdout] test step_by_restarts_from_index_zero ... ok
[INFO] [stdout] test buffering_and_sampling_ops_reset ... ok
[INFO] [stdout] test merge_all_matches_chained_merge ... ok
[INFO] [stdout] test enumerate_restarts_at_zero_on_rerun ... ok
[INFO] [stdout] test feedback_reruns ... ok
[INFO] [stderr]      Running tests/rerun_dynamic.rs (/opt/rustwide/target/debug/build/wingfoil/01e4a845b203a35e/out/rerun_dynamic-01e4a845b203a35e)
[INFO] [stdout] test single_run_graph_errors_on_second_run ... ok
[INFO] [stdout] 
[INFO] [stdout] test result: ok. 9 passed; 0 failed; 0 ignored; 0 measured; 0 filtered out; finished in 0.01s
[INFO] [stdout] 
[INFO] [stdout] 
[INFO] [stdout] running 0 tests
[INFO] [stdout] 
[INFO] [stdout] test result: ok. 0 passed; 0 failed; 0 ignored; 0 measured; 0 filtered out; finished in 0.00s
[INFO] [stdout] 
[INFO] [stderr]      Running tests/sparse_graph.rs (/opt/rustwide/target/debug/build/wingfoil/10dcef6592692957/out/sparse_graph-10dcef6592692957)
[INFO] [stdout] 
[INFO] [stdout] running 8 tests
[INFO] [stdout] test sparse_matches_full_sweep_oracle ... ok
[INFO] [stdout] test passive_read_of_deeper_node_sees_current_value ... ok
[INFO] [stdout] test wide_fanout_is_correct ... ok
[INFO] [stdout] test quiet_subgraph_is_not_cycled_on_unrelated_ticks ... ok
[INFO] [stdout] test sparse_work_is_independent_of_timer_count ... ok
[INFO] [stdout] test quiet_depth_does_not_cost_per_cycle ... ok
[INFO] [stdout] test sparse_matches_full_sweep_across_random_graphs ... ok
[INFO] [stdout] test sparse_work_is_independent_of_graph_size ... ok
[INFO] [stdout] 
[INFO] [stdout] test result: ok. 8 passed; 0 failed; 0 ignored; 0 measured; 0 filtered out; finished in 0.39s
[INFO] [stdout] 
[INFO] [stderr]      Running tests/spawn.rs (/opt/rustwide/target/debug/build/wingfoil/0eb8dafd971b03f8/out/spawn-0eb8dafd971b03f8)
[INFO] [stdout] 
[INFO] [stdout] running 5 tests
[INFO] [stdout] test spawn_source_replays_deterministically_in_historical_mode ... ok
[INFO] [stdout] test bounded_spawn_and_spawn_map_match_the_unbounded_result ... ok
[INFO] [stdout] test spawn_map_replays_deterministically_in_historical_mode ... ok
[INFO] [stdout] test spawn_source_delivers_all_values_in_realtime ... ok
[INFO] [stdout] test spawn_map_delivers_all_values_in_realtime ... ok
[INFO] [stdout] 
[INFO] [stdout] test result: ok. 5 passed; 0 failed; 0 ignored; 0 measured; 0 filtered out; finished in 0.08s
[INFO] [stdout] 
[INFO] [stderr]      Running tests/statistics.rs (/opt/rustwide/target/debug/build/wingfoil/4c9c802a65e02a5d/out/statistics-4c9c802a65e02a5d)
[INFO] [stdout] 
[INFO] [stdout] running 0 tests
[INFO] [stdout] 
[INFO] [stdout] test result: ok. 0 passed; 0 failed; 0 ignored; 0 measured; 0 filtered out; finished in 0.00s
[INFO] [stdout] 
[INFO] [stderr]      Running tests/statistics_cumulative.rs (/opt/rustwide/target/debug/build/wingfoil/dd3b386aed0e06a5/out/statistics_cumulative-dd3b386aed0e06a5)
[INFO] [stdout] 
[INFO] [stdout] running 0 tests
[INFO] [stdout] 
[INFO] [stdout] test result: ok. 0 passed; 0 failed; 0 ignored; 0 measured; 0 filtered out; finished in 0.00s
[INFO] [stdout] 
[INFO] [stderr]      Running tests/statistics_rolling.rs (/opt/rustwide/target/debug/build/wingfoil/2d647baa755d1f4b/out/statistics_rolling-2d647baa755d1f4b)
[INFO] [stdout] 
[INFO] [stdout] running 0 tests
[INFO] [stdout] 
[INFO] [stdout] test result: ok. 0 passed; 0 failed; 0 ignored; 0 measured; 0 filtered out; finished in 0.00s
[INFO] [stdout] 
[INFO] [stdout] 
[INFO] [stdout] running 0 tests
[INFO] [stdout] 
[INFO] [stdout] test result: ok. 0 passed; 0 failed; 0 ignored; 0 measured; 0 filtered out; finished in 0.00s
[INFO] [stdout] 
[INFO] [stderr]      Running tests/statistics_time_weighted.rs (/opt/rustwide/target/debug/build/wingfoil/0221885f7df14767/out/statistics_time_weighted-0221885f7df14767)
[INFO] [stderr]      Running tests/statistics_time_weighted_median.rs (/opt/rustwide/target/debug/build/wingfoil/0f6371574b90e0dd/out/statistics_time_weighted_median-0f6371574b90e0dd)
[INFO] [stderr]      Running tests/statistics_time_windowed.rs (/opt/rustwide/target/debug/build/wingfoil/e90e9225fac08ebe/out/statistics_time_windowed-e90e9225fac08ebe)
[INFO] [stdout] 
[INFO] [stdout] running 0 tests
[INFO] [stdout] 
[INFO] [stdout] test result: ok. 0 passed; 0 failed; 0 ignored; 0 measured; 0 filtered out; finished in 0.00s
[INFO] [stdout] 
[INFO] [stdout] 
[INFO] [stdout] running 0 tests
[INFO] [stdout] 
[INFO] [stdout] test result: ok. 0 passed; 0 failed; 0 ignored; 0 measured; 0 filtered out; finished in 0.00s
[INFO] [stdout] 
[INFO] [stderr]      Running tests/steady_state_allocs.rs (/opt/rustwide/target/debug/build/wingfoil/202944358c82ff31/out/steady_state_allocs-202944358c82ff31)
[INFO] [stdout] 
[INFO] [stdout] running 1 test
[INFO] [stdout] test pooled_pipeline_stays_off_the_allocator ... ok
[INFO] [stdout] 
[INFO] [stdout] test result: ok. 1 passed; 0 failed; 0 ignored; 0 measured; 0 filtered out; finished in 0.12s
[INFO] [stdout] 
[INFO] [stderr]      Running tests/tier_diagnostics.rs (/opt/rustwide/target/debug/build/wingfoil/373bf3d565f04f14/out/tier_diagnostics-373bf3d565f04f14)
[INFO] [stdout] 
[INFO] [stdout] running 7 tests
[INFO] [stdout] test default_tier_runs_the_graph ... ok
[INFO] [stdout] test run_agrees_with_both_tier_specific_entry_points ... ok
[INFO] [stdout] test compiled_cycle_error_names_the_node ... ok
[INFO] [stdout] test every_tier_names_the_failing_node ... ok
[INFO] [stdout] test island_cycle_error_names_the_node_and_says_it_is_an_island ... ok
[INFO] [stdout] test island_teardown_error_names_the_node_and_hook ... ok
[INFO] [stdout] test compiled_teardown_error_names_the_node_and_hook ... ok
[INFO] [stdout] 
[INFO] [stdout] test result: ok. 7 passed; 0 failed; 0 ignored; 0 measured; 0 filtered out; finished in 0.03s
[INFO] [stdout] 
[INFO] [stderr]      Running tests/trybuild.rs (/opt/rustwide/target/debug/build/wingfoil/c98a672d84f24b72/out/trybuild-c98a672d84f24b72)
[INFO] [stdout] 
[INFO] [stdout] running 1 test
[INFO] [stderr] warning: `package.homepage` is redundant with `package.repository`
[INFO] [stderr]    --> /opt/rustwide/workdir/Cargo.toml:645:12
[INFO] [stderr]     |
[INFO] [stderr] 645 | homepage = "https://github.com/wingfoil-io/wingfoil/"
[INFO] [stderr]     |            ^^^^^^^^^^^^^^^^^^^^^^^^^^^^^^^^^^^^^^^^^^
[INFO] [stderr] ...
[INFO] [stderr] 651 | repository = "https://github.com/wingfoil-io/wingfoil/"
[INFO] [stderr]     |              ------------------------------------------
[INFO] [stderr]     |
[INFO] [stderr]     = note: `cargo::redundant_homepage` is set to `warn` by default
[INFO] [stderr] help: consider removing `package.homepage`
[INFO] [stderr] warning: `wingfoil` (manifest) generated 1 warning
[INFO] [stderr]    Compiling proc-macro2 v1.0.107
[INFO] [stderr]    Compiling quote v1.0.47
[INFO] [stderr]    Compiling unicode-ident v1.0.24
[INFO] [stderr]    Compiling memchr v2.8.1
[INFO] [stderr]    Compiling crossbeam-utils v0.8.21
[INFO] [stderr]    Compiling libc v0.2.189
[INFO] [stderr]    Compiling cfg-if v1.0.4
[INFO] [stderr]    Compiling serde_core v1.0.229
[INFO] [stderr]    Compiling crossbeam-epoch v0.9.20
[INFO] [stderr]    Compiling regex-syntax v0.8.10
[INFO] [stderr]    Compiling autocfg v1.5.1
[INFO] [stderr]    Compiling serde v1.0.229
[INFO] [stderr]    Compiling zerocopy v0.8.49
[INFO] [stderr]    Compiling aho-corasick v1.1.4
[INFO] [stderr]    Compiling num-traits v0.2.19
[INFO] [stderr]    Compiling semver v1.0.28
[INFO] [stderr]    Compiling syn v2.0.117
[INFO] [stderr]    Compiling syn v3.0.3
[INFO] [stderr]    Compiling zmij v1.0.21
[INFO] [stderr]    Compiling once_cell v1.21.4
[INFO] [stderr]    Compiling rustc_version v0.4.1
[INFO] [stderr]    Compiling crossbeam-deque v0.8.6
[INFO] [stderr]    Compiling shlex v1.3.0
[INFO] [stderr]    Compiling smallvec v1.15.1
[INFO] [stderr]    Compiling regex-automata v0.4.14
[INFO] [stderr]    Compiling find-msvc-tools v0.1.9
[INFO] [stderr]    Compiling anstyle v1.0.14
[INFO] [stderr]    Compiling log v0.4.33
[INFO] [stderr]    Compiling serde_json v1.0.151
[INFO] [stderr]    Compiling cc v1.2.62
[INFO] [stderr]    Compiling branches v0.4.4
[INFO] [stderr]    Compiling object v0.37.3
[INFO] [stderr]    Compiling itoa v1.0.18
[INFO] [stderr]    Compiling either v1.16.0
[INFO] [stderr]    Compiling unicode-segmentation v1.13.2
[INFO] [stderr]    Compiling rayon-core v1.13.0
[INFO] [stderr]    Compiling parking_lot_core v0.9.12
[INFO] [stderr]    Compiling pin-project-lite v0.2.17
[INFO] [stderr]    Compiling tracing-core v0.1.36
[INFO] [stderr]    Compiling plotters-backend v0.3.7
[INFO] [stderr]    Compiling convert_case v0.10.0
[INFO] [stderr]    Compiling scopeguard v1.2.0
[INFO] [stderr]    Compiling adler2 v2.0.1
[INFO] [stderr]    Compiling unicode-xid v0.2.6
[INFO] [stderr]    Compiling lazy_static v1.5.0
[INFO] [stderr]    Compiling ciborium-io v0.2.2
[INFO] [stderr]    Compiling clap_lex v1.1.0
[INFO] [stderr]    Compiling utf8parse v0.2.2
[INFO] [stderr]    Compiling alloca v0.4.0
[INFO] [stderr]    Compiling anyhow v1.0.104
[INFO] [stderr]    Compiling bitflags v1.3.2
[INFO] [stderr]    Compiling gimli v0.32.3
[INFO] [stderr]    Compiling raw-cpuid v10.7.0
[INFO] [stderr]    Compiling anstyle-parse v1.0.0
[INFO] [stderr]    Compiling clap_builder v4.6.0
[INFO] [stderr]    Compiling miniz_oxide v0.8.9
[INFO] [stderr]    Compiling serde_derive v1.0.229
[INFO] [stderr]    Compiling lock_api v0.4.14
[INFO] [stderr]    Compiling regex v1.12.3
[INFO] [stderr]    Compiling plotters-svg v0.3.7
[INFO] [stderr]    Compiling itertools v0.13.0
[INFO] [stderr]    Compiling addr2line v0.25.1
[INFO] [stderr]    Compiling crossbeam-channel v0.5.15
[INFO] [stderr]    Compiling crossbeam-queue v0.3.12
[INFO] [stderr]    Compiling same-file v1.0.6
[INFO] [stderr]    Compiling colorchoice v1.0.5
[INFO] [stderr]    Compiling cargo-husky v1.5.0
[INFO] [stderr]    Compiling cast v0.3.0
[INFO] [stderr]    Compiling is_terminal_polyfill v1.70.2
[INFO] [stderr]    Compiling tinyvec_macros v0.1.1
[INFO] [stderr]    Compiling iana-time-zone v0.1.65
[INFO] [stderr]    Compiling rustc-demangle v0.1.27
[INFO] [stderr]    Compiling anstyle-query v1.1.5
[INFO] [stderr]    Compiling anstream v1.0.0
[INFO] [stderr]    Compiling chrono v0.4.45
[INFO] [stderr]    Compiling tinyvec v1.12.0
[INFO] [stderr]    Compiling criterion-plot v0.8.2
[INFO] [stderr]    Compiling crossbeam v0.8.4
[INFO] [stderr]    Compiling walkdir v2.5.0
[INFO] [stdout] test nitro_macro_compile_failures has been running for over 60 seconds
[INFO] [stderr]    Compiling clap v4.6.1
[INFO] [stderr]    Compiling rayon v1.12.0
[INFO] [stderr]    Compiling parking_lot v0.12.5
[INFO] [stderr]    Compiling rclite v0.4.1
[INFO] [stderr]    Compiling zerocopy-derive v0.8.49
[INFO] [stderr]    Compiling derive_more-impl v2.1.1
[INFO] [stderr]    Compiling wingfoil-derive v9.0.0
[INFO] [stderr]    Compiling derive-new v0.7.0
[INFO] [stderr]    Compiling quanta v0.9.3
[INFO] [stderr]    Compiling tinytemplate v1.2.1
[INFO] [stderr]    Compiling env_filter v2.0.0
[INFO] [stderr]    Compiling backtrace v0.3.76
[INFO] [stderr]    Compiling plotters v0.3.7
[INFO] [stderr]    Compiling matchers v0.2.0
[INFO] [stderr]    Compiling sharded-slab v0.1.7
[INFO] [stderr]    Compiling tracing-log v0.2.0
[INFO] [stderr]    Compiling tracing v0.1.44
[INFO] [stderr]    Compiling tokio v1.53.1
[INFO] [stderr]    Compiling page_size v0.6.0
[INFO] [stderr]    Compiling thread_local v1.1.9
[INFO] [stderr]    Compiling oorandom v11.1.5
[INFO] [stderr]    Compiling nu-ansi-term v0.50.3
[INFO] [stderr]    Compiling jiff v0.2.27
[INFO] [stderr]    Compiling anes v0.1.6
[INFO] [stderr]    Compiling mintex v0.1.4
[INFO] [stderr]    Compiling futures-core v0.3.33
[INFO] [stderr]    Compiling rustc-hash v1.1.0
[INFO] [stderr]    Compiling thousands v0.2.0
[INFO] [stderr]    Compiling formato v0.3.0
[INFO] [stderr]    Compiling dhat v0.3.3
[INFO] [stderr]    Compiling tracing-subscriber v0.3.23
[INFO] [stderr]    Compiling lobster v0.7.0
[INFO] [stderr]    Compiling rxrust v1.0.0-rc.5
[INFO] [stderr]    Compiling derive_more v2.1.1
[INFO] [stderr]    Compiling wingfoil v9.0.0 (/opt/rustwide/workdir)
[INFO] [stderr]    Compiling env_logger v0.11.11
[INFO] [stderr]    Compiling half v2.7.1
[INFO] [stderr]    Compiling ciborium-ll v0.2.2
[INFO] [stderr]    Compiling ciborium v0.2.2
[INFO] [stderr]    Compiling criterion v0.8.2
[INFO] [stderr]    Compiling wingfoil-tests v0.0.0 (/opt/rustwide/target/tests/trybuild/wingfoil)
[INFO] [stderr]     Finished `dev` profile [unoptimized + debuginfo] target(s) in 1m 40s
[INFO] [stderr] 
[INFO] [stderr] 
[INFO] [stderr] test tests/trybuild/async_nitro_fn.rs [should fail to compile] ... ok
[INFO] [stderr] test tests/trybuild/fan_zero_branches.rs [should fail to compile] ... ok
[INFO] [stderr] test tests/trybuild/fluent_only_split.rs [should fail to compile] ... ok
[INFO] [stderr] test tests/trybuild/fluent_only_sugar.rs [should fail to compile] ... ok
[INFO] [stderr] test tests/trybuild/generic_nitro_fn.rs [should fail to compile] ... ok
[INFO] [stderr] test tests/trybuild/inherent_stream_methods.rs [should fail to compile] ... ok
[INFO] [stderr] test tests/trybuild/map_n_nonliteral_count.rs [should fail to compile] ... ok
[INFO] [stderr] test tests/trybuild/missing_return_type.rs [should fail to compile] ... ok
[INFO] [stderr] test tests/trybuild/must_use_combinators.rs [should fail to compile] ... ok
[INFO] [stderr] test tests/trybuild/passive_no_builder_out_of_range.rs [should fail to compile] ... ok
[INFO] [stderr] test tests/trybuild/reserved_prefix_name.rs [should fail to compile] ... ok
[INFO] [stderr] test tests/trybuild/stream_param_by_value.rs [should fail to compile] ... ok
[INFO] [stderr] test tests/trybuild/unknown_combinator.rs [should fail to compile] ... mismatch
[INFO] [stderr] 
[INFO] [stderr] EXPECTED:
[INFO] [stderr] ┈┈┈┈┈┈┈┈┈┈┈┈┈┈┈┈┈┈┈┈┈┈┈┈┈┈┈┈┈┈┈┈┈┈┈┈┈┈┈┈┈┈┈┈┈┈┈┈┈┈┈┈┈┈┈┈┈┈┈┈
[INFO] [stderr] error[E0425]: cannot find value `__WF_OP_FROBNICATE_ACTIVATION` in this scope
[INFO] [stderr]   --> tests/trybuild/unknown_combinator.rs:12:62
[INFO] [stderr]    |
[INFO] [stderr] 12 |         let out = g.ticker(Duration::from_nanos(10)).count().frobnicate();
[INFO] [stderr]    |                                                              ^^^^^^^^^^
[INFO] [stderr]    |
[INFO] [stderr]   ::: src/ops.rs
[INFO] [stderr]    |
[INFO] [stderr]    | #[op(build = accumulate, fluent)]
[INFO] [stderr]    | --------------------------------- similarly named constant `__WF_OP_ACCUMULATE_ACTIVATION` defined here
[INFO] [stderr]    |
[INFO] [stderr] help: a constant with a similar name exists
[INFO] [stderr]    |
[INFO] [stderr] 12 -         let out = g.ticker(Duration::from_nanos(10)).count().frobnicate();
[INFO] [stderr] 12 +         let out = g.ticker(Duration::from_nanos(10)).count().__WF_OP_ACCUMULATE_ACTIVATION();
[INFO] [stderr]    |
[INFO] [stderr] 
[INFO] [stderr] error[E0425]: cannot find value `__WF_OP_FROBNICATE_PASSIVE` in this scope
[INFO] [stderr]   --> tests/trybuild/unknown_combinator.rs:12:62
[INFO] [stderr]    |
[INFO] [stderr] 12 |         let out = g.ticker(Duration::from_nanos(10)).count().frobnicate();
[INFO] [stderr]    |                                                              ^^^^^^^^^^
[INFO] [stderr]    |
[INFO] [stderr]   ::: src/ops.rs
[INFO] [stderr]    |
[INFO] [stderr]    | #[op(build = accumulate, fluent)]
[INFO] [stderr]    | --------------------------------- similarly named constant `__WF_OP_ACCUMULATE_PASSIVE` defined here
[INFO] [stderr]    |
[INFO] [stderr] help: a constant with a similar name exists
[INFO] [stderr]    |
[INFO] [stderr] 12 -         let out = g.ticker(Duration::from_nanos(10)).count().frobnicate();
[INFO] [stderr] 12 +         let out = g.ticker(Duration::from_nanos(10)).count().__WF_OP_ACCUMULATE_PASSIVE();
[INFO] [stderr]    |
[INFO] [stderr] 
[INFO] [stderr] error[E0599]: no method named `frobnicate` found for struct `wingfoil::fluent::Stream<T>` in the current scope
[INFO] [stderr]   --> tests/trybuild/unknown_combinator.rs:12:62
[INFO] [stderr]    |
[INFO] [stderr] 12 |         let out = g.ticker(Duration::from_nanos(10)).count().frobnicate();
[INFO] [stderr]    |                                                              ^^^^^^^^^^ method not found in `wingfoil::fluent::Stream<u64>`
[INFO] [stderr] 
[INFO] [stderr] error[E0425]: cannot find function `__wf_op_frobnicate_cycle` in this scope
[INFO] [stderr]   --> tests/trybuild/unknown_combinator.rs:12:62
[INFO] [stderr]    |
[INFO] [stderr] 12 |         let out = g.ticker(Duration::from_nanos(10)).count().frobnicate();
[INFO] [stderr]    |                                                              ^^^^^^^^^^
[INFO] [stderr]    |
[INFO] [stderr]   ::: src/ops.rs
[INFO] [stderr]    |
[INFO] [stderr]    | #[op(build = accumulate, fluent)]
[INFO] [stderr]    | --------------------------------- similarly named function `__wf_op_accumulate_cycle` defined here
[INFO] [stderr]    |
[INFO] [stderr] help: a function with a similar name exists
[INFO] [stderr]    |
[INFO] [stderr] 12 -         let out = g.ticker(Duration::from_nanos(10)).count().frobnicate();
[INFO] [stderr] 12 +         let out = g.ticker(Duration::from_nanos(10)).count().__wf_op_accumulate_cycle();
[INFO] [stderr]    |
[INFO] [stderr] ┈┈┈┈┈┈┈┈┈┈┈┈┈┈┈┈┈┈┈┈┈┈┈┈┈┈┈┈┈┈┈┈┈┈┈┈┈┈┈┈┈┈┈┈┈┈┈┈┈┈┈┈┈┈┈┈┈┈┈┈
[INFO] [stderr] 
[INFO] [stderr] ACTUAL OUTPUT:
[INFO] [stderr] ┈┈┈┈┈┈┈┈┈┈┈┈┈┈┈┈┈┈┈┈┈┈┈┈┈┈┈┈┈┈┈┈┈┈┈┈┈┈┈┈┈┈┈┈┈┈┈┈┈┈┈┈┈┈┈┈┈┈┈┈
[INFO] [stderr] error[E0425]: cannot find value `__WF_OP_FROBNICATE_ACTIVATION` in this scope
[INFO] [stderr]   --> tests/trybuild/unknown_combinator.rs:12:62
[INFO] [stderr]    |
[INFO] [stderr] 12 |         let out = g.ticker(Duration::from_nanos(10)).count().frobnicate();
[INFO] [stderr]    |                                                              ^^^^^^^^^^ not found in this scope
[INFO] [stderr]    |
[INFO] [stderr] note: similarly named constant `__WF_OP_ACCUMULATE_ACTIVATION` defined here
[INFO] [stderr]   --> src/ops.rs
[INFO] [stderr]    |
[INFO] [stderr]    | #[op(build = accumulate, fluent)]
[INFO] [stderr]    | ^^^^^^^^^^^^^^^^^^^^^^^^^^^^^^^^^
[INFO] [stderr]    = note: this error originates in the attribute macro `op` (in Nightly builds, run with -Z macro-backtrace for more info)
[INFO] [stderr] help: a constant with a similar name exists
[INFO] [stderr]    |
[INFO] [stderr] 12 -         let out = g.ticker(Duration::from_nanos(10)).count().frobnicate();
[INFO] [stderr] 12 +         let out = g.ticker(Duration::from_nanos(10)).count().__WF_OP_ACCUMULATE_ACTIVATION();
[INFO] [stderr]    |
[INFO] [stderr] 
[INFO] [stderr] error[E0425]: cannot find value `__WF_OP_FROBNICATE_PASSIVE` in this scope
[INFO] [stderr]   --> tests/trybuild/unknown_combinator.rs:12:62
[INFO] [stderr]    |
[INFO] [stderr] 12 |         let out = g.ticker(Duration::from_nanos(10)).count().frobnicate();
[INFO] [stderr]    |                                                              ^^^^^^^^^^ not found in this scope
[INFO] [stderr]    |
[INFO] [stderr] note: similarly named constant `__WF_OP_ACCUMULATE_PASSIVE` defined here
[INFO] [stderr]   --> src/ops.rs
[INFO] [stderr]    |
[INFO] [stderr]    | #[op(build = accumulate, fluent)]
[INFO] [stderr]    | ^^^^^^^^^^^^^^^^^^^^^^^^^^^^^^^^^
[INFO] [stderr]    = note: this error originates in the attribute macro `op` (in Nightly builds, run with -Z macro-backtrace for more info)
[INFO] [stderr] help: a constant with a similar name exists
[INFO] [stderr]    |
[INFO] [stderr] 12 -         let out = g.ticker(Duration::from_nanos(10)).count().frobnicate();
[INFO] [stderr] 12 +         let out = g.ticker(Duration::from_nanos(10)).count().__WF_OP_ACCUMULATE_PASSIVE();
[INFO] [stderr]    |
[INFO] [stderr] 
[INFO] [stderr] error[E0599]: no method named `frobnicate` found for struct `wingfoil::fluent::Stream<T>` in the current scope
[INFO] [stderr]   --> tests/trybuild/unknown_combinator.rs:12:62
[INFO] [stderr]    |
[INFO] [stderr] 12 |         let out = g.ticker(Duration::from_nanos(10)).count().frobnicate();
[INFO] [stderr]    |                                                              ^^^^^^^^^^ method not found in `wingfoil::fluent::Stream<u64>`
[INFO] [stderr] 
[INFO] [stderr] error[E0425]: cannot find function `__wf_op_frobnicate_cycle` in this scope
[INFO] [stderr]   --> tests/trybuild/unknown_combinator.rs:12:62
[INFO] [stderr]    |
[INFO] [stderr] 12 |         let out = g.ticker(Duration::from_nanos(10)).count().frobnicate();
[INFO] [stderr]    |                                                              ^^^^^^^^^^ not found in this scope
[INFO] [stderr]    |
[INFO] [stderr] note: similarly named function `__wf_op_accumulate_cycle` defined here
[INFO] [stderr]   --> src/ops.rs
[INFO] [stderr]    |
[INFO] [stderr]    | #[op(build = accumulate, fluent)]
[INFO] [stderr]    | ^^^^^^^^^^^^^^^^^^^^^^^^^^^^^^^^^
[INFO] [stderr]    = note: this error originates in the attribute macro `op` (in Nightly builds, run with -Z macro-backtrace for more info)
[INFO] [stderr] help: a function with a similar name exists
[INFO] [stderr]    |
[INFO] [stderr] 12 -         let out = g.ticker(Duration::from_nanos(10)).count().frobnicate();
[INFO] [stderr] 12 +         let out = g.ticker(Duration::from_nanos(10)).count().__wf_op_accumulate_cycle();
[INFO] [stderr]    |
[INFO] [stderr] ┈┈┈┈┈┈┈┈┈┈┈┈┈┈┈┈┈┈┈┈┈┈┈┈┈┈┈┈┈┈┈┈┈┈┈┈┈┈┈┈┈┈┈┈┈┈┈┈┈┈┈┈┈┈┈┈┈┈┈┈
[INFO] [stderr] note: If the actual output is the correct output you can bless it by rerunning
[INFO] [stderr]       your test with the environment variable TRYBUILD=overwrite
[INFO] [stderr] 
[INFO] [stderr] test tests/trybuild/wiring_in_passthrough.rs [should fail to compile] ... ok
[INFO] [stderr] test tests/trybuild/pass/out_of_crate_op.rs [should pass] ... ok
[INFO] [stderr] 
[INFO] [stderr] STDERR:
[INFO] [stderr] ┈┈┈┈┈┈┈┈┈┈┈┈┈┈┈┈┈┈┈┈┈┈┈┈┈┈┈┈┈┈┈┈┈┈┈┈┈┈┈┈┈┈┈┈┈┈┈┈┈┈┈┈┈┈┈┈┈┈┈┈
[INFO] [stderr] warning: `package.homepage` is redundant with `package.repository`
[INFO] [stderr]    --> /opt/rustwide/workdir/Cargo.toml:645:12
[INFO] [stderr]     |
[INFO] [stderr] 645 | homepage = "https://github.com/wingfoil-io/wingfoil/"
[INFO] [stderr]     |            ^^^^^^^^^^^^^^^^^^^^^^^^^^^^^^^^^^^^^^^^^^
[INFO] [stderr] ...
[INFO] [stderr] 651 | repository = "https://github.com/wingfoil-io/wingfoil/"
[INFO] [stderr]     |              ------------------------------------------
[INFO] [stderr]     |
[INFO] [stderr]     = note: `cargo::redundant_homepage` is set to `warn` by default
[INFO] [stderr] help: consider removing `package.homepage`
[INFO] [stderr] ┈┈┈┈┈┈┈┈┈┈┈┈┈┈┈┈┈┈┈┈┈┈┈┈┈┈┈┈┈┈┈┈┈┈┈┈┈┈┈┈┈┈┈┈┈┈┈┈┈┈┈┈┈┈┈┈┈┈┈┈
[INFO] [stderr] 
[INFO] [stderr] 
[INFO] [stderr] 
[INFO] [stdout] test nitro_macro_compile_failures ... FAILED
[INFO] [stderr] error: test failed, to rerun pass `--test trybuild`
[INFO] [stdout] 
[INFO] [stdout] failures:
[INFO] [stdout] 
[INFO] [stdout] ---- nitro_macro_compile_failures stdout ----
[INFO] [stdout] 
[INFO] [stdout] thread 'nitro_macro_compile_failures' (3997) panicked at /opt/rustwide/cargo-home/registry/src/index.crates.io-1949cf8c6b5b557f/trybuild-1.0.120/src/run.rs:103:13:
[INFO] [stdout] 1 of 15 tests failed
[INFO] [stdout] stack backtrace:
[INFO] [stdout]    0:     0x64d4adc662b1 - std[617be2ca0a6fd877]::backtrace_rs::backtrace::libunwind::trace
[INFO] [stdout]                                at /rustc/e3feeb59cd1bdd011a2bfcc0747b55125d9b8527/library/std/src/../../backtrace/src/backtrace/libunwind.rs:117:9
[INFO] [stdout]    1:     0x64d4adc662b1 - std[617be2ca0a6fd877]::backtrace_rs::backtrace::trace_unsynchronized::<std[617be2ca0a6fd877]::sys::backtrace::_print_fmt::{closure#1}>
[INFO] [stdout]                                at /rustc/e3feeb59cd1bdd011a2bfcc0747b55125d9b8527/library/std/src/../../backtrace/src/backtrace/mod.rs:66:14
[INFO] [stdout]    2:     0x64d4adc662b1 - std[617be2ca0a6fd877]::sys::backtrace::_print_fmt
[INFO] [stdout]                                at /rustc/e3feeb59cd1bdd011a2bfcc0747b55125d9b8527/library/std/src/sys/backtrace.rs:74:9
[INFO] [stdout]    3:     0x64d4adc662b1 - <<std[617be2ca0a6fd877]::sys::backtrace::BacktraceLock>::print::DisplayBacktrace as core[a373ad73a504971]::fmt::Display>::fmt
[INFO] [stdout]                                at /rustc/e3feeb59cd1bdd011a2bfcc0747b55125d9b8527/library/std/src/sys/backtrace.rs:44:26
[INFO] [stdout]    4:     0x64d4adc7c7aa - <core[a373ad73a504971]::fmt::rt::Argument>::fmt
[INFO] [stdout]                                at /rustc/e3feeb59cd1bdd011a2bfcc0747b55125d9b8527/library/core/src/fmt/rt.rs:152:76
[INFO] [stdout]    5:     0x64d4adc7c7aa - core[a373ad73a504971]::fmt::write
[INFO] [stdout]    6:     0x64d4adc6abac - core[a373ad73a504971]::io::write::default_write_fmt::<alloc[2e1b2a31b91974c5]::vec::Vec<u8>>
[INFO] [stdout]                                at /rustc/e3feeb59cd1bdd011a2bfcc0747b55125d9b8527/library/core/src/io/write.rs:402:11
[INFO] [stdout]    7:     0x64d4adc6abac - <alloc[2e1b2a31b91974c5]::vec::Vec<u8> as core[a373ad73a504971]::io::write::Write>::write_fmt
[INFO] [stdout]                                at /rustc/e3feeb59cd1bdd011a2bfcc0747b55125d9b8527/library/core/src/io/write.rs:335:13
[INFO] [stdout]    8:     0x64d4adc3f716 - <std[617be2ca0a6fd877]::sys::backtrace::BacktraceLock>::print
[INFO] [stdout]                                at /rustc/e3feeb59cd1bdd011a2bfcc0747b55125d9b8527/library/std/src/sys/backtrace.rs:47:9
[INFO] [stdout]    9:     0x64d4adc3f716 - std[617be2ca0a6fd877]::panicking::default_hook::{closure#0}
[INFO] [stdout]                                at /rustc/e3feeb59cd1bdd011a2bfcc0747b55125d9b8527/library/std/src/panicking.rs:289:27
[INFO] [stdout]   10:     0x64d4adc5d859 - std[617be2ca0a6fd877]::panicking::default_hook
[INFO] [stdout]                                at /rustc/e3feeb59cd1bdd011a2bfcc0747b55125d9b8527/library/std/src/panicking.rs:313:9
[INFO] [stdout]   11:     0x64d4adbf6e00 - <alloc[2e1b2a31b91974c5]::boxed::Box<dyn for<'a, 'b> core[a373ad73a504971]::ops::function::Fn<(&'a std[617be2ca0a6fd877]::panic::PanicHookInfo<'b>,), Output = ()> + core[a373ad73a504971]::marker::Sync + core[a373ad73a504971]::marker::Send> as core[a373ad73a504971]::ops::function::Fn<(&std[617be2ca0a6fd877]::panic::PanicHookInfo,)>>::call
[INFO] [stdout]                                at /rustc/e3feeb59cd1bdd011a2bfcc0747b55125d9b8527/library/alloc/src/boxed.rs:2328:9
[INFO] [stdout]   12:     0x64d4adbf6e00 - test[aada8e7e76ba119b]::test_main_inner::{closure#0}
[INFO] [stdout]                                at /rustc/e3feeb59cd1bdd011a2bfcc0747b55125d9b8527/library/test/src/lib.rs:137:21
[INFO] [stdout]   13:     0x64d4adc5da12 - <alloc[2e1b2a31b91974c5]::boxed::Box<dyn for<'a, 'b> core[a373ad73a504971]::ops::function::Fn<(&'a std[617be2ca0a6fd877]::panic::PanicHookInfo<'b>,), Output = ()> + core[a373ad73a504971]::marker::Sync + core[a373ad73a504971]::marker::Send> as core[a373ad73a504971]::ops::function::Fn<(&std[617be2ca0a6fd877]::panic::PanicHookInfo,)>>::call
[INFO] [stdout]                                at /rustc/e3feeb59cd1bdd011a2bfcc0747b55125d9b8527/library/alloc/src/boxed.rs:2328:9
[INFO] [stdout]   14:     0x64d4adc5da12 - std[617be2ca0a6fd877]::panicking::panic_with_hook
[INFO] [stdout]                                at /rustc/e3feeb59cd1bdd011a2bfcc0747b55125d9b8527/library/std/src/panicking.rs:819:13
[INFO] [stdout]   15:     0x64d4adc3f7c2 - std[617be2ca0a6fd877]::panicking::panic_handler::{closure#0}
[INFO] [stdout]                                at /rustc/e3feeb59cd1bdd011a2bfcc0747b55125d9b8527/library/std/src/panicking.rs:685:13
[INFO] [stdout]   16:     0x64d4adc37fe9 - std[617be2ca0a6fd877]::sys::backtrace::__rust_end_short_backtrace::<std[617be2ca0a6fd877]::panicking::panic_handler::{closure#0}, !>
[INFO] [stdout]                                at /rustc/e3feeb59cd1bdd011a2bfcc0747b55125d9b8527/library/std/src/sys/backtrace.rs:182:18
[INFO] [stdout]   17:     0x64d4adc403cd - __rustc[ea4f61d10b84890b]::rust_begin_unwind
[INFO] [stdout]                                at /rustc/e3feeb59cd1bdd011a2bfcc0747b55125d9b8527/library/std/src/panicking.rs:676:5
[INFO] [stdout]   18:     0x64d4adc7cf9c - core[a373ad73a504971]::panicking::panic_fmt
[INFO] [stdout]                                at /rustc/e3feeb59cd1bdd011a2bfcc0747b55125d9b8527/library/core/src/panicking.rs:80:14
[INFO] [stdout]   19:     0x64d4ad9d0ac4 - <trybuild[c8a34e9c390c43ae]::Runner>::run
[INFO] [stdout]                                at /opt/rustwide/cargo-home/registry/src/index.crates.io-1949cf8c6b5b557f/trybuild-1.0.120/src/run.rs:103:13
[INFO] [stdout]   20:     0x64d4ad9dc2d8 - <trybuild[c8a34e9c390c43ae]::TestCases as core[a373ad73a504971]::ops::drop::Drop>::drop
[INFO] [stdout]                                at /opt/rustwide/cargo-home/registry/src/index.crates.io-1949cf8c6b5b557f/trybuild-1.0.120/src/lib.rs:342:38
[INFO] [stdout]   21:     0x64d4ad9c9b37 - core[a373ad73a504971]::ptr::drop_glue::<trybuild[c8a34e9c390c43ae]::TestCases>
[INFO] [stdout]                                at /rustc/e3feeb59cd1bdd011a2bfcc0747b55125d9b8527/library/core/src/ptr/mod.rs:848:1
[INFO] [stdout]   22:     0x64d4ad9c9d5b - trybuild[581cb97ed6e1bd80]::nitro_macro_compile_failures
[INFO] [stdout]                                at /opt/rustwide/workdir/tests/trybuild.rs:29:1
[INFO] [stdout]   23:     0x64d4ad9c9c97 - trybuild[581cb97ed6e1bd80]::nitro_macro_compile_failures::{closure#0}
[INFO] [stdout]                                at /opt/rustwide/workdir/tests/trybuild.rs:25:34
[INFO] [stdout]   24:     0x64d4ad9ca1b6 - <trybuild[581cb97ed6e1bd80]::nitro_macro_compile_failures::{closure#0} as core[a373ad73a504971]::ops::function::FnOnce<()>>::call_once
[INFO] [stdout]                                at /rustc/e3feeb59cd1bdd011a2bfcc0747b55125d9b8527/library/core/src/ops/function.rs:250:5
[INFO] [stdout]   25:     0x64d4adbea24b - <fn() -> core[a373ad73a504971]::result::Result<(), alloc[2e1b2a31b91974c5]::string::String> as core[a373ad73a504971]::ops::function::FnOnce<()>>::call_once
[INFO] [stdout]                                at /rustc/e3feeb59cd1bdd011a2bfcc0747b55125d9b8527/library/core/src/ops/function.rs:250:5
[INFO] [stdout]   26:     0x64d4adbea24b - test[aada8e7e76ba119b]::__rust_begin_short_backtrace::<core[a373ad73a504971]::result::Result<(), alloc[2e1b2a31b91974c5]::string::String>, fn() -> core[a373ad73a504971]::result::Result<(), alloc[2e1b2a31b91974c5]::string::String>>
[INFO] [stdout]                                at /rustc/e3feeb59cd1bdd011a2bfcc0747b55125d9b8527/library/test/src/lib.rs:701:18
[INFO] [stdout]   27:     0x64d4adbf7425 - test[aada8e7e76ba119b]::run_test_in_process::{closure#0}
[INFO] [stdout]                                at /rustc/e3feeb59cd1bdd011a2bfcc0747b55125d9b8527/library/test/src/lib.rs:724:74
[INFO] [stdout]   28:     0x64d4adbf7425 - <core[a373ad73a504971]::panic::unwind_safe::AssertUnwindSafe<test[aada8e7e76ba119b]::run_test_in_process::{closure#0}> as core[a373ad73a504971]::ops::function::FnOnce<()>>::call_once
[INFO] [stdout]                                at /rustc/e3feeb59cd1bdd011a2bfcc0747b55125d9b8527/library/core/src/panic/unwind_safe.rs:275:9
[INFO] [stdout]   29:     0x64d4adbf7425 - std[617be2ca0a6fd877]::panicking::catch_unwind::do_call::<core[a373ad73a504971]::panic::unwind_safe::AssertUnwindSafe<test[aada8e7e76ba119b]::run_test_in_process::{closure#0}>, core[a373ad73a504971]::result::Result<(), alloc[2e1b2a31b91974c5]::string::String>>
[INFO] [stdout]                                at /rustc/e3feeb59cd1bdd011a2bfcc0747b55125d9b8527/library/std/src/panicking.rs:573:43
[INFO] [stdout]   30:     0x64d4adbf7425 - std[617be2ca0a6fd877]::panicking::catch_unwind::<core[a373ad73a504971]::result::Result<(), alloc[2e1b2a31b91974c5]::string::String>, core[a373ad73a504971]::panic::unwind_safe::AssertUnwindSafe<test[aada8e7e76ba119b]::run_test_in_process::{closure#0}>>
[INFO] [stdout]                                at /rustc/e3feeb59cd1bdd011a2bfcc0747b55125d9b8527/library/std/src/panicking.rs:541:19
[INFO] [stdout]   31:     0x64d4adbf7425 - std[617be2ca0a6fd877]::panic::catch_unwind::<core[a373ad73a504971]::panic::unwind_safe::AssertUnwindSafe<test[aada8e7e76ba119b]::run_test_in_process::{closure#0}>, core[a373ad73a504971]::result::Result<(), alloc[2e1b2a31b91974c5]::string::String>>
[INFO] [stdout]                                at /rustc/e3feeb59cd1bdd011a2bfcc0747b55125d9b8527/library/std/src/panic.rs:359:14
[INFO] [stdout]   32:     0x64d4adbf7425 - test[aada8e7e76ba119b]::run_test_in_process
[INFO] [stdout]                                at /rustc/e3feeb59cd1bdd011a2bfcc0747b55125d9b8527/library/test/src/lib.rs:724:27
[INFO] [stdout]   33:     0x64d4adbf7425 - test[aada8e7e76ba119b]::run_test::{closure#0}
[INFO] [stdout]                                at /rustc/e3feeb59cd1bdd011a2bfcc0747b55125d9b8527/library/test/src/lib.rs:645:43
[INFO] [stdout]   34:     0x64d4adbf0d14 - test[aada8e7e76ba119b]::run_test::{closure#1}
[INFO] [stdout]                                at /rustc/e3feeb59cd1bdd011a2bfcc0747b55125d9b8527/library/test/src/lib.rs:675:41
[INFO] [stdout]   35:     0x64d4adbf0d14 - std[617be2ca0a6fd877]::sys::backtrace::__rust_begin_short_backtrace::<test[aada8e7e76ba119b]::run_test::{closure#1}, ()>
[INFO] [stdout]                                at /rustc/e3feeb59cd1bdd011a2bfcc0747b55125d9b8527/library/std/src/sys/backtrace.rs:166:18
[INFO] [stdout]   36:     0x64d4adbfa4b2 - std[617be2ca0a6fd877]::thread::lifecycle::spawn_unchecked::<test[aada8e7e76ba119b]::run_test::{closure#1}, ()>::{closure#1}::{closure#0}
[INFO] [stdout]                                at /rustc/e3feeb59cd1bdd011a2bfcc0747b55125d9b8527/library/std/src/thread/lifecycle.rs:70:13
[INFO] [stdout]   37:     0x64d4adbfa4b2 - <core[a373ad73a504971]::panic::unwind_safe::AssertUnwindSafe<std[617be2ca0a6fd877]::thread::lifecycle::spawn_unchecked<test[aada8e7e76ba119b]::run_test::{closure#1}, ()>::{closure#1}::{closure#0}> as core[a373ad73a504971]::ops::function::FnOnce<()>>::call_once
[INFO] [stdout]                                at /rustc/e3feeb59cd1bdd011a2bfcc0747b55125d9b8527/library/core/src/panic/unwind_safe.rs:275:9
[INFO] [stdout]   38:     0x64d4adbfa4b2 - std[617be2ca0a6fd877]::panicking::catch_unwind::do_call::<core[a373ad73a504971]::panic::unwind_safe::AssertUnwindSafe<std[617be2ca0a6fd877]::thread::lifecycle::spawn_unchecked<test[aada8e7e76ba119b]::run_test::{closure#1}, ()>::{closure#1}::{closure#0}>, ()>
[INFO] [stdout]                                at /rustc/e3feeb59cd1bdd011a2bfcc0747b55125d9b8527/library/std/src/panicking.rs:573:43
[INFO] [stdout]   39:     0x64d4adbfa4b2 - std[617be2ca0a6fd877]::panicking::catch_unwind::<(), core[a373ad73a504971]::panic::unwind_safe::AssertUnwindSafe<std[617be2ca0a6fd877]::thread::lifecycle::spawn_unchecked<test[aada8e7e76ba119b]::run_test::{closure#1}, ()>::{closure#1}::{closure#0}>>
[INFO] [stdout]                                at /rustc/e3feeb59cd1bdd011a2bfcc0747b55125d9b8527/library/std/src/panicking.rs:541:19
[INFO] [stdout]   40:     0x64d4adbfa4b2 - std[617be2ca0a6fd877]::panic::catch_unwind::<core[a373ad73a504971]::panic::unwind_safe::AssertUnwindSafe<std[617be2ca0a6fd877]::thread::lifecycle::spawn_unchecked<test[aada8e7e76ba119b]::run_test::{closure#1}, ()>::{closure#1}::{closure#0}>, ()>
[INFO] [stdout]                                at /rustc/e3feeb59cd1bdd011a2bfcc0747b55125d9b8527/library/std/src/panic.rs:359:14
[INFO] [stdout]   41:     0x64d4adbfa4b2 - std[617be2ca0a6fd877]::thread::lifecycle::spawn_unchecked::<test[aada8e7e76ba119b]::run_test::{closure#1}, ()>::{closure#1}
[INFO] [stdout]                                at /rustc/e3feeb59cd1bdd011a2bfcc0747b55125d9b8527/library/std/src/thread/lifecycle.rs:68:26
[INFO] [stdout]   42:     0x64d4adbfa4b2 - <std[617be2ca0a6fd877]::thread::lifecycle::spawn_unchecked<test[aada8e7e76ba119b]::run_test::{closure#1}, ()>::{closure#1} as core[a373ad73a504971]::ops::function::FnOnce<()>>::call_once::{shim:vtable#0}
[INFO] [stdout]                                at /rustc/e3feeb59cd1bdd011a2bfcc0747b55125d9b8527/library/core/src/ops/function.rs:250:5
[INFO] [stdout]   43:     0x64d4adc6550f - <alloc[2e1b2a31b91974c5]::boxed::Box<dyn core[a373ad73a504971]::ops::function::FnOnce<(), Output = ()> + core[a373ad73a504971]::marker::Send> as core[a373ad73a504971]::ops::function::FnOnce<()>>::call_once
[INFO] [stdout]                                at /rustc/e3feeb59cd1bdd011a2bfcc0747b55125d9b8527/library/alloc/src/boxed.rs:2314:9
[INFO] [stdout]   44:     0x64d4adc6550f - <std[617be2ca0a6fd877]::sys::thread::unix::Thread>::new::thread_start
[INFO] [stdout]                                at /rustc/e3feeb59cd1bdd011a2bfcc0747b55125d9b8527/library/std/src/sys/thread/unix.rs:127:17
[INFO] [stdout]   45:     0x7055c77dddfa - <unknown>
[INFO] [stdout]   46:     0x7055c78713d4 - clone
[INFO] [stdout]   47:                0x0 - <unknown>
[INFO] [stdout] 
[INFO] [stdout] 
[INFO] [stdout] failures:
[INFO] [stdout]     nitro_macro_compile_failures
[INFO] [stdout] 
[INFO] [stdout] test result: FAILED. 0 passed; 1 failed; 0 ignored; 0 measured; 0 filtered out; finished in 168.56s
[INFO] [stdout] 
[INFO] running `Command { std: "docker" "inspect" "e4f0ed7b9a659296234352747878942ef3053a6f695ed661a540d70aacd189ea", kill_on_drop: false }`
[INFO] running `Command { std: "docker" "rm" "-f" "e4f0ed7b9a659296234352747878942ef3053a6f695ed661a540d70aacd189ea", kill_on_drop: false }`
[INFO] [stdout] e4f0ed7b9a659296234352747878942ef3053a6f695ed661a540d70aacd189ea
