[INFO] fetching crate typesec-core 0.14.0...
[INFO] testing typesec-core-0.14.0 against 1.100.0-beta.1 for beta-1.100-2
[INFO] extracting crate typesec-core 0.14.0 into /workspace/builds/worker-6-tc2/source
[INFO] started tweaking crates.io crate typesec-core 0.14.0
[INFO] removed 0 missing tests
[INFO] finished tweaking crates.io crate typesec-core 0.14.0
[INFO] tweaked toml for crates.io crate typesec-core 0.14.0 written to /workspace/builds/worker-6-tc2/source/Cargo.toml
[INFO] validating manifest of crates.io crate typesec-core 0.14.0 on toolchain 1.100.0-beta.1
[INFO] running `Command { std: CARGO_HOME="/workspace/cargo-home" RUSTUP_HOME="/workspace/rustup-home" "/workspace/cargo-home/bin/cargo" "+1.100.0-beta.1" "metadata" "--manifest-path" "Cargo.toml" "--no-deps", kill_on_drop: false }`
[INFO] crate crates.io crate typesec-core 0.14.0 already has a lockfile, it will not be regenerated
[INFO] running `Command { std: CARGO_HOME="/workspace/cargo-home" RUSTUP_HOME="/workspace/rustup-home" "/workspace/cargo-home/bin/cargo" "+1.100.0-beta.1" "fetch" "--manifest-path" "Cargo.toml", kill_on_drop: false }`
[INFO] running `Command { std: "docker" "create" "-v" "/var/lib/crater-agent-workspace/builds/worker-6-tc2/source:/opt/rustwide/workdir:ro,Z" "-v" "/var/lib/crater-agent-workspace/builds/worker-6-tc2/target:/opt/rustwide/target:rw,Z" "-v" "/var/lib/crater-agent-workspace/cargo-home:/opt/rustwide/cargo-home:ro,Z" "-v" "/var/lib/crater-agent-workspace/rustup-home:/opt/rustwide/rustup-home:ro,Z" "-m" "1610612736" "--network" "none" "ghcr.io/rust-lang/crates-build-env/linux@sha256:3111399a4047eeb3a02b7a90e478d715f38a8c6669b5c4b49d30a17385265909" "sleep" "infinity", kill_on_drop: false }`
[INFO] [stdout] 11b700fc270fddb85ccf7cea762c2ca072aeab9fbec054dec854a3255bce058f
[INFO] running `Command { std: "docker" "start" "11b700fc270fddb85ccf7cea762c2ca072aeab9fbec054dec854a3255bce058f", kill_on_drop: false }`
[INFO] running `Command { std: "docker" "inspect" "11b700fc270fddb85ccf7cea762c2ca072aeab9fbec054dec854a3255bce058f", kill_on_drop: false }`
[INFO] running `Command { std: "docker" "exec" "-e" "SOURCE_DIR=/opt/rustwide/workdir" "-e" "CARGO_HOME=/opt/rustwide/cargo-home" "-e" "RUSTUP_HOME=/opt/rustwide/rustup-home" "-e" "CARGO_TARGET_DIR=/opt/rustwide/target" "-w" "/opt/rustwide/workdir" "--user" "0:0" "11b700fc270fddb85ccf7cea762c2ca072aeab9fbec054dec854a3255bce058f" "/opt/rustwide/cargo-home/bin/cargo" "+1.100.0-beta.1" "metadata" "--no-deps" "--format-version=1", kill_on_drop: false }`
[INFO] running `Command { std: "docker" "inspect" "11b700fc270fddb85ccf7cea762c2ca072aeab9fbec054dec854a3255bce058f", kill_on_drop: false }`
[INFO] running `Command { std: "docker" "exec" "-e" "SOURCE_DIR=/opt/rustwide/workdir" "-e" "CARGO_HOME=/opt/rustwide/cargo-home" "-e" "RUSTUP_HOME=/opt/rustwide/rustup-home" "-e" "CARGO_TARGET_DIR=/opt/rustwide/target" "-e" "CARGO_INCREMENTAL=0" "-e" "RUST_BACKTRACE=full" "-e" "RUSTFLAGS=--cap-lints=warn" "-e" "RUSTDOCFLAGS=--cap-lints=warn" "-w" "/opt/rustwide/workdir" "--user" "0:0" "11b700fc270fddb85ccf7cea762c2ca072aeab9fbec054dec854a3255bce058f" "/opt/rustwide/cargo-home/bin/cargo" "+1.100.0-beta.1" "build" "--frozen" "--message-format=json", kill_on_drop: false }`
[INFO] [stderr]    Compiling glob v0.3.4
[INFO] [stderr]    Compiling proc-macro2 v1.0.107
[INFO] [stderr]    Compiling num-traits v0.2.19
[INFO] [stderr]    Compiling quote v1.0.47
[INFO] [stderr]    Compiling syn v3.0.4
[INFO] [stderr]    Compiling syn v2.0.119
[INFO] [stderr]    Compiling serde_derive v1.0.229
[INFO] [stderr]    Compiling thiserror-impl v2.0.20
[INFO] [stderr]    Compiling thiserror v2.0.20
[INFO] [stderr]    Compiling tracing-attributes v0.1.31
[INFO] [stderr]    Compiling zeroize_derive v1.5.0
[INFO] [stderr]    Compiling serde v1.0.229
[INFO] [stderr]    Compiling zeroize v1.9.0
[INFO] [stderr]    Compiling chrono v0.4.45
[INFO] [stderr]    Compiling tracing v0.1.44
[INFO] [stderr]    Compiling typesec-core v0.14.0 (/opt/rustwide/workdir)
[INFO] [stderr]     Finished `dev` profile [unoptimized + debuginfo] target(s) in 16.37s
[INFO] running `Command { std: "docker" "inspect" "11b700fc270fddb85ccf7cea762c2ca072aeab9fbec054dec854a3255bce058f", kill_on_drop: false }`
[INFO] running `Command { std: "docker" "exec" "-e" "SOURCE_DIR=/opt/rustwide/workdir" "-e" "CARGO_HOME=/opt/rustwide/cargo-home" "-e" "RUSTUP_HOME=/opt/rustwide/rustup-home" "-e" "CARGO_TARGET_DIR=/opt/rustwide/target" "-e" "CARGO_INCREMENTAL=0" "-e" "RUST_BACKTRACE=full" "-e" "RUSTFLAGS=--cap-lints=warn" "-e" "RUSTDOCFLAGS=--cap-lints=warn" "-w" "/opt/rustwide/workdir" "--user" "0:0" "11b700fc270fddb85ccf7cea762c2ca072aeab9fbec054dec854a3255bce058f" "/opt/rustwide/cargo-home/bin/cargo" "+1.100.0-beta.1" "test" "--frozen" "--no-run" "--message-format=json", kill_on_drop: false }`
[INFO] [stderr]    Compiling syn v3.0.4
[INFO] [stderr]    Compiling serde_core v1.0.229
[INFO] [stderr]    Compiling zerocopy-derive v0.8.56
[INFO] [stderr]    Compiling serde v1.0.229
[INFO] [stderr]    Compiling either v1.18.0
[INFO] [stderr]    Compiling rustix v1.1.4
[INFO] [stderr]    Compiling regex-syntax v0.8.11
[INFO] [stderr]    Compiling bitflags v2.13.1
[INFO] [stderr]    Compiling futures-channel v0.3.34
[INFO] [stderr]    Compiling winnow v1.0.4
[INFO] [stderr]    Compiling ciborium-io v0.2.2
[INFO] [stderr]    Compiling target-triple v1.0.1
[INFO] [stderr]    Compiling clap_lex v1.1.0
[INFO] [stderr]    Compiling fastrand v2.5.0
[INFO] [stderr]    Compiling anstyle v1.0.14
[INFO] [stderr]    Compiling plotters-backend v0.3.7
[INFO] [stderr]    Compiling wait-timeout v0.2.1
[INFO] [stderr]    Compiling itertools v0.10.5
[INFO] [stderr]    Compiling same-file v1.0.6
[INFO] [stderr]    Compiling bit-vec v0.8.0
[INFO] [stderr]    Compiling quick-error v1.2.3
[INFO] [stderr]    Compiling toml_writer v1.1.2+spec-1.1.0
[INFO] [stderr]    Compiling cast v0.3.0
[INFO] [stderr]    Compiling clap_builder v4.6.6
[INFO] [stderr]    Compiling walkdir v2.5.0
[INFO] [stderr]    Compiling toml_parser v1.1.3+spec-1.1.0
[INFO] [stderr]    Compiling rayon v1.12.0
[INFO] [stderr]    Compiling rand_xorshift v0.4.0
[INFO] [stderr]    Compiling rand v0.9.5
[INFO] [stderr]    Compiling is-terminal v0.4.17
[INFO] [stderr]    Compiling anes v0.1.6
[INFO] [stderr]    Compiling plotters-svg v0.3.7
[INFO] [stderr]    Compiling oorandom v11.1.5
[INFO] [stderr]    Compiling unarray v0.1.4
[INFO] [stderr]    Compiling bit-set v0.8.0
[INFO] [stderr]    Compiling plotters v0.3.7
[INFO] [stderr]    Compiling zerocopy v0.8.56
[INFO] [stderr]    Compiling criterion-plot v0.5.0
[INFO] [stderr]    Compiling tempfile v3.27.0
[INFO] [stderr]    Compiling clap v4.6.6
[INFO] [stderr]    Compiling rusty-fork v0.3.1
[INFO] [stderr]    Compiling regex-automata v0.4.18
[INFO] [stderr]    Compiling serde_json v1.0.151
[INFO] [stderr]    Compiling serde_spanned v1.1.1
[INFO] [stderr]    Compiling toml_datetime v1.1.1+spec-1.1.0
[INFO] [stderr]    Compiling toml v1.1.5+spec-1.1.0
[INFO] [stderr]    Compiling serde_derive v1.0.229
[INFO] [stderr]    Compiling futures-macro v0.3.34
[INFO] [stderr]    Compiling thiserror-impl v2.0.20
[INFO] [stderr]    Compiling regex v1.13.1
[INFO] [stderr]    Compiling futures-util v0.3.34
[INFO] [stderr]    Compiling thiserror v2.0.20
[INFO] [stderr]    Compiling half v2.7.1
[INFO] [stderr]    Compiling ppv-lite86 v0.2.21
[INFO] [stderr]    Compiling chrono v0.4.45
[INFO] [stderr]    Compiling tinytemplate v1.2.1
[INFO] [stderr]    Compiling trybuild v1.0.120
[INFO] [stderr]    Compiling ciborium-ll v0.2.2
[INFO] [stderr]    Compiling ciborium v0.2.2
[INFO] [stderr]    Compiling rand_chacha v0.9.0
[INFO] [stderr]    Compiling proptest v1.11.0
[INFO] [stderr]    Compiling futures-executor v0.3.34
[INFO] [stderr]    Compiling criterion v0.5.1
[INFO] [stderr]    Compiling futures v0.3.34
[INFO] [stderr]    Compiling typesec-core v0.14.0 (/opt/rustwide/workdir)
[INFO] [stderr]     Finished `test` profile [unoptimized + debuginfo] target(s) in 41.30s
[INFO] running `Command { std: "docker" "inspect" "11b700fc270fddb85ccf7cea762c2ca072aeab9fbec054dec854a3255bce058f", kill_on_drop: false }`
[INFO] running `Command { std: "docker" "exec" "-e" "SOURCE_DIR=/opt/rustwide/workdir" "-e" "CARGO_HOME=/opt/rustwide/cargo-home" "-e" "RUSTUP_HOME=/opt/rustwide/rustup-home" "-e" "CARGO_TARGET_DIR=/opt/rustwide/target" "-e" "CARGO_INCREMENTAL=0" "-e" "RUST_BACKTRACE=full" "-e" "RUSTFLAGS=--cap-lints=warn" "-e" "RUSTDOCFLAGS=--cap-lints=warn" "-w" "/opt/rustwide/workdir" "--user" "0:0" "11b700fc270fddb85ccf7cea762c2ca072aeab9fbec054dec854a3255bce058f" "/opt/rustwide/cargo-home/bin/cargo" "+1.100.0-beta.1" "test" "--frozen", kill_on_drop: false }`
[INFO] [stderr]     Finished `test` profile [unoptimized + debuginfo] target(s) in 0.24s
[INFO] [stderr]      Running unittests src/lib.rs (/opt/rustwide/target/debug/build/typesec-core/9c28b9f0a8c92e9d/out/typesec_core-9c28b9f0a8c92e9d)
[INFO] [stdout] 
[INFO] [stdout] running 83 tests
[INFO] [stdout] test capability::tests::capability_fields_are_correct ... ok
[INFO] [stdout] test capability::tests::read_and_write_caps_are_different_types ... ok
[INFO] [stdout] test capability::tests::attenuated_lease_only_shrinks ... ok
[INFO] [stdout] test capability::tests::capability_without_revocation_binding_is_never_revoked ... ok
[INFO] [stdout] test combinator::tests::allow_if_any_single_allow_wins ... ok
[INFO] [stdout] test combinator::tests::allow_if_all_one_deny_overrides ... ok
[INFO] [stdout] test combinator::tests::async_all_delegate_returns_delegate ... ok
[INFO] [stdout] test capability::tests::custom_ttl_bounds_the_lease ... ok
[INFO] [stdout] test capability::tests::new_capability_is_active ... ok
[INFO] [stdout] test capability::tests::revocation_epoch_invalidates_minted_capability ... ok
[INFO] [stdout] test capability::tests::capability_expires_after_default_ttl ... ok
[INFO] [stdout] test combinator::tests::allow_if_all_collects_all_denial_reasons ... ok
[INFO] [stdout] test combinator::tests::allow_if_all_both_allow ... ok
[INFO] [stdout] test capability::tests::revocation_list_invalidates_one_capability ... ok
[INFO] [stdout] test cognition::tests::effect_wire_values_are_explicit_and_closed ... ok
[INFO] [stdout] test combinator::tests::allow_if_all_delegate_abstains ... ok
[INFO] [stdout] test combinator::tests::allow_if_any_all_deny_returns_deny ... ok
[INFO] [stdout] test capability::tests::is_fresh_bounds_the_toctou_window ... ok
[INFO] [stdout] test combinator::tests::priority_first_allow_wins ... ok
[INFO] [stdout] test combinator::tests::async_priority_skips_delegate ... ok
[INFO] [stdout] test combinator::tests::async_deny_overrides_matches_sync ... ok
[INFO] [stdout] test combinator::tests::priority_skips_delegate ... ok
[INFO] [stdout] test combinator::tests::deny_overrides_all_delegate_returns_delegate ... ok
[INFO] [stdout] test glob::tests::invalid_pattern_is_rejected_with_kind_in_message ... ok
[INFO] [stdout] test combinator::tests::deny_overrides_deny_beats_allow ... ok
[INFO] [stdout] test lattice::tests::coerce_write_sensitive_to_write ... ok
[INFO] [stdout] test lattice::tests::coerce_write_to_read ... ok
[INFO] [stdout] test glob::tests::char_classes_and_question_mark_match ... ok
[INFO] [stdout] test glob::tests::double_star_crosses_separators ... ok
[INFO] [stdout] test glob::tests::is_glob_pattern_detects_metacharacters ... ok
[INFO] [stdout] test glob::tests::literal_star_matches_everything_including_separators ... ok
[INFO] [stdout] test glob::tests::single_star_does_not_cross_separators ... ok
[INFO] [stdout] test lattice::tests::coerce_read_sensitive_to_read_internal ... ok
[INFO] [stdout] test lattice::tests::coerce_write_sensitive_to_read ... ok
[INFO] [stdout] test lattice::tests::implication_table_has_no_cycles ... ok
[INFO] [stdout] test lattice::tests::lattice_does_not_promote_upward ... ok
[INFO] [stdout] test permissions::tests::permission_names_are_correct ... ok
[INFO] [stdout] test policy::tests::audit_sink_can_override_async_recording ... ok
[INFO] [stdout] test policy::tests::composed_engine_falls_back_on_async_path ... ok
[INFO] [stdout] test policy::tests::delegate_without_fallback_is_unhandled_delegation ... ok
[INFO] [stdout] test lattice::tests::lattice_promotes_write_to_read ... ok
[INFO] [stdout] test lattice::tests::implication_table_matches_implied_by_lookup ... ok
[INFO] [stdout] test policy::tests::async_mint_uses_async_policy_path ... ok
[INFO] [stdout] test lattice::tests::lattice_passes_through_allow ... ok
[INFO] [stdout] test policy::tests::deny_all_returns_error ... ok
[INFO] [stdout] test policy::tests::audit_timestamp_is_typed_and_formats_as_rfc3339 ... ok
[INFO] [stdout] test policy::tests::composed_engine_falls_back ... ok
[INFO] [stdout] test policy::tests::allow_all_mints_capability ... ok
[INFO] [stdout] test lattice::tests::implication_table_contains_transitive_closure ... ok
[INFO] [stdout] test policy::tests::engine_error_string_form_renders_message ... ok
[INFO] [stdout] test policy::tests::mint_with_custom_context_reaches_engine ... ok
[INFO] [stdout] test policy::tests::mint_capability_with_async_honors_short_ttl ... ok
[INFO] [stdout] test policy::tests::mint_with_request_context_passes_context_to_engine ... ok
[INFO] [stdout] test policy::tests::mint_with_revocation_epoch_supports_mid_lease_revocation ... ok
[INFO] [stdout] test policy::tests::mint_with_revocation_list_revokes_one_capability ... ok
[INFO] [stdout] test policy::tests::mint_with_short_ttl_expires ... ok
[INFO] [stdout] test secure_value::tests::debug_redacts_protected_value ... ok
[INFO] [stdout] test secure_value::tests::declassify_makes_public_value ... ok
[INFO] [stdout] test secure_value::tests::internal_values_reveal_with_internal_capability ... ok
[INFO] [stdout] test lattice::tests::prop_implication_table_has_no_self_edges_or_cycles ... ok
[INFO] [stdout] test secure_value::tests::map_preserves_label_and_resource ... ok
[INFO] [stdout] test secure_value::tests::reveal_internal_rejects_expired_capability ... ok
[INFO] [stdout] test secure_value::tests::reveal_rejects_expired_capability ... ok
[INFO] [stdout] test secure_value::tests::zip_rejects_different_resource_ids ... ok
[INFO] [stdout] test secure_value::tests::reveal_rejects_capability_for_other_resource_instance ... ok
[INFO] [stdout] test secure_value::tests::zip_uses_more_restrictive_label ... ok
[INFO] [stdout] test policy::tests::delegation_reason_display_with_and_without_context ... ok
[INFO] [stdout] test secure_value::tests::declassify_rejects_capability_for_other_resource_instance ... ok
[INFO] [stdout] test typestate::tests::credentials_can_be_zeroized ... ok
[INFO] [stdout] test typestate::tests::credentials_debug_redacts_token ... ok
[INFO] [stdout] test secure_value::tests::public_values_can_be_unwrapped_without_capability ... ok
[INFO] [stdout] test secure_value::tests::reveal_internal_rejects_capability_for_other_resource_instance ... ok
[INFO] [stdout] test secure_value::tests::sensitive_values_require_capability_to_reveal ... ok
[INFO] [stdout] test typestate::tests::authenticate_unverified_transitions_state ... ok
[INFO] [stdout] test typestate::tests::authenticate_with_rejects_bad_token ... ok
[INFO] [stdout] test policy::tests::engine_error_preserves_source ... ok
[INFO] [stdout] test typestate::tests::empty_subject_fails_auth ... ok
[INFO] [stdout] test typestate::tests::authenticate_with_uses_verified_subject_not_claimed ... ok
[INFO] [stdout] test typestate::tests::empty_token_fails_auth ... ok
[INFO] [stdout] test lattice::tests::prop_implication_table_contains_transitive_closure ... ok
[INFO] [stdout] test lattice::tests::prop_explicit_implications_are_discoverable ... ok
[INFO] [stderr]      Running tests/compile_fail.rs (/opt/rustwide/target/debug/build/typesec-core/cbe2aca83834626c/out/compile_fail-cbe2aca83834626c)
[INFO] [stdout] test combinator::tests::deny_overrides_no_deny_allows ... ok
[INFO] [stdout] test combinator::tests::priority_all_delegate_returns_delegate ... ok
[INFO] [stdout] 
[INFO] [stdout] test result: ok. 83 passed; 0 failed; 0 ignored; 0 measured; 0 filtered out; finished in 0.04s
[INFO] [stdout] 
[INFO] [stdout] 
[INFO] [stdout] running 1 test
[INFO] [stderr]    Compiling proc-macro2 v1.0.107
[INFO] [stderr]    Compiling unicode-ident v1.0.24
[INFO] [stderr]    Compiling quote v1.0.47
[INFO] [stderr]    Compiling libc v0.2.189
[INFO] [stderr]     Checking cfg-if v1.0.4
[INFO] [stderr]    Compiling serde_core v1.0.229
[INFO] [stderr]    Compiling zerocopy v0.8.56
[INFO] [stderr]    Compiling autocfg v1.5.1
[INFO] [stderr]    Compiling serde v1.0.229
[INFO] [stderr]    Compiling crossbeam-utils v0.8.22
[INFO] [stderr]    Compiling getrandom v0.3.4
[INFO] [stderr]     Checking once_cell v1.21.4
[INFO] [stderr]     Checking memchr v2.8.3
[INFO] [stderr]    Compiling crossbeam-epoch v0.9.20
[INFO] [stderr]    Compiling rustix v1.1.4
[INFO] [stderr]    Compiling zmij v1.0.23
[INFO] [stderr]     Checking pin-project-lite v0.2.17
[INFO] [stderr]    Compiling getrandom v0.4.3
[INFO] [stderr]    Compiling crossbeam-deque v0.8.7
[INFO] [stderr]     Checking futures-sink v0.3.34
[INFO] [stderr]     Checking regex-syntax v0.8.11
[INFO] [stderr]    Compiling serde_json v1.0.151
[INFO] [stderr]     Checking linux-raw-sys v0.12.1
[INFO] [stderr]     Checking bitflags v2.13.1
[INFO] [stderr]     Checking futures-core v0.3.34
[INFO] [stderr]    Compiling rayon-core v1.13.0
[INFO] [stderr]     Checking either v1.18.0
[INFO] [stderr]     Checking fastrand v2.5.0
[INFO] [stderr]     Checking futures-channel v0.3.34
[INFO] [stderr]     Checking clap_lex v1.1.0
[INFO] [stderr]     Checking futures-io v0.3.34
[INFO] [stderr]    Compiling thiserror v2.0.20
[INFO] [stderr]     Checking ciborium-io v0.2.2
[INFO] [stderr]     Checking anstyle v1.0.14
[INFO] [stderr]     Checking plotters-backend v0.3.7
[INFO] [stderr]     Checking itoa v1.0.18
[INFO] [stderr]    Compiling num-traits v0.2.19
[INFO] [stderr]     Checking slab v0.4.12
[INFO] [stderr]     Checking futures-task v0.3.34
[INFO] [stderr]     Checking tracing-core v0.1.36
[INFO] [stderr]     Checking clap_builder v4.6.6
[INFO] [stderr]     Checking iana-time-zone v0.1.65
[INFO] [stderr]     Checking itertools v0.10.5
[INFO] [stderr]     Checking bit-vec v0.8.0
[INFO] [stderr]     Checking fnv v1.0.7
[INFO] [stderr]     Checking same-file v1.0.6
[INFO] [stderr]     Checking quick-error v1.2.3
[INFO] [stderr]     Checking cast v0.3.0
[INFO] [stderr]     Checking plotters-svg v0.3.7
[INFO] [stderr]     Checking walkdir v2.5.0
[INFO] [stderr]     Checking anes v0.1.6
[INFO] [stderr]     Checking oorandom v11.1.5
[INFO] [stderr]     Checking glob v0.3.4
[INFO] [stderr]     Checking unarray v0.1.4
[INFO] [stderr]     Checking bit-set v0.8.0
[INFO] [stderr]    Compiling syn v2.0.119
[INFO] [stderr]    Compiling syn v3.0.4
[INFO] [stderr]     Checking rayon v1.12.0
[INFO] [stderr]     Checking plotters v0.3.7
[INFO] [stderr]     Checking criterion-plot v0.5.0
[INFO] [stderr]     Checking wait-timeout v0.2.1
[INFO] [stderr]     Checking is-terminal v0.4.17
[INFO] [stderr]     Checking rand_core v0.9.5
[INFO] [stderr]     Checking clap v4.6.6
[INFO] [stderr]     Checking rand_xorshift v0.4.0
[INFO] [stderr]     Checking rand v0.9.5
[INFO] [stderr]     Checking regex-automata v0.4.18
[INFO] [stderr]     Checking tempfile v3.27.0
[INFO] [stderr]     Checking rusty-fork v0.3.1
[INFO] [stderr]     Checking regex v1.13.1
[INFO] [stderr]    Compiling serde_derive v1.0.229
[INFO] [stderr]    Compiling futures-macro v0.3.34
[INFO] [stderr]    Compiling thiserror-impl v2.0.20
[INFO] [stderr]     Checking futures-util v0.3.34
[INFO] [stderr]    Compiling zerocopy-derive v0.8.56
[INFO] [stderr]    Compiling tracing-attributes v0.1.31
[INFO] [stderr]    Compiling zeroize_derive v1.5.0
[INFO] [stderr]     Checking zeroize v1.9.0
[INFO] [stderr]     Checking futures-executor v0.3.34
[INFO] [stderr]     Checking futures v0.3.34
[INFO] [stderr]     Checking tracing v0.1.44
[INFO] [stderr]     Checking chrono v0.4.45
[INFO] [stderr]     Checking tinytemplate v1.2.1
[INFO] [stderr]     Checking typesec-core v0.14.0 (/opt/rustwide/workdir)
[INFO] [stderr]     Checking half v2.7.1
[INFO] [stderr]     Checking ppv-lite86 v0.2.21
[INFO] [stderr]     Checking ciborium-ll v0.2.2
[INFO] [stderr]     Checking rand_chacha v0.9.0
[INFO] [stderr]     Checking ciborium v0.2.2
[INFO] [stderr]     Checking proptest v1.11.0
[INFO] [stderr]     Checking criterion v0.5.1
[INFO] [stderr]     Checking typesec-core-tests v0.0.0 (/opt/rustwide/target/tests/trybuild/typesec-core)
[INFO] [stderr]     Finished `dev` profile [unoptimized + debuginfo] target(s) in 41.85s
[INFO] [stderr] 
[INFO] [stderr] 
[INFO] [stdout] test compile_time_security_boundaries_hold has been running for over 60 seconds
[INFO] [stderr] test tests/ui/cannot_impl_permission.rs ... ok
[INFO] [stderr] test tests/ui/cannot_construct_capability.rs ... ok
[INFO] [stderr] test tests/ui/cannot_create_new_agentstate.rs ... ok
[INFO] [stderr] test tests/ui/coerce_requires_implies.rs ... mismatch
[INFO] [stderr] 
[INFO] [stderr] EXPECTED:
[INFO] [stderr] ┈┈┈┈┈┈┈┈┈┈┈┈┈┈┈┈┈┈┈┈┈┈┈┈┈┈┈┈┈┈┈┈┈┈┈┈┈┈┈┈┈┈┈┈┈┈┈┈┈┈┈┈┈┈┈┈┈┈┈┈
[INFO] [stderr] error[E0277]: the trait bound `CanRead: Implies<_>` is not satisfied
[INFO] [stderr]  --> tests/ui/coerce_requires_implies.rs:4:9
[INFO] [stderr]   |
[INFO] [stderr] 4 |     cap.coerce()
[INFO] [stderr]   |         ^^^^^^ the trait `Implies<_>` is not implemented for `CanRead`
[INFO] [stderr]   |
[INFO] [stderr]   = help: the following other types implement trait `Implies<Q>`:
[INFO] [stderr]             `AiCanExfiltrate` implements `Implies<AiCanInfer>`
[INFO] [stderr]             `AiCanExfiltrate` implements `Implies<CanRead>`
[INFO] [stderr]             `AiCanTrain` implements `Implies<AiCanInfer>`
[INFO] [stderr]             `AiCanTrain` implements `Implies<CanRead>`
[INFO] [stderr]             `CanDeclassify` implements `Implies<CanRead>`
[INFO] [stderr]             `CanDeclassify` implements `Implies<CanReadInternal>`
[INFO] [stderr]             `CanDeclassify` implements `Implies<CanReadSensitive>`
[INFO] [stderr]             `CanDelegate` implements `Implies<CanRead>`
[INFO] [stderr]           and $N others
[INFO] [stderr] note: required by a bound in `lattice::<impl typesec_core::Capability<P, R>>::coerce`
[INFO] [stderr]  --> src/lattice.rs
[INFO] [stderr]   |
[INFO] [stderr]   |     pub fn coerce<Q: Permission>(self) -> Capability<Q, R>
[INFO] [stderr]   |            ------ required by a bound in this associated function
[INFO] [stderr]   |     where
[INFO] [stderr]   |         P: Implies<Q>,
[INFO] [stderr]   |            ^^^^^^^^^^ required by this bound in `lattice::<impl Capability<P, R>>::coerce`
[INFO] [stderr] ┈┈┈┈┈┈┈┈┈┈┈┈┈┈┈┈┈┈┈┈┈┈┈┈┈┈┈┈┈┈┈┈┈┈┈┈┈┈┈┈┈┈┈┈┈┈┈┈┈┈┈┈┈┈┈┈┈┈┈┈
[INFO] [stderr] 
[INFO] [stderr] ACTUAL OUTPUT:
[INFO] [stderr] ┈┈┈┈┈┈┈┈┈┈┈┈┈┈┈┈┈┈┈┈┈┈┈┈┈┈┈┈┈┈┈┈┈┈┈┈┈┈┈┈┈┈┈┈┈┈┈┈┈┈┈┈┈┈┈┈┈┈┈┈
[INFO] [stderr] error[E0277]: the trait bound `CanRead: Implies<_>` is not satisfied
[INFO] [stderr]  --> tests/ui/coerce_requires_implies.rs:4:9
[INFO] [stderr]   |
[INFO] [stderr] 4 |     cap.coerce()
[INFO] [stderr]   |         ^^^^^^ the trait `Implies<_>` is not implemented for `CanRead`
[INFO] [stderr]   |
[INFO] [stderr]   = help: the following other types implement trait `Implies<Q>`:
[INFO] [stderr]             `AiCanExfiltrate` implements `Implies<AiCanInfer>`
[INFO] [stderr]             `AiCanExfiltrate` implements `Implies<CanRead>`
[INFO] [stderr]             `AiCanTrain` implements `Implies<AiCanInfer>`
[INFO] [stderr]             `AiCanTrain` implements `Implies<CanRead>`
[INFO] [stderr]             `CanDeclassify` implements `Implies<CanRead>`
[INFO] [stderr]             `CanDeclassify` implements `Implies<CanReadInternal>`
[INFO] [stderr]             `CanDeclassify` implements `Implies<CanReadSensitive>`
[INFO] [stderr]             `CanDelegate` implements `Implies<CanRead>`
[INFO] [stderr]           and $N others
[INFO] [stderr] note: required by a bound in `lattice::<impl typesec_core::Capability<P, R>>::coerce`
[INFO] [stderr]  --> src/lattice.rs
[INFO] [stderr]   |
[INFO] [stderr]   | impl<P: Permission, R: Resource> Capability<P, R> {
[INFO] [stderr] ...
[INFO] [stderr]   |     pub fn coerce<Q: Permission>(self) -> Capability<Q, R>
[INFO] [stderr]   |     where
[INFO] [stderr]   |         P: Implies<Q>,
[INFO] [stderr]   |            ^^^^^^^^^^ required by this bound in `lattice::<impl Capability<P, R>>::coerce`
[INFO] [stderr] ┈┈┈┈┈┈┈┈┈┈┈┈┈┈┈┈┈┈┈┈┈┈┈┈┈┈┈┈┈┈┈┈┈┈┈┈┈┈┈┈┈┈┈┈┈┈┈┈┈┈┈┈┈┈┈┈┈┈┈┈
[INFO] [stderr] note: If the actual output is the correct output you can bless it by rerunning
[INFO] [stderr]       your test with the environment variable TRYBUILD=overwrite
[INFO] [stderr] 
[INFO] [stderr] 
[INFO] [stderr] 
[INFO] [stdout] test compile_time_security_boundaries_hold ... FAILED
[INFO] [stdout] 
[INFO] [stdout] failures:
[INFO] [stdout] 
[INFO] [stdout] ---- compile_time_security_boundaries_hold stdout ----
[INFO] [stdout] 
[INFO] [stdout] thread 'compile_time_security_boundaries_hold' (1372) panicked at /opt/rustwide/cargo-home/registry/src/index.crates.io-1949cf8c6b5b557f/trybuild-1.0.120/src/run.rs:103:13:
[INFO] [stdout] 1 of 4 tests failed
[INFO] [stdout] stack backtrace:
[INFO] [stdout]    0:     0x5da3c78e43a1 - std[617be2ca0a6fd877]::backtrace_rs::backtrace::libunwind::trace
[INFO] [stdout]                                at /rustc/e3feeb59cd1bdd011a2bfcc0747b55125d9b8527/library/std/src/../../backtrace/src/backtrace/libunwind.rs:117:9
[INFO] [stdout]    1:     0x5da3c78e43a1 - std[617be2ca0a6fd877]::backtrace_rs::backtrace::trace_unsynchronized::<std[617be2ca0a6fd877]::sys::backtrace::_print_fmt::{closure#1}>
[INFO] [stdout]                                at /rustc/e3feeb59cd1bdd011a2bfcc0747b55125d9b8527/library/std/src/../../backtrace/src/backtrace/mod.rs:66:14
[INFO] [stdout]    2:     0x5da3c78e43a1 - std[617be2ca0a6fd877]::sys::backtrace::_print_fmt
[INFO] [stdout]                                at /rustc/e3feeb59cd1bdd011a2bfcc0747b55125d9b8527/library/std/src/sys/backtrace.rs:74:9
[INFO] [stdout]    3:     0x5da3c78e43a1 - <<std[617be2ca0a6fd877]::sys::backtrace::BacktraceLock>::print::DisplayBacktrace as core[a373ad73a504971]::fmt::Display>::fmt
[INFO] [stdout]                                at /rustc/e3feeb59cd1bdd011a2bfcc0747b55125d9b8527/library/std/src/sys/backtrace.rs:44:26
[INFO] [stdout]    4:     0x5da3c78fa7ea - <core[a373ad73a504971]::fmt::rt::Argument>::fmt
[INFO] [stdout]                                at /rustc/e3feeb59cd1bdd011a2bfcc0747b55125d9b8527/library/core/src/fmt/rt.rs:152:76
[INFO] [stdout]    5:     0x5da3c78fa7ea - core[a373ad73a504971]::fmt::write
[INFO] [stdout]    6:     0x5da3c78e8bec - core[a373ad73a504971]::io::write::default_write_fmt::<alloc[2e1b2a31b91974c5]::vec::Vec<u8>>
[INFO] [stdout]                                at /rustc/e3feeb59cd1bdd011a2bfcc0747b55125d9b8527/library/core/src/io/write.rs:402:11
[INFO] [stdout]    7:     0x5da3c78e8bec - <alloc[2e1b2a31b91974c5]::vec::Vec<u8> as core[a373ad73a504971]::io::write::Write>::write_fmt
[INFO] [stdout]                                at /rustc/e3feeb59cd1bdd011a2bfcc0747b55125d9b8527/library/core/src/io/write.rs:335:13
[INFO] [stdout]    8:     0x5da3c78bd806 - <std[617be2ca0a6fd877]::sys::backtrace::BacktraceLock>::print
[INFO] [stdout]                                at /rustc/e3feeb59cd1bdd011a2bfcc0747b55125d9b8527/library/std/src/sys/backtrace.rs:47:9
[INFO] [stdout]    9:     0x5da3c78bd806 - std[617be2ca0a6fd877]::panicking::default_hook::{closure#0}
[INFO] [stdout]                                at /rustc/e3feeb59cd1bdd011a2bfcc0747b55125d9b8527/library/std/src/panicking.rs:289:27
[INFO] [stdout]   10:     0x5da3c78db949 - std[617be2ca0a6fd877]::panicking::default_hook
[INFO] [stdout]                                at /rustc/e3feeb59cd1bdd011a2bfcc0747b55125d9b8527/library/std/src/panicking.rs:313:9
[INFO] [stdout]   11:     0x5da3c7874f50 - <alloc[2e1b2a31b91974c5]::boxed::Box<dyn for<'a, 'b> core[a373ad73a504971]::ops::function::Fn<(&'a std[617be2ca0a6fd877]::panic::PanicHookInfo<'b>,), Output = ()> + core[a373ad73a504971]::marker::Sync + core[a373ad73a504971]::marker::Send> as core[a373ad73a504971]::ops::function::Fn<(&std[617be2ca0a6fd877]::panic::PanicHookInfo,)>>::call
[INFO] [stdout]                                at /rustc/e3feeb59cd1bdd011a2bfcc0747b55125d9b8527/library/alloc/src/boxed.rs:2328:9
[INFO] [stdout]   12:     0x5da3c7874f50 - test[aada8e7e76ba119b]::test_main_inner::{closure#0}
[INFO] [stdout]                                at /rustc/e3feeb59cd1bdd011a2bfcc0747b55125d9b8527/library/test/src/lib.rs:137:21
[INFO] [stdout]   13:     0x5da3c78dbb02 - <alloc[2e1b2a31b91974c5]::boxed::Box<dyn for<'a, 'b> core[a373ad73a504971]::ops::function::Fn<(&'a std[617be2ca0a6fd877]::panic::PanicHookInfo<'b>,), Output = ()> + core[a373ad73a504971]::marker::Sync + core[a373ad73a504971]::marker::Send> as core[a373ad73a504971]::ops::function::Fn<(&std[617be2ca0a6fd877]::panic::PanicHookInfo,)>>::call
[INFO] [stdout]                                at /rustc/e3feeb59cd1bdd011a2bfcc0747b55125d9b8527/library/alloc/src/boxed.rs:2328:9
[INFO] [stdout]   14:     0x5da3c78dbb02 - std[617be2ca0a6fd877]::panicking::panic_with_hook
[INFO] [stdout]                                at /rustc/e3feeb59cd1bdd011a2bfcc0747b55125d9b8527/library/std/src/panicking.rs:819:13
[INFO] [stdout]   15:     0x5da3c78bd8b2 - std[617be2ca0a6fd877]::panicking::panic_handler::{closure#0}
[INFO] [stdout]                                at /rustc/e3feeb59cd1bdd011a2bfcc0747b55125d9b8527/library/std/src/panicking.rs:685:13
[INFO] [stdout]   16:     0x5da3c78b6109 - std[617be2ca0a6fd877]::sys::backtrace::__rust_end_short_backtrace::<std[617be2ca0a6fd877]::panicking::panic_handler::{closure#0}, !>
[INFO] [stdout]                                at /rustc/e3feeb59cd1bdd011a2bfcc0747b55125d9b8527/library/std/src/sys/backtrace.rs:182:18
[INFO] [stdout]   17:     0x5da3c78be4bd - __rustc[ea4f61d10b84890b]::rust_begin_unwind
[INFO] [stdout]                                at /rustc/e3feeb59cd1bdd011a2bfcc0747b55125d9b8527/library/std/src/panicking.rs:676:5
[INFO] [stdout]   18:     0x5da3c78fafdc - core[a373ad73a504971]::panicking::panic_fmt
[INFO] [stdout]                                at /rustc/e3feeb59cd1bdd011a2bfcc0747b55125d9b8527/library/core/src/panicking.rs:80:14
[INFO] [stdout]   19:     0x5da3c7772984 - <trybuild[e37001d560fbf17c]::Runner>::run
[INFO] [stdout]                                at /opt/rustwide/cargo-home/registry/src/index.crates.io-1949cf8c6b5b557f/trybuild-1.0.120/src/run.rs:103:13
[INFO] [stdout]   20:     0x5da3c777de08 - <trybuild[e37001d560fbf17c]::TestCases as core[a373ad73a504971]::ops::drop::Drop>::drop
[INFO] [stdout]                                at /opt/rustwide/cargo-home/registry/src/index.crates.io-1949cf8c6b5b557f/trybuild-1.0.120/src/lib.rs:342:38
[INFO] [stdout]   21:     0x5da3c764f767 - core[a373ad73a504971]::ptr::drop_glue::<trybuild[e37001d560fbf17c]::TestCases>
[INFO] [stdout]                                at /rustc/e3feeb59cd1bdd011a2bfcc0747b55125d9b8527/library/core/src/ptr/mod.rs:848:1
[INFO] [stdout]   22:     0x5da3c764f9bb - compile_fail[392c58077a79e3e7]::compile_time_security_boundaries_hold
[INFO] [stdout]                                at /opt/rustwide/workdir/tests/compile_fail.rs:8:1
[INFO] [stdout]   23:     0x5da3c764f8c7 - compile_fail[392c58077a79e3e7]::compile_time_security_boundaries_hold::{closure#0}
[INFO] [stdout]                                at /opt/rustwide/workdir/tests/compile_fail.rs:2:43
[INFO] [stdout]   24:     0x5da3c764fe16 - <compile_fail[392c58077a79e3e7]::compile_time_security_boundaries_hold::{closure#0} as core[a373ad73a504971]::ops::function::FnOnce<()>>::call_once
[INFO] [stdout]                                at /rustc/e3feeb59cd1bdd011a2bfcc0747b55125d9b8527/library/core/src/ops/function.rs:250:5
[INFO] [stdout]   25:     0x5da3c786839b - <fn() -> core[a373ad73a504971]::result::Result<(), alloc[2e1b2a31b91974c5]::string::String> as core[a373ad73a504971]::ops::function::FnOnce<()>>::call_once
[INFO] [stdout]                                at /rustc/e3feeb59cd1bdd011a2bfcc0747b55125d9b8527/library/core/src/ops/function.rs:250:5
[INFO] [stdout]   26:     0x5da3c786839b - test[aada8e7e76ba119b]::__rust_begin_short_backtrace::<core[a373ad73a504971]::result::Result<(), alloc[2e1b2a31b91974c5]::string::String>, fn() -> core[a373ad73a504971]::result::Result<(), alloc[2e1b2a31b91974c5]::string::String>>
[INFO] [stdout]                                at /rustc/e3feeb59cd1bdd011a2bfcc0747b55125d9b8527/library/test/src/lib.rs:701:18
[INFO] [stdout]   27:     0x5da3c7875575 - test[aada8e7e76ba119b]::run_test_in_process::{closure#0}
[INFO] [stdout]                                at /rustc/e3feeb59cd1bdd011a2bfcc0747b55125d9b8527/library/test/src/lib.rs:724:74
[INFO] [stdout]   28:     0x5da3c7875575 - <core[a373ad73a504971]::panic::unwind_safe::AssertUnwindSafe<test[aada8e7e76ba119b]::run_test_in_process::{closure#0}> as core[a373ad73a504971]::ops::function::FnOnce<()>>::call_once
[INFO] [stdout]                                at /rustc/e3feeb59cd1bdd011a2bfcc0747b55125d9b8527/library/core/src/panic/unwind_safe.rs:275:9
[INFO] [stdout]   29:     0x5da3c7875575 - std[617be2ca0a6fd877]::panicking::catch_unwind::do_call::<core[a373ad73a504971]::panic::unwind_safe::AssertUnwindSafe<test[aada8e7e76ba119b]::run_test_in_process::{closure#0}>, core[a373ad73a504971]::result::Result<(), alloc[2e1b2a31b91974c5]::string::String>>
[INFO] [stdout]                                at /rustc/e3feeb59cd1bdd011a2bfcc0747b55125d9b8527/library/std/src/panicking.rs:573:43
[INFO] [stdout]   30:     0x5da3c7875575 - std[617be2ca0a6fd877]::panicking::catch_unwind::<core[a373ad73a504971]::result::Result<(), alloc[2e1b2a31b91974c5]::string::String>, core[a373ad73a504971]::panic::unwind_safe::AssertUnwindSafe<test[aada8e7e76ba119b]::run_test_in_process::{closure#0}>>
[INFO] [stdout]                                at /rustc/e3feeb59cd1bdd011a2bfcc0747b55125d9b8527/library/std/src/panicking.rs:541:19
[INFO] [stdout]   31:     0x5da3c7875575 - std[617be2ca0a6fd877]::panic::catch_unwind::<core[a373ad73a504971]::panic::unwind_safe::AssertUnwindSafe<test[aada8e7e76ba119b]::run_test_in_process::{closure#0}>, core[a373ad73a504971]::result::Result<(), alloc[2e1b2a31b91974c5]::string::String>>
[INFO] [stdout]                                at /rustc/e3feeb59cd1bdd011a2bfcc0747b55125d9b8527/library/std/src/panic.rs:359:14
[INFO] [stdout]   32:     0x5da3c7875575 - test[aada8e7e76ba119b]::run_test_in_process
[INFO] [stdout]                                at /rustc/e3feeb59cd1bdd011a2bfcc0747b55125d9b8527/library/test/src/lib.rs:724:27
[INFO] [stdout]   33:     0x5da3c7875575 - test[aada8e7e76ba119b]::run_test::{closure#0}
[INFO] [stdout]                                at /rustc/e3feeb59cd1bdd011a2bfcc0747b55125d9b8527/library/test/src/lib.rs:645:43
[INFO] [stdout]   34:     0x5da3c786ee64 - test[aada8e7e76ba119b]::run_test::{closure#1}
[INFO] [stdout]                                at /rustc/e3feeb59cd1bdd011a2bfcc0747b55125d9b8527/library/test/src/lib.rs:675:41
[INFO] [stdout]   35:     0x5da3c786ee64 - std[617be2ca0a6fd877]::sys::backtrace::__rust_begin_short_backtrace::<test[aada8e7e76ba119b]::run_test::{closure#1}, ()>
[INFO] [stdout]                                at /rustc/e3feeb59cd1bdd011a2bfcc0747b55125d9b8527/library/std/src/sys/backtrace.rs:166:18
[INFO] [stdout]   36:     0x5da3c7878602 - std[617be2ca0a6fd877]::thread::lifecycle::spawn_unchecked::<test[aada8e7e76ba119b]::run_test::{closure#1}, ()>::{closure#1}::{closure#0}
[INFO] [stdout]                                at /rustc/e3feeb59cd1bdd011a2bfcc0747b55125d9b8527/library/std/src/thread/lifecycle.rs:70:13
[INFO] [stdout]   37:     0x5da3c7878602 - <core[a373ad73a504971]::panic::unwind_safe::AssertUnwindSafe<std[617be2ca0a6fd877]::thread::lifecycle::spawn_unchecked<test[aada8e7e76ba119b]::run_test::{closure#1}, ()>::{closure#1}::{closure#0}> as core[a373ad73a504971]::ops::function::FnOnce<()>>::call_once
[INFO] [stdout]                                at /rustc/e3feeb59cd1bdd011a2bfcc0747b55125d9b8527/library/core/src/panic/unwind_safe.rs:275:9
[INFO] [stdout]   38:     0x5da3c7878602 - std[617be2ca0a6fd877]::panicking::catch_unwind::do_call::<core[a373ad73a504971]::panic::unwind_safe::AssertUnwindSafe<std[617be2ca0a6fd877]::thread::lifecycle::spawn_unchecked<test[aada8e7e76ba119b]::run_test::{closure#1}, ()>::{closure#1}::{closure#0}>, ()>
[INFO] [stdout]                                at /rustc/e3feeb59cd1bdd011a2bfcc0747b55125d9b8527/library/std/src/panicking.rs:573:43
[INFO] [stdout]   39:     0x5da3c7878602 - std[617be2ca0a6fd877]::panicking::catch_unwind::<(), core[a373ad73a504971]::panic::unwind_safe::AssertUnwindSafe<std[617be2ca0a6fd877]::thread::lifecycle::spawn_unchecked<test[aada8e7e76ba119b]::run_test::{closure#1}, ()>::{closure#1}::{closure#0}>>
[INFO] [stdout]                                at /rustc/e3feeb59cd1bdd011a2bfcc0747b55125d9b8527/library/std/src/panicking.rs:541:19
[INFO] [stdout]   40:     0x5da3c7878602 - std[617be2ca0a6fd877]::panic::catch_unwind::<core[a373ad73a504971]::panic::unwind_safe::AssertUnwindSafe<std[617be2ca0a6fd877]::thread::lifecycle::spawn_unchecked<test[aada8e7e76ba119b]::run_test::{closure#1}, ()>::{closure#1}::{closure#0}>, ()>
[INFO] [stdout]                                at /rustc/e3feeb59cd1bdd011a2bfcc0747b55125d9b8527/library/std/src/panic.rs:359:14
[INFO] [stdout]   41:     0x5da3c7878602 - std[617be2ca0a6fd877]::thread::lifecycle::spawn_unchecked::<test[aada8e7e76ba119b]::run_test::{closure#1}, ()>::{closure#1}
[INFO] [stdout]                                at /rustc/e3feeb59cd1bdd011a2bfcc0747b55125d9b8527/library/std/src/thread/lifecycle.rs:68:26
[INFO] [stdout]   42:     0x5da3c7878602 - <std[617be2ca0a6fd877]::thread::lifecycle::spawn_unchecked<test[aada8e7e76ba119b]::run_test::{closure#1}, ()>::{closure#1} as core[a373ad73a504971]::ops::function::FnOnce<()>>::call_once::{shim:vtable#0}
[INFO] [stdout]                                at /rustc/e3feeb59cd1bdd011a2bfcc0747b55125d9b8527/library/core/src/ops/function.rs:250:5
[INFO] [stdout]   43:     0x5da3c78e35ff - <alloc[2e1b2a31b91974c5]::boxed::Box<dyn core[a373ad73a504971]::ops::function::FnOnce<(), Output = ()> + core[a373ad73a504971]::marker::Send> as core[a373ad73a504971]::ops::function::FnOnce<()>>::call_once
[INFO] [stdout]                                at /rustc/e3feeb59cd1bdd011a2bfcc0747b55125d9b8527/library/alloc/src/boxed.rs:2314:9
[INFO] [stdout]   44:     0x5da3c78e35ff - <std[617be2ca0a6fd877]::sys::thread::unix::Thread>::new::thread_start
[INFO] [stdout]                                at /rustc/e3feeb59cd1bdd011a2bfcc0747b55125d9b8527/library/std/src/sys/thread/unix.rs:127:17
[INFO] [stdout]   45:     0x73b998497dfa - <unknown>
[INFO] [stdout]   46:     0x73b99852b3d4 - clone
[INFO] [stdout]   47:                0x0 - <unknown>
[INFO] [stdout] 
[INFO] [stdout] 
[INFO] [stdout] failures:
[INFO] [stdout]     compile_time_security_boundaries_hold
[INFO] [stdout] 
[INFO] [stdout] test result: FAILED. 0 passed; 1 failed; 0 ignored; 0 measured; 0 filtered out; finished in 65.81s
[INFO] [stdout] 
[INFO] [stderr] error: test failed, to rerun pass `--test compile_fail`
[INFO] running `Command { std: "docker" "inspect" "11b700fc270fddb85ccf7cea762c2ca072aeab9fbec054dec854a3255bce058f", kill_on_drop: false }`
[INFO] running `Command { std: "docker" "rm" "-f" "11b700fc270fddb85ccf7cea762c2ca072aeab9fbec054dec854a3255bce058f", kill_on_drop: false }`
[INFO] [stdout] 11b700fc270fddb85ccf7cea762c2ca072aeab9fbec054dec854a3255bce058f
