[INFO] fetching crate tmpl 0.3.0...
[INFO] testing tmpl-0.3.0 against 1.100.0-beta.1 for beta-1.100-2
[INFO] extracting crate tmpl 0.3.0 into /workspace/builds/worker-2-tc2/source
[INFO] started tweaking crates.io crate tmpl 0.3.0
[INFO] finished tweaking crates.io crate tmpl 0.3.0
[INFO] tweaked toml for crates.io crate tmpl 0.3.0 written to /workspace/builds/worker-2-tc2/source/Cargo.toml
[INFO] validating manifest of crates.io crate tmpl 0.3.0 on toolchain 1.100.0-beta.1
[INFO] running `Command { std: CARGO_HOME="/workspace/cargo-home" RUSTUP_HOME="/workspace/rustup-home" "/workspace/cargo-home/bin/cargo" "+1.100.0-beta.1" "metadata" "--manifest-path" "Cargo.toml" "--no-deps", kill_on_drop: false }`
[INFO] crate crates.io crate tmpl 0.3.0 already has a lockfile, it will not be regenerated
[INFO] running `Command { std: CARGO_HOME="/workspace/cargo-home" RUSTUP_HOME="/workspace/rustup-home" "/workspace/cargo-home/bin/cargo" "+1.100.0-beta.1" "fetch" "--manifest-path" "Cargo.toml", kill_on_drop: false }`
[INFO] running `Command { std: "docker" "create" "-v" "/var/lib/crater-agent-workspace/builds/worker-2-tc2/source:/opt/rustwide/workdir:ro,Z" "-v" "/var/lib/crater-agent-workspace/builds/worker-2-tc2/target:/opt/rustwide/target:rw,Z" "-v" "/var/lib/crater-agent-workspace/cargo-home:/opt/rustwide/cargo-home:ro,Z" "-v" "/var/lib/crater-agent-workspace/rustup-home:/opt/rustwide/rustup-home:ro,Z" "-m" "1610612736" "--network" "none" "ghcr.io/rust-lang/crates-build-env/linux@sha256:3111399a4047eeb3a02b7a90e478d715f38a8c6669b5c4b49d30a17385265909" "sleep" "infinity", kill_on_drop: false }`
[INFO] [stdout] db4d45225df71d18bb70a4b6ca06cfe39c2d5f9143de93406fae30b55551a94c
[INFO] running `Command { std: "docker" "start" "db4d45225df71d18bb70a4b6ca06cfe39c2d5f9143de93406fae30b55551a94c", kill_on_drop: false }`
[INFO] running `Command { std: "docker" "inspect" "db4d45225df71d18bb70a4b6ca06cfe39c2d5f9143de93406fae30b55551a94c", kill_on_drop: false }`
[INFO] running `Command { std: "docker" "exec" "-e" "SOURCE_DIR=/opt/rustwide/workdir" "-e" "CARGO_HOME=/opt/rustwide/cargo-home" "-e" "RUSTUP_HOME=/opt/rustwide/rustup-home" "-e" "CARGO_TARGET_DIR=/opt/rustwide/target" "-w" "/opt/rustwide/workdir" "--user" "0:0" "db4d45225df71d18bb70a4b6ca06cfe39c2d5f9143de93406fae30b55551a94c" "/opt/rustwide/cargo-home/bin/cargo" "+1.100.0-beta.1" "metadata" "--no-deps" "--format-version=1", kill_on_drop: false }`
[INFO] running `Command { std: "docker" "inspect" "db4d45225df71d18bb70a4b6ca06cfe39c2d5f9143de93406fae30b55551a94c", kill_on_drop: false }`
[INFO] running `Command { std: "docker" "exec" "-e" "SOURCE_DIR=/opt/rustwide/workdir" "-e" "CARGO_HOME=/opt/rustwide/cargo-home" "-e" "RUSTUP_HOME=/opt/rustwide/rustup-home" "-e" "CARGO_TARGET_DIR=/opt/rustwide/target" "-e" "CARGO_INCREMENTAL=0" "-e" "RUST_BACKTRACE=full" "-e" "RUSTFLAGS=--cap-lints=warn" "-e" "RUSTDOCFLAGS=--cap-lints=warn" "-w" "/opt/rustwide/workdir" "--user" "0:0" "db4d45225df71d18bb70a4b6ca06cfe39c2d5f9143de93406fae30b55551a94c" "/opt/rustwide/cargo-home/bin/cargo" "+1.100.0-beta.1" "build" "--frozen" "--message-format=json", kill_on_drop: false }`
[INFO] [stderr]    Compiling autocfg v1.0.0
[INFO] [stderr]    Compiling memchr v2.3.3
[INFO] [stderr]    Compiling libc v0.2.68
[INFO] [stderr]    Compiling proc-macro2 v1.0.10
[INFO] [stderr]    Compiling regex-syntax v0.6.17
[INFO] [stderr]    Compiling unicode-xid v0.2.0
[INFO] [stderr]    Compiling thread_local v1.0.1
[INFO] [stderr]    Compiling syn v1.0.17
[INFO] [stderr]    Compiling log v0.4.8
[INFO] [stderr]    Compiling getrandom v0.1.14
[INFO] [stderr]    Compiling ucd-trie v0.1.3
[INFO] [stderr]    Compiling num-traits v0.2.11
[INFO] [stderr]    Compiling crossbeam-utils v0.7.2
[INFO] [stderr]    Compiling aho-corasick v0.7.10
[INFO] [stderr]    Compiling quote v1.0.3
[INFO] [stderr]    Compiling num-integer v0.1.42
[INFO] [stderr]    Compiling pest v2.1.3
[INFO] [stderr]    Compiling bstr v0.2.12
[INFO] [stderr]    Compiling serde v1.0.106
[INFO] [stderr]    Compiling bitflags v1.2.1
[INFO] [stderr]    Compiling ryu v1.0.3
[INFO] [stderr]    Compiling maplit v1.0.2
[INFO] [stderr]    Compiling fnv v1.0.6
[INFO] [stderr]    Compiling walkdir v2.3.1
[INFO] [stderr]    Compiling crossbeam-channel v0.4.2
[INFO] [stderr]    Compiling rand_core v0.5.1
[INFO] [stderr]    Compiling time v0.1.42
[INFO] [stderr]    Compiling pest_meta v2.1.3
[INFO] [stderr]    Compiling unicode-segmentation v1.6.0
[INFO] [stderr]    Compiling ppv-lite86 v0.2.6
[INFO] [stderr]    Compiling regex v1.3.6
[INFO] [stderr]    Compiling heck v0.3.1
[INFO] [stderr]    Compiling rand_chacha v0.2.2
[INFO] [stderr]    Compiling chrono v0.4.11
[INFO] [stderr]    Compiling unic-ucd-segment v0.9.0
[INFO] [stderr]    Compiling deunicode v0.4.3
[INFO] [stderr]    Compiling itoa v0.4.5
[INFO] [stderr]    Compiling argh_shared v0.1.1
[INFO] [stderr]    Compiling anyhow v1.0.28
[INFO] [stderr]    Compiling unic-segment v0.9.0
[INFO] [stderr]    Compiling slug v0.1.4
[INFO] [stderr]    Compiling pest_generator v2.1.3
[INFO] [stderr]    Compiling rand v0.7.3
[INFO] [stderr]    Compiling parse-zoneinfo v0.2.1
[INFO] [stderr]    Compiling globset v0.4.5
[INFO] [stderr]    Compiling humansize v1.1.0
[INFO] [stderr]    Compiling percent-encoding v2.1.0
[INFO] [stderr]    Compiling ignore v0.4.14
[INFO] [stderr]    Compiling argh_derive v0.1.1
[INFO] [stderr]    Compiling pest_derive v2.1.0
[INFO] [stderr]    Compiling globwalk v0.8.0
[INFO] [stderr]    Compiling chrono-tz v0.5.1
[INFO] [stderr]    Compiling argh v0.1.3
[INFO] [stderr]    Compiling serde_json v1.0.51
[INFO] [stderr]    Compiling tera v1.2.0
[INFO] [stderr]    Compiling tmpl v0.3.0 (/opt/rustwide/workdir)
[INFO] [stderr]     Finished `dev` profile [unoptimized + debuginfo] target(s) in 40.68s
[INFO] running `Command { std: "docker" "inspect" "db4d45225df71d18bb70a4b6ca06cfe39c2d5f9143de93406fae30b55551a94c", kill_on_drop: false }`
[INFO] running `Command { std: "docker" "exec" "-e" "SOURCE_DIR=/opt/rustwide/workdir" "-e" "CARGO_HOME=/opt/rustwide/cargo-home" "-e" "RUSTUP_HOME=/opt/rustwide/rustup-home" "-e" "CARGO_TARGET_DIR=/opt/rustwide/target" "-e" "CARGO_INCREMENTAL=0" "-e" "RUST_BACKTRACE=full" "-e" "RUSTFLAGS=--cap-lints=warn" "-e" "RUSTDOCFLAGS=--cap-lints=warn" "-w" "/opt/rustwide/workdir" "--user" "0:0" "db4d45225df71d18bb70a4b6ca06cfe39c2d5f9143de93406fae30b55551a94c" "/opt/rustwide/cargo-home/bin/cargo" "+1.100.0-beta.1" "test" "--frozen" "--no-run" "--message-format=json", kill_on_drop: false }`
[INFO] [stderr]    Compiling doc-comment v0.3.3
[INFO] [stderr]    Compiling predicates-core v1.0.0
[INFO] [stderr]    Compiling float-cmp v0.6.0
[INFO] [stderr]    Compiling difference v2.0.0
[INFO] [stderr]    Compiling treeline v0.1.0
[INFO] [stderr]    Compiling normalize-line-endings v0.3.0
[INFO] [stderr]    Compiling remove_dir_all v0.5.2
[INFO] [stderr]    Compiling globwalk v0.7.3
[INFO] [stderr]    Compiling tempfile v3.1.0
[INFO] [stderr]    Compiling wait-timeout v0.2.0
[INFO] [stderr]    Compiling predicates-tree v1.0.0
[INFO] [stderr]    Compiling predicates v1.0.4
[INFO] [stderr]    Compiling assert_fs v1.0.0
[INFO] [stderr]    Compiling assert_cmd v1.0.1
[INFO] [stderr]    Compiling tmpl v0.3.0 (/opt/rustwide/workdir)
[INFO] [stderr]     Finished `test` profile [unoptimized + debuginfo] target(s) in 3.40s
[INFO] running `Command { std: "docker" "inspect" "db4d45225df71d18bb70a4b6ca06cfe39c2d5f9143de93406fae30b55551a94c", kill_on_drop: false }`
[INFO] running `Command { std: "docker" "exec" "-e" "SOURCE_DIR=/opt/rustwide/workdir" "-e" "CARGO_HOME=/opt/rustwide/cargo-home" "-e" "RUSTUP_HOME=/opt/rustwide/rustup-home" "-e" "CARGO_TARGET_DIR=/opt/rustwide/target" "-e" "CARGO_INCREMENTAL=0" "-e" "RUST_BACKTRACE=full" "-e" "RUSTFLAGS=--cap-lints=warn" "-e" "RUSTDOCFLAGS=--cap-lints=warn" "-w" "/opt/rustwide/workdir" "--user" "0:0" "db4d45225df71d18bb70a4b6ca06cfe39c2d5f9143de93406fae30b55551a94c" "/opt/rustwide/cargo-home/bin/cargo" "+1.100.0-beta.1" "test" "--frozen", kill_on_drop: false }`
[INFO] [stderr]     Finished `test` profile [unoptimized + debuginfo] target(s) in 0.08s
[INFO] [stderr]      Running unittests src/main.rs (/opt/rustwide/target/debug/build/tmpl/7176a78b8164449a/out/tmpl-7176a78b8164449a)
[INFO] [stdout] 
[INFO] [stdout] running 0 tests
[INFO] [stdout] 
[INFO] [stdout] test result: ok. 0 passed; 0 failed; 0 ignored; 0 measured; 0 filtered out; finished in 0.00s
[INFO] [stdout] 
[INFO] [stderr]      Running tests/render.rs (/opt/rustwide/target/debug/build/tmpl/adb749d5518d84f4/out/render-adb749d5518d84f4)
[INFO] [stdout] 
[INFO] [stdout] running 7 tests
[INFO] [stdout] test test_escape ... FAILED
[INFO] [stdout] test test_read_from_file ... FAILED
[INFO] [stdout] test test_write_to_existing_file ... FAILED
[INFO] [stdout] test test_write_to_missing_file ... FAILED
[INFO] [stdout] test test_template_file_not_found ... FAILED
[INFO] [stdout] test test_undefined_var ... FAILED
[INFO] [stdout] test test_merge ... FAILED
[INFO] [stdout] 
[INFO] [stdout] failures:
[INFO] [stdout] 
[INFO] [stdout] ---- test_escape stdout ----
[INFO] [stdout] Error: Cause: Cargo command not found: /opt/rustwide/target/debug/build/tmpl/adb749d5518d84f4/out/tmpl
[INFO] [stdout] 
[INFO] [stdout] 
[INFO] [stdout] 
[INFO] [stdout] ---- test_read_from_file stdout ----
[INFO] [stdout] Error: Cause: Cargo command not found: /opt/rustwide/target/debug/build/tmpl/adb749d5518d84f4/out/tmpl
[INFO] [stdout] 
[INFO] [stdout] 
[INFO] [stdout] 
[INFO] [stdout] ---- test_write_to_existing_file stdout ----
[INFO] [stdout] Error: Cause: Cargo command not found: /opt/rustwide/target/debug/build/tmpl/adb749d5518d84f4/out/tmpl
[INFO] [stdout] 
[INFO] [stdout] 
[INFO] [stdout] 
[INFO] [stdout] ---- test_write_to_missing_file stdout ----
[INFO] [stdout] Error: Cause: Cargo command not found: /opt/rustwide/target/debug/build/tmpl/adb749d5518d84f4/out/tmpl
[INFO] [stdout] 
[INFO] [stdout] 
[INFO] [stdout] 
[INFO] [stdout] ---- test_template_file_not_found stdout ----
[INFO] [stdout] Error: Cause: Cargo command not found: /opt/rustwide/target/debug/build/tmpl/adb749d5518d84f4/out/tmpl
[INFO] [stdout] 
[INFO] [stdout] 
[INFO] [stdout] 
[INFO] [stdout] ---- test_undefined_var stdout ----
[INFO] [stdout] Error: Cause: Cargo command not found: /opt/rustwide/target/debug/build/tmpl/adb749d5518d84f4/out/tmpl
[INFO] [stdout] 
[INFO] [stdout] 
[INFO] [stdout] 
[INFO] [stdout] ---- test_merge stdout ----
[INFO] [stdout] Error: Cause: Cargo command not found: /opt/rustwide/target/debug/build/tmpl/adb749d5518d84f4/out/tmpl
[INFO] [stdout] 
[INFO] [stdout] 
[INFO] [stdout] 
[INFO] [stdout] 
[INFO] [stdout] failures:
[INFO] [stdout]     test_escape
[INFO] [stdout]     test_merge
[INFO] [stdout]     test_read_from_file
[INFO] [stdout]     test_template_file_not_found
[INFO] [stdout]     test_undefined_var
[INFO] [stdout]     test_write_to_existing_file
[INFO] [stdout]     test_write_to_missing_file
[INFO] [stdout] 
[INFO] [stdout] test result: FAILED. 0 passed; 7 failed; 0 ignored; 0 measured; 0 filtered out; finished in 0.00s
[INFO] [stdout] 
[INFO] [stderr] error: test failed, to rerun pass `--test render`
[INFO] running `Command { std: "docker" "inspect" "db4d45225df71d18bb70a4b6ca06cfe39c2d5f9143de93406fae30b55551a94c", kill_on_drop: false }`
[INFO] running `Command { std: "docker" "rm" "-f" "db4d45225df71d18bb70a4b6ca06cfe39c2d5f9143de93406fae30b55551a94c", kill_on_drop: false }`
[INFO] [stdout] db4d45225df71d18bb70a4b6ca06cfe39c2d5f9143de93406fae30b55551a94c
