[INFO] fetching crate simd_tokens 0.2.0...
[INFO] testing simd_tokens-0.2.0 against 1.100.0-beta.1 for beta-1.100-2
[INFO] extracting crate simd_tokens 0.2.0 into /workspace/builds/worker-2-tc2/source
[INFO] started tweaking crates.io crate simd_tokens 0.2.0
[INFO] removed 0 missing tests
[INFO] finished tweaking crates.io crate simd_tokens 0.2.0
[INFO] tweaked toml for crates.io crate simd_tokens 0.2.0 written to /workspace/builds/worker-2-tc2/source/Cargo.toml
[INFO] validating manifest of crates.io crate simd_tokens 0.2.0 on toolchain 1.100.0-beta.1
[INFO] running `Command { std: CARGO_HOME="/workspace/cargo-home" RUSTUP_HOME="/workspace/rustup-home" "/workspace/cargo-home/bin/cargo" "+1.100.0-beta.1" "metadata" "--manifest-path" "Cargo.toml" "--no-deps", kill_on_drop: false }`
[INFO] crate crates.io crate simd_tokens 0.2.0 already has a lockfile, it will not be regenerated
[INFO] running `Command { std: CARGO_HOME="/workspace/cargo-home" RUSTUP_HOME="/workspace/rustup-home" "/workspace/cargo-home/bin/cargo" "+1.100.0-beta.1" "fetch" "--manifest-path" "Cargo.toml", kill_on_drop: false }`
[INFO] running `Command { std: "docker" "create" "-v" "/var/lib/crater-agent-workspace/builds/worker-2-tc2/source:/opt/rustwide/workdir:ro,Z" "-v" "/var/lib/crater-agent-workspace/builds/worker-2-tc2/target:/opt/rustwide/target:rw,Z" "-v" "/var/lib/crater-agent-workspace/cargo-home:/opt/rustwide/cargo-home:ro,Z" "-v" "/var/lib/crater-agent-workspace/rustup-home:/opt/rustwide/rustup-home:ro,Z" "-m" "1610612736" "--network" "none" "ghcr.io/rust-lang/crates-build-env/linux@sha256:3111399a4047eeb3a02b7a90e478d715f38a8c6669b5c4b49d30a17385265909" "sleep" "infinity", kill_on_drop: false }`
[INFO] [stdout] 3ec550bc7b16efae844ff0e964a7c32add47fd20c0ca335b6f238b1be8f73820
[INFO] running `Command { std: "docker" "start" "3ec550bc7b16efae844ff0e964a7c32add47fd20c0ca335b6f238b1be8f73820", kill_on_drop: false }`
[INFO] running `Command { std: "docker" "inspect" "3ec550bc7b16efae844ff0e964a7c32add47fd20c0ca335b6f238b1be8f73820", kill_on_drop: false }`
[INFO] running `Command { std: "docker" "exec" "-e" "SOURCE_DIR=/opt/rustwide/workdir" "-e" "CARGO_HOME=/opt/rustwide/cargo-home" "-e" "RUSTUP_HOME=/opt/rustwide/rustup-home" "-e" "CARGO_TARGET_DIR=/opt/rustwide/target" "-w" "/opt/rustwide/workdir" "--user" "0:0" "3ec550bc7b16efae844ff0e964a7c32add47fd20c0ca335b6f238b1be8f73820" "/opt/rustwide/cargo-home/bin/cargo" "+1.100.0-beta.1" "metadata" "--no-deps" "--format-version=1", kill_on_drop: false }`
[INFO] running `Command { std: "docker" "inspect" "3ec550bc7b16efae844ff0e964a7c32add47fd20c0ca335b6f238b1be8f73820", kill_on_drop: false }`
[INFO] running `Command { std: "docker" "exec" "-e" "SOURCE_DIR=/opt/rustwide/workdir" "-e" "CARGO_HOME=/opt/rustwide/cargo-home" "-e" "RUSTUP_HOME=/opt/rustwide/rustup-home" "-e" "CARGO_TARGET_DIR=/opt/rustwide/target" "-e" "CARGO_INCREMENTAL=0" "-e" "RUST_BACKTRACE=full" "-e" "RUSTFLAGS=--cap-lints=warn" "-e" "RUSTDOCFLAGS=--cap-lints=warn" "-w" "/opt/rustwide/workdir" "--user" "0:0" "3ec550bc7b16efae844ff0e964a7c32add47fd20c0ca335b6f238b1be8f73820" "/opt/rustwide/cargo-home/bin/cargo" "+1.100.0-beta.1" "build" "--frozen" "--message-format=json", kill_on_drop: false }`
[INFO] [stderr]    Compiling proc-macro2 v1.0.107
[INFO] [stderr]    Compiling unicode-ident v1.0.26
[INFO] [stderr]    Compiling quote v1.0.47
[INFO] [stderr]    Compiling syn v2.0.119
[INFO] [stderr]    Compiling simd_tokens_macros v0.2.0
[INFO] [stderr]    Compiling simd_tokens v0.2.0 (/opt/rustwide/workdir)
[INFO] [stderr]     Finished `dev` profile [unoptimized + debuginfo] target(s) in 6.80s
[INFO] running `Command { std: "docker" "inspect" "3ec550bc7b16efae844ff0e964a7c32add47fd20c0ca335b6f238b1be8f73820", kill_on_drop: false }`
[INFO] running `Command { std: "docker" "exec" "-e" "SOURCE_DIR=/opt/rustwide/workdir" "-e" "CARGO_HOME=/opt/rustwide/cargo-home" "-e" "RUSTUP_HOME=/opt/rustwide/rustup-home" "-e" "CARGO_TARGET_DIR=/opt/rustwide/target" "-e" "CARGO_INCREMENTAL=0" "-e" "RUST_BACKTRACE=full" "-e" "RUSTFLAGS=--cap-lints=warn" "-e" "RUSTDOCFLAGS=--cap-lints=warn" "-w" "/opt/rustwide/workdir" "--user" "0:0" "3ec550bc7b16efae844ff0e964a7c32add47fd20c0ca335b6f238b1be8f73820" "/opt/rustwide/cargo-home/bin/cargo" "+1.100.0-beta.1" "test" "--frozen" "--no-run" "--message-format=json", kill_on_drop: false }`
[INFO] [stderr]    Compiling serde_core v1.0.229
[INFO] [stderr]    Compiling memchr v2.8.3
[INFO] [stderr]    Compiling zmij v1.0.23
[INFO] [stderr]    Compiling serde_json v1.0.151
[INFO] [stderr]    Compiling num-traits v0.2.19
[INFO] [stderr]    Compiling regex-syntax v0.8.11
[INFO] [stderr]    Compiling rustversion v1.0.23
[INFO] [stderr]    Compiling syn v2.0.119
[INFO] [stderr]    Compiling winnow v1.0.4
[INFO] [stderr]    Compiling serde v1.0.229
[INFO] [stderr]    Compiling target-tuple v1.0.2
[INFO] [stderr]    Compiling syn v3.0.6
[INFO] [stderr]    Compiling toml_parser v1.1.3+spec-1.1.0
[INFO] [stderr]    Compiling toml_writer v1.1.2+spec-1.1.0
[INFO] [stderr]    Compiling aho-corasick v1.1.5
[INFO] [stderr]    Compiling termcolor v1.4.1
[INFO] [stderr]    Compiling glob v0.3.4
[INFO] [stderr]    Compiling regex-automata v0.4.18
[INFO] [stderr]    Compiling serde_derive v1.0.229
[INFO] [stderr]    Compiling serde_spanned v1.1.1
[INFO] [stderr]    Compiling toml_datetime v1.1.1+spec-1.1.0
[INFO] [stderr]    Compiling toml v1.1.6+spec-1.1.0
[INFO] [stderr]    Compiling simd_tokens_macros v0.2.0
[INFO] [stderr]    Compiling googletest_macro v0.14.3
[INFO] [stderr]    Compiling regex v1.13.1
[INFO] [stderr]    Compiling simd_tokens v0.2.0 (/opt/rustwide/workdir)
[INFO] [stderr]    Compiling trybuild v1.0.121
[INFO] [stderr]    Compiling googletest v0.14.3
[INFO] [stderr]     Finished `test` profile [unoptimized + debuginfo] target(s) in 43.80s
[INFO] running `Command { std: "docker" "inspect" "3ec550bc7b16efae844ff0e964a7c32add47fd20c0ca335b6f238b1be8f73820", kill_on_drop: false }`
[INFO] running `Command { std: "docker" "exec" "-e" "SOURCE_DIR=/opt/rustwide/workdir" "-e" "CARGO_HOME=/opt/rustwide/cargo-home" "-e" "RUSTUP_HOME=/opt/rustwide/rustup-home" "-e" "CARGO_TARGET_DIR=/opt/rustwide/target" "-e" "CARGO_INCREMENTAL=0" "-e" "RUST_BACKTRACE=full" "-e" "RUSTFLAGS=--cap-lints=warn" "-e" "RUSTDOCFLAGS=--cap-lints=warn" "-w" "/opt/rustwide/workdir" "--user" "0:0" "3ec550bc7b16efae844ff0e964a7c32add47fd20c0ca335b6f238b1be8f73820" "/opt/rustwide/cargo-home/bin/cargo" "+1.100.0-beta.1" "test" "--frozen", kill_on_drop: false }`
[INFO] [stderr]     Finished `test` profile [unoptimized + debuginfo] target(s) in 0.08s
[INFO] [stderr]      Running unittests src/lib.rs (/opt/rustwide/target/debug/build/simd_tokens/bf14de202a249605/out/simd_tokens-bf14de202a249605)
[INFO] [stdout] 
[INFO] [stdout] running 0 tests
[INFO] [stdout] 
[INFO] [stdout] test result: ok. 0 passed; 0 failed; 0 ignored; 0 measured; 0 filtered out; finished in 0.00s
[INFO] [stdout] 
[INFO] [stderr]      Running tests/compile_fail.rs (/opt/rustwide/target/debug/build/simd_tokens/b7a2499b2cce504c/out/compile_fail-b7a2499b2cce504c)
[INFO] [stdout] 
[INFO] [stdout] running 1 test
[INFO] [stderr]    Compiling proc-macro2 v1.0.107
[INFO] [stderr]    Compiling unicode-ident v1.0.26
[INFO] [stderr]    Compiling quote v1.0.47
[INFO] [stderr]     Checking memchr v2.8.3
[INFO] [stderr]    Compiling autocfg v1.5.1
[INFO] [stderr]     Checking regex-syntax v0.8.11
[INFO] [stderr]    Compiling rustversion v1.0.23
[INFO] [stderr]     Checking aho-corasick v1.1.5
[INFO] [stderr]    Compiling num-traits v0.2.19
[INFO] [stderr]    Compiling syn v2.0.119
[INFO] [stderr]     Checking regex-automata v0.4.18
[INFO] [stderr]     Checking regex v1.13.1
[INFO] [stderr]    Compiling simd_tokens_macros v0.2.0
[INFO] [stderr]    Compiling googletest_macro v0.14.3
[INFO] [stderr]     Checking simd_tokens v0.2.0 (/opt/rustwide/workdir)
[INFO] [stderr]     Checking googletest v0.14.3
[INFO] [stderr]     Checking simd_tokens-tests v0.0.0 (/opt/rustwide/target/tests/trybuild/simd_tokens)
[INFO] [stderr]     Finished `dev` profile [unoptimized + debuginfo] target(s) in 17.18s
[INFO] [stderr] 
[INFO] [stderr] 
[INFO] [stderr] test tests/build_tests/cfg_forwarded.rs ... ok
[INFO] [stderr] test tests/build_tests/inner_not_exposed_by_default.rs ... ok
[INFO] [stderr] test tests/build_tests/inner_requires_unsafe.rs ... ok
[INFO] [stderr] test tests/build_tests/macro_no_features.rs ... ok
[INFO] [stderr] test tests/build_tests/macro_unknown_feature.rs ... ok
[INFO] [stderr] test tests/build_tests/missing_feature_trait.rs ... mismatch
[INFO] [stderr] 
[INFO] [stderr] EXPECTED:
[INFO] [stderr] ┈┈┈┈┈┈┈┈┈┈┈┈┈┈┈┈┈┈┈┈┈┈┈┈┈┈┈┈┈┈┈┈┈┈┈┈┈┈┈┈┈┈┈┈┈┈┈┈┈┈┈┈┈┈┈┈┈┈┈┈
[INFO] [stderr] error[E0277]: the trait bound `NoSimdToken: Sse` is not satisfied
[INFO] [stderr]   --> tests/build_tests/missing_feature_trait.rs:31:30
[INFO] [stderr]    |
[INFO] [stderr] 31 |     let _ = require_sse(1.0, token);
[INFO] [stderr]    |             -----------      ^^^^^ unsatisfied trait bound
[INFO] [stderr]    |             |
[INFO] [stderr]    |             required by a bound introduced by this call
[INFO] [stderr]    |
[INFO] [stderr] help: the trait `Sse` is not implemented for `NoSimdToken`
[INFO] [stderr]   --> tests/build_tests/missing_feature_trait.rs:12:1
[INFO] [stderr]    |
[INFO] [stderr] 12 | struct NoSimdToken;
[INFO] [stderr]    | ^^^^^^^^^^^^^^^^^^
[INFO] [stderr] help: the following other types implement trait `Sse`
[INFO] [stderr]   --> src/features/x86.rs
[INFO] [stderr]    |
[INFO] [stderr]    |           unsafe impl $crate::features::Sse for $token {}
[INFO] [stderr]    |           ^^^^^^^^^^^^^^^^^^^^^^^^^^^^^^^^^^^^^^^^^^^^
[INFO] [stderr]    |           |
[INFO] [stderr]    |           `Avx2Token`
[INFO] [stderr]    |           `Avx512Token`
[INFO] [stderr]    |           `Sse2Token`
[INFO] [stderr]    |           `Sse42Token`
[INFO] [stderr]    |
[INFO] [stderr]   ::: src/tokens/x86.rs
[INFO] [stderr]    |
[INFO] [stderr]    | / define_x86_token!(
[INFO] [stderr]    | |     /// Proof that SSE + SSE2 are available (x86-64-v1 baseline level).
[INFO] [stderr]    | |     Sse2Token,
[INFO] [stderr]    | |     "sse",
[INFO] [stderr]    | |     "sse2",
[INFO] [stderr]    | | );
[INFO] [stderr]    | |_- in this macro invocation
[INFO] [stderr]    |
[INFO] [stderr]    | / define_x86_token!(
[INFO] [stderr]    | |     /// Proof that SSE4.2 + POPCNT are available (x86-64-v2 level).
[INFO] [stderr]    | |     Sse42Token,
[INFO] [stderr]    | |     "sse",
[INFO] [stderr] ...  |
[INFO] [stderr]    | |     "cmpxchg16b",
[INFO] [stderr]    | | );
[INFO] [stderr]    | |_- in this macro invocation
[INFO] [stderr]    |
[INFO] [stderr]    | / define_x86_token!(
[INFO] [stderr]    | |     /// Proof that AVX2 + FMA + BMI1/2 + F16C + LZCNT are available (x86-64-v3 level).
[INFO] [stderr]    | |     Avx2Token,
[INFO] [stderr]    | |     "sse",
[INFO] [stderr] ...  |
[INFO] [stderr]    | |     "movbe",
[INFO] [stderr]    | | );
[INFO] [stderr]    | |_- in this macro invocation
[INFO] [stderr]    |
[INFO] [stderr]    | / define_x86_token!(
[INFO] [stderr]    | |     /// Proof that AVX-512 (F + CD + VL + DQ + BW) is available (x86-64-v4 level).
[INFO] [stderr]    | |     Avx512Token,
[INFO] [stderr]    | |     "sse",
[INFO] [stderr] ...  |
[INFO] [stderr]    | |     "avx512vl",
[INFO] [stderr]    | | );
[INFO] [stderr]    | |_- in this macro invocation
[INFO] [stderr] note: required by a bound in `require_sse`
[INFO] [stderr]   --> tests/build_tests/missing_feature_trait.rs:20:1
[INFO] [stderr]    |
[INFO] [stderr] 20 | #[simd_entry]
[INFO] [stderr]    | ^^^^^^^^^^^^^ required by this bound in `require_sse`
[INFO] [stderr] ...
[INFO] [stderr] 23 | fn require_sse(a: f32, token: impl SimdToken) -> f32 {
[INFO] [stderr]    |    ----------- required by a bound in this function
[INFO] [stderr]    = note: this error originates in the macro `$crate::features::__impl_feature_trait` which comes from the expansion of the attribute macro `simd_entry` (in Nightly builds, run with -Z macro-backtrace for more info)
[INFO] [stderr] ┈┈┈┈┈┈┈┈┈┈┈┈┈┈┈┈┈┈┈┈┈┈┈┈┈┈┈┈┈┈┈┈┈┈┈┈┈┈┈┈┈┈┈┈┈┈┈┈┈┈┈┈┈┈┈┈┈┈┈┈
[INFO] [stderr] 
[INFO] [stderr] ACTUAL OUTPUT:
[INFO] [stderr] ┈┈┈┈┈┈┈┈┈┈┈┈┈┈┈┈┈┈┈┈┈┈┈┈┈┈┈┈┈┈┈┈┈┈┈┈┈┈┈┈┈┈┈┈┈┈┈┈┈┈┈┈┈┈┈┈┈┈┈┈
[INFO] [stderr] error[E0277]: the trait bound `NoSimdToken: Sse` is not satisfied
[INFO] [stderr]   --> tests/build_tests/missing_feature_trait.rs:31:30
[INFO] [stderr]    |
[INFO] [stderr] 31 |     let _ = require_sse(1.0, token);
[INFO] [stderr]    |             -----------      ^^^^^ unsatisfied trait bound
[INFO] [stderr]    |             |
[INFO] [stderr]    |             required by a bound introduced by this call
[INFO] [stderr]    |
[INFO] [stderr] help: the trait `Sse` is not implemented for `NoSimdToken`
[INFO] [stderr]   --> tests/build_tests/missing_feature_trait.rs:12:1
[INFO] [stderr]    |
[INFO] [stderr] 12 | struct NoSimdToken;
[INFO] [stderr]    | ^^^^^^^^^^^^^^^^^^
[INFO] [stderr] help: the following other types implement trait `Sse`
[INFO] [stderr]   --> src/features/x86.rs
[INFO] [stderr]    |
[INFO] [stderr]    |           unsafe impl $crate::features::Sse for $token {}
[INFO] [stderr]    |           ^^^^^^^^^^^^^^^^^^^^^^^^^^^^^^^^^^^^^^^^^^^^
[INFO] [stderr]    |           |
[INFO] [stderr]    |           `Avx2Token`
[INFO] [stderr]    |           `Avx512Token`
[INFO] [stderr]    |           `Sse2Token`
[INFO] [stderr]    |           `Sse42Token`
[INFO] [stderr]    |
[INFO] [stderr]   ::: src/tokens/x86.rs
[INFO] [stderr]    |
[INFO] [stderr]    | / define_x86_token!(
[INFO] [stderr]    | |     /// Proof that SSE + SSE2 are available (x86-64-v1 baseline level).
[INFO] [stderr]    | |     Sse2Token,
[INFO] [stderr]    | |     "sse",
[INFO] [stderr]    | |     "sse2",
[INFO] [stderr]    | | );
[INFO] [stderr]    | |_- in this macro invocation
[INFO] [stderr]    |
[INFO] [stderr]    | / define_x86_token!(
[INFO] [stderr]    | |     /// Proof that SSE4.2 + POPCNT are available (x86-64-v2 level).
[INFO] [stderr]    | |     Sse42Token,
[INFO] [stderr]    | |     "sse",
[INFO] [stderr] ...  |
[INFO] [stderr]    | |     "cmpxchg16b",
[INFO] [stderr]    | | );
[INFO] [stderr]    | |_- in this macro invocation
[INFO] [stderr]    |
[INFO] [stderr]    | / define_x86_token!(
[INFO] [stderr]    | |     /// Proof that AVX2 + FMA + BMI1/2 + F16C + LZCNT are available (x86-64-v3 level).
[INFO] [stderr]    | |     Avx2Token,
[INFO] [stderr]    | |     "sse",
[INFO] [stderr] ...  |
[INFO] [stderr]    | |     "movbe",
[INFO] [stderr]    | | );
[INFO] [stderr]    | |_- in this macro invocation
[INFO] [stderr]    |
[INFO] [stderr]    | / define_x86_token!(
[INFO] [stderr]    | |     /// Proof that AVX-512 (F + CD + VL + DQ + BW) is available (x86-64-v4 level).
[INFO] [stderr]    | |     Avx512Token,
[INFO] [stderr]    | |     "sse",
[INFO] [stderr] ...  |
[INFO] [stderr]    | |     "avx512vl",
[INFO] [stderr]    | | );
[INFO] [stderr]    | |_- in this macro invocation
[INFO] [stderr] note: required by a bound in `require_sse`
[INFO] [stderr]   --> tests/build_tests/missing_feature_trait.rs:20:1
[INFO] [stderr]    |
[INFO] [stderr] 20 | #[simd_entry]
[INFO] [stderr]    | ^^^^^^^^^^^^^ required by this bound in `require_sse`
[INFO] [stderr] ...
[INFO] [stderr] 23 | fn require_sse(a: f32, token: impl SimdToken) -> f32 {
[INFO] [stderr]    = note: this error originates in the macro `$crate::features::__impl_feature_trait` which comes from the expansion of the attribute macro `simd_entry` (in Nightly builds, run with -Z macro-backtrace for more info)
[INFO] [stderr] ┈┈┈┈┈┈┈┈┈┈┈┈┈┈┈┈┈┈┈┈┈┈┈┈┈┈┈┈┈┈┈┈┈┈┈┈┈┈┈┈┈┈┈┈┈┈┈┈┈┈┈┈┈┈┈┈┈┈┈┈
[INFO] [stderr] note: If the actual output is the correct output you can bless it by rerunning
[INFO] [stderr]       your test with the environment variable TRYBUILD=overwrite
[INFO] [stderr] 
[INFO] [stderr] test tests/build_tests/missing_token_param.rs ... ok
[INFO] [stderr] test tests/build_tests/multiple_token_params.rs ... ok
[INFO] [stderr] test tests/build_tests/partially_missing_feature_traits.rs ... mismatch
[INFO] [stderr] 
[INFO] [stderr] EXPECTED:
[INFO] [stderr] ┈┈┈┈┈┈┈┈┈┈┈┈┈┈┈┈┈┈┈┈┈┈┈┈┈┈┈┈┈┈┈┈┈┈┈┈┈┈┈┈┈┈┈┈┈┈┈┈┈┈┈┈┈┈┈┈┈┈┈┈
[INFO] [stderr] error[E0277]: the trait bound `PartialToken: Sse2` is not satisfied
[INFO] [stderr]   --> tests/build_tests/partially_missing_feature_traits.rs:39:35
[INFO] [stderr]    |
[INFO] [stderr] 39 |     let _ = require_multiple(1.0, token);
[INFO] [stderr]    |             ----------------      ^^^^^ unsatisfied trait bound
[INFO] [stderr]    |             |
[INFO] [stderr]    |             required by a bound introduced by this call
[INFO] [stderr]    |
[INFO] [stderr] help: the trait `Sse2` is not implemented for `PartialToken`
[INFO] [stderr]   --> tests/build_tests/partially_missing_feature_traits.rs:12:1
[INFO] [stderr]    |
[INFO] [stderr] 12 | struct PartialToken;
[INFO] [stderr]    | ^^^^^^^^^^^^^^^^^^^
[INFO] [stderr] help: the following other types implement trait `Sse2`
[INFO] [stderr]   --> src/features/x86.rs
[INFO] [stderr]    |
[INFO] [stderr]    |           unsafe impl $crate::features::Sse2 for $token {}
[INFO] [stderr]    |           ^^^^^^^^^^^^^^^^^^^^^^^^^^^^^^^^^^^^^^^^^^^^^
[INFO] [stderr]    |           |
[INFO] [stderr]    |           `Avx2Token`
[INFO] [stderr]    |           `Avx512Token`
[INFO] [stderr]    |           `Sse2Token`
[INFO] [stderr]    |           `Sse42Token`
[INFO] [stderr]    |
[INFO] [stderr]   ::: src/tokens/x86.rs
[INFO] [stderr]    |
[INFO] [stderr]    | / define_x86_token!(
[INFO] [stderr]    | |     /// Proof that SSE + SSE2 are available (x86-64-v1 baseline level).
[INFO] [stderr]    | |     Sse2Token,
[INFO] [stderr]    | |     "sse",
[INFO] [stderr]    | |     "sse2",
[INFO] [stderr]    | | );
[INFO] [stderr]    | |_- in this macro invocation
[INFO] [stderr]    |
[INFO] [stderr]    | / define_x86_token!(
[INFO] [stderr]    | |     /// Proof that SSE4.2 + POPCNT are available (x86-64-v2 level).
[INFO] [stderr]    | |     Sse42Token,
[INFO] [stderr]    | |     "sse",
[INFO] [stderr] ...  |
[INFO] [stderr]    | |     "cmpxchg16b",
[INFO] [stderr]    | | );
[INFO] [stderr]    | |_- in this macro invocation
[INFO] [stderr]    |
[INFO] [stderr]    | / define_x86_token!(
[INFO] [stderr]    | |     /// Proof that AVX2 + FMA + BMI1/2 + F16C + LZCNT are available (x86-64-v3 level).
[INFO] [stderr]    | |     Avx2Token,
[INFO] [stderr]    | |     "sse",
[INFO] [stderr] ...  |
[INFO] [stderr]    | |     "movbe",
[INFO] [stderr]    | | );
[INFO] [stderr]    | |_- in this macro invocation
[INFO] [stderr]    |
[INFO] [stderr]    | / define_x86_token!(
[INFO] [stderr]    | |     /// Proof that AVX-512 (F + CD + VL + DQ + BW) is available (x86-64-v4 level).
[INFO] [stderr]    | |     Avx512Token,
[INFO] [stderr]    | |     "sse",
[INFO] [stderr] ...  |
[INFO] [stderr]    | |     "avx512vl",
[INFO] [stderr]    | | );
[INFO] [stderr]    | |_- in this macro invocation
[INFO] [stderr] note: required by a bound in `require_multiple`
[INFO] [stderr]   --> tests/build_tests/partially_missing_feature_traits.rs:28:1
[INFO] [stderr]    |
[INFO] [stderr] 28 | #[simd_entry]
[INFO] [stderr]    | ^^^^^^^^^^^^^ required by this bound in `require_multiple`
[INFO] [stderr] ...
[INFO] [stderr] 31 | fn require_multiple(a: f32, token: impl SimdToken) -> f32 {
[INFO] [stderr]    |    ---------------- required by a bound in this function
[INFO] [stderr]    = note: this error originates in the macro `$crate::features::__impl_feature_trait` which comes from the expansion of the attribute macro `simd_entry` (in Nightly builds, run with -Z macro-backtrace for more info)
[INFO] [stderr] ┈┈┈┈┈┈┈┈┈┈┈┈┈┈┈┈┈┈┈┈┈┈┈┈┈┈┈┈┈┈┈┈┈┈┈┈┈┈┈┈┈┈┈┈┈┈┈┈┈┈┈┈┈┈┈┈┈┈┈┈
[INFO] [stderr] 
[INFO] [stderr] ACTUAL OUTPUT:
[INFO] [stderr] ┈┈┈┈┈┈┈┈┈┈┈┈┈┈┈┈┈┈┈┈┈┈┈┈┈┈┈┈┈┈┈┈┈┈┈┈┈┈┈┈┈┈┈┈┈┈┈┈┈┈┈┈┈┈┈┈┈┈┈┈
[INFO] [stderr] error[E0277]: the trait bound `PartialToken: Sse2` is not satisfied
[INFO] [stderr]   --> tests/build_tests/partially_missing_feature_traits.rs:39:35
[INFO] [stderr]    |
[INFO] [stderr] 39 |     let _ = require_multiple(1.0, token);
[INFO] [stderr]    |             ----------------      ^^^^^ unsatisfied trait bound
[INFO] [stderr]    |             |
[INFO] [stderr]    |             required by a bound introduced by this call
[INFO] [stderr]    |
[INFO] [stderr] help: the trait `Sse2` is not implemented for `PartialToken`
[INFO] [stderr]   --> tests/build_tests/partially_missing_feature_traits.rs:12:1
[INFO] [stderr]    |
[INFO] [stderr] 12 | struct PartialToken;
[INFO] [stderr]    | ^^^^^^^^^^^^^^^^^^^
[INFO] [stderr] help: the following other types implement trait `Sse2`
[INFO] [stderr]   --> src/features/x86.rs
[INFO] [stderr]    |
[INFO] [stderr]    |           unsafe impl $crate::features::Sse2 for $token {}
[INFO] [stderr]    |           ^^^^^^^^^^^^^^^^^^^^^^^^^^^^^^^^^^^^^^^^^^^^^
[INFO] [stderr]    |           |
[INFO] [stderr]    |           `Avx2Token`
[INFO] [stderr]    |           `Avx512Token`
[INFO] [stderr]    |           `Sse2Token`
[INFO] [stderr]    |           `Sse42Token`
[INFO] [stderr]    |
[INFO] [stderr]   ::: src/tokens/x86.rs
[INFO] [stderr]    |
[INFO] [stderr]    | / define_x86_token!(
[INFO] [stderr]    | |     /// Proof that SSE + SSE2 are available (x86-64-v1 baseline level).
[INFO] [stderr]    | |     Sse2Token,
[INFO] [stderr]    | |     "sse",
[INFO] [stderr]    | |     "sse2",
[INFO] [stderr]    | | );
[INFO] [stderr]    | |_- in this macro invocation
[INFO] [stderr]    |
[INFO] [stderr]    | / define_x86_token!(
[INFO] [stderr]    | |     /// Proof that SSE4.2 + POPCNT are available (x86-64-v2 level).
[INFO] [stderr]    | |     Sse42Token,
[INFO] [stderr]    | |     "sse",
[INFO] [stderr] ...  |
[INFO] [stderr]    | |     "cmpxchg16b",
[INFO] [stderr]    | | );
[INFO] [stderr]    | |_- in this macro invocation
[INFO] [stderr]    |
[INFO] [stderr]    | / define_x86_token!(
[INFO] [stderr]    | |     /// Proof that AVX2 + FMA + BMI1/2 + F16C + LZCNT are available (x86-64-v3 level).
[INFO] [stderr]    | |     Avx2Token,
[INFO] [stderr]    | |     "sse",
[INFO] [stderr] ...  |
[INFO] [stderr]    | |     "movbe",
[INFO] [stderr]    | | );
[INFO] [stderr]    | |_- in this macro invocation
[INFO] [stderr]    |
[INFO] [stderr]    | / define_x86_token!(
[INFO] [stderr]    | |     /// Proof that AVX-512 (F + CD + VL + DQ + BW) is available (x86-64-v4 level).
[INFO] [stderr]    | |     Avx512Token,
[INFO] [stderr]    | |     "sse",
[INFO] [stderr] ...  |
[INFO] [stderr]    | |     "avx512vl",
[INFO] [stderr]    | | );
[INFO] [stderr]    | |_- in this macro invocation
[INFO] [stderr] note: required by a bound in `require_multiple`
[INFO] [stderr]   --> tests/build_tests/partially_missing_feature_traits.rs:28:1
[INFO] [stderr]    |
[INFO] [stderr] 28 | #[simd_entry]
[INFO] [stderr]    | ^^^^^^^^^^^^^ required by this bound in `require_multiple`
[INFO] [stderr] ...
[INFO] [stderr] 31 | fn require_multiple(a: f32, token: impl SimdToken) -> f32 {
[INFO] [stderr]    = note: this error originates in the macro `$crate::features::__impl_feature_trait` which comes from the expansion of the attribute macro `simd_entry` (in Nightly builds, run with -Z macro-backtrace for more info)
[INFO] [stderr] ┈┈┈┈┈┈┈┈┈┈┈┈┈┈┈┈┈┈┈┈┈┈┈┈┈┈┈┈┈┈┈┈┈┈┈┈┈┈┈┈┈┈┈┈┈┈┈┈┈┈┈┈┈┈┈┈┈┈┈┈
[INFO] [stderr] note: If the actual output is the correct output you can bless it by rerunning
[INFO] [stderr]       your test with the environment variable TRYBUILD=overwrite
[INFO] [stderr] 
[INFO] [stderr] test tests/build_tests/raw_variant_name_collides.rs ... ok
[INFO] [stderr] test tests/build_tests/token_used_in_body.rs ... ok
[INFO] [stderr] test tests/build_tests/unsafe_fn_requires_still_unsafe.rs ... ok
[INFO] [stderr] test tests/build_tests/unsafe_preserved.rs ... ok
[INFO] [stderr] 
[INFO] [stderr] 
[INFO] [stdout] test compile_fail ... FAILED
[INFO] [stderr] error: test failed, to rerun pass `--test compile_fail`
[INFO] [stdout] 
[INFO] [stdout] failures:
[INFO] [stdout] 
[INFO] [stdout] ---- compile_fail stdout ----
[INFO] [stdout] 
[INFO] [stdout] thread 'compile_fail' (837) panicked at /opt/rustwide/cargo-home/registry/src/index.crates.io-1949cf8c6b5b557f/trybuild-1.0.121/src/run.rs:103:13:
[INFO] [stdout] 2 of 13 tests failed
[INFO] [stdout] stack backtrace:
[INFO] [stdout]    0:     0x58571df58da1 - std[617be2ca0a6fd877]::backtrace_rs::backtrace::libunwind::trace
[INFO] [stdout]                                at /rustc/e3feeb59cd1bdd011a2bfcc0747b55125d9b8527/library/std/src/../../backtrace/src/backtrace/libunwind.rs:117:9
[INFO] [stdout]    1:     0x58571df58da1 - std[617be2ca0a6fd877]::backtrace_rs::backtrace::trace_unsynchronized::<std[617be2ca0a6fd877]::sys::backtrace::_print_fmt::{closure#1}>
[INFO] [stdout]                                at /rustc/e3feeb59cd1bdd011a2bfcc0747b55125d9b8527/library/std/src/../../backtrace/src/backtrace/mod.rs:66:14
[INFO] [stdout]    2:     0x58571df58da1 - std[617be2ca0a6fd877]::sys::backtrace::_print_fmt
[INFO] [stdout]                                at /rustc/e3feeb59cd1bdd011a2bfcc0747b55125d9b8527/library/std/src/sys/backtrace.rs:74:9
[INFO] [stdout]    3:     0x58571df58da1 - <<std[617be2ca0a6fd877]::sys::backtrace::BacktraceLock>::print::DisplayBacktrace as core[a373ad73a504971]::fmt::Display>::fmt
[INFO] [stdout]                                at /rustc/e3feeb59cd1bdd011a2bfcc0747b55125d9b8527/library/std/src/sys/backtrace.rs:44:26
[INFO] [stdout]    4:     0x58571df6f1ea - <core[a373ad73a504971]::fmt::rt::Argument>::fmt
[INFO] [stdout]                                at /rustc/e3feeb59cd1bdd011a2bfcc0747b55125d9b8527/library/core/src/fmt/rt.rs:152:76
[INFO] [stdout]    5:     0x58571df6f1ea - core[a373ad73a504971]::fmt::write
[INFO] [stdout]    6:     0x58571df5d5ec - core[a373ad73a504971]::io::write::default_write_fmt::<alloc[2e1b2a31b91974c5]::vec::Vec<u8>>
[INFO] [stdout]                                at /rustc/e3feeb59cd1bdd011a2bfcc0747b55125d9b8527/library/core/src/io/write.rs:402:11
[INFO] [stdout]    7:     0x58571df5d5ec - <alloc[2e1b2a31b91974c5]::vec::Vec<u8> as core[a373ad73a504971]::io::write::Write>::write_fmt
[INFO] [stdout]                                at /rustc/e3feeb59cd1bdd011a2bfcc0747b55125d9b8527/library/core/src/io/write.rs:335:13
[INFO] [stdout]    8:     0x58571df32186 - <std[617be2ca0a6fd877]::sys::backtrace::BacktraceLock>::print
[INFO] [stdout]                                at /rustc/e3feeb59cd1bdd011a2bfcc0747b55125d9b8527/library/std/src/sys/backtrace.rs:47:9
[INFO] [stdout]    9:     0x58571df32186 - std[617be2ca0a6fd877]::panicking::default_hook::{closure#0}
[INFO] [stdout]                                at /rustc/e3feeb59cd1bdd011a2bfcc0747b55125d9b8527/library/std/src/panicking.rs:289:27
[INFO] [stdout]   10:     0x58571df502c9 - std[617be2ca0a6fd877]::panicking::default_hook
[INFO] [stdout]                                at /rustc/e3feeb59cd1bdd011a2bfcc0747b55125d9b8527/library/std/src/panicking.rs:313:9
[INFO] [stdout]   11:     0x58571decdc00 - <alloc[2e1b2a31b91974c5]::boxed::Box<dyn for<'a, 'b> core[a373ad73a504971]::ops::function::Fn<(&'a std[617be2ca0a6fd877]::panic::PanicHookInfo<'b>,), Output = ()> + core[a373ad73a504971]::marker::Sync + core[a373ad73a504971]::marker::Send> as core[a373ad73a504971]::ops::function::Fn<(&std[617be2ca0a6fd877]::panic::PanicHookInfo,)>>::call
[INFO] [stdout]                                at /rustc/e3feeb59cd1bdd011a2bfcc0747b55125d9b8527/library/alloc/src/boxed.rs:2328:9
[INFO] [stdout]   12:     0x58571decdc00 - test[aada8e7e76ba119b]::test_main_inner::{closure#0}
[INFO] [stdout]                                at /rustc/e3feeb59cd1bdd011a2bfcc0747b55125d9b8527/library/test/src/lib.rs:137:21
[INFO] [stdout]   13:     0x58571df06ec3 - <alloc[2e1b2a31b91974c5]::boxed::Box<dyn for<'a, 'b> core[a373ad73a504971]::ops::function::Fn<(&'a std[617be2ca0a6fd877]::panic::PanicHookInfo<'b>,), Output = ()> + core[a373ad73a504971]::marker::Sync + core[a373ad73a504971]::marker::Send> as core[a373ad73a504971]::ops::function::Fn<(&std[617be2ca0a6fd877]::panic::PanicHookInfo,)>>::call
[INFO] [stdout]                                at /rustc/e3feeb59cd1bdd011a2bfcc0747b55125d9b8527/library/alloc/src/boxed.rs:2328:9
[INFO] [stdout]   14:     0x58571df0d047 - <googletest[3dd46521da2871f6]::internal::test_outcome::TestOutcome>::init_current_test_outcome::{closure#0}::{closure#0}
[INFO] [stdout]                                at /opt/rustwide/cargo-home/registry/src/index.crates.io-1949cf8c6b5b557f/googletest-0.14.3/src/internal/test_outcome.rs:70:17
[INFO] [stdout]   15:     0x58571df50482 - <alloc[2e1b2a31b91974c5]::boxed::Box<dyn for<'a, 'b> core[a373ad73a504971]::ops::function::Fn<(&'a std[617be2ca0a6fd877]::panic::PanicHookInfo<'b>,), Output = ()> + core[a373ad73a504971]::marker::Sync + core[a373ad73a504971]::marker::Send> as core[a373ad73a504971]::ops::function::Fn<(&std[617be2ca0a6fd877]::panic::PanicHookInfo,)>>::call
[INFO] [stdout]                                at /rustc/e3feeb59cd1bdd011a2bfcc0747b55125d9b8527/library/alloc/src/boxed.rs:2328:9
[INFO] [stdout]   16:     0x58571df50482 - std[617be2ca0a6fd877]::panicking::panic_with_hook
[INFO] [stdout]                                at /rustc/e3feeb59cd1bdd011a2bfcc0747b55125d9b8527/library/std/src/panicking.rs:819:13
[INFO] [stdout]   17:     0x58571df32232 - std[617be2ca0a6fd877]::panicking::panic_handler::{closure#0}
[INFO] [stdout]                                at /rustc/e3feeb59cd1bdd011a2bfcc0747b55125d9b8527/library/std/src/panicking.rs:685:13
[INFO] [stdout]   18:     0x58571df2aa89 - std[617be2ca0a6fd877]::sys::backtrace::__rust_end_short_backtrace::<std[617be2ca0a6fd877]::panicking::panic_handler::{closure#0}, !>
[INFO] [stdout]                                at /rustc/e3feeb59cd1bdd011a2bfcc0747b55125d9b8527/library/std/src/sys/backtrace.rs:182:18
[INFO] [stdout]   19:     0x58571df32e3d - __rustc[ea4f61d10b84890b]::rust_begin_unwind
[INFO] [stdout]                                at /rustc/e3feeb59cd1bdd011a2bfcc0747b55125d9b8527/library/std/src/panicking.rs:676:5
[INFO] [stdout]   20:     0x58571df6f9dc - core[a373ad73a504971]::panicking::panic_fmt
[INFO] [stdout]                                at /rustc/e3feeb59cd1bdd011a2bfcc0747b55125d9b8527/library/core/src/panicking.rs:80:14
[INFO] [stdout]   21:     0x58571ddd7164 - <trybuild[1ddb077a751a8020]::Runner>::run
[INFO] [stdout]                                at /opt/rustwide/cargo-home/registry/src/index.crates.io-1949cf8c6b5b557f/trybuild-1.0.121/src/run.rs:103:13
[INFO] [stdout]   22:     0x58571dde2608 - <trybuild[1ddb077a751a8020]::TestCases as core[a373ad73a504971]::ops::drop::Drop>::drop
[INFO] [stdout]                                at /opt/rustwide/cargo-home/registry/src/index.crates.io-1949cf8c6b5b557f/trybuild-1.0.121/src/lib.rs:342:38
[INFO] [stdout]   23:     0x58571dcb38f7 - core[a373ad73a504971]::ptr::drop_glue::<trybuild[1ddb077a751a8020]::TestCases>
[INFO] [stdout]                                at /rustc/e3feeb59cd1bdd011a2bfcc0747b55125d9b8527/library/core/src/ptr/mod.rs:848:1
[INFO] [stdout]   24:     0x58571dcb41c3 - compile_fail[ab4ec99aec945c31]::compile_fail::{closure#0}::compile_fail
[INFO] [stdout]                                at /opt/rustwide/workdir/tests/compile_fail.rs:26:1
[INFO] [stdout]   25:     0x58571dcb3ed7 - compile_fail[ab4ec99aec945c31]::compile_fail::{closure#0}
[INFO] [stdout]                                at /opt/rustwide/workdir/tests/compile_fail.rs:22:1
[INFO] [stdout]   26:     0x58571dcb3f8e - compile_fail[ab4ec99aec945c31]::compile_fail
[INFO] [stdout]                                at /opt/rustwide/workdir/tests/compile_fail.rs:22:1
[INFO] [stdout]   27:     0x58571dcb3ea7 - compile_fail[ab4ec99aec945c31]::compile_fail::{closure#0}
[INFO] [stdout]                                at /opt/rustwide/workdir/tests/compile_fail.rs:22:1
[INFO] [stdout]   28:     0x58571dcb4556 - <compile_fail[ab4ec99aec945c31]::compile_fail::{closure#0} as core[a373ad73a504971]::ops::function::FnOnce<()>>::call_once
[INFO] [stdout]                                at /rustc/e3feeb59cd1bdd011a2bfcc0747b55125d9b8527/library/core/src/ops/function.rs:250:5
[INFO] [stdout]   29:     0x58571dec104b - <fn() -> core[a373ad73a504971]::result::Result<(), alloc[2e1b2a31b91974c5]::string::String> as core[a373ad73a504971]::ops::function::FnOnce<()>>::call_once
[INFO] [stdout]                                at /rustc/e3feeb59cd1bdd011a2bfcc0747b55125d9b8527/library/core/src/ops/function.rs:250:5
[INFO] [stdout]   30:     0x58571dec104b - test[aada8e7e76ba119b]::__rust_begin_short_backtrace::<core[a373ad73a504971]::result::Result<(), alloc[2e1b2a31b91974c5]::string::String>, fn() -> core[a373ad73a504971]::result::Result<(), alloc[2e1b2a31b91974c5]::string::String>>
[INFO] [stdout]                                at /rustc/e3feeb59cd1bdd011a2bfcc0747b55125d9b8527/library/test/src/lib.rs:701:18
[INFO] [stdout]   31:     0x58571dece225 - test[aada8e7e76ba119b]::run_test_in_process::{closure#0}
[INFO] [stdout]                                at /rustc/e3feeb59cd1bdd011a2bfcc0747b55125d9b8527/library/test/src/lib.rs:724:74
[INFO] [stdout]   32:     0x58571dece225 - <core[a373ad73a504971]::panic::unwind_safe::AssertUnwindSafe<test[aada8e7e76ba119b]::run_test_in_process::{closure#0}> as core[a373ad73a504971]::ops::function::FnOnce<()>>::call_once
[INFO] [stdout]                                at /rustc/e3feeb59cd1bdd011a2bfcc0747b55125d9b8527/library/core/src/panic/unwind_safe.rs:275:9
[INFO] [stdout]   33:     0x58571dece225 - std[617be2ca0a6fd877]::panicking::catch_unwind::do_call::<core[a373ad73a504971]::panic::unwind_safe::AssertUnwindSafe<test[aada8e7e76ba119b]::run_test_in_process::{closure#0}>, core[a373ad73a504971]::result::Result<(), alloc[2e1b2a31b91974c5]::string::String>>
[INFO] [stdout]                                at /rustc/e3feeb59cd1bdd011a2bfcc0747b55125d9b8527/library/std/src/panicking.rs:573:43
[INFO] [stdout]   34:     0x58571dece225 - std[617be2ca0a6fd877]::panicking::catch_unwind::<core[a373ad73a504971]::result::Result<(), alloc[2e1b2a31b91974c5]::string::String>, core[a373ad73a504971]::panic::unwind_safe::AssertUnwindSafe<test[aada8e7e76ba119b]::run_test_in_process::{closure#0}>>
[INFO] [stdout]                                at /rustc/e3feeb59cd1bdd011a2bfcc0747b55125d9b8527/library/std/src/panicking.rs:541:19
[INFO] [stdout]   35:     0x58571dece225 - std[617be2ca0a6fd877]::panic::catch_unwind::<core[a373ad73a504971]::panic::unwind_safe::AssertUnwindSafe<test[aada8e7e76ba119b]::run_test_in_process::{closure#0}>, core[a373ad73a504971]::result::Result<(), alloc[2e1b2a31b91974c5]::string::String>>
[INFO] [stdout]                                at /rustc/e3feeb59cd1bdd011a2bfcc0747b55125d9b8527/library/std/src/panic.rs:359:14
[INFO] [stdout]   36:     0x58571dece225 - test[aada8e7e76ba119b]::run_test_in_process
[INFO] [stdout]                                at /rustc/e3feeb59cd1bdd011a2bfcc0747b55125d9b8527/library/test/src/lib.rs:724:27
[INFO] [stdout]   37:     0x58571dece225 - test[aada8e7e76ba119b]::run_test::{closure#0}
[INFO] [stdout]                                at /rustc/e3feeb59cd1bdd011a2bfcc0747b55125d9b8527/library/test/src/lib.rs:645:43
[INFO] [stdout]   38:     0x58571dec7b14 - test[aada8e7e76ba119b]::run_test::{closure#1}
[INFO] [stdout]                                at /rustc/e3feeb59cd1bdd011a2bfcc0747b55125d9b8527/library/test/src/lib.rs:675:41
[INFO] [stdout]   39:     0x58571dec7b14 - std[617be2ca0a6fd877]::sys::backtrace::__rust_begin_short_backtrace::<test[aada8e7e76ba119b]::run_test::{closure#1}, ()>
[INFO] [stdout]                                at /rustc/e3feeb59cd1bdd011a2bfcc0747b55125d9b8527/library/std/src/sys/backtrace.rs:166:18
[INFO] [stdout]   40:     0x58571ded12b2 - std[617be2ca0a6fd877]::thread::lifecycle::spawn_unchecked::<test[aada8e7e76ba119b]::run_test::{closure#1}, ()>::{closure#1}::{closure#0}
[INFO] [stdout]                                at /rustc/e3feeb59cd1bdd011a2bfcc0747b55125d9b8527/library/std/src/thread/lifecycle.rs:70:13
[INFO] [stdout]   41:     0x58571ded12b2 - <core[a373ad73a504971]::panic::unwind_safe::AssertUnwindSafe<std[617be2ca0a6fd877]::thread::lifecycle::spawn_unchecked<test[aada8e7e76ba119b]::run_test::{closure#1}, ()>::{closure#1}::{closure#0}> as core[a373ad73a504971]::ops::function::FnOnce<()>>::call_once
[INFO] [stdout]                                at /rustc/e3feeb59cd1bdd011a2bfcc0747b55125d9b8527/library/core/src/panic/unwind_safe.rs:275:9
[INFO] [stdout]   42:     0x58571ded12b2 - std[617be2ca0a6fd877]::panicking::catch_unwind::do_call::<core[a373ad73a504971]::panic::unwind_safe::AssertUnwindSafe<std[617be2ca0a6fd877]::thread::lifecycle::spawn_unchecked<test[aada8e7e76ba119b]::run_test::{closure#1}, ()>::{closure#1}::{closure#0}>, ()>
[INFO] [stdout]                                at /rustc/e3feeb59cd1bdd011a2bfcc0747b55125d9b8527/library/std/src/panicking.rs:573:43
[INFO] [stdout]   43:     0x58571ded12b2 - std[617be2ca0a6fd877]::panicking::catch_unwind::<(), core[a373ad73a504971]::panic::unwind_safe::AssertUnwindSafe<std[617be2ca0a6fd877]::thread::lifecycle::spawn_unchecked<test[aada8e7e76ba119b]::run_test::{closure#1}, ()>::{closure#1}::{closure#0}>>
[INFO] [stdout]                                at /rustc/e3feeb59cd1bdd011a2bfcc0747b55125d9b8527/library/std/src/panicking.rs:541:19
[INFO] [stdout]   44:     0x58571ded12b2 - std[617be2ca0a6fd877]::panic::catch_unwind::<core[a373ad73a504971]::panic::unwind_safe::AssertUnwindSafe<std[617be2ca0a6fd877]::thread::lifecycle::spawn_unchecked<test[aada8e7e76ba119b]::run_test::{closure#1}, ()>::{closure#1}::{closure#0}>, ()>
[INFO] [stdout]                                at /rustc/e3feeb59cd1bdd011a2bfcc0747b55125d9b8527/library/std/src/panic.rs:359:14
[INFO] [stdout]   45:     0x58571ded12b2 - std[617be2ca0a6fd877]::thread::lifecycle::spawn_unchecked::<test[aada8e7e76ba119b]::run_test::{closure#1}, ()>::{closure#1}
[INFO] [stdout]                                at /rustc/e3feeb59cd1bdd011a2bfcc0747b55125d9b8527/library/std/src/thread/lifecycle.rs:68:26
[INFO] [stdout]   46:     0x58571ded12b2 - <std[617be2ca0a6fd877]::thread::lifecycle::spawn_unchecked<test[aada8e7e76ba119b]::run_test::{closure#1}, ()>::{closure#1} as core[a373ad73a504971]::ops::function::FnOnce<()>>::call_once::{shim:vtable#0}
[INFO] [stdout]                                at /rustc/e3feeb59cd1bdd011a2bfcc0747b55125d9b8527/library/core/src/ops/function.rs:250:5
[INFO] [stdout]   47:     0x58571df57fff - <alloc[2e1b2a31b91974c5]::boxed::Box<dyn core[a373ad73a504971]::ops::function::FnOnce<(), Output = ()> + core[a373ad73a504971]::marker::Send> as core[a373ad73a504971]::ops::function::FnOnce<()>>::call_once
[INFO] [stdout]                                at /rustc/e3feeb59cd1bdd011a2bfcc0747b55125d9b8527/library/alloc/src/boxed.rs:2314:9
[INFO] [stdout]   48:     0x58571df57fff - <std[617be2ca0a6fd877]::sys::thread::unix::Thread>::new::thread_start
[INFO] [stdout]                                at /rustc/e3feeb59cd1bdd011a2bfcc0747b55125d9b8527/library/std/src/sys/thread/unix.rs:127:17
[INFO] [stdout]   49:     0x71357f78edfa - <unknown>
[INFO] [stdout]   50:     0x71357f8223d4 - clone
[INFO] [stdout]   51:                0x0 - <unknown>
[INFO] [stdout] 
[INFO] [stdout] 
[INFO] [stdout] failures:
[INFO] [stdout]     compile_fail
[INFO] [stdout] 
[INFO] [stdout] test result: FAILED. 0 passed; 1 failed; 0 ignored; 0 measured; 0 filtered out; finished in 24.76s
[INFO] [stdout] 
[INFO] running `Command { std: "docker" "inspect" "3ec550bc7b16efae844ff0e964a7c32add47fd20c0ca335b6f238b1be8f73820", kill_on_drop: false }`
[INFO] running `Command { std: "docker" "rm" "-f" "3ec550bc7b16efae844ff0e964a7c32add47fd20c0ca335b6f238b1be8f73820", kill_on_drop: false }`
[INFO] [stdout] 3ec550bc7b16efae844ff0e964a7c32add47fd20c0ca335b6f238b1be8f73820
