[INFO] fetching crate shelve 0.5.0...
[INFO] testing shelve-0.5.0 against 1.100.0-beta.1 for beta-1.100-2
[INFO] extracting crate shelve 0.5.0 into /workspace/builds/worker-5-tc2/source
[INFO] removed /workspace/builds/worker-5-tc2/source/.cargo/config.toml
[INFO] started tweaking crates.io crate shelve 0.5.0
[INFO] removed 0 missing tests
[INFO] finished tweaking crates.io crate shelve 0.5.0
[INFO] tweaked toml for crates.io crate shelve 0.5.0 written to /workspace/builds/worker-5-tc2/source/Cargo.toml
[INFO] validating manifest of crates.io crate shelve 0.5.0 on toolchain 1.100.0-beta.1
[INFO] running `Command { std: CARGO_HOME="/workspace/cargo-home" RUSTUP_HOME="/workspace/rustup-home" "/workspace/cargo-home/bin/cargo" "+1.100.0-beta.1" "metadata" "--manifest-path" "Cargo.toml" "--no-deps", kill_on_drop: false }`
[INFO] crate crates.io crate shelve 0.5.0 already has a lockfile, it will not be regenerated
[INFO] running `Command { std: CARGO_HOME="/workspace/cargo-home" RUSTUP_HOME="/workspace/rustup-home" "/workspace/cargo-home/bin/cargo" "+1.100.0-beta.1" "fetch" "--manifest-path" "Cargo.toml", kill_on_drop: false }`
[INFO] running `Command { std: "docker" "create" "-v" "/var/lib/crater-agent-workspace/builds/worker-5-tc2/source:/opt/rustwide/workdir:ro,Z" "-v" "/var/lib/crater-agent-workspace/builds/worker-5-tc2/target:/opt/rustwide/target:rw,Z" "-v" "/var/lib/crater-agent-workspace/cargo-home:/opt/rustwide/cargo-home:ro,Z" "-v" "/var/lib/crater-agent-workspace/rustup-home:/opt/rustwide/rustup-home:ro,Z" "-m" "1610612736" "--network" "none" "ghcr.io/rust-lang/crates-build-env/linux@sha256:3111399a4047eeb3a02b7a90e478d715f38a8c6669b5c4b49d30a17385265909" "sleep" "infinity", kill_on_drop: false }`
[INFO] [stdout] aaec73cc461222108ccca4a80070367c136b6ea56104c386af202ba816a90733
[INFO] running `Command { std: "docker" "start" "aaec73cc461222108ccca4a80070367c136b6ea56104c386af202ba816a90733", kill_on_drop: false }`
[INFO] running `Command { std: "docker" "inspect" "aaec73cc461222108ccca4a80070367c136b6ea56104c386af202ba816a90733", kill_on_drop: false }`
[INFO] running `Command { std: "docker" "exec" "-e" "SOURCE_DIR=/opt/rustwide/workdir" "-e" "CARGO_HOME=/opt/rustwide/cargo-home" "-e" "RUSTUP_HOME=/opt/rustwide/rustup-home" "-e" "CARGO_TARGET_DIR=/opt/rustwide/target" "-w" "/opt/rustwide/workdir" "--user" "0:0" "aaec73cc461222108ccca4a80070367c136b6ea56104c386af202ba816a90733" "/opt/rustwide/cargo-home/bin/cargo" "+1.100.0-beta.1" "metadata" "--no-deps" "--format-version=1", kill_on_drop: false }`
[INFO] running `Command { std: "docker" "inspect" "aaec73cc461222108ccca4a80070367c136b6ea56104c386af202ba816a90733", kill_on_drop: false }`
[INFO] running `Command { std: "docker" "exec" "-e" "SOURCE_DIR=/opt/rustwide/workdir" "-e" "CARGO_HOME=/opt/rustwide/cargo-home" "-e" "RUSTUP_HOME=/opt/rustwide/rustup-home" "-e" "CARGO_TARGET_DIR=/opt/rustwide/target" "-e" "CARGO_INCREMENTAL=0" "-e" "RUST_BACKTRACE=full" "-e" "RUSTFLAGS=--cap-lints=warn" "-e" "RUSTDOCFLAGS=--cap-lints=warn" "-w" "/opt/rustwide/workdir" "--user" "0:0" "aaec73cc461222108ccca4a80070367c136b6ea56104c386af202ba816a90733" "/opt/rustwide/cargo-home/bin/cargo" "+1.100.0-beta.1" "build" "--frozen" "--message-format=json", kill_on_drop: false }`
[INFO] [stderr]    Compiling proc-macro2 v1.0.86
[INFO] [stderr]    Compiling unicode-ident v1.0.12
[INFO] [stderr]    Compiling utf8parse v0.2.2
[INFO] [stderr]    Compiling is_terminal_polyfill v1.70.1
[INFO] [stderr]    Compiling anstyle v1.0.8
[INFO] [stderr]    Compiling serde v1.0.210
[INFO] [stderr]    Compiling anstyle-query v1.1.1
[INFO] [stderr]    Compiling colorchoice v1.0.2
[INFO] [stderr]    Compiling anstyle-parse v0.2.5
[INFO] [stderr]    Compiling anyhow v1.0.104
[INFO] [stderr]    Compiling heck v0.5.0
[INFO] [stderr]    Compiling memchr v2.7.4
[INFO] [stderr]    Compiling strsim v0.11.1
[INFO] [stderr]    Compiling clap_lex v0.7.2
[INFO] [stderr]    Compiling ryu v1.0.18
[INFO] [stderr]    Compiling itoa v1.0.11
[INFO] [stderr]    Compiling anstream v0.6.15
[INFO] [stderr]    Compiling clap_builder v4.5.17
[INFO] [stderr]    Compiling csv-core v0.1.11
[INFO] [stderr]    Compiling quote v1.0.37
[INFO] [stderr]    Compiling syn v2.0.77
[INFO] [stderr]    Compiling csv v1.3.0
[INFO] [stderr]    Compiling clap_derive v4.5.13
[INFO] [stderr]    Compiling clap v4.5.17
[INFO] [stderr]    Compiling shelve v0.5.0 (/opt/rustwide/workdir)
[INFO] [stderr]     Finished `dev` profile [unoptimized + debuginfo] target(s) in 19.60s
[INFO] running `Command { std: "docker" "inspect" "aaec73cc461222108ccca4a80070367c136b6ea56104c386af202ba816a90733", kill_on_drop: false }`
[INFO] running `Command { std: "docker" "exec" "-e" "SOURCE_DIR=/opt/rustwide/workdir" "-e" "CARGO_HOME=/opt/rustwide/cargo-home" "-e" "RUSTUP_HOME=/opt/rustwide/rustup-home" "-e" "CARGO_TARGET_DIR=/opt/rustwide/target" "-e" "CARGO_INCREMENTAL=0" "-e" "RUST_BACKTRACE=full" "-e" "RUSTFLAGS=--cap-lints=warn" "-e" "RUSTDOCFLAGS=--cap-lints=warn" "-w" "/opt/rustwide/workdir" "--user" "0:0" "aaec73cc461222108ccca4a80070367c136b6ea56104c386af202ba816a90733" "/opt/rustwide/cargo-home/bin/cargo" "+1.100.0-beta.1" "test" "--frozen" "--no-run" "--message-format=json", kill_on_drop: false }`
[INFO] [stderr]    Compiling memchr v2.7.4
[INFO] [stderr]    Compiling autocfg v1.3.0
[INFO] [stderr]    Compiling regex-syntax v0.8.4
[INFO] [stderr]    Compiling libc v0.2.158
[INFO] [stderr]    Compiling predicates-core v1.0.8
[INFO] [stderr]    Compiling termtree v0.4.1
[INFO] [stderr]    Compiling normalize-line-endings v0.3.0
[INFO] [stderr]    Compiling assert_cmd v2.2.2
[INFO] [stderr]    Compiling difflib v0.4.0
[INFO] [stderr]    Compiling predicates-tree v1.0.11
[INFO] [stderr]    Compiling num-traits v0.2.19
[INFO] [stderr]    Compiling aho-corasick v1.1.3
[INFO] [stderr]    Compiling csv-core v0.1.11
[INFO] [stderr]    Compiling csv v1.3.0
[INFO] [stderr]    Compiling wait-timeout v0.2.0
[INFO] [stderr]    Compiling float-cmp v0.9.0
[INFO] [stderr]    Compiling shelve v0.5.0 (/opt/rustwide/workdir)
[INFO] [stderr]    Compiling regex-automata v0.4.7
[INFO] [stderr]    Compiling regex v1.10.6
[INFO] [stderr]    Compiling bstr v1.10.0
[INFO] [stderr]    Compiling predicates v3.1.2
[INFO] [stderr]     Finished `test` profile [unoptimized + debuginfo] target(s) in 22.90s
[INFO] running `Command { std: "docker" "inspect" "aaec73cc461222108ccca4a80070367c136b6ea56104c386af202ba816a90733", kill_on_drop: false }`
[INFO] running `Command { std: "docker" "exec" "-e" "SOURCE_DIR=/opt/rustwide/workdir" "-e" "CARGO_HOME=/opt/rustwide/cargo-home" "-e" "RUSTUP_HOME=/opt/rustwide/rustup-home" "-e" "CARGO_TARGET_DIR=/opt/rustwide/target" "-e" "CARGO_INCREMENTAL=0" "-e" "RUST_BACKTRACE=full" "-e" "RUSTFLAGS=--cap-lints=warn" "-e" "RUSTDOCFLAGS=--cap-lints=warn" "-w" "/opt/rustwide/workdir" "--user" "0:0" "aaec73cc461222108ccca4a80070367c136b6ea56104c386af202ba816a90733" "/opt/rustwide/cargo-home/bin/cargo" "+1.100.0-beta.1" "test" "--frozen", kill_on_drop: false }`
[INFO] [stderr]     Finished `test` profile [unoptimized + debuginfo] target(s) in 0.11s
[INFO] [stderr]      Running unittests src/lib.rs (/opt/rustwide/target/debug/build/shelve/f03c0915f2894188/out/shelve-f03c0915f2894188)
[INFO] [stdout] 
[INFO] [stdout] running 9 tests
[INFO] [stdout] test groups::tests::report_allocation_counts ... ignored, diagnostic: reports exact allocation counts and bounds nothing; run with -- --ignored --nocapture
[INFO] [stdout] test groups::tests::per_row_allocations_do_not_scale_with_group_count ... ok
[INFO] [stdout] test groups::tests::write_to_renders_full_layout_into_buffer ... ok
[INFO] [stdout] test groups::tests::arena_bytes_do_not_include_the_grouping_column ... ok
[INFO] [stdout] test groups::tests::parsing_more_rows_into_existing_groups_adds_no_key_allocation ... FAILED
[INFO] [stdout] test groups::tests::printing_rows_does_not_allocate ... ok
[INFO] [stdout] test groups::tests::row_fields_exposes_all_columns_in_order ... ok
[INFO] [stdout] test groups::tests::adding_rows_to_an_existing_group_does_not_allocate_a_key ... ok
[INFO] [stdout] test groups::tests::allocations_do_not_scale_with_column_count ... ok
[INFO] [stdout] 
[INFO] [stdout] failures:
[INFO] [stdout] 
[INFO] [stdout] ---- groups::tests::parsing_more_rows_into_existing_groups_adds_no_key_allocation stdout ----
[INFO] [stdout] 
[INFO] [stdout] thread 'groups::tests::parsing_more_rows_into_existing_groups_adds_no_key_allocation' (827) panicked at src/groups.rs:560:9:
[INFO] [stdout] parsing 128 extra rows into the same two groups cost 204 allocations (128 rows: 323, 256 rows: 527); that exceeds the 0.125-per-row budget, so something beyond the arena append allocates per row
[INFO] [stdout] stack backtrace:
[INFO] [stdout]    0:     0x5a38d5a13871 - std[617be2ca0a6fd877]::backtrace_rs::backtrace::libunwind::trace
[INFO] [stdout]                                at /rustc/e3feeb59cd1bdd011a2bfcc0747b55125d9b8527/library/std/src/../../backtrace/src/backtrace/libunwind.rs:117:9
[INFO] [stdout]    1:     0x5a38d5a13871 - std[617be2ca0a6fd877]::backtrace_rs::backtrace::trace_unsynchronized::<std[617be2ca0a6fd877]::sys::backtrace::_print_fmt::{closure#1}>
[INFO] [stdout]                                at /rustc/e3feeb59cd1bdd011a2bfcc0747b55125d9b8527/library/std/src/../../backtrace/src/backtrace/mod.rs:66:14
[INFO] [stdout]    2:     0x5a38d5a13871 - std[617be2ca0a6fd877]::sys::backtrace::_print_fmt
[INFO] [stdout]                                at /rustc/e3feeb59cd1bdd011a2bfcc0747b55125d9b8527/library/std/src/sys/backtrace.rs:74:9
[INFO] [stdout]    3:     0x5a38d5a13871 - <<std[617be2ca0a6fd877]::sys::backtrace::BacktraceLock>::print::DisplayBacktrace as core[a373ad73a504971]::fmt::Display>::fmt
[INFO] [stdout]                                at /rustc/e3feeb59cd1bdd011a2bfcc0747b55125d9b8527/library/std/src/sys/backtrace.rs:44:26
[INFO] [stdout]    4:     0x5a38d5a27f0a - <core[a373ad73a504971]::fmt::rt::Argument>::fmt
[INFO] [stdout]                                at /rustc/e3feeb59cd1bdd011a2bfcc0747b55125d9b8527/library/core/src/fmt/rt.rs:152:76
[INFO] [stdout]    5:     0x5a38d5a27f0a - core[a373ad73a504971]::fmt::write
[INFO] [stdout]    6:     0x5a38d5a17f8c - core[a373ad73a504971]::io::write::default_write_fmt::<alloc[2e1b2a31b91974c5]::vec::Vec<u8>>
[INFO] [stdout]                                at /rustc/e3feeb59cd1bdd011a2bfcc0747b55125d9b8527/library/core/src/io/write.rs:402:11
[INFO] [stdout]    7:     0x5a38d5a17f8c - <alloc[2e1b2a31b91974c5]::vec::Vec<u8> as core[a373ad73a504971]::io::write::Write>::write_fmt
[INFO] [stdout]                                at /rustc/e3feeb59cd1bdd011a2bfcc0747b55125d9b8527/library/core/src/io/write.rs:335:13
[INFO] [stdout]    8:     0x5a38d59ef906 - <std[617be2ca0a6fd877]::sys::backtrace::BacktraceLock>::print
[INFO] [stdout]                                at /rustc/e3feeb59cd1bdd011a2bfcc0747b55125d9b8527/library/std/src/sys/backtrace.rs:47:9
[INFO] [stdout]    9:     0x5a38d59ef906 - std[617be2ca0a6fd877]::panicking::default_hook::{closure#0}
[INFO] [stdout]                                at /rustc/e3feeb59cd1bdd011a2bfcc0747b55125d9b8527/library/std/src/panicking.rs:289:27
[INFO] [stdout]   10:     0x5a38d5a0bee9 - std[617be2ca0a6fd877]::panicking::default_hook
[INFO] [stdout]                                at /rustc/e3feeb59cd1bdd011a2bfcc0747b55125d9b8527/library/std/src/panicking.rs:313:9
[INFO] [stdout]   11:     0x5a38d599fd60 - <alloc[2e1b2a31b91974c5]::boxed::Box<dyn for<'a, 'b> core[a373ad73a504971]::ops::function::Fn<(&'a std[617be2ca0a6fd877]::panic::PanicHookInfo<'b>,), Output = ()> + core[a373ad73a504971]::marker::Sync + core[a373ad73a504971]::marker::Send> as core[a373ad73a504971]::ops::function::Fn<(&std[617be2ca0a6fd877]::panic::PanicHookInfo,)>>::call
[INFO] [stdout]                                at /rustc/e3feeb59cd1bdd011a2bfcc0747b55125d9b8527/library/alloc/src/boxed.rs:2328:9
[INFO] [stdout]   12:     0x5a38d599fd60 - test[aada8e7e76ba119b]::test_main_inner::{closure#0}
[INFO] [stdout]                                at /rustc/e3feeb59cd1bdd011a2bfcc0747b55125d9b8527/library/test/src/lib.rs:137:21
[INFO] [stdout]   13:     0x5a38d5a0c0a2 - <alloc[2e1b2a31b91974c5]::boxed::Box<dyn for<'a, 'b> core[a373ad73a504971]::ops::function::Fn<(&'a std[617be2ca0a6fd877]::panic::PanicHookInfo<'b>,), Output = ()> + core[a373ad73a504971]::marker::Sync + core[a373ad73a504971]::marker::Send> as core[a373ad73a504971]::ops::function::Fn<(&std[617be2ca0a6fd877]::panic::PanicHookInfo,)>>::call
[INFO] [stdout]                                at /rustc/e3feeb59cd1bdd011a2bfcc0747b55125d9b8527/library/alloc/src/boxed.rs:2328:9
[INFO] [stdout]   14:     0x5a38d5a0c0a2 - std[617be2ca0a6fd877]::panicking::panic_with_hook
[INFO] [stdout]                                at /rustc/e3feeb59cd1bdd011a2bfcc0747b55125d9b8527/library/std/src/panicking.rs:819:13
[INFO] [stdout]   15:     0x5a38d59ef9b2 - std[617be2ca0a6fd877]::panicking::panic_handler::{closure#0}
[INFO] [stdout]                                at /rustc/e3feeb59cd1bdd011a2bfcc0747b55125d9b8527/library/std/src/panicking.rs:685:13
[INFO] [stdout]   16:     0x5a38d59e8139 - std[617be2ca0a6fd877]::sys::backtrace::__rust_end_short_backtrace::<std[617be2ca0a6fd877]::panicking::panic_handler::{closure#0}, !>
[INFO] [stdout]                                at /rustc/e3feeb59cd1bdd011a2bfcc0747b55125d9b8527/library/std/src/sys/backtrace.rs:182:18
[INFO] [stdout]   17:     0x5a38d59f05ad - __rustc[ea4f61d10b84890b]::rust_begin_unwind
[INFO] [stdout]                                at /rustc/e3feeb59cd1bdd011a2bfcc0747b55125d9b8527/library/std/src/panicking.rs:676:5
[INFO] [stdout]   18:     0x5a38d5a286fc - core[a373ad73a504971]::panicking::panic_fmt
[INFO] [stdout]                                at /rustc/e3feeb59cd1bdd011a2bfcc0747b55125d9b8527/library/core/src/panicking.rs:80:14
[INFO] [stdout]   19:     0x5a38d59851e5 - shelve[3adb96cfd27ebb81]::groups::tests::parsing_more_rows_into_existing_groups_adds_no_key_allocation
[INFO] [stdout]                                at /opt/rustwide/workdir/src/groups.rs:560:9
[INFO] [stdout]   20:     0x5a38d5981727 - shelve[3adb96cfd27ebb81]::groups::tests::parsing_more_rows_into_existing_groups_adds_no_key_allocation::{closure#0}
[INFO] [stdout]                                at /opt/rustwide/workdir/src/groups.rs:540:71
[INFO] [stdout]   21:     0x5a38d596f786 - <shelve[3adb96cfd27ebb81]::groups::tests::parsing_more_rows_into_existing_groups_adds_no_key_allocation::{closure#0} as core[a373ad73a504971]::ops::function::FnOnce<()>>::call_once
[INFO] [stdout]                                at /rustc/e3feeb59cd1bdd011a2bfcc0747b55125d9b8527/library/core/src/ops/function.rs:250:5
[INFO] [stdout]   22:     0x5a38d59931ab - <fn() -> core[a373ad73a504971]::result::Result<(), alloc[2e1b2a31b91974c5]::string::String> as core[a373ad73a504971]::ops::function::FnOnce<()>>::call_once
[INFO] [stdout]                                at /rustc/e3feeb59cd1bdd011a2bfcc0747b55125d9b8527/library/core/src/ops/function.rs:250:5
[INFO] [stdout]   23:     0x5a38d59931ab - test[aada8e7e76ba119b]::__rust_begin_short_backtrace::<core[a373ad73a504971]::result::Result<(), alloc[2e1b2a31b91974c5]::string::String>, fn() -> core[a373ad73a504971]::result::Result<(), alloc[2e1b2a31b91974c5]::string::String>>
[INFO] [stdout]                                at /rustc/e3feeb59cd1bdd011a2bfcc0747b55125d9b8527/library/test/src/lib.rs:701:18
[INFO] [stdout]   24:     0x5a38d59a0385 - test[aada8e7e76ba119b]::run_test_in_process::{closure#0}
[INFO] [stdout]                                at /rustc/e3feeb59cd1bdd011a2bfcc0747b55125d9b8527/library/test/src/lib.rs:724:74
[INFO] [stdout]   25:     0x5a38d59a0385 - <core[a373ad73a504971]::panic::unwind_safe::AssertUnwindSafe<test[aada8e7e76ba119b]::run_test_in_process::{closure#0}> as core[a373ad73a504971]::ops::function::FnOnce<()>>::call_once
[INFO] [stdout]                                at /rustc/e3feeb59cd1bdd011a2bfcc0747b55125d9b8527/library/core/src/panic/unwind_safe.rs:275:9
[INFO] [stdout]   26:     0x5a38d59a0385 - std[617be2ca0a6fd877]::panicking::catch_unwind::do_call::<core[a373ad73a504971]::panic::unwind_safe::AssertUnwindSafe<test[aada8e7e76ba119b]::run_test_in_process::{closure#0}>, core[a373ad73a504971]::result::Result<(), alloc[2e1b2a31b91974c5]::string::String>>
[INFO] [stdout]                                at /rustc/e3feeb59cd1bdd011a2bfcc0747b55125d9b8527/library/std/src/panicking.rs:573:43
[INFO] [stdout]   27:     0x5a38d59a0385 - std[617be2ca0a6fd877]::panicking::catch_unwind::<core[a373ad73a504971]::result::Result<(), alloc[2e1b2a31b91974c5]::string::String>, core[a373ad73a504971]::panic::unwind_safe::AssertUnwindSafe<test[aada8e7e76ba119b]::run_test_in_process::{closure#0}>>
[INFO] [stdout]                                at /rustc/e3feeb59cd1bdd011a2bfcc0747b55125d9b8527/library/std/src/panicking.rs:541:19
[INFO] [stdout]   28:     0x5a38d59a0385 - std[617be2ca0a6fd877]::panic::catch_unwind::<core[a373ad73a504971]::panic::unwind_safe::AssertUnwindSafe<test[aada8e7e76ba119b]::run_test_in_process::{closure#0}>, core[a373ad73a504971]::result::Result<(), alloc[2e1b2a31b91974c5]::string::String>>
[INFO] [stdout]                                at /rustc/e3feeb59cd1bdd011a2bfcc0747b55125d9b8527/library/std/src/panic.rs:359:14
[INFO] [stdout]   29:     0x5a38d59a0385 - test[aada8e7e76ba119b]::run_test_in_process
[INFO] [stdout]                                at /rustc/e3feeb59cd1bdd011a2bfcc0747b55125d9b8527/library/test/src/lib.rs:724:27
[INFO] [stdout]   30:     0x5a38d59a0385 - test[aada8e7e76ba119b]::run_test::{closure#0}
[INFO] [stdout]                                at /rustc/e3feeb59cd1bdd011a2bfcc0747b55125d9b8527/library/test/src/lib.rs:645:43
[INFO] [stdout]   31:     0x5a38d5999c74 - test[aada8e7e76ba119b]::run_test::{closure#1}
[INFO] [stdout]                                at /rustc/e3feeb59cd1bdd011a2bfcc0747b55125d9b8527/library/test/src/lib.rs:675:41
[INFO] [stdout]   32:     0x5a38d5999c74 - std[617be2ca0a6fd877]::sys::backtrace::__rust_begin_short_backtrace::<test[aada8e7e76ba119b]::run_test::{closure#1}, ()>
[INFO] [stdout]                                at /rustc/e3feeb59cd1bdd011a2bfcc0747b55125d9b8527/library/std/src/sys/backtrace.rs:166:18
[INFO] [stdout]   33:     0x5a38d59a3412 - std[617be2ca0a6fd877]::thread::lifecycle::spawn_unchecked::<test[aada8e7e76ba119b]::run_test::{closure#1}, ()>::{closure#1}::{closure#0}
[INFO] [stdout]                                at /rustc/e3feeb59cd1bdd011a2bfcc0747b55125d9b8527/library/std/src/thread/lifecycle.rs:70:13
[INFO] [stdout]   34:     0x5a38d59a3412 - <core[a373ad73a504971]::panic::unwind_safe::AssertUnwindSafe<std[617be2ca0a6fd877]::thread::lifecycle::spawn_unchecked<test[aada8e7e76ba119b]::run_test::{closure#1}, ()>::{closure#1}::{closure#0}> as core[a373ad73a504971]::ops::function::FnOnce<()>>::call_once
[INFO] [stdout]                                at /rustc/e3feeb59cd1bdd011a2bfcc0747b55125d9b8527/library/core/src/panic/unwind_safe.rs:275:9
[INFO] [stdout]   35:     0x5a38d59a3412 - std[617be2ca0a6fd877]::panicking::catch_unwind::do_call::<core[a373ad73a504971]::panic::unwind_safe::AssertUnwindSafe<std[617be2ca0a6fd877]::thread::lifecycle::spawn_unchecked<test[aada8e7e76ba119b]::run_test::{closure#1}, ()>::{closure#1}::{closure#0}>, ()>
[INFO] [stdout]                                at /rustc/e3feeb59cd1bdd011a2bfcc0747b55125d9b8527/library/std/src/panicking.rs:573:43
[INFO] [stdout]   36:     0x5a38d59a3412 - std[617be2ca0a6fd877]::panicking::catch_unwind::<(), core[a373ad73a504971]::panic::unwind_safe::AssertUnwindSafe<std[617be2ca0a6fd877]::thread::lifecycle::spawn_unchecked<test[aada8e7e76ba119b]::run_test::{closure#1}, ()>::{closure#1}::{closure#0}>>
[INFO] [stdout]                                at /rustc/e3feeb59cd1bdd011a2bfcc0747b55125d9b8527/library/std/src/panicking.rs:541:19
[INFO] [stdout]   37:     0x5a38d59a3412 - std[617be2ca0a6fd877]::panic::catch_unwind::<core[a373ad73a504971]::panic::unwind_safe::AssertUnwindSafe<std[617be2ca0a6fd877]::thread::lifecycle::spawn_unchecked<test[aada8e7e76ba119b]::run_test::{closure#1}, ()>::{closure#1}::{closure#0}>, ()>
[INFO] [stdout]                                at /rustc/e3feeb59cd1bdd011a2bfcc0747b55125d9b8527/library/std/src/panic.rs:359:14
[INFO] [stdout]   38:     0x5a38d59a3412 - std[617be2ca0a6fd877]::thread::lifecycle::spawn_unchecked::<test[aada8e7e76ba119b]::run_test::{closure#1}, ()>::{closure#1}
[INFO] [stdout]                                at /rustc/e3feeb59cd1bdd011a2bfcc0747b55125d9b8527/library/std/src/thread/lifecycle.rs:68:26
[INFO] [stdout]   39:     0x5a38d59a3412 - <std[617be2ca0a6fd877]::thread::lifecycle::spawn_unchecked<test[aada8e7e76ba119b]::run_test::{closure#1}, ()>::{closure#1} as core[a373ad73a504971]::ops::function::FnOnce<()>>::call_once::{shim:vtable#0}
[INFO] [stdout]                                at /rustc/e3feeb59cd1bdd011a2bfcc0747b55125d9b8527/library/core/src/ops/function.rs:250:5
[INFO] [stdout]   40:     0x5a38d5a130cf - <alloc[2e1b2a31b91974c5]::boxed::Box<dyn core[a373ad73a504971]::ops::function::FnOnce<(), Output = ()> + core[a373ad73a504971]::marker::Send> as core[a373ad73a504971]::ops::function::FnOnce<()>>::call_once
[INFO] [stdout]                                at /rustc/e3feeb59cd1bdd011a2bfcc0747b55125d9b8527/library/alloc/src/boxed.rs:2314:9
[INFO] [stdout]   41:     0x5a38d5a130cf - <std[617be2ca0a6fd877]::sys::thread::unix::Thread>::new::thread_start
[INFO] [stdout]                                at /rustc/e3feeb59cd1bdd011a2bfcc0747b55125d9b8527/library/std/src/sys/thread/unix.rs:127:17
[INFO] [stdout]   42:     0x793e22712dfa - <unknown>
[INFO] [stdout]   43:     0x793e227a63d4 - clone
[INFO] [stdout]   44:                0x0 - <unknown>
[INFO] [stdout] 
[INFO] [stdout] 
[INFO] [stdout] failures:
[INFO] [stdout]     groups::tests::parsing_more_rows_into_existing_groups_adds_no_key_allocation
[INFO] [stdout] 
[INFO] [stdout] test result: FAILED. 7 passed; 1 failed; 1 ignored; 0 measured; 0 filtered out; finished in 0.12s
[INFO] [stdout] 
[INFO] [stderr] error: test failed, to rerun pass `--lib`
[INFO] running `Command { std: "docker" "inspect" "aaec73cc461222108ccca4a80070367c136b6ea56104c386af202ba816a90733", kill_on_drop: false }`
[INFO] running `Command { std: "docker" "rm" "-f" "aaec73cc461222108ccca4a80070367c136b6ea56104c386af202ba816a90733", kill_on_drop: false }`
[INFO] [stdout] aaec73cc461222108ccca4a80070367c136b6ea56104c386af202ba816a90733
