[INFO] fetching crate rs-netty 1.1.0...
[INFO] testing rs-netty-1.1.0 against 1.100.0-beta.1 for beta-1.100-2
[INFO] extracting crate rs-netty 1.1.0 into /workspace/builds/worker-2-tc2/source
[INFO] started tweaking crates.io crate rs-netty 1.1.0
[INFO] removed 0 missing examples
[INFO] removed 0 missing tests
[INFO] finished tweaking crates.io crate rs-netty 1.1.0
[INFO] tweaked toml for crates.io crate rs-netty 1.1.0 written to /workspace/builds/worker-2-tc2/source/Cargo.toml
[INFO] validating manifest of crates.io crate rs-netty 1.1.0 on toolchain 1.100.0-beta.1
[INFO] running `Command { std: CARGO_HOME="/workspace/cargo-home" RUSTUP_HOME="/workspace/rustup-home" "/workspace/cargo-home/bin/cargo" "+1.100.0-beta.1" "metadata" "--manifest-path" "Cargo.toml" "--no-deps", kill_on_drop: false }`
[INFO] crate crates.io crate rs-netty 1.1.0 already has a lockfile, it will not be regenerated
[INFO] running `Command { std: CARGO_HOME="/workspace/cargo-home" RUSTUP_HOME="/workspace/rustup-home" "/workspace/cargo-home/bin/cargo" "+1.100.0-beta.1" "fetch" "--manifest-path" "Cargo.toml", kill_on_drop: false }`
[INFO] running `Command { std: "docker" "create" "-v" "/var/lib/crater-agent-workspace/builds/worker-2-tc2/source:/opt/rustwide/workdir:ro,Z" "-v" "/var/lib/crater-agent-workspace/builds/worker-2-tc2/target:/opt/rustwide/target:rw,Z" "-v" "/var/lib/crater-agent-workspace/cargo-home:/opt/rustwide/cargo-home:ro,Z" "-v" "/var/lib/crater-agent-workspace/rustup-home:/opt/rustwide/rustup-home:ro,Z" "-m" "1610612736" "--network" "none" "ghcr.io/rust-lang/crates-build-env/linux@sha256:3111399a4047eeb3a02b7a90e478d715f38a8c6669b5c4b49d30a17385265909" "sleep" "infinity", kill_on_drop: false }`
[INFO] [stdout] 3d5c012f8d7b2b45b2caaabf7133db4112ab5f6dcfda3867272c40216e2fbd3a
[INFO] running `Command { std: "docker" "start" "3d5c012f8d7b2b45b2caaabf7133db4112ab5f6dcfda3867272c40216e2fbd3a", kill_on_drop: false }`
[INFO] running `Command { std: "docker" "inspect" "3d5c012f8d7b2b45b2caaabf7133db4112ab5f6dcfda3867272c40216e2fbd3a", kill_on_drop: false }`
[INFO] running `Command { std: "docker" "exec" "-e" "SOURCE_DIR=/opt/rustwide/workdir" "-e" "CARGO_HOME=/opt/rustwide/cargo-home" "-e" "RUSTUP_HOME=/opt/rustwide/rustup-home" "-e" "CARGO_TARGET_DIR=/opt/rustwide/target" "-w" "/opt/rustwide/workdir" "--user" "0:0" "3d5c012f8d7b2b45b2caaabf7133db4112ab5f6dcfda3867272c40216e2fbd3a" "/opt/rustwide/cargo-home/bin/cargo" "+1.100.0-beta.1" "metadata" "--no-deps" "--format-version=1", kill_on_drop: false }`
[INFO] running `Command { std: "docker" "inspect" "3d5c012f8d7b2b45b2caaabf7133db4112ab5f6dcfda3867272c40216e2fbd3a", kill_on_drop: false }`
[INFO] running `Command { std: "docker" "exec" "-e" "SOURCE_DIR=/opt/rustwide/workdir" "-e" "CARGO_HOME=/opt/rustwide/cargo-home" "-e" "RUSTUP_HOME=/opt/rustwide/rustup-home" "-e" "CARGO_TARGET_DIR=/opt/rustwide/target" "-e" "CARGO_INCREMENTAL=0" "-e" "RUST_BACKTRACE=full" "-e" "RUSTFLAGS=--cap-lints=warn" "-e" "RUSTDOCFLAGS=--cap-lints=warn" "-w" "/opt/rustwide/workdir" "--user" "0:0" "3d5c012f8d7b2b45b2caaabf7133db4112ab5f6dcfda3867272c40216e2fbd3a" "/opt/rustwide/cargo-home/bin/cargo" "+1.100.0-beta.1" "build" "--frozen" "--message-format=json", kill_on_drop: false }`
[INFO] [stderr]    Compiling syn v2.0.117
[INFO] [stderr]    Compiling thiserror-impl v2.0.18
[INFO] [stderr]    Compiling tracing-attributes v0.1.31
[INFO] [stderr]    Compiling tokio-macros v2.7.0
[INFO] [stderr]    Compiling rs-netty-macros v0.2.0
[INFO] [stderr]    Compiling trait-variant v0.1.2
[INFO] [stderr]    Compiling tokio v1.52.3
[INFO] [stderr]    Compiling thiserror v2.0.18
[INFO] [stderr]    Compiling tracing v0.1.44
[INFO] [stderr]    Compiling rs-netty v1.1.0 (/opt/rustwide/workdir)
[INFO] [stderr]     Finished `dev` profile [unoptimized + debuginfo] target(s) in 15.34s
[INFO] running `Command { std: "docker" "inspect" "3d5c012f8d7b2b45b2caaabf7133db4112ab5f6dcfda3867272c40216e2fbd3a", kill_on_drop: false }`
[INFO] running `Command { std: "docker" "exec" "-e" "SOURCE_DIR=/opt/rustwide/workdir" "-e" "CARGO_HOME=/opt/rustwide/cargo-home" "-e" "RUSTUP_HOME=/opt/rustwide/rustup-home" "-e" "CARGO_TARGET_DIR=/opt/rustwide/target" "-e" "CARGO_INCREMENTAL=0" "-e" "RUST_BACKTRACE=full" "-e" "RUSTFLAGS=--cap-lints=warn" "-e" "RUSTDOCFLAGS=--cap-lints=warn" "-w" "/opt/rustwide/workdir" "--user" "0:0" "3d5c012f8d7b2b45b2caaabf7133db4112ab5f6dcfda3867272c40216e2fbd3a" "/opt/rustwide/cargo-home/bin/cargo" "+1.100.0-beta.1" "test" "--frozen" "--no-run" "--message-format=json", kill_on_drop: false }`
[INFO] [stderr]    Compiling target-triple v1.0.0
[INFO] [stderr]    Compiling serde v1.0.228
[INFO] [stderr]    Compiling winnow v1.0.2
[INFO] [stderr]    Compiling time-core v0.1.8
[INFO] [stderr]    Compiling serde_spanned v1.1.1
[INFO] [stderr]    Compiling cc v1.2.62
[INFO] [stderr]    Compiling deranged v0.5.8
[INFO] [stderr]    Compiling toml_datetime v1.1.1+spec-1.1.0
[INFO] [stderr]    Compiling toml_writer v1.1.1+spec-1.1.0
[INFO] [stderr]    Compiling serde_json v1.0.149
[INFO] [stderr]    Compiling pem v3.0.6
[INFO] [stderr]    Compiling rustls-pki-types v1.14.1
[INFO] [stderr]    Compiling serde_derive v1.0.228
[INFO] [stderr]    Compiling toml_parser v1.1.2+spec-1.1.0
[INFO] [stderr]    Compiling toml v1.1.2+spec-1.1.0
[INFO] [stderr]    Compiling ring v0.17.14
[INFO] [stderr]    Compiling time v0.3.47
[INFO] [stderr]    Compiling trybuild v1.0.116
[INFO] [stderr]    Compiling yasna v0.6.0
[INFO] [stderr]    Compiling rcgen v0.14.8
[INFO] [stderr]    Compiling rs-netty v1.1.0 (/opt/rustwide/workdir)
[INFO] [stderr]     Finished `test` profile [unoptimized + debuginfo] target(s) in 28.91s
[INFO] running `Command { std: "docker" "inspect" "3d5c012f8d7b2b45b2caaabf7133db4112ab5f6dcfda3867272c40216e2fbd3a", kill_on_drop: false }`
[INFO] running `Command { std: "docker" "exec" "-e" "SOURCE_DIR=/opt/rustwide/workdir" "-e" "CARGO_HOME=/opt/rustwide/cargo-home" "-e" "RUSTUP_HOME=/opt/rustwide/rustup-home" "-e" "CARGO_TARGET_DIR=/opt/rustwide/target" "-e" "CARGO_INCREMENTAL=0" "-e" "RUST_BACKTRACE=full" "-e" "RUSTFLAGS=--cap-lints=warn" "-e" "RUSTDOCFLAGS=--cap-lints=warn" "-w" "/opt/rustwide/workdir" "--user" "0:0" "3d5c012f8d7b2b45b2caaabf7133db4112ab5f6dcfda3867272c40216e2fbd3a" "/opt/rustwide/cargo-home/bin/cargo" "+1.100.0-beta.1" "test" "--frozen", kill_on_drop: false }`
[INFO] [stderr]     Finished `test` profile [unoptimized + debuginfo] target(s) in 0.15s
[INFO] [stderr]      Running unittests src/lib.rs (/opt/rustwide/target/debug/build/rs-netty/8dd8b3b7d6dddc50/out/rs_netty-8dd8b3b7d6dddc50)
[INFO] [stdout] 
[INFO] [stdout] running 20 tests
[INFO] [stdout] test codec::fixed_length_frame::tests::splits_fixed_length_frames ... ok
[INFO] [stdout] test codec::delimiter_based_frame::tests::decodes_delimited_frame ... ok
[INFO] [stdout] test codec::length_field_based_frame::tests::decodes_and_encodes_length_prefixed_frame ... ok
[INFO] [stdout] test codec::mqtt::tests::decodes_connect_v5 ... ok
[INFO] [stdout] test codec::mqtt::tests::rejects_non_minimal_remaining_length ... ok
[INFO] [stdout] test codec::mqtt::tests::rejects_password_without_username ... ok
[INFO] [stdout] test codec::mqtt::tests::rejects_zero_packet_identifier ... ok
[INFO] [stdout] test codec::http::tests::decodes_chunked_trailers_when_preserved ... ok
[INFO] [stdout] test codec::mqtt::tests::round_trips_subscribe ... ok
[INFO] [stdout] test codec::http::tests::decodes_chunked_body_when_enabled ... ok
[INFO] [stdout] test codec::http::tests::waits_for_declared_body ... ok
[INFO] [stdout] test codec::mqtt::tests::waits_for_complete_remaining_length ... ok
[INFO] [stdout] test codec::byte_array::tests::drains_available_bytes ... ok
[INFO] [stdout] test codec::http::tests::waits_for_complete_chunked_body ... ok
[INFO] [stdout] test codec::mqtt::tests::rejects_invalid_subscribe_options ... ok
[INFO] [stdout] test codec::mqtt::tests::rejects_empty_suback_reason_codes ... ok
[INFO] [stdout] test codec::mqtt::tests::roundtrips_publish_with_properties ... ok
[INFO] [stdout] test codec::http::tests::decodes_regular_http_request_and_encodes_response ... ok
[INFO] [stdout] test codec::http::tests::rejects_chunked_by_default ... ok
[INFO] [stdout] test codec::http::tests::rejects_chunked_with_content_length ... ok
[INFO] [stderr]      Running tests/compile_fail.rs (/opt/rustwide/target/debug/build/rs-netty/792cc6d27ba1b86c/out/compile_fail-792cc6d27ba1b86c)
[INFO] [stdout] 
[INFO] [stdout] test result: ok. 20 passed; 0 failed; 0 ignored; 0 measured; 0 filtered out; finished in 0.01s
[INFO] [stdout] 
[INFO] [stdout] 
[INFO] [stdout] running 1 test
[INFO] [stderr]    Compiling proc-macro2 v1.0.106
[INFO] [stderr]    Compiling quote v1.0.45
[INFO] [stderr]    Compiling unicode-ident v1.0.24
[INFO] [stderr]    Compiling libc v0.2.186
[INFO] [stderr]    Compiling find-msvc-tools v0.1.9
[INFO] [stderr]    Compiling shlex v1.3.0
[INFO] [stderr]     Checking powerfmt v0.2.0
[INFO] [stderr]     Checking pin-project-lite v0.2.17
[INFO] [stderr]     Checking once_cell v1.21.4
[INFO] [stderr]     Checking num-conv v0.2.2
[INFO] [stderr]     Checking cfg-if v1.0.4
[INFO] [stderr]    Compiling thiserror v2.0.18
[INFO] [stderr]     Checking time-core v0.1.8
[INFO] [stderr]     Checking untrusted v0.9.0
[INFO] [stderr]     Checking zeroize v1.8.2
[INFO] [stderr]     Checking bytes v1.11.1
[INFO] [stderr]     Checking base64 v0.22.1
[INFO] [stderr]     Checking memchr v2.8.0
[INFO] [stderr]     Checking rustls-pki-types v1.14.1
[INFO] [stderr]    Compiling cc v1.2.62
[INFO] [stderr]     Checking deranged v0.5.8
[INFO] [stderr]     Checking tracing-core v0.1.36
[INFO] [stderr]     Checking pem v3.0.6
[INFO] [stderr]    Compiling syn v2.0.117
[INFO] [stderr]     Checking time v0.3.47
[INFO] [stderr]     Checking yasna v0.6.0
[INFO] [stderr]     Checking errno v0.3.14
[INFO] [stderr]     Checking socket2 v0.6.3
[INFO] [stderr]     Checking mio v1.2.0
[INFO] [stderr]     Checking getrandom v0.2.17
[INFO] [stderr]    Compiling ring v0.17.14
[INFO] [stderr]     Checking signal-hook-registry v1.4.8
[INFO] [stderr]    Compiling tokio-macros v2.7.0
[INFO] [stderr]    Compiling tracing-attributes v0.1.31
[INFO] [stderr]    Compiling thiserror-impl v2.0.18
[INFO] [stderr]    Compiling trait-variant v0.1.2
[INFO] [stderr]    Compiling rs-netty-macros v0.2.0
[INFO] [stderr]     Checking tokio v1.52.3
[INFO] [stderr]     Checking rcgen v0.14.8
[INFO] [stderr]     Checking tracing v0.1.44
[INFO] [stderr]     Checking rs-netty v1.1.0 (/opt/rustwide/workdir)
[INFO] [stderr]     Checking rs-netty-tests v0.0.0 (/opt/rustwide/target/tests/trybuild/rs-netty)
[INFO] [stderr]     Finished `dev` profile [unoptimized + debuginfo] target(s) in 22.08s
[INFO] [stderr] 
[INFO] [stderr] 
[INFO] [stderr] test tests/ui/fail_stream_inbound_before_codec.rs ... ok
[INFO] [stderr] test tests/ui/fail_stream_outbound_before_handler.rs ... ok
[INFO] [stderr] test tests/ui/fail_stream_handler_before_codec.rs ... ok
[INFO] [stderr] test tests/ui/fail_stream_handler_twice.rs ... ok
[INFO] [stderr] test tests/ui/fail_stream_inbound_after_handler.rs ... ok
[INFO] [stderr] test tests/ui/fail_stream_type_mismatch_inbound_to_handler.rs ... mismatch
[INFO] [stderr] 
[INFO] [stderr] EXPECTED:
[INFO] [stderr] ┈┈┈┈┈┈┈┈┈┈┈┈┈┈┈┈┈┈┈┈┈┈┈┈┈┈┈┈┈┈┈┈┈┈┈┈┈┈┈┈┈┈┈┈┈┈┈┈┈┈┈┈┈┈┈┈┈┈┈┈
[INFO] [stderr] error[E0277]: the trait bound `EchoString: Handler<Request>` is not satisfied
[INFO] [stderr]   --> tests/ui/fail_stream_type_mismatch_inbound_to_handler.rs:33:18
[INFO] [stderr]    |
[INFO] [stderr] 33 |         .handler(EchoString);
[INFO] [stderr]    |          ------- ^^^^^^^^^^ unsatisfied trait bound
[INFO] [stderr]    |          |
[INFO] [stderr]    |          required by a bound introduced by this call
[INFO] [stderr]    |
[INFO] [stderr] help: the trait `Handler<Request>` is not implemented for `EchoString`
[INFO] [stderr]       but trait `Handler<String>` is implemented for it
[INFO] [stderr]   --> tests/ui/fail_stream_type_mismatch_inbound_to_handler.rs:21:1
[INFO] [stderr]    |
[INFO] [stderr] 21 | impl Handler<String> for EchoString {
[INFO] [stderr]    | ^^^^^^^^^^^^^^^^^^^^^^^^^^^^^^^^^^^
[INFO] [stderr]    = help: for that trait implementation, expected `String`, found `Request`
[INFO] [stderr] note: required by a bound in `PipelineBuilder::<InboundPhase, C, InP, Identity, rs_netty::pipeline::builder::Missing, Identity, CurrentIn, (), ()>::handler`
[INFO] [stderr]   --> src/pipeline/stream/builder.rs
[INFO] [stderr]    |
[INFO] [stderr]    |     pub fn handler<H>(
[INFO] [stderr]    |            ------- required by a bound in this associated function
[INFO] [stderr] ...
[INFO] [stderr]    |         H: Handler<CurrentIn>,
[INFO] [stderr]    |            ^^^^^^^^^^^^^^^^^^ required by this bound in `PipelineBuilder::<InboundPhase, C, InP, Identity, Missing, Identity, CurrentIn, (), ()>::handler`
[INFO] [stderr] ┈┈┈┈┈┈┈┈┈┈┈┈┈┈┈┈┈┈┈┈┈┈┈┈┈┈┈┈┈┈┈┈┈┈┈┈┈┈┈┈┈┈┈┈┈┈┈┈┈┈┈┈┈┈┈┈┈┈┈┈
[INFO] [stderr] 
[INFO] [stderr] ACTUAL OUTPUT:
[INFO] [stderr] ┈┈┈┈┈┈┈┈┈┈┈┈┈┈┈┈┈┈┈┈┈┈┈┈┈┈┈┈┈┈┈┈┈┈┈┈┈┈┈┈┈┈┈┈┈┈┈┈┈┈┈┈┈┈┈┈┈┈┈┈
[INFO] [stderr] error[E0277]: the trait bound `EchoString: Handler<Request>` is not satisfied
[INFO] [stderr]   --> tests/ui/fail_stream_type_mismatch_inbound_to_handler.rs:33:18
[INFO] [stderr]    |
[INFO] [stderr] 33 |         .handler(EchoString);
[INFO] [stderr]    |          ------- ^^^^^^^^^^ unsatisfied trait bound
[INFO] [stderr]    |          |
[INFO] [stderr]    |          required by a bound introduced by this call
[INFO] [stderr]    |
[INFO] [stderr] help: the trait `Handler<Request>` is not implemented for `EchoString`
[INFO] [stderr]       but trait `Handler<String>` is implemented for it
[INFO] [stderr]   --> tests/ui/fail_stream_type_mismatch_inbound_to_handler.rs:21:1
[INFO] [stderr]    |
[INFO] [stderr] 21 | impl Handler<String> for EchoString {
[INFO] [stderr]    | ^^^^^^^^^^^^^^^^^^^^^^^^^^^^^^^^^^^
[INFO] [stderr]    = help: for that trait implementation, expected `String`, found `Request`
[INFO] [stderr] note: required by a bound in `PipelineBuilder::<InboundPhase, C, InP, Identity, rs_netty::pipeline::builder::Missing, Identity, CurrentIn, (), ()>::handler`
[INFO] [stderr]   --> src/pipeline/stream/builder.rs
[INFO] [stderr]    |
[INFO] [stderr]    | impl<C, InP, CurrentIn>
[INFO] [stderr] ...
[INFO] [stderr]    |     pub fn handler<H>(
[INFO] [stderr] ...
[INFO] [stderr]    |         H: Handler<CurrentIn>,
[INFO] [stderr]    |            ^^^^^^^^^^^^^^^^^^ required by this bound in `PipelineBuilder::<InboundPhase, C, InP, Identity, Missing, Identity, CurrentIn, (), ()>::handler`
[INFO] [stderr] ┈┈┈┈┈┈┈┈┈┈┈┈┈┈┈┈┈┈┈┈┈┈┈┈┈┈┈┈┈┈┈┈┈┈┈┈┈┈┈┈┈┈┈┈┈┈┈┈┈┈┈┈┈┈┈┈┈┈┈┈
[INFO] [stderr] note: If the actual output is the correct output you can bless it by rerunning
[INFO] [stderr]       your test with the environment variable TRYBUILD=overwrite
[INFO] [stderr] 
[INFO] [stderr] test tests/ui/fail_stream_type_mismatch_outbound.rs ... mismatch
[INFO] [stderr] 
[INFO] [stderr] EXPECTED:
[INFO] [stderr] ┈┈┈┈┈┈┈┈┈┈┈┈┈┈┈┈┈┈┈┈┈┈┈┈┈┈┈┈┈┈┈┈┈┈┈┈┈┈┈┈┈┈┈┈┈┈┈┈┈┈┈┈┈┈┈┈┈┈┈┈
[INFO] [stderr] error[E0277]: the trait bound `RenderOther: Outbound<Response>` is not satisfied
[INFO] [stderr]   --> tests/ui/fail_stream_type_mismatch_outbound.rs:34:19
[INFO] [stderr]    |
[INFO] [stderr] 34 |         .outbound(RenderOther);
[INFO] [stderr]    |          -------- ^^^^^^^^^^^ unsatisfied trait bound
[INFO] [stderr]    |          |
[INFO] [stderr]    |          required by a bound introduced by this call
[INFO] [stderr]    |
[INFO] [stderr] help: the trait `Outbound<Response>` is not implemented for `RenderOther`
[INFO] [stderr]       but trait `Outbound<Other>` is implemented for it
[INFO] [stderr]   --> tests/ui/fail_stream_type_mismatch_outbound.rs:18:1
[INFO] [stderr]    |
[INFO] [stderr] 18 | impl Outbound<Other> for RenderOther {
[INFO] [stderr]    | ^^^^^^^^^^^^^^^^^^^^^^^^^^^^^^^^^^^^
[INFO] [stderr]    = help: for that trait implementation, expected `Other`, found `Response`
[INFO] [stderr] note: required by a bound in `PipelineBuilder::<rs_netty::pipeline::state::Ready, C, InP, BizP, H, OutP, CurrentIn, Write, CurrentOut>::outbound`
[INFO] [stderr]   --> src/pipeline/stream/builder.rs
[INFO] [stderr]    |
[INFO] [stderr]    |     pub fn outbound<O>(
[INFO] [stderr]    |            -------- required by a bound in this associated function
[INFO] [stderr] ...
[INFO] [stderr]    |         O: Outbound<CurrentOut>,
[INFO] [stderr]    |            ^^^^^^^^^^^^^^^^^^^^ required by this bound in `PipelineBuilder::<Ready, C, InP, BizP, H, OutP, CurrentIn, Write, CurrentOut>::outbound`
[INFO] [stderr] ┈┈┈┈┈┈┈┈┈┈┈┈┈┈┈┈┈┈┈┈┈┈┈┈┈┈┈┈┈┈┈┈┈┈┈┈┈┈┈┈┈┈┈┈┈┈┈┈┈┈┈┈┈┈┈┈┈┈┈┈
[INFO] [stderr] 
[INFO] [stderr] ACTUAL OUTPUT:
[INFO] [stderr] ┈┈┈┈┈┈┈┈┈┈┈┈┈┈┈┈┈┈┈┈┈┈┈┈┈┈┈┈┈┈┈┈┈┈┈┈┈┈┈┈┈┈┈┈┈┈┈┈┈┈┈┈┈┈┈┈┈┈┈┈
[INFO] [stderr] error[E0277]: the trait bound `RenderOther: Outbound<Response>` is not satisfied
[INFO] [stderr]   --> tests/ui/fail_stream_type_mismatch_outbound.rs:34:19
[INFO] [stderr]    |
[INFO] [stderr] 34 |         .outbound(RenderOther);
[INFO] [stderr]    |          -------- ^^^^^^^^^^^ unsatisfied trait bound
[INFO] [stderr]    |          |
[INFO] [stderr]    |          required by a bound introduced by this call
[INFO] [stderr]    |
[INFO] [stderr] help: the trait `Outbound<Response>` is not implemented for `RenderOther`
[INFO] [stderr]       but trait `Outbound<Other>` is implemented for it
[INFO] [stderr]   --> tests/ui/fail_stream_type_mismatch_outbound.rs:18:1
[INFO] [stderr]    |
[INFO] [stderr] 18 | impl Outbound<Other> for RenderOther {
[INFO] [stderr]    | ^^^^^^^^^^^^^^^^^^^^^^^^^^^^^^^^^^^^
[INFO] [stderr]    = help: for that trait implementation, expected `Other`, found `Response`
[INFO] [stderr] note: required by a bound in `PipelineBuilder::<rs_netty::pipeline::state::Ready, C, InP, BizP, H, OutP, CurrentIn, Write, CurrentOut>::outbound`
[INFO] [stderr]   --> src/pipeline/stream/builder.rs
[INFO] [stderr]    |
[INFO] [stderr]    | impl<C, InP, BizP, H, OutP, CurrentIn, Write, CurrentOut>
[INFO] [stderr] ...
[INFO] [stderr]    |     pub fn outbound<O>(
[INFO] [stderr] ...
[INFO] [stderr]    |         O: Outbound<CurrentOut>,
[INFO] [stderr]    |            ^^^^^^^^^^^^^^^^^^^^ required by this bound in `PipelineBuilder::<Ready, C, InP, BizP, H, OutP, CurrentIn, Write, CurrentOut>::outbound`
[INFO] [stderr] ┈┈┈┈┈┈┈┈┈┈┈┈┈┈┈┈┈┈┈┈┈┈┈┈┈┈┈┈┈┈┈┈┈┈┈┈┈┈┈┈┈┈┈┈┈┈┈┈┈┈┈┈┈┈┈┈┈┈┈┈
[INFO] [stderr] note: If the actual output is the correct output you can bless it by rerunning
[INFO] [stderr]       your test with the environment variable TRYBUILD=overwrite
[INFO] [stderr] 
[INFO] [stderr] test tests/ui/fail_stream_final_encoder_mismatch.rs ... mismatch
[INFO] [stderr] 
[INFO] [stderr] EXPECTED:
[INFO] [stderr] ┈┈┈┈┈┈┈┈┈┈┈┈┈┈┈┈┈┈┈┈┈┈┈┈┈┈┈┈┈┈┈┈┈┈┈┈┈┈┈┈┈┈┈┈┈┈┈┈┈┈┈┈┈┈┈┈┈┈┈┈
[INFO] [stderr] error[E0277]: the trait bound `LineCodec: Encoder<Response>` is not satisfied
[INFO] [stderr]   --> tests/ui/fail_stream_final_encoder_mismatch.rs:17:40
[INFO] [stderr]    |
[INFO] [stderr] 17 |         TcpServer::bind("127.0.0.1:0").pipeline(|| pipeline().codec(LineCodec::new()).handler(Router));
[INFO] [stderr]    |                                        ^^^^^^^^ the trait `Encoder<Response>` is not implemented for `LineCodec`
[INFO] [stderr]    |
[INFO] [stderr] help: the trait `Encoder<Response>` is not implemented for `LineCodec`
[INFO] [stderr]       but trait `Encoder<String>` is implemented for it
[INFO] [stderr]   --> src/codec/line.rs
[INFO] [stderr]    |
[INFO] [stderr]    | impl Encoder<String> for LineCodec {
[INFO] [stderr]    | ^^^^^^^^^^^^^^^^^^^^^^^^^^^^^^^^^^
[INFO] [stderr]    = help: for that trait implementation, expected `String`, found `Response`
[INFO] [stderr]    = note: required for `PipelineBuilder<rs_netty::pipeline::state::Ready, LineCodec, Identity, Identity, Router, Identity, String, Response, Response>` to implement `IntoStreamPipeline`
[INFO] [stderr] note: required by a bound in `TcpServer::<rs_netty::transport::tcp::server::NoPipeline, L>::pipeline`
[INFO] [stderr]   --> src/transport/tcp/server.rs
[INFO] [stderr]    |
[INFO] [stderr]    |     pub fn pipeline<F, B, P>(self, factory: F) -> TcpServer<F, L>
[INFO] [stderr]    |            -------- required by a bound in this associated function
[INFO] [stderr] ...
[INFO] [stderr]    |         B: IntoStreamPipeline<Pipeline = P>,
[INFO] [stderr]    |            ^^^^^^^^^^^^^^^^^^^^^^^^^^^^^^^^ required by this bound in `TcpServer::<NoPipeline, L>::pipeline`
[INFO] [stderr] ┈┈┈┈┈┈┈┈┈┈┈┈┈┈┈┈┈┈┈┈┈┈┈┈┈┈┈┈┈┈┈┈┈┈┈┈┈┈┈┈┈┈┈┈┈┈┈┈┈┈┈┈┈┈┈┈┈┈┈┈
[INFO] [stderr] 
[INFO] [stderr] ACTUAL OUTPUT:
[INFO] [stderr] ┈┈┈┈┈┈┈┈┈┈┈┈┈┈┈┈┈┈┈┈┈┈┈┈┈┈┈┈┈┈┈┈┈┈┈┈┈┈┈┈┈┈┈┈┈┈┈┈┈┈┈┈┈┈┈┈┈┈┈┈
[INFO] [stderr] error[E0277]: the trait bound `LineCodec: Encoder<Response>` is not satisfied
[INFO] [stderr]   --> tests/ui/fail_stream_final_encoder_mismatch.rs:17:40
[INFO] [stderr]    |
[INFO] [stderr] 17 |         TcpServer::bind("127.0.0.1:0").pipeline(|| pipeline().codec(LineCodec::new()).handler(Router));
[INFO] [stderr]    |                                        ^^^^^^^^ the trait `Encoder<Response>` is not implemented for `LineCodec`
[INFO] [stderr]    |
[INFO] [stderr] help: the trait `Encoder<Response>` is not implemented for `LineCodec`
[INFO] [stderr]       but trait `Encoder<String>` is implemented for it
[INFO] [stderr]   --> src/codec/line.rs
[INFO] [stderr]    |
[INFO] [stderr]    | impl Encoder<String> for LineCodec {
[INFO] [stderr]    | ^^^^^^^^^^^^^^^^^^^^^^^^^^^^^^^^^^
[INFO] [stderr]    = help: for that trait implementation, expected `String`, found `Response`
[INFO] [stderr]    = note: required for `PipelineBuilder<rs_netty::pipeline::state::Ready, LineCodec, Identity, Identity, Router, Identity, String, Response, Response>` to implement `IntoStreamPipeline`
[INFO] [stderr] note: required by a bound in `TcpServer::<rs_netty::transport::tcp::server::NoPipeline, L>::pipeline`
[INFO] [stderr]   --> src/transport/tcp/server.rs
[INFO] [stderr]    |
[INFO] [stderr]    | impl<L> TcpServer<NoPipeline, L> {
[INFO] [stderr] ...
[INFO] [stderr]    |     pub fn pipeline<F, B, P>(self, factory: F) -> TcpServer<F, L>
[INFO] [stderr] ...
[INFO] [stderr]    |         B: IntoStreamPipeline<Pipeline = P>,
[INFO] [stderr]    |            ^^^^^^^^^^^^^^^^^^^^^^^^^^^^^^^^ required by this bound in `TcpServer::<NoPipeline, L>::pipeline`
[INFO] [stderr] ┈┈┈┈┈┈┈┈┈┈┈┈┈┈┈┈┈┈┈┈┈┈┈┈┈┈┈┈┈┈┈┈┈┈┈┈┈┈┈┈┈┈┈┈┈┈┈┈┈┈┈┈┈┈┈┈┈┈┈┈
[INFO] [stderr] note: If the actual output is the correct output you can bless it by rerunning
[INFO] [stderr]       your test with the environment variable TRYBUILD=overwrite
[INFO] [stderr] 
[INFO] [stderr] test tests/ui/fail_datagram_inbound_before_codec.rs ... ok
[INFO] [stderr] test tests/ui/fail_datagram_outbound_before_handler.rs ... mismatch
[INFO] [stderr] 
[INFO] [stderr] EXPECTED:
[INFO] [stderr] ┈┈┈┈┈┈┈┈┈┈┈┈┈┈┈┈┈┈┈┈┈┈┈┈┈┈┈┈┈┈┈┈┈┈┈┈┈┈┈┈┈┈┈┈┈┈┈┈┈┈┈┈┈┈┈┈┈┈┈┈
[INFO] [stderr] error[E0599]: no method named `outbound` found for struct `DatagramPipelineBuilder<InboundPhase, Utf8DatagramCodec, Identity, Identity, rs_netty::pipeline::datagram::builder::Missing, Identity, String, (), ()>` in the current scope
[INFO] [stderr]   --> tests/ui/fail_datagram_outbound_before_handler.rs:20:10
[INFO] [stderr]    |
[INFO] [stderr] 18 |       let _ = datagram_pipeline()
[INFO] [stderr]    |               -------------------
[INFO] [stderr]    |               |
[INFO] [stderr]    |  _____________method `outbound` is available on `DatagramPipelineBuilder<rs_netty::pipeline::state::Start, rs_netty::pipeline::datagram::builder::Missing, Identity, Identity, rs_netty::pipeline::datagram::builder::Missing, Identity, (), (), ()>`
[INFO] [stderr]    | |
[INFO] [stderr] 19 | |         .codec(Utf8DatagramCodec)
[INFO] [stderr] 20 | |         .outbound(Render);
[INFO] [stderr]    | |         -^^^^^^^^ private field, not a method
[INFO] [stderr]    | |_________|
[INFO] [stderr]    |
[INFO] [stderr] ┈┈┈┈┈┈┈┈┈┈┈┈┈┈┈┈┈┈┈┈┈┈┈┈┈┈┈┈┈┈┈┈┈┈┈┈┈┈┈┈┈┈┈┈┈┈┈┈┈┈┈┈┈┈┈┈┈┈┈┈
[INFO] [stderr] 
[INFO] [stderr] ACTUAL OUTPUT:
[INFO] [stderr] ┈┈┈┈┈┈┈┈┈┈┈┈┈┈┈┈┈┈┈┈┈┈┈┈┈┈┈┈┈┈┈┈┈┈┈┈┈┈┈┈┈┈┈┈┈┈┈┈┈┈┈┈┈┈┈┈┈┈┈┈
[INFO] [stderr] error[E0599]: no method named `outbound` found for struct `DatagramPipelineBuilder<InboundPhase, Utf8DatagramCodec, Identity, Identity, rs_netty::pipeline::datagram::builder::Missing, Identity, String, (), ()>` in the current scope
[INFO] [stderr]   --> tests/ui/fail_datagram_outbound_before_handler.rs:20:10
[INFO] [stderr]    |
[INFO] [stderr] 18 |     let _ = datagram_pipeline()
[INFO] [stderr]    |             ------------------- method `outbound` is available on `DatagramPipelineBuilder<rs_netty::pipeline::state::Start, rs_netty::pipeline::datagram::builder::Missing, Identity, Identity, rs_netty::pipeline::datagram::builder::Missing, Identity, (), (), ()>`
[INFO] [stderr] 19 |         .codec(Utf8DatagramCodec)
[INFO] [stderr] 20 |         .outbound(Render);
[INFO] [stderr]    |          ^^^^^^^^ private field, not a method
[INFO] [stderr] ┈┈┈┈┈┈┈┈┈┈┈┈┈┈┈┈┈┈┈┈┈┈┈┈┈┈┈┈┈┈┈┈┈┈┈┈┈┈┈┈┈┈┈┈┈┈┈┈┈┈┈┈┈┈┈┈┈┈┈┈
[INFO] [stderr] note: If the actual output is the correct output you can bless it by rerunning
[INFO] [stderr]       your test with the environment variable TRYBUILD=overwrite
[INFO] [stderr] 
[INFO] [stderr] test tests/ui/fail_datagram_handler_before_codec.rs ... ok
[INFO] [stderr] test tests/ui/fail_datagram_handler_twice.rs ... mismatch
[INFO] [stderr] 
[INFO] [stderr] EXPECTED:
[INFO] [stderr] ┈┈┈┈┈┈┈┈┈┈┈┈┈┈┈┈┈┈┈┈┈┈┈┈┈┈┈┈┈┈┈┈┈┈┈┈┈┈┈┈┈┈┈┈┈┈┈┈┈┈┈┈┈┈┈┈┈┈┈┈
[INFO] [stderr] error[E0599]: no method named `handler` found for struct `DatagramPipelineBuilder<rs_netty::pipeline::state::Ready, Utf8DatagramCodec, Identity, Identity, Echo, Identity, String, String, String>` in the current scope
[INFO] [stderr]   --> tests/ui/fail_datagram_handler_twice.rs:17:10
[INFO] [stderr]    |
[INFO] [stderr] 14 |       let _ = datagram_pipeline()
[INFO] [stderr]    |               -------------------
[INFO] [stderr]    |               |
[INFO] [stderr]    |  _____________method `handler` is available on `DatagramPipelineBuilder<rs_netty::pipeline::state::Start, rs_netty::pipeline::datagram::builder::Missing, Identity, Identity, rs_netty::pipeline::datagram::builder::Missing, Identity, (), (), ()>`
[INFO] [stderr]    | |
[INFO] [stderr] 15 | |         .codec(Utf8DatagramCodec)
[INFO] [stderr]    | |          ------------------------ method `handler` is available on `DatagramPipelineBuilder<InboundPhase, Utf8DatagramCodec, Identity, Identity, rs_netty::pipeline::datagram::builder::Missing, Identity, String, (), ()>`
[INFO] [stderr] 16 | |         .handler(Echo)
[INFO] [stderr] 17 | |         .handler(Echo);
[INFO] [stderr]    | |         -^^^^^^^ private field, not a method
[INFO] [stderr]    | |_________|
[INFO] [stderr]    |
[INFO] [stderr] ┈┈┈┈┈┈┈┈┈┈┈┈┈┈┈┈┈┈┈┈┈┈┈┈┈┈┈┈┈┈┈┈┈┈┈┈┈┈┈┈┈┈┈┈┈┈┈┈┈┈┈┈┈┈┈┈┈┈┈┈
[INFO] [stderr] 
[INFO] [stderr] ACTUAL OUTPUT:
[INFO] [stderr] ┈┈┈┈┈┈┈┈┈┈┈┈┈┈┈┈┈┈┈┈┈┈┈┈┈┈┈┈┈┈┈┈┈┈┈┈┈┈┈┈┈┈┈┈┈┈┈┈┈┈┈┈┈┈┈┈┈┈┈┈
[INFO] [stderr] error[E0599]: no method named `handler` found for struct `DatagramPipelineBuilder<rs_netty::pipeline::state::Ready, Utf8DatagramCodec, Identity, Identity, Echo, Identity, String, String, String>` in the current scope
[INFO] [stderr]   --> tests/ui/fail_datagram_handler_twice.rs:17:10
[INFO] [stderr]    |
[INFO] [stderr] 14 |     let _ = datagram_pipeline()
[INFO] [stderr]    |             ------------------- method `handler` is available on `DatagramPipelineBuilder<rs_netty::pipeline::state::Start, rs_netty::pipeline::datagram::builder::Missing, Identity, Identity, rs_netty::pipeline::datagram::builder::Missing, Identity, (), (), ()>`
[INFO] [stderr] 15 |         .codec(Utf8DatagramCodec)
[INFO] [stderr]    |          ------------------------ method `handler` is available on `DatagramPipelineBuilder<InboundPhase, Utf8DatagramCodec, Identity, Identity, rs_netty::pipeline::datagram::builder::Missing, Identity, String, (), ()>`
[INFO] [stderr] 16 |         .handler(Echo)
[INFO] [stderr] 17 |         .handler(Echo);
[INFO] [stderr]    |          ^^^^^^^ private field, not a method
[INFO] [stderr] ┈┈┈┈┈┈┈┈┈┈┈┈┈┈┈┈┈┈┈┈┈┈┈┈┈┈┈┈┈┈┈┈┈┈┈┈┈┈┈┈┈┈┈┈┈┈┈┈┈┈┈┈┈┈┈┈┈┈┈┈
[INFO] [stderr] note: If the actual output is the correct output you can bless it by rerunning
[INFO] [stderr]       your test with the environment variable TRYBUILD=overwrite
[INFO] [stderr] 
[INFO] [stderr] test tests/ui/fail_datagram_inbound_after_handler.rs ... mismatch
[INFO] [stderr] 
[INFO] [stderr] EXPECTED:
[INFO] [stderr] ┈┈┈┈┈┈┈┈┈┈┈┈┈┈┈┈┈┈┈┈┈┈┈┈┈┈┈┈┈┈┈┈┈┈┈┈┈┈┈┈┈┈┈┈┈┈┈┈┈┈┈┈┈┈┈┈┈┈┈┈
[INFO] [stderr] error[E0599]: no method named `inbound` found for struct `DatagramPipelineBuilder<rs_netty::pipeline::state::Ready, Utf8DatagramCodec, Identity, Identity, Echo, Identity, String, String, String>` in the current scope
[INFO] [stderr]   --> tests/ui/fail_datagram_inbound_after_handler.rs:34:10
[INFO] [stderr]    |
[INFO] [stderr] 31 |       let _ = datagram_pipeline()
[INFO] [stderr]    |               -------------------
[INFO] [stderr]    |               |
[INFO] [stderr]    |  _____________method `inbound` is available on `DatagramPipelineBuilder<rs_netty::pipeline::state::Start, rs_netty::pipeline::datagram::builder::Missing, Identity, Identity, rs_netty::pipeline::datagram::builder::Missing, Identity, (), (), ()>`
[INFO] [stderr]    | |
[INFO] [stderr] 32 | |         .codec(Utf8DatagramCodec)
[INFO] [stderr]    | |          ------------------------ method `inbound` is available on `DatagramPipelineBuilder<InboundPhase, Utf8DatagramCodec, Identity, Identity, rs_netty::pipeline::datagram::builder::Missing, Identity, String, (), ()>`
[INFO] [stderr] 33 | |         .handler(Echo)
[INFO] [stderr] 34 | |         .inbound(Logging);
[INFO] [stderr]    | |         -^^^^^^^ private field, not a method
[INFO] [stderr]    | |_________|
[INFO] [stderr]    |
[INFO] [stderr] ┈┈┈┈┈┈┈┈┈┈┈┈┈┈┈┈┈┈┈┈┈┈┈┈┈┈┈┈┈┈┈┈┈┈┈┈┈┈┈┈┈┈┈┈┈┈┈┈┈┈┈┈┈┈┈┈┈┈┈┈
[INFO] [stderr] 
[INFO] [stderr] ACTUAL OUTPUT:
[INFO] [stderr] ┈┈┈┈┈┈┈┈┈┈┈┈┈┈┈┈┈┈┈┈┈┈┈┈┈┈┈┈┈┈┈┈┈┈┈┈┈┈┈┈┈┈┈┈┈┈┈┈┈┈┈┈┈┈┈┈┈┈┈┈
[INFO] [stderr] error[E0599]: no method named `inbound` found for struct `DatagramPipelineBuilder<rs_netty::pipeline::state::Ready, Utf8DatagramCodec, Identity, Identity, Echo, Identity, String, String, String>` in the current scope
[INFO] [stderr]   --> tests/ui/fail_datagram_inbound_after_handler.rs:34:10
[INFO] [stderr]    |
[INFO] [stderr] 31 |     let _ = datagram_pipeline()
[INFO] [stderr]    |             ------------------- method `inbound` is available on `DatagramPipelineBuilder<rs_netty::pipeline::state::Start, rs_netty::pipeline::datagram::builder::Missing, Identity, Identity, rs_netty::pipeline::datagram::builder::Missing, Identity, (), (), ()>`
[INFO] [stderr] 32 |         .codec(Utf8DatagramCodec)
[INFO] [stderr]    |          ------------------------ method `inbound` is available on `DatagramPipelineBuilder<InboundPhase, Utf8DatagramCodec, Identity, Identity, rs_netty::pipeline::datagram::builder::Missing, Identity, String, (), ()>`
[INFO] [stderr] 33 |         .handler(Echo)
[INFO] [stderr] 34 |         .inbound(Logging);
[INFO] [stderr]    |          ^^^^^^^ private field, not a method
[INFO] [stderr] ┈┈┈┈┈┈┈┈┈┈┈┈┈┈┈┈┈┈┈┈┈┈┈┈┈┈┈┈┈┈┈┈┈┈┈┈┈┈┈┈┈┈┈┈┈┈┈┈┈┈┈┈┈┈┈┈┈┈┈┈
[INFO] [stderr] note: If the actual output is the correct output you can bless it by rerunning
[INFO] [stderr]       your test with the environment variable TRYBUILD=overwrite
[INFO] [stderr] 
[INFO] [stderr] test tests/ui/fail_datagram_type_mismatch_inbound_to_handler.rs ... mismatch
[INFO] [stderr] 
[INFO] [stderr] EXPECTED:
[INFO] [stderr] ┈┈┈┈┈┈┈┈┈┈┈┈┈┈┈┈┈┈┈┈┈┈┈┈┈┈┈┈┈┈┈┈┈┈┈┈┈┈┈┈┈┈┈┈┈┈┈┈┈┈┈┈┈┈┈┈┈┈┈┈
[INFO] [stderr] error[E0277]: the trait bound `EchoString: DatagramHandler<Request>` is not satisfied
[INFO] [stderr]   --> tests/ui/fail_datagram_type_mismatch_inbound_to_handler.rs:36:18
[INFO] [stderr]    |
[INFO] [stderr] 36 |         .handler(EchoString);
[INFO] [stderr]    |          ------- ^^^^^^^^^^ unsatisfied trait bound
[INFO] [stderr]    |          |
[INFO] [stderr]    |          required by a bound introduced by this call
[INFO] [stderr]    |
[INFO] [stderr] help: the trait `DatagramHandler<Request>` is not implemented for `EchoString`
[INFO] [stderr]       but trait `DatagramHandler<String>` is implemented for it
[INFO] [stderr]   --> tests/ui/fail_datagram_type_mismatch_inbound_to_handler.rs:24:1
[INFO] [stderr]    |
[INFO] [stderr] 24 | impl DatagramHandler<String> for EchoString {
[INFO] [stderr]    | ^^^^^^^^^^^^^^^^^^^^^^^^^^^^^^^^^^^^^^^^^^^
[INFO] [stderr]    = help: for that trait implementation, expected `String`, found `Request`
[INFO] [stderr] note: required by a bound in `DatagramPipelineBuilder::<InboundPhase, C, InP, Identity, rs_netty::pipeline::datagram::builder::Missing, Identity, CurrentIn, (), ()>::handler`
[INFO] [stderr]   --> src/pipeline/datagram/builder.rs
[INFO] [stderr]    |
[INFO] [stderr]    |     pub fn handler<H>(
[INFO] [stderr]    |            ------- required by a bound in this associated function
[INFO] [stderr] ...
[INFO] [stderr]    |         H: DatagramHandler<CurrentIn>,
[INFO] [stderr]    |            ^^^^^^^^^^^^^^^^^^^^^^^^^^ required by this bound in `DatagramPipelineBuilder::<InboundPhase, C, InP, Identity, Missing, Identity, CurrentIn, (), ()>::handler`
[INFO] [stderr] ┈┈┈┈┈┈┈┈┈┈┈┈┈┈┈┈┈┈┈┈┈┈┈┈┈┈┈┈┈┈┈┈┈┈┈┈┈┈┈┈┈┈┈┈┈┈┈┈┈┈┈┈┈┈┈┈┈┈┈┈
[INFO] [stderr] 
[INFO] [stderr] ACTUAL OUTPUT:
[INFO] [stderr] ┈┈┈┈┈┈┈┈┈┈┈┈┈┈┈┈┈┈┈┈┈┈┈┈┈┈┈┈┈┈┈┈┈┈┈┈┈┈┈┈┈┈┈┈┈┈┈┈┈┈┈┈┈┈┈┈┈┈┈┈
[INFO] [stderr] error[E0277]: the trait bound `EchoString: DatagramHandler<Request>` is not satisfied
[INFO] [stderr]   --> tests/ui/fail_datagram_type_mismatch_inbound_to_handler.rs:36:18
[INFO] [stderr]    |
[INFO] [stderr] 36 |         .handler(EchoString);
[INFO] [stderr]    |          ------- ^^^^^^^^^^ unsatisfied trait bound
[INFO] [stderr]    |          |
[INFO] [stderr]    |          required by a bound introduced by this call
[INFO] [stderr]    |
[INFO] [stderr] help: the trait `DatagramHandler<Request>` is not implemented for `EchoString`
[INFO] [stderr]       but trait `DatagramHandler<String>` is implemented for it
[INFO] [stderr]   --> tests/ui/fail_datagram_type_mismatch_inbound_to_handler.rs:24:1
[INFO] [stderr]    |
[INFO] [stderr] 24 | impl DatagramHandler<String> for EchoString {
[INFO] [stderr]    | ^^^^^^^^^^^^^^^^^^^^^^^^^^^^^^^^^^^^^^^^^^^
[INFO] [stderr]    = help: for that trait implementation, expected `String`, found `Request`
[INFO] [stderr] note: required by a bound in `DatagramPipelineBuilder::<InboundPhase, C, InP, Identity, rs_netty::pipeline::datagram::builder::Missing, Identity, CurrentIn, (), ()>::handler`
[INFO] [stderr]   --> src/pipeline/datagram/builder.rs
[INFO] [stderr]    |
[INFO] [stderr]    | impl<C, InP, CurrentIn>
[INFO] [stderr] ...
[INFO] [stderr]    |     pub fn handler<H>(
[INFO] [stderr] ...
[INFO] [stderr]    |         H: DatagramHandler<CurrentIn>,
[INFO] [stderr]    |            ^^^^^^^^^^^^^^^^^^^^^^^^^^ required by this bound in `DatagramPipelineBuilder::<InboundPhase, C, InP, Identity, Missing, Identity, CurrentIn, (), ()>::handler`
[INFO] [stderr] ┈┈┈┈┈┈┈┈┈┈┈┈┈┈┈┈┈┈┈┈┈┈┈┈┈┈┈┈┈┈┈┈┈┈┈┈┈┈┈┈┈┈┈┈┈┈┈┈┈┈┈┈┈┈┈┈┈┈┈┈
[INFO] [stderr] note: If the actual output is the correct output you can bless it by rerunning
[INFO] [stderr]       your test with the environment variable TRYBUILD=overwrite
[INFO] [stderr] 
[INFO] [stderr] test tests/ui/fail_datagram_type_mismatch_outbound.rs ... mismatch
[INFO] [stderr] 
[INFO] [stderr] EXPECTED:
[INFO] [stderr] ┈┈┈┈┈┈┈┈┈┈┈┈┈┈┈┈┈┈┈┈┈┈┈┈┈┈┈┈┈┈┈┈┈┈┈┈┈┈┈┈┈┈┈┈┈┈┈┈┈┈┈┈┈┈┈┈┈┈┈┈
[INFO] [stderr] error[E0277]: the trait bound `RenderOther: Outbound<Response>` is not satisfied
[INFO] [stderr]   --> tests/ui/fail_datagram_type_mismatch_outbound.rs:37:19
[INFO] [stderr]    |
[INFO] [stderr] 37 |         .outbound(RenderOther);
[INFO] [stderr]    |          -------- ^^^^^^^^^^^ unsatisfied trait bound
[INFO] [stderr]    |          |
[INFO] [stderr]    |          required by a bound introduced by this call
[INFO] [stderr]    |
[INFO] [stderr] help: the trait `Outbound<Response>` is not implemented for `RenderOther`
[INFO] [stderr]       but trait `Outbound<Other>` is implemented for it
[INFO] [stderr]   --> tests/ui/fail_datagram_type_mismatch_outbound.rs:21:1
[INFO] [stderr]    |
[INFO] [stderr] 21 | impl Outbound<Other> for RenderOther {
[INFO] [stderr]    | ^^^^^^^^^^^^^^^^^^^^^^^^^^^^^^^^^^^^
[INFO] [stderr]    = help: for that trait implementation, expected `Other`, found `Response`
[INFO] [stderr] note: required by a bound in `DatagramPipelineBuilder::<rs_netty::pipeline::state::Ready, C, InP, BizP, H, OutP, CurrentIn, Write, CurrentOut>::outbound`
[INFO] [stderr]   --> src/pipeline/datagram/builder.rs
[INFO] [stderr]    |
[INFO] [stderr]    |     pub fn outbound<O>(
[INFO] [stderr]    |            -------- required by a bound in this associated function
[INFO] [stderr] ...
[INFO] [stderr]    |         O: Outbound<CurrentOut>,
[INFO] [stderr]    |            ^^^^^^^^^^^^^^^^^^^^ required by this bound in `DatagramPipelineBuilder::<Ready, C, InP, BizP, H, OutP, CurrentIn, Write, CurrentOut>::outbound`
[INFO] [stderr] ┈┈┈┈┈┈┈┈┈┈┈┈┈┈┈┈┈┈┈┈┈┈┈┈┈┈┈┈┈┈┈┈┈┈┈┈┈┈┈┈┈┈┈┈┈┈┈┈┈┈┈┈┈┈┈┈┈┈┈┈
[INFO] [stderr] 
[INFO] [stderr] ACTUAL OUTPUT:
[INFO] [stderr] ┈┈┈┈┈┈┈┈┈┈┈┈┈┈┈┈┈┈┈┈┈┈┈┈┈┈┈┈┈┈┈┈┈┈┈┈┈┈┈┈┈┈┈┈┈┈┈┈┈┈┈┈┈┈┈┈┈┈┈┈
[INFO] [stderr] error[E0277]: the trait bound `RenderOther: Outbound<Response>` is not satisfied
[INFO] [stderr]   --> tests/ui/fail_datagram_type_mismatch_outbound.rs:37:19
[INFO] [stderr]    |
[INFO] [stderr] 37 |         .outbound(RenderOther);
[INFO] [stderr]    |          -------- ^^^^^^^^^^^ unsatisfied trait bound
[INFO] [stderr]    |          |
[INFO] [stderr]    |          required by a bound introduced by this call
[INFO] [stderr]    |
[INFO] [stderr] help: the trait `Outbound<Response>` is not implemented for `RenderOther`
[INFO] [stderr]       but trait `Outbound<Other>` is implemented for it
[INFO] [stderr]   --> tests/ui/fail_datagram_type_mismatch_outbound.rs:21:1
[INFO] [stderr]    |
[INFO] [stderr] 21 | impl Outbound<Other> for RenderOther {
[INFO] [stderr]    | ^^^^^^^^^^^^^^^^^^^^^^^^^^^^^^^^^^^^
[INFO] [stderr]    = help: for that trait implementation, expected `Other`, found `Response`
[INFO] [stderr] note: required by a bound in `DatagramPipelineBuilder::<rs_netty::pipeline::state::Ready, C, InP, BizP, H, OutP, CurrentIn, Write, CurrentOut>::outbound`
[INFO] [stderr]   --> src/pipeline/datagram/builder.rs
[INFO] [stderr]    |
[INFO] [stderr]    | impl<C, InP, BizP, H, OutP, CurrentIn, Write, CurrentOut>
[INFO] [stderr] ...
[INFO] [stderr]    |     pub fn outbound<O>(
[INFO] [stderr] ...
[INFO] [stderr]    |         O: Outbound<CurrentOut>,
[INFO] [stderr]    |            ^^^^^^^^^^^^^^^^^^^^ required by this bound in `DatagramPipelineBuilder::<Ready, C, InP, BizP, H, OutP, CurrentIn, Write, CurrentOut>::outbound`
[INFO] [stderr] ┈┈┈┈┈┈┈┈┈┈┈┈┈┈┈┈┈┈┈┈┈┈┈┈┈┈┈┈┈┈┈┈┈┈┈┈┈┈┈┈┈┈┈┈┈┈┈┈┈┈┈┈┈┈┈┈┈┈┈┈
[INFO] [stderr] note: If the actual output is the correct output you can bless it by rerunning
[INFO] [stderr]       your test with the environment variable TRYBUILD=overwrite
[INFO] [stderr] 
[INFO] [stderr] test tests/ui/fail_datagram_final_encoder_mismatch.rs ... mismatch
[INFO] [stderr] 
[INFO] [stderr] EXPECTED:
[INFO] [stderr] ┈┈┈┈┈┈┈┈┈┈┈┈┈┈┈┈┈┈┈┈┈┈┈┈┈┈┈┈┈┈┈┈┈┈┈┈┈┈┈┈┈┈┈┈┈┈┈┈┈┈┈┈┈┈┈┈┈┈┈┈
[INFO] [stderr] error[E0277]: the trait bound `Utf8DatagramCodec: DatagramEncoder<Response>` is not satisfied
[INFO] [stderr]   --> tests/ui/fail_datagram_final_encoder_mismatch.rs:20:10
[INFO] [stderr]    |
[INFO] [stderr] 20 |         .pipeline(|| datagram_pipeline().codec(Utf8DatagramCodec).handler(Route));
[INFO] [stderr]    |          ^^^^^^^^ the trait `DatagramEncoder<Response>` is not implemented for `Utf8DatagramCodec`
[INFO] [stderr]    |
[INFO] [stderr] help: the trait `DatagramEncoder<Response>` is not implemented for `Utf8DatagramCodec`
[INFO] [stderr]       but trait `DatagramEncoder<String>` is implemented for it
[INFO] [stderr]   --> src/codec/utf8_datagram.rs
[INFO] [stderr]    |
[INFO] [stderr]    | impl DatagramEncoder<String> for Utf8DatagramCodec {
[INFO] [stderr]    | ^^^^^^^^^^^^^^^^^^^^^^^^^^^^^^^^^^^^^^^^^^^^^^^^^^
[INFO] [stderr]    = help: for that trait implementation, expected `String`, found `Response`
[INFO] [stderr]    = note: required for `DatagramPipelineBuilder<rs_netty::pipeline::state::Ready, Utf8DatagramCodec, Identity, Identity, Route, Identity, String, Response, Response>` to implement `IntoDatagramPipeline`
[INFO] [stderr] note: required by a bound in `UdpServer::<rs_netty::transport::udp::server::NoPipeline, L>::pipeline`
[INFO] [stderr]   --> src/transport/udp/server.rs
[INFO] [stderr]    |
[INFO] [stderr]    |     pub fn pipeline<F, B, P>(self, factory: F) -> UdpServer<F, L>
[INFO] [stderr]    |            -------- required by a bound in this associated function
[INFO] [stderr] ...
[INFO] [stderr]    |         B: IntoDatagramPipeline<Pipeline = P>,
[INFO] [stderr]    |            ^^^^^^^^^^^^^^^^^^^^^^^^^^^^^^^^^^ required by this bound in `UdpServer::<NoPipeline, L>::pipeline`
[INFO] [stderr] ┈┈┈┈┈┈┈┈┈┈┈┈┈┈┈┈┈┈┈┈┈┈┈┈┈┈┈┈┈┈┈┈┈┈┈┈┈┈┈┈┈┈┈┈┈┈┈┈┈┈┈┈┈┈┈┈┈┈┈┈
[INFO] [stderr] 
[INFO] [stderr] ACTUAL OUTPUT:
[INFO] [stderr] ┈┈┈┈┈┈┈┈┈┈┈┈┈┈┈┈┈┈┈┈┈┈┈┈┈┈┈┈┈┈┈┈┈┈┈┈┈┈┈┈┈┈┈┈┈┈┈┈┈┈┈┈┈┈┈┈┈┈┈┈
[INFO] [stderr] error[E0277]: the trait bound `Utf8DatagramCodec: DatagramEncoder<Response>` is not satisfied
[INFO] [stderr]   --> tests/ui/fail_datagram_final_encoder_mismatch.rs:20:10
[INFO] [stderr]    |
[INFO] [stderr] 20 |         .pipeline(|| datagram_pipeline().codec(Utf8DatagramCodec).handler(Route));
[INFO] [stderr]    |          ^^^^^^^^ the trait `DatagramEncoder<Response>` is not implemented for `Utf8DatagramCodec`
[INFO] [stderr]    |
[INFO] [stderr] help: the trait `DatagramEncoder<Response>` is not implemented for `Utf8DatagramCodec`
[INFO] [stderr]       but trait `DatagramEncoder<String>` is implemented for it
[INFO] [stderr]   --> src/codec/utf8_datagram.rs
[INFO] [stderr]    |
[INFO] [stderr]    | impl DatagramEncoder<String> for Utf8DatagramCodec {
[INFO] [stderr]    | ^^^^^^^^^^^^^^^^^^^^^^^^^^^^^^^^^^^^^^^^^^^^^^^^^^
[INFO] [stderr]    = help: for that trait implementation, expected `String`, found `Response`
[INFO] [stderr]    = note: required for `DatagramPipelineBuilder<rs_netty::pipeline::state::Ready, Utf8DatagramCodec, Identity, Identity, Route, Identity, String, Response, Response>` to implement `IntoDatagramPipeline`
[INFO] [stderr] note: required by a bound in `UdpServer::<rs_netty::transport::udp::server::NoPipeline, L>::pipeline`
[INFO] [stderr]   --> src/transport/udp/server.rs
[INFO] [stderr]    |
[INFO] [stderr]    | impl<L> UdpServer<NoPipeline, L> {
[INFO] [stderr]    |     /// Sets the socket pipeline factory.
[INFO] [stderr]    |     pub fn pipeline<F, B, P>(self, factory: F) -> UdpServer<F, L>
[INFO] [stderr] ...
[INFO] [stderr]    |         B: IntoDatagramPipeline<Pipeline = P>,
[INFO] [stderr]    |            ^^^^^^^^^^^^^^^^^^^^^^^^^^^^^^^^^^ required by this bound in `UdpServer::<NoPipeline, L>::pipeline`
[INFO] [stderr] ┈┈┈┈┈┈┈┈┈┈┈┈┈┈┈┈┈┈┈┈┈┈┈┈┈┈┈┈┈┈┈┈┈┈┈┈┈┈┈┈┈┈┈┈┈┈┈┈┈┈┈┈┈┈┈┈┈┈┈┈
[INFO] [stderr] note: If the actual output is the correct output you can bless it by rerunning
[INFO] [stderr]       your test with the environment variable TRYBUILD=overwrite
[INFO] [stderr] 
[INFO] [stderr] test tests/ui/fail_udp_with_stream_pipeline.rs ... mismatch
[INFO] [stderr] 
[INFO] [stderr] EXPECTED:
[INFO] [stderr] ┈┈┈┈┈┈┈┈┈┈┈┈┈┈┈┈┈┈┈┈┈┈┈┈┈┈┈┈┈┈┈┈┈┈┈┈┈┈┈┈┈┈┈┈┈┈┈┈┈┈┈┈┈┈┈┈┈┈┈┈
[INFO] [stderr] error[E0277]: the trait bound `PipelineBuilder<rs_netty::pipeline::state::Ready, LineCodec, Identity, Identity, Echo, Identity, String, String, String>: IntoDatagramPipeline` is not satisfied
[INFO] [stderr]   --> tests/ui/fail_udp_with_stream_pipeline.rs:15:40
[INFO] [stderr]    |
[INFO] [stderr] 15 |         UdpServer::bind("127.0.0.1:0").pipeline(|| pipeline().codec(LineCodec::new()).handler(Echo));
[INFO] [stderr]    |                                        ^^^^^^^^ unsatisfied trait bound
[INFO] [stderr]    |
[INFO] [stderr]    = help: the trait `IntoDatagramPipeline` is not implemented for `PipelineBuilder<rs_netty::pipeline::state::Ready, LineCodec, Identity, Identity, Echo, Identity, String, String, String>`
[INFO] [stderr] help: the trait `IntoDatagramPipeline` is implemented for `DatagramPipelineBuilder<rs_netty::pipeline::state::Ready, C, InP, BizP, H, OutP, CurrentIn, Write, CurrentOut>`
[INFO] [stderr]   --> src/pipeline/datagram/builder.rs
[INFO] [stderr]    |
[INFO] [stderr]    | / impl<C, InP, BizP, H, OutP, CurrentIn, Write, CurrentOut> IntoDatagramPipeline
[INFO] [stderr]    | |     for DatagramPipelineBuilder<Ready, C, InP, BizP, H, OutP, CurrentIn, Write, CurrentOut>
[INFO] [stderr]    | | where
[INFO] [stderr]    | |     C: DatagramDecoder + DatagramEncoder<CurrentOut>,
[INFO] [stderr] ...  |
[INFO] [stderr]    | |     Write: Send + 'static,
[INFO] [stderr]    | |     CurrentOut: Send + 'static,
[INFO] [stderr]    | |_______________________________^
[INFO] [stderr] note: required by a bound in `UdpServer::<rs_netty::transport::udp::server::NoPipeline, L>::pipeline`
[INFO] [stderr]   --> src/transport/udp/server.rs
[INFO] [stderr]    |
[INFO] [stderr]    |     pub fn pipeline<F, B, P>(self, factory: F) -> UdpServer<F, L>
[INFO] [stderr]    |            -------- required by a bound in this associated function
[INFO] [stderr] ...
[INFO] [stderr]    |         B: IntoDatagramPipeline<Pipeline = P>,
[INFO] [stderr]    |            ^^^^^^^^^^^^^^^^^^^^^^^^^^^^^^^^^^ required by this bound in `UdpServer::<NoPipeline, L>::pipeline`
[INFO] [stderr] ┈┈┈┈┈┈┈┈┈┈┈┈┈┈┈┈┈┈┈┈┈┈┈┈┈┈┈┈┈┈┈┈┈┈┈┈┈┈┈┈┈┈┈┈┈┈┈┈┈┈┈┈┈┈┈┈┈┈┈┈
[INFO] [stderr] 
[INFO] [stderr] ACTUAL OUTPUT:
[INFO] [stderr] ┈┈┈┈┈┈┈┈┈┈┈┈┈┈┈┈┈┈┈┈┈┈┈┈┈┈┈┈┈┈┈┈┈┈┈┈┈┈┈┈┈┈┈┈┈┈┈┈┈┈┈┈┈┈┈┈┈┈┈┈
[INFO] [stderr] error[E0277]: the trait bound `PipelineBuilder<rs_netty::pipeline::state::Ready, LineCodec, Identity, Identity, Echo, Identity, String, String, String>: IntoDatagramPipeline` is not satisfied
[INFO] [stderr]   --> tests/ui/fail_udp_with_stream_pipeline.rs:15:40
[INFO] [stderr]    |
[INFO] [stderr] 15 |         UdpServer::bind("127.0.0.1:0").pipeline(|| pipeline().codec(LineCodec::new()).handler(Echo));
[INFO] [stderr]    |                                        ^^^^^^^^ unsatisfied trait bound
[INFO] [stderr]    |
[INFO] [stderr]    = help: the trait `IntoDatagramPipeline` is not implemented for `PipelineBuilder<rs_netty::pipeline::state::Ready, LineCodec, Identity, Identity, Echo, Identity, String, String, String>`
[INFO] [stderr] help: the trait `IntoDatagramPipeline` is implemented for `DatagramPipelineBuilder<rs_netty::pipeline::state::Ready, C, InP, BizP, H, OutP, CurrentIn, Write, CurrentOut>`
[INFO] [stderr]   --> src/pipeline/datagram/builder.rs
[INFO] [stderr]    |
[INFO] [stderr]    | / impl<C, InP, BizP, H, OutP, CurrentIn, Write, CurrentOut> IntoDatagramPipeline
[INFO] [stderr]    | |     for DatagramPipelineBuilder<Ready, C, InP, BizP, H, OutP, CurrentIn, Write, CurrentOut>
[INFO] [stderr]    | | where
[INFO] [stderr]    | |     C: DatagramDecoder + DatagramEncoder<CurrentOut>,
[INFO] [stderr] ...  |
[INFO] [stderr]    | |     Write: Send + 'static,
[INFO] [stderr]    | |     CurrentOut: Send + 'static,
[INFO] [stderr]    | |_______________________________^
[INFO] [stderr] note: required by a bound in `UdpServer::<rs_netty::transport::udp::server::NoPipeline, L>::pipeline`
[INFO] [stderr]   --> src/transport/udp/server.rs
[INFO] [stderr]    |
[INFO] [stderr]    | impl<L> UdpServer<NoPipeline, L> {
[INFO] [stderr]    |     /// Sets the socket pipeline factory.
[INFO] [stderr]    |     pub fn pipeline<F, B, P>(self, factory: F) -> UdpServer<F, L>
[INFO] [stderr] ...
[INFO] [stderr]    |         B: IntoDatagramPipeline<Pipeline = P>,
[INFO] [stderr]    |            ^^^^^^^^^^^^^^^^^^^^^^^^^^^^^^^^^^ required by this bound in `UdpServer::<NoPipeline, L>::pipeline`
[INFO] [stderr] ┈┈┈┈┈┈┈┈┈┈┈┈┈┈┈┈┈┈┈┈┈┈┈┈┈┈┈┈┈┈┈┈┈┈┈┈┈┈┈┈┈┈┈┈┈┈┈┈┈┈┈┈┈┈┈┈┈┈┈┈
[INFO] [stderr] note: If the actual output is the correct output you can bless it by rerunning
[INFO] [stderr]       your test with the environment variable TRYBUILD=overwrite
[INFO] [stderr] 
[INFO] [stderr] test tests/ui/fail_tcp_with_datagram_pipeline.rs ... mismatch
[INFO] [stderr] 
[INFO] [stderr] EXPECTED:
[INFO] [stderr] ┈┈┈┈┈┈┈┈┈┈┈┈┈┈┈┈┈┈┈┈┈┈┈┈┈┈┈┈┈┈┈┈┈┈┈┈┈┈┈┈┈┈┈┈┈┈┈┈┈┈┈┈┈┈┈┈┈┈┈┈
[INFO] [stderr] error[E0277]: the trait bound `DatagramPipelineBuilder<rs_netty::pipeline::state::Ready, Utf8DatagramCodec, Identity, Identity, Echo, Identity, String, String, String>: IntoStreamPipeline` is not satisfied
[INFO] [stderr]   --> tests/ui/fail_tcp_with_datagram_pipeline.rs:18:10
[INFO] [stderr]    |
[INFO] [stderr] 18 |         .pipeline(|| datagram_pipeline().codec(Utf8DatagramCodec).handler(Echo));
[INFO] [stderr]    |          ^^^^^^^^ unsatisfied trait bound
[INFO] [stderr]    |
[INFO] [stderr]    = help: the trait `IntoStreamPipeline` is not implemented for `DatagramPipelineBuilder<rs_netty::pipeline::state::Ready, Utf8DatagramCodec, Identity, Identity, Echo, Identity, String, String, String>`
[INFO] [stderr] help: the trait `IntoStreamPipeline` is implemented for `PipelineBuilder<rs_netty::pipeline::state::Ready, C, InP, BizP, H, OutP, CurrentIn, Write, CurrentOut>`
[INFO] [stderr]   --> src/pipeline/stream/builder.rs
[INFO] [stderr]    |
[INFO] [stderr]    | / impl<C, InP, BizP, H, OutP, CurrentIn, Write, CurrentOut> IntoStreamPipeline
[INFO] [stderr]    | |     for PipelineBuilder<Ready, C, InP, BizP, H, OutP, CurrentIn, Write, CurrentOut>
[INFO] [stderr]    | | where
[INFO] [stderr]    | |     C: Decoder + Encoder<CurrentOut>,
[INFO] [stderr] ...  |
[INFO] [stderr]    | |     Write: Send + 'static,
[INFO] [stderr]    | |     CurrentOut: Send + 'static,
[INFO] [stderr]    | |_______________________________^
[INFO] [stderr] note: required by a bound in `TcpServer::<rs_netty::transport::tcp::server::NoPipeline, L>::pipeline`
[INFO] [stderr]   --> src/transport/tcp/server.rs
[INFO] [stderr]    |
[INFO] [stderr]    |     pub fn pipeline<F, B, P>(self, factory: F) -> TcpServer<F, L>
[INFO] [stderr]    |            -------- required by a bound in this associated function
[INFO] [stderr] ...
[INFO] [stderr]    |         B: IntoStreamPipeline<Pipeline = P>,
[INFO] [stderr]    |            ^^^^^^^^^^^^^^^^^^^^^^^^^^^^^^^^ required by this bound in `TcpServer::<NoPipeline, L>::pipeline`
[INFO] [stderr] ┈┈┈┈┈┈┈┈┈┈┈┈┈┈┈┈┈┈┈┈┈┈┈┈┈┈┈┈┈┈┈┈┈┈┈┈┈┈┈┈┈┈┈┈┈┈┈┈┈┈┈┈┈┈┈┈┈┈┈┈
[INFO] [stderr] 
[INFO] [stderr] ACTUAL OUTPUT:
[INFO] [stderr] ┈┈┈┈┈┈┈┈┈┈┈┈┈┈┈┈┈┈┈┈┈┈┈┈┈┈┈┈┈┈┈┈┈┈┈┈┈┈┈┈┈┈┈┈┈┈┈┈┈┈┈┈┈┈┈┈┈┈┈┈
[INFO] [stderr] error[E0277]: the trait bound `DatagramPipelineBuilder<rs_netty::pipeline::state::Ready, Utf8DatagramCodec, Identity, Identity, Echo, Identity, String, String, String>: IntoStreamPipeline` is not satisfied
[INFO] [stderr]   --> tests/ui/fail_tcp_with_datagram_pipeline.rs:18:10
[INFO] [stderr]    |
[INFO] [stderr] 18 |         .pipeline(|| datagram_pipeline().codec(Utf8DatagramCodec).handler(Echo));
[INFO] [stderr]    |          ^^^^^^^^ unsatisfied trait bound
[INFO] [stderr]    |
[INFO] [stderr]    = help: the trait `IntoStreamPipeline` is not implemented for `DatagramPipelineBuilder<rs_netty::pipeline::state::Ready, Utf8DatagramCodec, Identity, Identity, Echo, Identity, String, String, String>`
[INFO] [stderr] help: the trait `IntoStreamPipeline` is implemented for `PipelineBuilder<rs_netty::pipeline::state::Ready, C, InP, BizP, H, OutP, CurrentIn, Write, CurrentOut>`
[INFO] [stderr]   --> src/pipeline/stream/builder.rs
[INFO] [stderr]    |
[INFO] [stderr]    | / impl<C, InP, BizP, H, OutP, CurrentIn, Write, CurrentOut> IntoStreamPipeline
[INFO] [stderr]    | |     for PipelineBuilder<Ready, C, InP, BizP, H, OutP, CurrentIn, Write, CurrentOut>
[INFO] [stderr]    | | where
[INFO] [stderr]    | |     C: Decoder + Encoder<CurrentOut>,
[INFO] [stderr] ...  |
[INFO] [stderr]    | |     Write: Send + 'static,
[INFO] [stderr]    | |     CurrentOut: Send + 'static,
[INFO] [stderr]    | |_______________________________^
[INFO] [stderr] note: required by a bound in `TcpServer::<rs_netty::transport::tcp::server::NoPipeline, L>::pipeline`
[INFO] [stderr]   --> src/transport/tcp/server.rs
[INFO] [stderr]    |
[INFO] [stderr]    | impl<L> TcpServer<NoPipeline, L> {
[INFO] [stderr] ...
[INFO] [stderr]    |     pub fn pipeline<F, B, P>(self, factory: F) -> TcpServer<F, L>
[INFO] [stderr] ...
[INFO] [stderr]    |         B: IntoStreamPipeline<Pipeline = P>,
[INFO] [stderr]    |            ^^^^^^^^^^^^^^^^^^^^^^^^^^^^^^^^ required by this bound in `TcpServer::<NoPipeline, L>::pipeline`
[INFO] [stderr] ┈┈┈┈┈┈┈┈┈┈┈┈┈┈┈┈┈┈┈┈┈┈┈┈┈┈┈┈┈┈┈┈┈┈┈┈┈┈┈┈┈┈┈┈┈┈┈┈┈┈┈┈┈┈┈┈┈┈┈┈
[INFO] [stderr] note: If the actual output is the correct output you can bless it by rerunning
[INFO] [stderr]       your test with the environment variable TRYBUILD=overwrite
[INFO] [stderr] 
[INFO] [stderr] 
[INFO] [stderr] 
[INFO] [stdout] test compile_fail ... FAILED
[INFO] [stdout] 
[INFO] [stdout] failures:
[INFO] [stdout] 
[INFO] [stdout] ---- compile_fail stdout ----
[INFO] [stdout] 
[INFO] [stdout] thread 'compile_fail' (1233) panicked at /opt/rustwide/cargo-home/registry/src/index.crates.io-1949cf8c6b5b557f/trybuild-1.0.116/src/run.rs:102:13:
[INFO] [stdout] 11 of 18 tests failed
[INFO] [stdout] stack backtrace:
[INFO] [stdout]    0:     0x62e171bca1c1 - std[617be2ca0a6fd877]::backtrace_rs::backtrace::libunwind::trace
[INFO] [stdout]                                at /rustc/e3feeb59cd1bdd011a2bfcc0747b55125d9b8527/library/std/src/../../backtrace/src/backtrace/libunwind.rs:117:9
[INFO] [stdout]    1:     0x62e171bca1c1 - std[617be2ca0a6fd877]::backtrace_rs::backtrace::trace_unsynchronized::<std[617be2ca0a6fd877]::sys::backtrace::_print_fmt::{closure#1}>
[INFO] [stdout]                                at /rustc/e3feeb59cd1bdd011a2bfcc0747b55125d9b8527/library/std/src/../../backtrace/src/backtrace/mod.rs:66:14
[INFO] [stdout]    2:     0x62e171bca1c1 - std[617be2ca0a6fd877]::sys::backtrace::_print_fmt
[INFO] [stdout]                                at /rustc/e3feeb59cd1bdd011a2bfcc0747b55125d9b8527/library/std/src/sys/backtrace.rs:74:9
[INFO] [stdout]    3:     0x62e171bca1c1 - <<std[617be2ca0a6fd877]::sys::backtrace::BacktraceLock>::print::DisplayBacktrace as core[a373ad73a504971]::fmt::Display>::fmt
[INFO] [stdout]                                at /rustc/e3feeb59cd1bdd011a2bfcc0747b55125d9b8527/library/std/src/sys/backtrace.rs:44:26
[INFO] [stdout]    4:     0x62e171be06ba - <core[a373ad73a504971]::fmt::rt::Argument>::fmt
[INFO] [stdout]                                at /rustc/e3feeb59cd1bdd011a2bfcc0747b55125d9b8527/library/core/src/fmt/rt.rs:152:76
[INFO] [stdout]    5:     0x62e171be06ba - core[a373ad73a504971]::fmt::write
[INFO] [stdout]    6:     0x62e171bceabc - core[a373ad73a504971]::io::write::default_write_fmt::<alloc[2e1b2a31b91974c5]::vec::Vec<u8>>
[INFO] [stdout]                                at /rustc/e3feeb59cd1bdd011a2bfcc0747b55125d9b8527/library/core/src/io/write.rs:402:11
[INFO] [stdout]    7:     0x62e171bceabc - <alloc[2e1b2a31b91974c5]::vec::Vec<u8> as core[a373ad73a504971]::io::write::Write>::write_fmt
[INFO] [stdout]                                at /rustc/e3feeb59cd1bdd011a2bfcc0747b55125d9b8527/library/core/src/io/write.rs:335:13
[INFO] [stdout]    8:     0x62e171ba3626 - <std[617be2ca0a6fd877]::sys::backtrace::BacktraceLock>::print
[INFO] [stdout]                                at /rustc/e3feeb59cd1bdd011a2bfcc0747b55125d9b8527/library/std/src/sys/backtrace.rs:47:9
[INFO] [stdout]    9:     0x62e171ba3626 - std[617be2ca0a6fd877]::panicking::default_hook::{closure#0}
[INFO] [stdout]                                at /rustc/e3feeb59cd1bdd011a2bfcc0747b55125d9b8527/library/std/src/panicking.rs:289:27
[INFO] [stdout]   10:     0x62e171bc1769 - std[617be2ca0a6fd877]::panicking::default_hook
[INFO] [stdout]                                at /rustc/e3feeb59cd1bdd011a2bfcc0747b55125d9b8527/library/std/src/panicking.rs:313:9
[INFO] [stdout]   11:     0x62e171b5ad10 - <alloc[2e1b2a31b91974c5]::boxed::Box<dyn for<'a, 'b> core[a373ad73a504971]::ops::function::Fn<(&'a std[617be2ca0a6fd877]::panic::PanicHookInfo<'b>,), Output = ()> + core[a373ad73a504971]::marker::Sync + core[a373ad73a504971]::marker::Send> as core[a373ad73a504971]::ops::function::Fn<(&std[617be2ca0a6fd877]::panic::PanicHookInfo,)>>::call
[INFO] [stdout]                                at /rustc/e3feeb59cd1bdd011a2bfcc0747b55125d9b8527/library/alloc/src/boxed.rs:2328:9
[INFO] [stdout]   12:     0x62e171b5ad10 - test[aada8e7e76ba119b]::test_main_inner::{closure#0}
[INFO] [stdout]                                at /rustc/e3feeb59cd1bdd011a2bfcc0747b55125d9b8527/library/test/src/lib.rs:137:21
[INFO] [stdout]   13:     0x62e171bc1922 - <alloc[2e1b2a31b91974c5]::boxed::Box<dyn for<'a, 'b> core[a373ad73a504971]::ops::function::Fn<(&'a std[617be2ca0a6fd877]::panic::PanicHookInfo<'b>,), Output = ()> + core[a373ad73a504971]::marker::Sync + core[a373ad73a504971]::marker::Send> as core[a373ad73a504971]::ops::function::Fn<(&std[617be2ca0a6fd877]::panic::PanicHookInfo,)>>::call
[INFO] [stdout]                                at /rustc/e3feeb59cd1bdd011a2bfcc0747b55125d9b8527/library/alloc/src/boxed.rs:2328:9
[INFO] [stdout]   14:     0x62e171bc1922 - std[617be2ca0a6fd877]::panicking::panic_with_hook
[INFO] [stdout]                                at /rustc/e3feeb59cd1bdd011a2bfcc0747b55125d9b8527/library/std/src/panicking.rs:819:13
[INFO] [stdout]   15:     0x62e171ba36d2 - std[617be2ca0a6fd877]::panicking::panic_handler::{closure#0}
[INFO] [stdout]                                at /rustc/e3feeb59cd1bdd011a2bfcc0747b55125d9b8527/library/std/src/panicking.rs:685:13
[INFO] [stdout]   16:     0x62e171b9bef9 - std[617be2ca0a6fd877]::sys::backtrace::__rust_end_short_backtrace::<std[617be2ca0a6fd877]::panicking::panic_handler::{closure#0}, !>
[INFO] [stdout]                                at /rustc/e3feeb59cd1bdd011a2bfcc0747b55125d9b8527/library/std/src/sys/backtrace.rs:182:18
[INFO] [stdout]   17:     0x62e171ba42dd - __rustc[ea4f61d10b84890b]::rust_begin_unwind
[INFO] [stdout]                                at /rustc/e3feeb59cd1bdd011a2bfcc0747b55125d9b8527/library/std/src/panicking.rs:676:5
[INFO] [stdout]   18:     0x62e171be0eac - core[a373ad73a504971]::panicking::panic_fmt
[INFO] [stdout]                                at /rustc/e3feeb59cd1bdd011a2bfcc0747b55125d9b8527/library/core/src/panicking.rs:80:14
[INFO] [stdout]   19:     0x62e171934884 - <trybuild[670f94f750dd9cdb]::Runner>::run
[INFO] [stdout]                                at /opt/rustwide/cargo-home/registry/src/index.crates.io-1949cf8c6b5b557f/trybuild-1.0.116/src/run.rs:102:13
[INFO] [stdout]   20:     0x62e1719415a8 - <trybuild[670f94f750dd9cdb]::TestCases as core[a373ad73a504971]::ops::drop::Drop>::drop
[INFO] [stdout]                                at /opt/rustwide/cargo-home/registry/src/index.crates.io-1949cf8c6b5b557f/trybuild-1.0.116/src/lib.rs:342:38
[INFO] [stdout]   21:     0x62e17192e9d7 - core[a373ad73a504971]::ptr::drop_glue::<trybuild[670f94f750dd9cdb]::TestCases>
[INFO] [stdout]                                at /rustc/e3feeb59cd1bdd011a2bfcc0747b55125d9b8527/library/core/src/ptr/mod.rs:848:1
[INFO] [stdout]   22:     0x62e17192ed7e - compile_fail[d7c930989a2aba8a]::compile_fail
[INFO] [stdout]                                at /opt/rustwide/workdir/tests/compile_fail.rs:31:1
[INFO] [stdout]   23:     0x62e17192eb37 - compile_fail[d7c930989a2aba8a]::compile_fail::{closure#0}
[INFO] [stdout]                                at /opt/rustwide/workdir/tests/compile_fail.rs:2:18
[INFO] [stdout]   24:     0x62e17192f1e6 - <compile_fail[d7c930989a2aba8a]::compile_fail::{closure#0} as core[a373ad73a504971]::ops::function::FnOnce<()>>::call_once
[INFO] [stdout]                                at /rustc/e3feeb59cd1bdd011a2bfcc0747b55125d9b8527/library/core/src/ops/function.rs:250:5
[INFO] [stdout]   25:     0x62e171b4e15b - <fn() -> core[a373ad73a504971]::result::Result<(), alloc[2e1b2a31b91974c5]::string::String> as core[a373ad73a504971]::ops::function::FnOnce<()>>::call_once
[INFO] [stdout]                                at /rustc/e3feeb59cd1bdd011a2bfcc0747b55125d9b8527/library/core/src/ops/function.rs:250:5
[INFO] [stdout]   26:     0x62e171b4e15b - test[aada8e7e76ba119b]::__rust_begin_short_backtrace::<core[a373ad73a504971]::result::Result<(), alloc[2e1b2a31b91974c5]::string::String>, fn() -> core[a373ad73a504971]::result::Result<(), alloc[2e1b2a31b91974c5]::string::String>>
[INFO] [stdout]                                at /rustc/e3feeb59cd1bdd011a2bfcc0747b55125d9b8527/library/test/src/lib.rs:701:18
[INFO] [stdout]   27:     0x62e171b5b335 - test[aada8e7e76ba119b]::run_test_in_process::{closure#0}
[INFO] [stdout]                                at /rustc/e3feeb59cd1bdd011a2bfcc0747b55125d9b8527/library/test/src/lib.rs:724:74
[INFO] [stdout]   28:     0x62e171b5b335 - <core[a373ad73a504971]::panic::unwind_safe::AssertUnwindSafe<test[aada8e7e76ba119b]::run_test_in_process::{closure#0}> as core[a373ad73a504971]::ops::function::FnOnce<()>>::call_once
[INFO] [stdout]                                at /rustc/e3feeb59cd1bdd011a2bfcc0747b55125d9b8527/library/core/src/panic/unwind_safe.rs:275:9
[INFO] [stdout]   29:     0x62e171b5b335 - std[617be2ca0a6fd877]::panicking::catch_unwind::do_call::<core[a373ad73a504971]::panic::unwind_safe::AssertUnwindSafe<test[aada8e7e76ba119b]::run_test_in_process::{closure#0}>, core[a373ad73a504971]::result::Result<(), alloc[2e1b2a31b91974c5]::string::String>>
[INFO] [stdout]                                at /rustc/e3feeb59cd1bdd011a2bfcc0747b55125d9b8527/library/std/src/panicking.rs:573:43
[INFO] [stdout]   30:     0x62e171b5b335 - std[617be2ca0a6fd877]::panicking::catch_unwind::<core[a373ad73a504971]::result::Result<(), alloc[2e1b2a31b91974c5]::string::String>, core[a373ad73a504971]::panic::unwind_safe::AssertUnwindSafe<test[aada8e7e76ba119b]::run_test_in_process::{closure#0}>>
[INFO] [stdout]                                at /rustc/e3feeb59cd1bdd011a2bfcc0747b55125d9b8527/library/std/src/panicking.rs:541:19
[INFO] [stdout]   31:     0x62e171b5b335 - std[617be2ca0a6fd877]::panic::catch_unwind::<core[a373ad73a504971]::panic::unwind_safe::AssertUnwindSafe<test[aada8e7e76ba119b]::run_test_in_process::{closure#0}>, core[a373ad73a504971]::result::Result<(), alloc[2e1b2a31b91974c5]::string::String>>
[INFO] [stdout]                                at /rustc/e3feeb59cd1bdd011a2bfcc0747b55125d9b8527/library/std/src/panic.rs:359:14
[INFO] [stdout]   32:     0x62e171b5b335 - test[aada8e7e76ba119b]::run_test_in_process
[INFO] [stdout]                                at /rustc/e3feeb59cd1bdd011a2bfcc0747b55125d9b8527/library/test/src/lib.rs:724:27
[INFO] [stdout]   33:     0x62e171b5b335 - test[aada8e7e76ba119b]::run_test::{closure#0}
[INFO] [stdout]                                at /rustc/e3feeb59cd1bdd011a2bfcc0747b55125d9b8527/library/test/src/lib.rs:645:43
[INFO] [stdout]   34:     0x62e171b54c24 - test[aada8e7e76ba119b]::run_test::{closure#1}
[INFO] [stdout]                                at /rustc/e3feeb59cd1bdd011a2bfcc0747b55125d9b8527/library/test/src/lib.rs:675:41
[INFO] [stdout]   35:     0x62e171b54c24 - std[617be2ca0a6fd877]::sys::backtrace::__rust_begin_short_backtrace::<test[aada8e7e76ba119b]::run_test::{closure#1}, ()>
[INFO] [stdout]                                at /rustc/e3feeb59cd1bdd011a2bfcc0747b55125d9b8527/library/std/src/sys/backtrace.rs:166:18
[INFO] [stdout]   36:     0x62e171b5e3c2 - std[617be2ca0a6fd877]::thread::lifecycle::spawn_unchecked::<test[aada8e7e76ba119b]::run_test::{closure#1}, ()>::{closure#1}::{closure#0}
[INFO] [stdout]                                at /rustc/e3feeb59cd1bdd011a2bfcc0747b55125d9b8527/library/std/src/thread/lifecycle.rs:70:13
[INFO] [stdout]   37:     0x62e171b5e3c2 - <core[a373ad73a504971]::panic::unwind_safe::AssertUnwindSafe<std[617be2ca0a6fd877]::thread::lifecycle::spawn_unchecked<test[aada8e7e76ba119b]::run_test::{closure#1}, ()>::{closure#1}::{closure#0}> as core[a373ad73a504971]::ops::function::FnOnce<()>>::call_once
[INFO] [stdout]                                at /rustc/e3feeb59cd1bdd011a2bfcc0747b55125d9b8527/library/core/src/panic/unwind_safe.rs:275:9
[INFO] [stdout]   38:     0x62e171b5e3c2 - std[617be2ca0a6fd877]::panicking::catch_unwind::do_call::<core[a373ad73a504971]::panic::unwind_safe::AssertUnwindSafe<std[617be2ca0a6fd877]::thread::lifecycle::spawn_unchecked<test[aada8e7e76ba119b]::run_test::{closure#1}, ()>::{closure#1}::{closure#0}>, ()>
[INFO] [stdout]                                at /rustc/e3feeb59cd1bdd011a2bfcc0747b55125d9b8527/library/std/src/panicking.rs:573:43
[INFO] [stdout]   39:     0x62e171b5e3c2 - std[617be2ca0a6fd877]::panicking::catch_unwind::<(), core[a373ad73a504971]::panic::unwind_safe::AssertUnwindSafe<std[617be2ca0a6fd877]::thread::lifecycle::spawn_unchecked<test[aada8e7e76ba119b]::run_test::{closure#1}, ()>::{closure#1}::{closure#0}>>
[INFO] [stdout]                                at /rustc/e3feeb59cd1bdd011a2bfcc0747b55125d9b8527/library/std/src/panicking.rs:541:19
[INFO] [stdout]   40:     0x62e171b5e3c2 - std[617be2ca0a6fd877]::panic::catch_unwind::<core[a373ad73a504971]::panic::unwind_safe::AssertUnwindSafe<std[617be2ca0a6fd877]::thread::lifecycle::spawn_unchecked<test[aada8e7e76ba119b]::run_test::{closure#1}, ()>::{closure#1}::{closure#0}>, ()>
[INFO] [stdout]                                at /rustc/e3feeb59cd1bdd011a2bfcc0747b55125d9b8527/library/std/src/panic.rs:359:14
[INFO] [stdout]   41:     0x62e171b5e3c2 - std[617be2ca0a6fd877]::thread::lifecycle::spawn_unchecked::<test[aada8e7e76ba119b]::run_test::{closure#1}, ()>::{closure#1}
[INFO] [stdout]                                at /rustc/e3feeb59cd1bdd011a2bfcc0747b55125d9b8527/library/std/src/thread/lifecycle.rs:68:26
[INFO] [stdout]   42:     0x62e171b5e3c2 - <std[617be2ca0a6fd877]::thread::lifecycle::spawn_unchecked<test[aada8e7e76ba119b]::run_test::{closure#1}, ()>::{closure#1} as core[a373ad73a504971]::ops::function::FnOnce<()>>::call_once::{shim:vtable#0}
[INFO] [stdout]                                at /rustc/e3feeb59cd1bdd011a2bfcc0747b55125d9b8527/library/core/src/ops/function.rs:250:5
[INFO] [stdout]   43:     0x62e171bc941f - <alloc[2e1b2a31b91974c5]::boxed::Box<dyn core[a373ad73a504971]::ops::function::FnOnce<(), Output = ()> + core[a373ad73a504971]::marker::Send> as core[a373ad73a504971]::ops::function::FnOnce<()>>::call_once
[INFO] [stdout]                                at /rustc/e3feeb59cd1bdd011a2bfcc0747b55125d9b8527/library/alloc/src/boxed.rs:2314:9
[INFO] [stdout]   44:     0x62e171bc941f - <std[617be2ca0a6fd877]::sys::thread::unix::Thread>::new::thread_start
[INFO] [stdout]                                at /rustc/e3feeb59cd1bdd011a2bfcc0747b55125d9b8527/library/std/src/sys/thread/unix.rs:127:17
[INFO] [stdout]   45:     0x78db541d2dfa - <unknown>
[INFO] [stdout]   46:     0x78db542663d4 - clone
[INFO] [stdout]   47:                0x0 - <unknown>
[INFO] [stdout] 
[INFO] [stdout] 
[INFO] [stdout] failures:
[INFO] [stdout]     compile_fail
[INFO] [stdout] 
[INFO] [stdout] test result: FAILED. 0 passed; 1 failed; 0 ignored; 0 measured; 0 filtered out; finished in 34.04s
[INFO] [stdout] 
[INFO] [stderr] error: test failed, to rerun pass `--test compile_fail`
[INFO] running `Command { std: "docker" "inspect" "3d5c012f8d7b2b45b2caaabf7133db4112ab5f6dcfda3867272c40216e2fbd3a", kill_on_drop: false }`
[INFO] running `Command { std: "docker" "rm" "-f" "3d5c012f8d7b2b45b2caaabf7133db4112ab5f6dcfda3867272c40216e2fbd3a", kill_on_drop: false }`
[INFO] [stdout] 3d5c012f8d7b2b45b2caaabf7133db4112ab5f6dcfda3867272c40216e2fbd3a
