[INFO] fetching crate rs-linux-exporter 0.1.6...
[INFO] testing rs-linux-exporter-0.1.6 against 1.100.0-beta.1 for beta-1.100-2
[INFO] extracting crate rs-linux-exporter 0.1.6 into /workspace/builds/worker-5-tc2/source
[INFO] started tweaking crates.io crate rs-linux-exporter 0.1.6
[INFO] removed 0 missing tests
[INFO] finished tweaking crates.io crate rs-linux-exporter 0.1.6
[INFO] tweaked toml for crates.io crate rs-linux-exporter 0.1.6 written to /workspace/builds/worker-5-tc2/source/Cargo.toml
[INFO] validating manifest of crates.io crate rs-linux-exporter 0.1.6 on toolchain 1.100.0-beta.1
[INFO] running `Command { std: CARGO_HOME="/workspace/cargo-home" RUSTUP_HOME="/workspace/rustup-home" "/workspace/cargo-home/bin/cargo" "+1.100.0-beta.1" "metadata" "--manifest-path" "Cargo.toml" "--no-deps", kill_on_drop: false }`
[INFO] crate crates.io crate rs-linux-exporter 0.1.6 already has a lockfile, it will not be regenerated
[INFO] running `Command { std: CARGO_HOME="/workspace/cargo-home" RUSTUP_HOME="/workspace/rustup-home" "/workspace/cargo-home/bin/cargo" "+1.100.0-beta.1" "fetch" "--manifest-path" "Cargo.toml", kill_on_drop: false }`
[INFO] [stderr] warning: `package.homepage` is redundant with `package.repository`
[INFO] [stderr]   --> Cargo.toml:47:12
[INFO] [stderr]    |
[INFO] [stderr] 47 | homepage = "https://github.com/nuclearcat/rs-linux-exporter"
[INFO] [stderr]    |            ^^^^^^^^^^^^^^^^^^^^^^^^^^^^^^^^^^^^^^^^^^^^^^^^^
[INFO] [stderr] ...
[INFO] [stderr] 52 | repository = "https://github.com/nuclearcat/rs-linux-exporter"
[INFO] [stderr]    |              -------------------------------------------------
[INFO] [stderr]    |
[INFO] [stderr]    = note: `cargo::redundant_homepage` is set to `warn` by default
[INFO] [stderr] help: consider removing `package.homepage`
[INFO] [stderr] warning: `rs-linux-exporter` (manifest) generated 1 warning
[INFO] running `Command { std: "docker" "create" "-v" "/var/lib/crater-agent-workspace/builds/worker-5-tc2/source:/opt/rustwide/workdir:ro,Z" "-v" "/var/lib/crater-agent-workspace/builds/worker-5-tc2/target:/opt/rustwide/target:rw,Z" "-v" "/var/lib/crater-agent-workspace/cargo-home:/opt/rustwide/cargo-home:ro,Z" "-v" "/var/lib/crater-agent-workspace/rustup-home:/opt/rustwide/rustup-home:ro,Z" "-m" "1610612736" "--network" "none" "ghcr.io/rust-lang/crates-build-env/linux@sha256:3111399a4047eeb3a02b7a90e478d715f38a8c6669b5c4b49d30a17385265909" "sleep" "infinity", kill_on_drop: false }`
[INFO] [stdout] 89b8acf2118d47a5ef55b111e2363c3d1929cbffda79056cf746eb57f3cc0258
[INFO] running `Command { std: "docker" "start" "89b8acf2118d47a5ef55b111e2363c3d1929cbffda79056cf746eb57f3cc0258", kill_on_drop: false }`
[INFO] running `Command { std: "docker" "inspect" "89b8acf2118d47a5ef55b111e2363c3d1929cbffda79056cf746eb57f3cc0258", kill_on_drop: false }`
[INFO] running `Command { std: "docker" "exec" "-e" "SOURCE_DIR=/opt/rustwide/workdir" "-e" "CARGO_HOME=/opt/rustwide/cargo-home" "-e" "RUSTUP_HOME=/opt/rustwide/rustup-home" "-e" "CARGO_TARGET_DIR=/opt/rustwide/target" "-w" "/opt/rustwide/workdir" "--user" "0:0" "89b8acf2118d47a5ef55b111e2363c3d1929cbffda79056cf746eb57f3cc0258" "/opt/rustwide/cargo-home/bin/cargo" "+1.100.0-beta.1" "metadata" "--no-deps" "--format-version=1", kill_on_drop: false }`
[INFO] running `Command { std: "docker" "inspect" "89b8acf2118d47a5ef55b111e2363c3d1929cbffda79056cf746eb57f3cc0258", kill_on_drop: false }`
[INFO] running `Command { std: "docker" "exec" "-e" "SOURCE_DIR=/opt/rustwide/workdir" "-e" "CARGO_HOME=/opt/rustwide/cargo-home" "-e" "RUSTUP_HOME=/opt/rustwide/rustup-home" "-e" "CARGO_TARGET_DIR=/opt/rustwide/target" "-e" "CARGO_INCREMENTAL=0" "-e" "RUST_BACKTRACE=full" "-e" "RUSTFLAGS=--cap-lints=warn" "-e" "RUSTDOCFLAGS=--cap-lints=warn" "-w" "/opt/rustwide/workdir" "--user" "0:0" "89b8acf2118d47a5ef55b111e2363c3d1929cbffda79056cf746eb57f3cc0258" "/opt/rustwide/cargo-home/bin/cargo" "+1.100.0-beta.1" "build" "--frozen" "--message-format=json", kill_on_drop: false }`
[INFO] [stderr] warning: `package.homepage` is redundant with `package.repository`
[INFO] [stderr]   --> Cargo.toml:47:12
[INFO] [stderr]    |
[INFO] [stderr] 47 | homepage = "https://github.com/nuclearcat/rs-linux-exporter"
[INFO] [stderr]    |            ^^^^^^^^^^^^^^^^^^^^^^^^^^^^^^^^^^^^^^^^^^^^^^^^^
[INFO] [stderr] ...
[INFO] [stderr] 52 | repository = "https://github.com/nuclearcat/rs-linux-exporter"
[INFO] [stderr]    |              -------------------------------------------------
[INFO] [stderr]    |
[INFO] [stderr]    = note: `cargo::redundant_homepage` is set to `warn` by default
[INFO] [stderr] help: consider removing `package.homepage`
[INFO] [stderr] warning: `rs-linux-exporter` (manifest) generated 1 warning
[INFO] [stderr]    Compiling proc-macro2 v1.0.105
[INFO] [stderr]    Compiling quote v1.0.43
[INFO] [stderr]    Compiling libc v0.2.180
[INFO] [stderr]    Compiling proc-macro2-diagnostics v0.10.1
[INFO] [stderr]    Compiling yansi v1.0.1
[INFO] [stderr]    Compiling serde v1.0.228
[INFO] [stderr]    Compiling find-msvc-tools v0.1.7
[INFO] [stderr]    Compiling time-core v0.1.7
[INFO] [stderr]    Compiling http v0.2.12
[INFO] [stderr]    Compiling tracing-core v0.1.36
[INFO] [stderr]    Compiling indexmap v2.13.0
[INFO] [stderr]    Compiling futures-sink v0.3.31
[INFO] [stderr]    Compiling zerocopy v0.8.33
[INFO] [stderr]    Compiling futures-core v0.3.31
[INFO] [stderr]    Compiling inlinable_string v0.1.15
[INFO] [stderr]    Compiling futures-util v0.3.31
[INFO] [stderr]    Compiling cookie v0.18.1
[INFO] [stderr]    Compiling winnow v0.7.14
[INFO] [stderr]    Compiling time-macros v0.2.25
[INFO] [stderr]    Compiling cc v1.2.52
[INFO] [stderr]    Compiling futures-task v0.3.31
[INFO] [stderr]    Compiling num-traits v0.2.19
[INFO] [stderr]    Compiling futures-channel v0.3.31
[INFO] [stderr]    Compiling block-padding v0.3.3
[INFO] [stderr]    Compiling uncased v0.9.10
[INFO] [stderr]    Compiling rustls v0.21.12
[INFO] [stderr]    Compiling rustix v1.1.3
[INFO] [stderr]    Compiling bitflags v2.10.0
[INFO] [stderr]    Compiling inout v0.1.4
[INFO] [stderr]    Compiling stable-pattern v0.1.0
[INFO] [stderr]    Compiling linux-raw-sys v0.11.0
[INFO] [stderr]    Compiling futures-io v0.3.31
[INFO] [stderr]    Compiling either v1.15.0
[INFO] [stderr]    Compiling tracing v0.1.44
[INFO] [stderr]    Compiling toml_write v0.1.2
[INFO] [stderr]    Compiling state v0.6.0
[INFO] [stderr]    Compiling http-body v0.4.6
[INFO] [stderr]    Compiling cipher v0.4.4
[INFO] [stderr]    Compiling syn v2.0.114
[INFO] [stderr]    Compiling multer v3.1.0
[INFO] [stderr]    Compiling figment v0.10.19
[INFO] [stderr]    Compiling time v0.3.45
[INFO] [stderr]    Compiling base64 v0.21.7
[INFO] [stderr]    Compiling protobuf v3.7.2
[INFO] [stderr]    Compiling zmij v1.0.14
[INFO] [stderr]    Compiling simd-adler32 v0.3.8
[INFO] [stderr]    Compiling log v0.4.29
[INFO] [stderr]    Compiling mio v1.1.1
[INFO] [stderr]    Compiling socket2 v0.6.1
[INFO] [stderr]    Compiling socket2 v0.5.10
[INFO] [stderr]    Compiling futures v0.3.31
[INFO] [stderr]    Compiling rustls-pemfile v1.0.4
[INFO] [stderr]    Compiling miniz_oxide v0.8.9
[INFO] [stderr]    Compiling getrandom v0.2.17
[INFO] [stderr]    Compiling errno v0.3.14
[INFO] [stderr]    Compiling ring v0.17.14
[INFO] [stderr]    Compiling signal-hook-registry v1.4.8
[INFO] [stderr]    Compiling is-terminal v0.4.17
[INFO] [stderr]    Compiling rand_core v0.6.4
[INFO] [stderr]    Compiling tokio v1.49.0
[INFO] [stderr]    Compiling parking_lot_core v0.9.12
[INFO] [stderr]    Compiling chrono v0.4.43
[INFO] [stderr]    Compiling getrandom v0.3.4
[INFO] [stderr]    Compiling parking_lot v0.12.5
[INFO] [stderr]    Compiling ppv-lite86 v0.2.21
[INFO] [stderr]    Compiling http v1.4.0
[INFO] [stderr]    Compiling rocket v0.5.1
[INFO] [stderr]    Compiling spin v0.9.8
[INFO] [stderr]    Compiling procfs v0.18.0
[INFO] [stderr]    Compiling prometheus v0.14.0
[INFO] [stderr]    Compiling nonmax v0.5.5
[INFO] [stderr]    Compiling glob v0.3.3
[INFO] [stderr]    Compiling flate2 v1.1.8
[INFO] [stderr]    Compiling rand_chacha v0.3.1
[INFO] [stderr]    Compiling toml_parser v1.0.6+spec-1.1.0
[INFO] [stderr]    Compiling nix v0.26.4
[INFO] [stderr]    Compiling num_cpus v1.17.0
[INFO] [stderr]    Compiling aes v0.8.4
[INFO] [stderr]    Compiling rand v0.8.5
[INFO] [stderr]    Compiling cbc v0.1.2
[INFO] [stderr]    Compiling procfs-core v0.18.0
[INFO] [stderr]    Compiling ipmi-rs-core v0.5.0
[INFO] [stderr]    Compiling hmac v0.12.1
[INFO] [stderr]    Compiling toml_datetime v0.7.5+spec-1.1.0
[INFO] [stderr]    Compiling serde_spanned v1.0.4
[INFO] [stderr]    Compiling atomic v0.5.3
[INFO] [stderr]    Compiling binascii v0.1.4
[INFO] [stderr]    Compiling toml_writer v1.0.6+spec-1.1.0
[INFO] [stderr]    Compiling tempfile v3.24.0
[INFO] [stderr]    Compiling md5 v0.7.0
[INFO] [stderr]    Compiling serde_json v1.0.149
[INFO] [stderr]    Compiling toml v0.9.11+spec-1.1.0
[INFO] [stderr]    Compiling ipmi-rs v0.5.0
[INFO] [stderr]    Compiling hyper v0.14.32
[INFO] [stderr]    Compiling devise_core v0.4.2
[INFO] [stderr]    Compiling serde_derive v1.0.228
[INFO] [stderr]    Compiling tokio-macros v2.6.0
[INFO] [stderr]    Compiling pear_codegen v0.2.9
[INFO] [stderr]    Compiling ref-cast-impl v1.0.25
[INFO] [stderr]    Compiling thiserror-impl v1.0.69
[INFO] [stderr]    Compiling devise_codegen v0.4.2
[INFO] [stderr]    Compiling async-stream-impl v0.3.6
[INFO] [stderr]    Compiling thiserror-impl v2.0.17
[INFO] [stderr]    Compiling async-trait v0.1.89
[INFO] [stderr]    Compiling async-stream v0.3.6
[INFO] [stderr]    Compiling devise v0.4.2
[INFO] [stderr]    Compiling pear v0.2.9
[INFO] [stderr]    Compiling ref-cast v1.0.25
[INFO] [stderr]    Compiling thiserror v1.0.69
[INFO] [stderr]    Compiling protobuf-support v3.7.2
[INFO] [stderr]    Compiling thiserror v2.0.17
[INFO] [stderr]    Compiling rocket_http v0.5.1
[INFO] [stderr]    Compiling rustls-webpki v0.101.7
[INFO] [stderr]    Compiling sct v0.7.1
[INFO] [stderr]    Compiling rocket_codegen v0.5.1
[INFO] [stderr]    Compiling serde_spanned v0.6.9
[INFO] [stderr]    Compiling toml_datetime v0.6.11
[INFO] [stderr]    Compiling ubyte v0.10.4
[INFO] [stderr]    Compiling toml_edit v0.22.27
[INFO] [stderr]    Compiling tokio-util v0.7.18
[INFO] [stderr]    Compiling tokio-rustls v0.24.1
[INFO] [stderr]    Compiling tokio-stream v0.1.18
[INFO] [stderr]    Compiling toml v0.8.23
[INFO] [stderr]    Compiling h2 v0.3.27
[INFO] [stderr]    Compiling rs-linux-exporter v0.1.6 (/opt/rustwide/workdir)
[INFO] [stderr]     Finished `dev` profile [unoptimized + debuginfo] target(s) in 1m 25s
[INFO] running `Command { std: "docker" "inspect" "89b8acf2118d47a5ef55b111e2363c3d1929cbffda79056cf746eb57f3cc0258", kill_on_drop: false }`
[INFO] running `Command { std: "docker" "exec" "-e" "SOURCE_DIR=/opt/rustwide/workdir" "-e" "CARGO_HOME=/opt/rustwide/cargo-home" "-e" "RUSTUP_HOME=/opt/rustwide/rustup-home" "-e" "CARGO_TARGET_DIR=/opt/rustwide/target" "-e" "CARGO_INCREMENTAL=0" "-e" "RUST_BACKTRACE=full" "-e" "RUSTFLAGS=--cap-lints=warn" "-e" "RUSTDOCFLAGS=--cap-lints=warn" "-w" "/opt/rustwide/workdir" "--user" "0:0" "89b8acf2118d47a5ef55b111e2363c3d1929cbffda79056cf746eb57f3cc0258" "/opt/rustwide/cargo-home/bin/cargo" "+1.100.0-beta.1" "test" "--frozen" "--no-run" "--message-format=json", kill_on_drop: false }`
[INFO] [stderr] warning: `package.homepage` is redundant with `package.repository`
[INFO] [stderr]   --> Cargo.toml:47:12
[INFO] [stderr]    |
[INFO] [stderr] 47 | homepage = "https://github.com/nuclearcat/rs-linux-exporter"
[INFO] [stderr]    |            ^^^^^^^^^^^^^^^^^^^^^^^^^^^^^^^^^^^^^^^^^^^^^^^^^
[INFO] [stderr] ...
[INFO] [stderr] 52 | repository = "https://github.com/nuclearcat/rs-linux-exporter"
[INFO] [stderr]    |              -------------------------------------------------
[INFO] [stderr]    |
[INFO] [stderr]    = note: `cargo::redundant_homepage` is set to `warn` by default
[INFO] [stderr] help: consider removing `package.homepage`
[INFO] [stderr] warning: `rs-linux-exporter` (manifest) generated 1 warning
[INFO] [stderr]    Compiling rs-linux-exporter v0.1.6 (/opt/rustwide/workdir)
[INFO] [stderr]     Finished `test` profile [unoptimized + debuginfo] target(s) in 5.99s
[INFO] running `Command { std: "docker" "inspect" "89b8acf2118d47a5ef55b111e2363c3d1929cbffda79056cf746eb57f3cc0258", kill_on_drop: false }`
[INFO] running `Command { std: "docker" "exec" "-e" "SOURCE_DIR=/opt/rustwide/workdir" "-e" "CARGO_HOME=/opt/rustwide/cargo-home" "-e" "RUSTUP_HOME=/opt/rustwide/rustup-home" "-e" "CARGO_TARGET_DIR=/opt/rustwide/target" "-e" "CARGO_INCREMENTAL=0" "-e" "RUST_BACKTRACE=full" "-e" "RUSTFLAGS=--cap-lints=warn" "-e" "RUSTDOCFLAGS=--cap-lints=warn" "-w" "/opt/rustwide/workdir" "--user" "0:0" "89b8acf2118d47a5ef55b111e2363c3d1929cbffda79056cf746eb57f3cc0258" "/opt/rustwide/cargo-home/bin/cargo" "+1.100.0-beta.1" "test" "--frozen", kill_on_drop: false }`
[INFO] [stderr] warning: `package.homepage` is redundant with `package.repository`
[INFO] [stderr]   --> Cargo.toml:47:12
[INFO] [stderr]    |
[INFO] [stderr] 47 | homepage = "https://github.com/nuclearcat/rs-linux-exporter"
[INFO] [stderr]    |            ^^^^^^^^^^^^^^^^^^^^^^^^^^^^^^^^^^^^^^^^^^^^^^^^^
[INFO] [stderr] ...
[INFO] [stderr] 52 | repository = "https://github.com/nuclearcat/rs-linux-exporter"
[INFO] [stderr]    |              -------------------------------------------------
[INFO] [stderr]    |
[INFO] [stderr]    = note: `cargo::redundant_homepage` is set to `warn` by default
[INFO] [stderr] help: consider removing `package.homepage`
[INFO] [stderr] warning: `rs-linux-exporter` (manifest) generated 1 warning
[INFO] [stderr]     Finished `test` profile [unoptimized + debuginfo] target(s) in 0.16s
[INFO] [stderr]      Running unittests src/main.rs (/opt/rustwide/target/debug/build/rs-linux-exporter/9bbee942104e7ac6/out/rs_linux_exporter-9bbee942104e7ac6)
[INFO] [stdout] 
[INFO] [stdout] running 94 tests
[INFO] [stdout] test config::tests::test_allowed_ip_matches_ip ... ok
[INFO] [stdout] test config::tests::test_allowed_ip_matches_ipv4_mapped_ipv6 ... ok
[INFO] [stdout] test config::tests::test_allowed_ip_still_matches_real_ipv6 ... ok
[INFO] [stdout] test config::tests::test_build_disabled_set_from_vec ... ok
[INFO] [stdout] test config::tests::test_check_path_available_missing_path ... ok
[INFO] [stdout] test config::tests::test_default_config_all_enabled ... ok
[INFO] [stdout] test config::tests::test_constant_time_eq ... ok
[INFO] [stdout] test config::tests::test_disable_datasource ... ok
[INFO] [stdout] test config::tests::test_check_path_available_empty_dir ... ok
[INFO] [stdout] test config::tests::test_token_validation_no_token_configured ... ok
[INFO] [stdout] test config::tests::test_check_path_available_no_entries_required ... ok
[INFO] [stdout] test config::tests::test_token_validation_with_token_configured ... ok
[INFO] [stdout] test datasource_conntrack::tests::test_attr_type_to_name ... ok
[INFO] [stdout] test datasource_conntrack::tests::test_create_stats_request ... ok
[INFO] [stdout] test config::tests::test_check_path_available_with_entries ... ok
[INFO] [stdout] test datasource_edac::tests::test_read_string_trims_whitespace ... ok
[INFO] [stdout] test datasource_edac::tests::test_read_u64_handles_invalid ... ok
[INFO] [stdout] test datasource_edac::tests::test_read_u64_parses_integer ... ok
[INFO] [stdout] test datasource_hwmon::tests::test_get_sensor_label_fallback ... ok
[INFO] [stdout] test datasource_hwmon::tests::test_update_hwmon_device_skips_without_name ... ok
[INFO] [stdout] test datasource_edac::tests::test_update_memory_controller ... ok
[INFO] [stdout] test datasource_hwmon::tests::test_update_metrics_from_path_handles_empty_dir ... ok
[INFO] [stdout] test datasource_ipmi::tests::ones_complement_negative_values_keep_their_sign ... ok
[INFO] [stdout] test datasource_ipmi::tests::ones_complement_positive_values_are_unchanged ... ok
[INFO] [stdout] test datasource_edac::tests::test_update_memory_controller_with_dimms ... ok
[INFO] [stdout] test datasource_netdev_sysfs::tests::autoneg_numeric_flag_is_no_longer_unknown ... ok
[INFO] [stdout] test datasource_netdev_sysfs::tests::autoneg_numeric_flag_maps_to_a_known_state ... ok
[INFO] [stdout] test datasource_netdev_sysfs::tests::operstate_and_duplex_are_classified ... ok
[INFO] [stdout] test datasource_numa::tests::test_parse_meminfo ... ok
[INFO] [stdout] test datasource_numa::tests::test_parse_meminfo_handles_absurd_value ... ok
[INFO] [stdout] test datasource_numa::tests::test_parse_meminfo_handles_empty ... ok
[INFO] [stdout] test datasource_ethtool::tests::parse_attrs_handles_unpadded_trailing_attribute ... ok
[INFO] [stdout] test datasource_numa::tests::test_parse_meminfo_handles_malformed ... ok
[INFO] [stdout] test datasource_numa::tests::test_parse_numastat ... ok
[INFO] [stdout] test datasource_numa::tests::test_parse_numastat_handles_empty ... ok
[INFO] [stdout] test datasource_netdev_sysfs::tests::update_interface_reads_sysfs_attributes ... ok
[INFO] [stdout] test datasource_numa::tests::test_parse_numastat_handles_malformed ... ok
[INFO] [stdout] test datasource_edac::tests::test_update_metrics_from_path_filters_non_mc ... ok
[INFO] [stdout] test datasource_ethtool::tests::parse_attrs_reads_a_well_formed_attribute ... ok
[INFO] [stdout] test datasource_ethtool::tests::parse_attrs_stops_on_a_truncated_header ... ok
[INFO] [stdout] test datasource_numa::tests::test_read_string_trims_whitespace ... ok
[INFO] [stdout] test datasource_hwmon::tests::test_get_sensor_label_with_label_file ... ok
[INFO] [stdout] test datasource_numa::tests::test_update_metrics_from_path_handles_empty_dir ... ok
[INFO] [stdout] test datasource_hwmon::tests::test_read_value_handles_invalid ... ok
[INFO] [stdout] test datasource_hwmon::tests::test_read_string_trims_whitespace ... ok
[INFO] [stdout] test datasource_numa::tests::test_update_numa_node ... ok
[INFO] [stdout] test datasource_nvme::tests::test_read_string_trims_whitespace ... ok
[INFO] [stdout] test datasource_hwmon::tests::test_read_value_parses_integer ... ok
[INFO] [stdout] test datasource_edac::tests::test_update_metrics_from_path_handles_empty_dir ... ok
[INFO] [stdout] test datasource_numa::tests::test_update_numa_node_missing_files ... ok
[INFO] [stdout] test datasource_nvme::tests::test_read_string_missing_file ... ok
[INFO] [stdout] test datasource_power_supply::tests::test_read_i64_parses_integer ... ok
[INFO] [stdout] test datasource_hwmon::tests::test_update_hwmon_device_with_fan_sensor ... ok
[INFO] [stdout] test datasource_numa::tests::test_update_metrics_from_path_filters_non_nodes ... ok
[INFO] [stdout] test datasource_power_supply::tests::test_read_string_trims_whitespace ... ok
[INFO] [stdout] test datasource_hwmon::tests::test_update_hwmon_device_with_temp_sensor ... ok
[INFO] [stdout] test datasource_edac::tests::test_update_dimm ... ok
[INFO] [stdout] test datasource_numa::tests::test_update_metrics_from_path ... ok
[INFO] [stdout] test datasource_power_supply::tests::test_update_power_supply_battery ... ok
[INFO] [stdout] test datasource_hwmon::tests::test_update_hwmon_device_with_voltage_sensor ... ok
[INFO] [stdout] test datasource_nvme::tests::test_update_nvme_device_parses_attributes ... ok
[INFO] [stdout] test datasource_power_supply::tests::test_update_power_supply_with_energy ... ok
[INFO] [stdout] test datasource_procfs::tests::tcp_state_labels_cover_every_variant ... ok
[INFO] [stdout] test datasource_rapl::tests::test_read_string_trims_whitespace ... ok
[INFO] [stdout] test datasource_procfs::tests::udp_state_labels_cover_every_variant ... ok
[INFO] [stdout] test datasource_power_supply::tests::test_update_power_supply_missing_type ... ok
[INFO] [stdout] test datasource_nvme::tests::test_update_metrics_from_path_filters_non_nvme ... ok
[INFO] [stdout] test datasource_power_supply::tests::test_update_power_supply_ac_adapter ... ok
[INFO] [stdout] test datasource_power_supply::tests::test_read_i64_handles_negative ... ok
[INFO] [stdout] test datasource_rapl::tests::test_read_u64_handles_invalid ... ok
[INFO] [stdout] test datasource_rapl::tests::test_read_u64_parses_integer ... ok
[INFO] [stdout] test datasource_edac::tests::test_update_memory_controller_with_ranks ... ok
[INFO] [stdout] test datasource_rapl::tests::test_update_rapl_zone_missing_name ... ok
[INFO] [stdout] test datasource_rapl::tests::test_update_rapl_zone_reads_energy ... ok
[INFO] [stdout] test datasource_power_supply::tests::test_update_power_supply_with_voltage ... ok
[INFO] [stdout] test datasource_thermal::tests::test_read_i64_handles_negative ... ok
[INFO] [stdout] test datasource_thermal::tests::test_trip_point_index_rejects_overlapping_name ... ok
[INFO] [stdout] test datasource_thermal::tests::test_trip_point_index_extracts_number ... ok
[INFO] [stdout] test datasource_thermal::tests::test_read_i64_parses_integer ... ok
[INFO] [stdout] test datasource_rapl::tests::test_update_rapl_zone_with_subzones ... ok
[INFO] [stdout] test datasource_thermal::tests::test_read_string_trims_whitespace ... ok
[INFO] [stdout] test datasource_thermal::tests::test_update_cooling_device ... ok
[INFO] [stdout] test datasource_thermal::tests::test_update_thermal_zone_reads_temp ... ok
[INFO] [stdout] test datasource_thermal::tests::test_update_thermal_zone_survives_overlapping_filename ... ok
[INFO] [stdout] test datasource_thermal::tests::test_update_cooling_device_missing_type ... ok
[INFO] [stdout] test datasource_thermal::tests::test_update_thermal_zone_with_trip_points ... ok
[INFO] [stdout] test tests::unknown_endpoint_returns_404 ... ok
[INFO] [stdout] test tests::index_returns_hint ... ok
[INFO] [stdout] test tests::metrics_endpoint_denies_unlisted_ip ... ok
[INFO] [stdout] test tests::metrics_endpoint_returns_ok ... ok
[INFO] [stdout] test tests::metrics_endpoint_contains_help_and_type ... ok
[INFO] [stdout] test tests::metrics_endpoint_exposes_prometheus_text ... ok
[INFO] [stdout] test tests::metrics_endpoint_has_correct_content_type ... ok
[INFO] [stdout] test tests::metrics_endpoint_increments_counter ... ok
[INFO] [stdout] 
[INFO] [stdout] test result: ok. 94 passed; 0 failed; 0 ignored; 0 measured; 0 filtered out; finished in 0.15s
[INFO] [stdout] 
[INFO] [stderr]      Running tests/integration_tests.rs (/opt/rustwide/target/debug/build/rs-linux-exporter/9514ac1c9ce83fc0/out/integration_tests-9514ac1c9ce83fc0)
[INFO] [stdout] 
[INFO] [stdout] running 9 tests
[INFO] [stdout] test unparseable_config_is_fatal ... ok
[INFO] [stdout] test unknown_path_is_not_found ... FAILED
[INFO] [stdout] test token_is_checked_before_the_address_allowlist ... ok
[INFO] [stdout] test client_outside_the_allowlist_is_denied ... ok
[INFO] [stdout] test x_real_ip_header_cannot_forge_an_allowlisted_address ... ok
[INFO] [stdout] test allowlisted_client_gets_prometheus_exposition ... ok
[INFO] [stdout] test auth_token_is_required_when_configured ... ok
[INFO] [stdout] test json_endpoint_returns_the_same_metrics ... ok
[INFO] [stdout] test repeated_scrapes_do_not_accumulate_series ... ok
[INFO] [stdout] 
[INFO] [stdout] failures:
[INFO] [stdout] 
[INFO] [stdout] ---- unknown_path_is_not_found stdout ----
[INFO] [stdout] 
[INFO] [stdout] thread 'unknown_path_is_not_found' (2756) panicked at tests/integration_tests.rs:97:34:
[INFO] [stdout] read response: Os { code: 104, kind: ConnectionReset, message: "Connection reset by peer" }
[INFO] [stdout] stack backtrace:
[INFO] [stdout]    0:     0x603f6dd16b61 - std[617be2ca0a6fd877]::backtrace_rs::backtrace::libunwind::trace
[INFO] [stdout]                                at /rustc/e3feeb59cd1bdd011a2bfcc0747b55125d9b8527/library/std/src/../../backtrace/src/backtrace/libunwind.rs:117:9
[INFO] [stdout]    1:     0x603f6dd16b61 - std[617be2ca0a6fd877]::backtrace_rs::backtrace::trace_unsynchronized::<std[617be2ca0a6fd877]::sys::backtrace::_print_fmt::{closure#1}>
[INFO] [stdout]                                at /rustc/e3feeb59cd1bdd011a2bfcc0747b55125d9b8527/library/std/src/../../backtrace/src/backtrace/mod.rs:66:14
[INFO] [stdout]    2:     0x603f6dd16b61 - std[617be2ca0a6fd877]::sys::backtrace::_print_fmt
[INFO] [stdout]                                at /rustc/e3feeb59cd1bdd011a2bfcc0747b55125d9b8527/library/std/src/sys/backtrace.rs:74:9
[INFO] [stdout]    3:     0x603f6dd16b61 - <<std[617be2ca0a6fd877]::sys::backtrace::BacktraceLock>::print::DisplayBacktrace as core[a373ad73a504971]::fmt::Display>::fmt
[INFO] [stdout]                                at /rustc/e3feeb59cd1bdd011a2bfcc0747b55125d9b8527/library/std/src/sys/backtrace.rs:44:26
[INFO] [stdout]    4:     0x603f6dd2bd2a - <core[a373ad73a504971]::fmt::rt::Argument>::fmt
[INFO] [stdout]                                at /rustc/e3feeb59cd1bdd011a2bfcc0747b55125d9b8527/library/core/src/fmt/rt.rs:152:76
[INFO] [stdout]    5:     0x603f6dd2bd2a - core[a373ad73a504971]::fmt::write
[INFO] [stdout]    6:     0x603f6dd1b59c - core[a373ad73a504971]::io::write::default_write_fmt::<alloc[2e1b2a31b91974c5]::vec::Vec<u8>>
[INFO] [stdout]                                at /rustc/e3feeb59cd1bdd011a2bfcc0747b55125d9b8527/library/core/src/io/write.rs:402:11
[INFO] [stdout]    7:     0x603f6dd1b59c - <alloc[2e1b2a31b91974c5]::vec::Vec<u8> as core[a373ad73a504971]::io::write::Write>::write_fmt
[INFO] [stdout]                                at /rustc/e3feeb59cd1bdd011a2bfcc0747b55125d9b8527/library/core/src/io/write.rs:335:13
[INFO] [stdout]    8:     0x603f6dcf0b26 - <std[617be2ca0a6fd877]::sys::backtrace::BacktraceLock>::print
[INFO] [stdout]                                at /rustc/e3feeb59cd1bdd011a2bfcc0747b55125d9b8527/library/std/src/sys/backtrace.rs:47:9
[INFO] [stdout]    9:     0x603f6dcf0b26 - std[617be2ca0a6fd877]::panicking::default_hook::{closure#0}
[INFO] [stdout]                                at /rustc/e3feeb59cd1bdd011a2bfcc0747b55125d9b8527/library/std/src/panicking.rs:289:27
[INFO] [stdout]   10:     0x603f6dd0e0c9 - std[617be2ca0a6fd877]::panicking::default_hook
[INFO] [stdout]                                at /rustc/e3feeb59cd1bdd011a2bfcc0747b55125d9b8527/library/std/src/panicking.rs:313:9
[INFO] [stdout]   11:     0x603f6dc9ca70 - <alloc[2e1b2a31b91974c5]::boxed::Box<dyn for<'a, 'b> core[a373ad73a504971]::ops::function::Fn<(&'a std[617be2ca0a6fd877]::panic::PanicHookInfo<'b>,), Output = ()> + core[a373ad73a504971]::marker::Sync + core[a373ad73a504971]::marker::Send> as core[a373ad73a504971]::ops::function::Fn<(&std[617be2ca0a6fd877]::panic::PanicHookInfo,)>>::call
[INFO] [stdout]                                at /rustc/e3feeb59cd1bdd011a2bfcc0747b55125d9b8527/library/alloc/src/boxed.rs:2328:9
[INFO] [stdout]   12:     0x603f6dc9ca70 - test[aada8e7e76ba119b]::test_main_inner::{closure#0}
[INFO] [stdout]                                at /rustc/e3feeb59cd1bdd011a2bfcc0747b55125d9b8527/library/test/src/lib.rs:137:21
[INFO] [stdout]   13:     0x603f6dd0e282 - <alloc[2e1b2a31b91974c5]::boxed::Box<dyn for<'a, 'b> core[a373ad73a504971]::ops::function::Fn<(&'a std[617be2ca0a6fd877]::panic::PanicHookInfo<'b>,), Output = ()> + core[a373ad73a504971]::marker::Sync + core[a373ad73a504971]::marker::Send> as core[a373ad73a504971]::ops::function::Fn<(&std[617be2ca0a6fd877]::panic::PanicHookInfo,)>>::call
[INFO] [stdout]                                at /rustc/e3feeb59cd1bdd011a2bfcc0747b55125d9b8527/library/alloc/src/boxed.rs:2328:9
[INFO] [stdout]   14:     0x603f6dd0e282 - std[617be2ca0a6fd877]::panicking::panic_with_hook
[INFO] [stdout]                                at /rustc/e3feeb59cd1bdd011a2bfcc0747b55125d9b8527/library/std/src/panicking.rs:819:13
[INFO] [stdout]   15:     0x603f6dcf0bd2 - std[617be2ca0a6fd877]::panicking::panic_handler::{closure#0}
[INFO] [stdout]                                at /rustc/e3feeb59cd1bdd011a2bfcc0747b55125d9b8527/library/std/src/panicking.rs:685:13
[INFO] [stdout]   16:     0x603f6dce9719 - std[617be2ca0a6fd877]::sys::backtrace::__rust_end_short_backtrace::<std[617be2ca0a6fd877]::panicking::panic_handler::{closure#0}, !>
[INFO] [stdout]                                at /rustc/e3feeb59cd1bdd011a2bfcc0747b55125d9b8527/library/std/src/sys/backtrace.rs:182:18
[INFO] [stdout]   17:     0x603f6dcf19cd - __rustc[ea4f61d10b84890b]::rust_begin_unwind
[INFO] [stdout]                                at /rustc/e3feeb59cd1bdd011a2bfcc0747b55125d9b8527/library/std/src/panicking.rs:676:5
[INFO] [stdout]   18:     0x603f6dd2c4fc - core[a373ad73a504971]::panicking::panic_fmt
[INFO] [stdout]                                at /rustc/e3feeb59cd1bdd011a2bfcc0747b55125d9b8527/library/core/src/panicking.rs:80:14
[INFO] [stdout]   19:     0x603f6dd2c272 - core[a373ad73a504971]::result::unwrap_failed
[INFO] [stdout]                                at /rustc/e3feeb59cd1bdd011a2bfcc0747b55125d9b8527/library/core/src/result.rs:1870:5
[INFO] [stdout]   20:     0x603f6dc8c1ce - <core[a373ad73a504971]::result::Result<usize, core[a373ad73a504971]::io::error::Error>>::expect
[INFO] [stdout]                                at /rustc/e3feeb59cd1bdd011a2bfcc0747b55125d9b8527/library/core/src/result.rs:1184:23
[INFO] [stdout]   21:     0x603f6dc8488f - integration_tests[fa8c82ebbdde413c]::get
[INFO] [stdout]                                at /opt/rustwide/workdir/tests/integration_tests.rs:97:34
[INFO] [stdout]   22:     0x603f6dc84d80 - integration_tests[fa8c82ebbdde413c]::unknown_path_is_not_found
[INFO] [stdout]                                at /opt/rustwide/workdir/tests/integration_tests.rs:245:23
[INFO] [stdout]   23:     0x603f6dc83a37 - integration_tests[fa8c82ebbdde413c]::unknown_path_is_not_found::{closure#0}
[INFO] [stdout]                                at /opt/rustwide/workdir/tests/integration_tests.rs:243:31
[INFO] [stdout]   24:     0x603f6dc89d76 - <integration_tests[fa8c82ebbdde413c]::unknown_path_is_not_found::{closure#0} as core[a373ad73a504971]::ops::function::FnOnce<()>>::call_once
[INFO] [stdout]                                at /rustc/e3feeb59cd1bdd011a2bfcc0747b55125d9b8527/library/core/src/ops/function.rs:250:5
[INFO] [stdout]   25:     0x603f6dc8febb - <fn() -> core[a373ad73a504971]::result::Result<(), alloc[2e1b2a31b91974c5]::string::String> as core[a373ad73a504971]::ops::function::FnOnce<()>>::call_once
[INFO] [stdout]                                at /rustc/e3feeb59cd1bdd011a2bfcc0747b55125d9b8527/library/core/src/ops/function.rs:250:5
[INFO] [stdout]   26:     0x603f6dc8febb - test[aada8e7e76ba119b]::__rust_begin_short_backtrace::<core[a373ad73a504971]::result::Result<(), alloc[2e1b2a31b91974c5]::string::String>, fn() -> core[a373ad73a504971]::result::Result<(), alloc[2e1b2a31b91974c5]::string::String>>
[INFO] [stdout]                                at /rustc/e3feeb59cd1bdd011a2bfcc0747b55125d9b8527/library/test/src/lib.rs:701:18
[INFO] [stdout]   27:     0x603f6dc9d095 - test[aada8e7e76ba119b]::run_test_in_process::{closure#0}
[INFO] [stdout]                                at /rustc/e3feeb59cd1bdd011a2bfcc0747b55125d9b8527/library/test/src/lib.rs:724:74
[INFO] [stdout]   28:     0x603f6dc9d095 - <core[a373ad73a504971]::panic::unwind_safe::AssertUnwindSafe<test[aada8e7e76ba119b]::run_test_in_process::{closure#0}> as core[a373ad73a504971]::ops::function::FnOnce<()>>::call_once
[INFO] [stdout]                                at /rustc/e3feeb59cd1bdd011a2bfcc0747b55125d9b8527/library/core/src/panic/unwind_safe.rs:275:9
[INFO] [stdout]   29:     0x603f6dc9d095 - std[617be2ca0a6fd877]::panicking::catch_unwind::do_call::<core[a373ad73a504971]::panic::unwind_safe::AssertUnwindSafe<test[aada8e7e76ba119b]::run_test_in_process::{closure#0}>, core[a373ad73a504971]::result::Result<(), alloc[2e1b2a31b91974c5]::string::String>>
[INFO] [stdout]                                at /rustc/e3feeb59cd1bdd011a2bfcc0747b55125d9b8527/library/std/src/panicking.rs:573:43
[INFO] [stdout]   30:     0x603f6dc9d095 - std[617be2ca0a6fd877]::panicking::catch_unwind::<core[a373ad73a504971]::result::Result<(), alloc[2e1b2a31b91974c5]::string::String>, core[a373ad73a504971]::panic::unwind_safe::AssertUnwindSafe<test[aada8e7e76ba119b]::run_test_in_process::{closure#0}>>
[INFO] [stdout]                                at /rustc/e3feeb59cd1bdd011a2bfcc0747b55125d9b8527/library/std/src/panicking.rs:541:19
[INFO] [stdout]   31:     0x603f6dc9d095 - std[617be2ca0a6fd877]::panic::catch_unwind::<core[a373ad73a504971]::panic::unwind_safe::AssertUnwindSafe<test[aada8e7e76ba119b]::run_test_in_process::{closure#0}>, core[a373ad73a504971]::result::Result<(), alloc[2e1b2a31b91974c5]::string::String>>
[INFO] [stdout]                                at /rustc/e3feeb59cd1bdd011a2bfcc0747b55125d9b8527/library/std/src/panic.rs:359:14
[INFO] [stdout]   32:     0x603f6dc9d095 - test[aada8e7e76ba119b]::run_test_in_process
[INFO] [stdout]                                at /rustc/e3feeb59cd1bdd011a2bfcc0747b55125d9b8527/library/test/src/lib.rs:724:27
[INFO] [stdout]   33:     0x603f6dc9d095 - test[aada8e7e76ba119b]::run_test::{closure#0}
[INFO] [stdout]                                at /rustc/e3feeb59cd1bdd011a2bfcc0747b55125d9b8527/library/test/src/lib.rs:645:43
[INFO] [stdout]   34:     0x603f6dc96984 - test[aada8e7e76ba119b]::run_test::{closure#1}
[INFO] [stdout]                                at /rustc/e3feeb59cd1bdd011a2bfcc0747b55125d9b8527/library/test/src/lib.rs:675:41
[INFO] [stdout]   35:     0x603f6dc96984 - std[617be2ca0a6fd877]::sys::backtrace::__rust_begin_short_backtrace::<test[aada8e7e76ba119b]::run_test::{closure#1}, ()>
[INFO] [stdout]                                at /rustc/e3feeb59cd1bdd011a2bfcc0747b55125d9b8527/library/std/src/sys/backtrace.rs:166:18
[INFO] [stdout]   36:     0x603f6dca0122 - std[617be2ca0a6fd877]::thread::lifecycle::spawn_unchecked::<test[aada8e7e76ba119b]::run_test::{closure#1}, ()>::{closure#1}::{closure#0}
[INFO] [stdout]                                at /rustc/e3feeb59cd1bdd011a2bfcc0747b55125d9b8527/library/std/src/thread/lifecycle.rs:70:13
[INFO] [stdout]   37:     0x603f6dca0122 - <core[a373ad73a504971]::panic::unwind_safe::AssertUnwindSafe<std[617be2ca0a6fd877]::thread::lifecycle::spawn_unchecked<test[aada8e7e76ba119b]::run_test::{closure#1}, ()>::{closure#1}::{closure#0}> as core[a373ad73a504971]::ops::function::FnOnce<()>>::call_once
[INFO] [stdout]                                at /rustc/e3feeb59cd1bdd011a2bfcc0747b55125d9b8527/library/core/src/panic/unwind_safe.rs:275:9
[INFO] [stdout]   38:     0x603f6dca0122 - std[617be2ca0a6fd877]::panicking::catch_unwind::do_call::<core[a373ad73a504971]::panic::unwind_safe::AssertUnwindSafe<std[617be2ca0a6fd877]::thread::lifecycle::spawn_unchecked<test[aada8e7e76ba119b]::run_test::{closure#1}, ()>::{closure#1}::{closure#0}>, ()>
[INFO] [stdout]                                at /rustc/e3feeb59cd1bdd011a2bfcc0747b55125d9b8527/library/std/src/panicking.rs:573:43
[INFO] [stdout]   39:     0x603f6dca0122 - std[617be2ca0a6fd877]::panicking::catch_unwind::<(), core[a373ad73a504971]::panic::unwind_safe::AssertUnwindSafe<std[617be2ca0a6fd877]::thread::lifecycle::spawn_unchecked<test[aada8e7e76ba119b]::run_test::{closure#1}, ()>::{closure#1}::{closure#0}>>
[INFO] [stdout]                                at /rustc/e3feeb59cd1bdd011a2bfcc0747b55125d9b8527/library/std/src/panicking.rs:541:19
[INFO] [stdout]   40:     0x603f6dca0122 - std[617be2ca0a6fd877]::panic::catch_unwind::<core[a373ad73a504971]::panic::unwind_safe::AssertUnwindSafe<std[617be2ca0a6fd877]::thread::lifecycle::spawn_unchecked<test[aada8e7e76ba119b]::run_test::{closure#1}, ()>::{closure#1}::{closure#0}>, ()>
[INFO] [stdout]                                at /rustc/e3feeb59cd1bdd011a2bfcc0747b55125d9b8527/library/std/src/panic.rs:359:14
[INFO] [stdout]   41:     0x603f6dca0122 - std[617be2ca0a6fd877]::thread::lifecycle::spawn_unchecked::<test[aada8e7e76ba119b]::run_test::{closure#1}, ()>::{closure#1}
[INFO] [stdout]                                at /rustc/e3feeb59cd1bdd011a2bfcc0747b55125d9b8527/library/std/src/thread/lifecycle.rs:68:26
[INFO] [stdout]   42:     0x603f6dca0122 - <std[617be2ca0a6fd877]::thread::lifecycle::spawn_unchecked<test[aada8e7e76ba119b]::run_test::{closure#1}, ()>::{closure#1} as core[a373ad73a504971]::ops::function::FnOnce<()>>::call_once::{shim:vtable#0}
[INFO] [stdout]                                at /rustc/e3feeb59cd1bdd011a2bfcc0747b55125d9b8527/library/core/src/ops/function.rs:250:5
[INFO] [stdout]   43:     0x603f6dd15a6f - <alloc[2e1b2a31b91974c5]::boxed::Box<dyn core[a373ad73a504971]::ops::function::FnOnce<(), Output = ()> + core[a373ad73a504971]::marker::Send> as core[a373ad73a504971]::ops::function::FnOnce<()>>::call_once
[INFO] [stdout]                                at /rustc/e3feeb59cd1bdd011a2bfcc0747b55125d9b8527/library/alloc/src/boxed.rs:2314:9
[INFO] [stdout]   44:     0x603f6dd15a6f - <std[617be2ca0a6fd877]::sys::thread::unix::Thread>::new::thread_start
[INFO] [stdout]                                at /rustc/e3feeb59cd1bdd011a2bfcc0747b55125d9b8527/library/std/src/sys/thread/unix.rs:127:17
[INFO] [stdout]   45:     0x71e47eb2fdfa - <unknown>
[INFO] [stdout]   46:     0x71e47ebc33d4 - clone
[INFO] [stdout]   47:                0x0 - <unknown>
[INFO] [stdout] 
[INFO] [stdout] 
[INFO] [stdout] failures:
[INFO] [stdout]     unknown_path_is_not_found
[INFO] [stdout] 
[INFO] [stdout] test result: FAILED. 8 passed; 1 failed; 0 ignored; 0 measured; 0 filtered out; finished in 0.13s
[INFO] [stdout] 
[INFO] [stderr] error: test failed, to rerun pass `--test integration_tests`
[INFO] running `Command { std: "docker" "inspect" "89b8acf2118d47a5ef55b111e2363c3d1929cbffda79056cf746eb57f3cc0258", kill_on_drop: false }`
[INFO] running `Command { std: "docker" "rm" "-f" "89b8acf2118d47a5ef55b111e2363c3d1929cbffda79056cf746eb57f3cc0258", kill_on_drop: false }`
[INFO] [stdout] 89b8acf2118d47a5ef55b111e2363c3d1929cbffda79056cf746eb57f3cc0258
