[INFO] fetching crate markdownlint-rs 0.3.24...
[INFO] testing markdownlint-rs-0.3.24 against 1.100.0-beta.1 for beta-1.100-2
[INFO] extracting crate markdownlint-rs 0.3.24 into /workspace/builds/worker-7-tc2/source
[INFO] removed /workspace/builds/worker-7-tc2/source/rust-toolchain.toml
[INFO] started tweaking crates.io crate markdownlint-rs 0.3.24
[INFO] removed 0 missing tests
[INFO] finished tweaking crates.io crate markdownlint-rs 0.3.24
[INFO] tweaked toml for crates.io crate markdownlint-rs 0.3.24 written to /workspace/builds/worker-7-tc2/source/Cargo.toml
[INFO] validating manifest of crates.io crate markdownlint-rs 0.3.24 on toolchain 1.100.0-beta.1
[INFO] running `Command { std: CARGO_HOME="/workspace/cargo-home" RUSTUP_HOME="/workspace/rustup-home" "/workspace/cargo-home/bin/cargo" "+1.100.0-beta.1" "metadata" "--manifest-path" "Cargo.toml" "--no-deps", kill_on_drop: false }`
[INFO] crate crates.io crate markdownlint-rs 0.3.24 already has a lockfile, it will not be regenerated
[INFO] running `Command { std: CARGO_HOME="/workspace/cargo-home" RUSTUP_HOME="/workspace/rustup-home" "/workspace/cargo-home/bin/cargo" "+1.100.0-beta.1" "fetch" "--manifest-path" "Cargo.toml", kill_on_drop: false }`
[INFO] [stderr]     Blocking waiting for file lock on package cache
[INFO] [stderr]     Blocking waiting for file lock on package cache
[INFO] running `Command { std: "docker" "create" "-v" "/var/lib/crater-agent-workspace/builds/worker-7-tc2/source:/opt/rustwide/workdir:ro,Z" "-v" "/var/lib/crater-agent-workspace/builds/worker-7-tc2/target:/opt/rustwide/target:rw,Z" "-v" "/var/lib/crater-agent-workspace/cargo-home:/opt/rustwide/cargo-home:ro,Z" "-v" "/var/lib/crater-agent-workspace/rustup-home:/opt/rustwide/rustup-home:ro,Z" "-m" "1610612736" "--network" "none" "ghcr.io/rust-lang/crates-build-env/linux@sha256:3111399a4047eeb3a02b7a90e478d715f38a8c6669b5c4b49d30a17385265909" "sleep" "infinity", kill_on_drop: false }`
[INFO] [stdout] 067e796b4a9c83b5593cb6c37fa7775c5a6e8348333c923e2292c7cee0fe6ec6
[INFO] running `Command { std: "docker" "start" "067e796b4a9c83b5593cb6c37fa7775c5a6e8348333c923e2292c7cee0fe6ec6", kill_on_drop: false }`
[INFO] running `Command { std: "docker" "inspect" "067e796b4a9c83b5593cb6c37fa7775c5a6e8348333c923e2292c7cee0fe6ec6", kill_on_drop: false }`
[INFO] running `Command { std: "docker" "exec" "-e" "SOURCE_DIR=/opt/rustwide/workdir" "-e" "CARGO_HOME=/opt/rustwide/cargo-home" "-e" "RUSTUP_HOME=/opt/rustwide/rustup-home" "-e" "CARGO_TARGET_DIR=/opt/rustwide/target" "-w" "/opt/rustwide/workdir" "--user" "0:0" "067e796b4a9c83b5593cb6c37fa7775c5a6e8348333c923e2292c7cee0fe6ec6" "/opt/rustwide/cargo-home/bin/cargo" "+1.100.0-beta.1" "metadata" "--no-deps" "--format-version=1", kill_on_drop: false }`
[INFO] running `Command { std: "docker" "inspect" "067e796b4a9c83b5593cb6c37fa7775c5a6e8348333c923e2292c7cee0fe6ec6", kill_on_drop: false }`
[INFO] running `Command { std: "docker" "exec" "-e" "SOURCE_DIR=/opt/rustwide/workdir" "-e" "CARGO_HOME=/opt/rustwide/cargo-home" "-e" "RUSTUP_HOME=/opt/rustwide/rustup-home" "-e" "CARGO_TARGET_DIR=/opt/rustwide/target" "-e" "CARGO_INCREMENTAL=0" "-e" "RUST_BACKTRACE=full" "-e" "RUSTFLAGS=--cap-lints=warn" "-e" "RUSTDOCFLAGS=--cap-lints=warn" "-w" "/opt/rustwide/workdir" "--user" "0:0" "067e796b4a9c83b5593cb6c37fa7775c5a6e8348333c923e2292c7cee0fe6ec6" "/opt/rustwide/cargo-home/bin/cargo" "+1.100.0-beta.1" "build" "--frozen" "--message-format=json", kill_on_drop: false }`
[INFO] [stderr]    Compiling stable_deref_trait v1.2.1
[INFO] [stderr]    Compiling memchr v2.8.3
[INFO] [stderr]    Compiling serde_core v1.0.229
[INFO] [stderr]    Compiling crossbeam-utils v0.8.22
[INFO] [stderr]    Compiling litemap v0.8.2
[INFO] [stderr]    Compiling writeable v0.6.3
[INFO] [stderr]    Compiling utf8_iter v1.0.4
[INFO] [stderr]    Compiling crossbeam-epoch v0.9.20
[INFO] [stderr]    Compiling zmij v1.0.23
[INFO] [stderr]    Compiling crossbeam-deque v0.8.7
[INFO] [stderr]    Compiling serde v1.0.229
[INFO] [stderr]    Compiling proc-macro2 v1.0.107
[INFO] [stderr]    Compiling icu_properties_data v2.2.0
[INFO] [stderr]    Compiling icu_normalizer_data v2.2.0
[INFO] [stderr]    Compiling regex-syntax v0.8.11
[INFO] [stderr]    Compiling itoa v1.0.18
[INFO] [stderr]    Compiling smallvec v1.15.2
[INFO] [stderr]    Compiling serde_json v1.0.151
[INFO] [stderr]    Compiling anstyle-parse v1.0.0
[INFO] [stderr]    Compiling anstyle-query v1.1.5
[INFO] [stderr]    Compiling rayon-core v1.13.0
[INFO] [stderr]    Compiling is_terminal_polyfill v1.70.2
[INFO] [stderr]    Compiling anstyle v1.0.14
[INFO] [stderr]    Compiling colorchoice v1.0.5
[INFO] [stderr]    Compiling log v0.4.33
[INFO] [stderr]    Compiling unicode-width v0.2.2
[INFO] [stderr]    Compiling pulldown-cmark v0.13.4
[INFO] [stderr]    Compiling winnow v1.0.4
[INFO] [stderr]    Compiling clap_lex v1.1.0
[INFO] [stderr]    Compiling equivalent v1.0.2
[INFO] [stderr]    Compiling hashbrown v0.17.1
[INFO] [stderr]    Compiling percent-encoding v2.3.2
[INFO] [stderr]    Compiling anstream v1.0.0
[INFO] [stderr]    Compiling same-file v1.0.6
[INFO] [stderr]    Compiling thiserror v2.0.20
[INFO] [stderr]    Compiling strsim v0.11.1
[INFO] [stderr]    Compiling getopts v0.2.24
[INFO] [stderr]    Compiling form_urlencoded v1.2.2
[INFO] [stderr]    Compiling walkdir v2.5.0
[INFO] [stderr]    Compiling quote v1.0.47
[INFO] [stderr]    Compiling fluent-uri v0.1.4
[INFO] [stderr]    Compiling syn v3.0.3
[INFO] [stderr]    Compiling syn v2.0.119
[INFO] [stderr]    Compiling pulldown-cmark-escape v0.11.0
[INFO] [stderr]    Compiling clap_builder v4.6.6
[INFO] [stderr]    Compiling unicase v2.9.0
[INFO] [stderr]    Compiling aho-corasick v1.1.5
[INFO] [stderr]    Compiling bstr v1.13.1
[INFO] [stderr]    Compiling toml_parser v1.1.3+spec-1.1.0
[INFO] [stderr]    Compiling libyaml-rs v0.3.0
[INFO] [stderr]    Compiling bitflags v2.13.1
[INFO] [stderr]    Compiling ryu v1.0.23
[INFO] [stderr]    Compiling either v1.17.0
[INFO] [stderr]    Compiling toml_writer v1.1.2+spec-1.1.0
[INFO] [stderr]    Compiling crossbeam-channel v0.5.16
[INFO] [stderr]    Compiling indexmap v2.14.0
[INFO] [stderr]    Compiling rayon v1.12.0
[INFO] [stderr]    Compiling regex-automata v0.4.18
[INFO] [stderr]    Compiling synstructure v0.13.2
[INFO] [stderr]    Compiling serde_spanned v1.1.1
[INFO] [stderr]    Compiling toml_datetime v1.1.1+spec-1.1.0
[INFO] [stderr]    Compiling zerovec-derive v0.11.3
[INFO] [stderr]    Compiling toml v1.1.4+spec-1.1.0
[INFO] [stderr]    Compiling zerofrom-derive v0.1.7
[INFO] [stderr]    Compiling yoke-derive v0.8.2
[INFO] [stderr]    Compiling displaydoc v0.2.7
[INFO] [stderr]    Compiling serde_derive v1.0.229
[INFO] [stderr]    Compiling thiserror-impl v2.0.20
[INFO] [stderr]    Compiling clap_derive v4.6.4
[INFO] [stderr]    Compiling serde_repr v0.1.21
[INFO] [stderr]    Compiling zerofrom v0.1.8
[INFO] [stderr]    Compiling yoke v0.8.3
[INFO] [stderr]    Compiling zerovec v0.11.6
[INFO] [stderr]    Compiling zerotrie v0.2.4
[INFO] [stderr]    Compiling tinystr v0.8.3
[INFO] [stderr]    Compiling potential_utf v0.1.5
[INFO] [stderr]    Compiling icu_collections v2.2.0
[INFO] [stderr]    Compiling icu_locale_core v2.2.0
[INFO] [stderr]    Compiling clap v4.6.6
[INFO] [stderr]    Compiling globset v0.4.20
[INFO] [stderr]    Compiling regex v1.13.1
[INFO] [stderr]    Compiling ignore v0.4.33
[INFO] [stderr]    Compiling icu_provider v2.2.0
[INFO] [stderr]    Compiling icu_properties v2.2.0
[INFO] [stderr]    Compiling icu_normalizer v2.2.0
[INFO] [stderr]    Compiling lsp-types v0.97.0
[INFO] [stderr]    Compiling yaml_serde v0.10.4
[INFO] [stderr]    Compiling lsp-server v0.10.0
[INFO] [stderr]    Compiling idna_adapter v1.2.2
[INFO] [stderr]    Compiling idna v1.1.0
[INFO] [stderr]    Compiling url v2.5.8
[INFO] [stderr]    Compiling markdownlint-rs v0.3.24 (/opt/rustwide/workdir)
[INFO] [stderr]     Finished `dev` profile [unoptimized + debuginfo] target(s) in 50.26s
[INFO] running `Command { std: "docker" "inspect" "067e796b4a9c83b5593cb6c37fa7775c5a6e8348333c923e2292c7cee0fe6ec6", kill_on_drop: false }`
[INFO] running `Command { std: "docker" "exec" "-e" "SOURCE_DIR=/opt/rustwide/workdir" "-e" "CARGO_HOME=/opt/rustwide/cargo-home" "-e" "RUSTUP_HOME=/opt/rustwide/rustup-home" "-e" "CARGO_TARGET_DIR=/opt/rustwide/target" "-e" "CARGO_INCREMENTAL=0" "-e" "RUST_BACKTRACE=full" "-e" "RUSTFLAGS=--cap-lints=warn" "-e" "RUSTDOCFLAGS=--cap-lints=warn" "-w" "/opt/rustwide/workdir" "--user" "0:0" "067e796b4a9c83b5593cb6c37fa7775c5a6e8348333c923e2292c7cee0fe6ec6" "/opt/rustwide/cargo-home/bin/cargo" "+1.100.0-beta.1" "test" "--frozen" "--no-run" "--message-format=json", kill_on_drop: false }`
[INFO] [stderr]    Compiling libc v0.2.189
[INFO] [stderr]    Compiling cfg-if v1.0.4
[INFO] [stderr]    Compiling bitflags v2.13.1
[INFO] [stderr]    Compiling getrandom v0.3.4
[INFO] [stderr]    Compiling zerocopy v0.8.56
[INFO] [stderr]    Compiling getrandom v0.4.3
[INFO] [stderr]    Compiling rustix v1.1.4
[INFO] [stderr]    Compiling linux-raw-sys v0.12.1
[INFO] [stderr]    Compiling fastrand v2.5.0
[INFO] [stderr]    Compiling once_cell v1.21.4
[INFO] [stderr]    Compiling num-traits v0.2.19
[INFO] [stderr]    Compiling bit-vec v0.8.0
[INFO] [stderr]    Compiling quick-error v1.2.3
[INFO] [stderr]    Compiling unarray v0.1.4
[INFO] [stderr]    Compiling indoc v2.0.7
[INFO] [stderr]    Compiling pulldown-cmark v0.13.4
[INFO] [stderr]    Compiling bit-set v0.8.0
[INFO] [stderr]    Compiling wait-timeout v0.2.1
[INFO] [stderr]    Compiling rand_core v0.9.5
[INFO] [stderr]    Compiling markdownlint-rs v0.3.24 (/opt/rustwide/workdir)
[INFO] [stderr]    Compiling rand_xorshift v0.4.0
[INFO] [stderr]    Compiling rand v0.9.5
[INFO] [stderr]    Compiling tempfile v3.27.0
[INFO] [stderr]    Compiling rusty-fork v0.3.1
[INFO] [stderr]    Compiling ppv-lite86 v0.2.21
[INFO] [stderr]    Compiling rand_chacha v0.9.0
[INFO] [stderr]    Compiling proptest v1.11.0
[INFO] [stderr]     Finished `test` profile [unoptimized + debuginfo] target(s) in 21.62s
[INFO] running `Command { std: "docker" "inspect" "067e796b4a9c83b5593cb6c37fa7775c5a6e8348333c923e2292c7cee0fe6ec6", kill_on_drop: false }`
[INFO] running `Command { std: "docker" "exec" "-e" "SOURCE_DIR=/opt/rustwide/workdir" "-e" "CARGO_HOME=/opt/rustwide/cargo-home" "-e" "RUSTUP_HOME=/opt/rustwide/rustup-home" "-e" "CARGO_TARGET_DIR=/opt/rustwide/target" "-e" "CARGO_INCREMENTAL=0" "-e" "RUST_BACKTRACE=full" "-e" "RUSTFLAGS=--cap-lints=warn" "-e" "RUSTDOCFLAGS=--cap-lints=warn" "-w" "/opt/rustwide/workdir" "--user" "0:0" "067e796b4a9c83b5593cb6c37fa7775c5a6e8348333c923e2292c7cee0fe6ec6" "/opt/rustwide/cargo-home/bin/cargo" "+1.100.0-beta.1" "test" "--frozen", kill_on_drop: false }`
[INFO] [stderr]     Finished `test` profile [unoptimized + debuginfo] target(s) in 0.17s
[INFO] [stderr]      Running unittests src/lib.rs (/opt/rustwide/target/debug/build/markdownlint-rs/3f14fb9f558f74f7/out/mdlint-3f14fb9f558f74f7)
[INFO] [stdout] 
[INFO] [stdout] running 487 tests
[INFO] [stdout] test config::merge::tests::test_merge_many_configs ... ok
[INFO] [stdout] test config::types::tests::ignore_force_disables_rule ... ok
[INFO] [stdout] test config::loader::tests::test_load_from_file ... ok
[INFO] [stdout] test fix::fixer::tests::test_preserve_crlf ... ok
[INFO] [stdout] test fix::fixer::tests::test_apply_column_fix ... ok
[INFO] [stdout] test config::loader::tests::test_discover_config ... ok
[INFO] [stdout] test config::merge::tests::test_merge_configs_gitignore ... ok
[INFO] [stdout] test config::merge::tests::test_merge_configs_rules ... ok
[INFO] [stdout] test config::types::tests::ignore_wins_over_select ... ok
[INFO] [stdout] test config::types::tests::select_preserves_existing_rule_config ... ok
[INFO] [stdout] test config::types::tests::select_restricts_to_listed_rules ... ok
[INFO] [stdout] test format::default::tests::test_no_errors ... ok
[INFO] [stdout] test config::types::tests::select_all_is_noop ... ok
[INFO] [stdout] test format::default::tests::test_multiple_violations ... ok
[INFO] [stdout] test format::default::tests::test_relative_path ... ok
[INFO] [stdout] test format::gitlab::tests::test_empty_result ... ok
[INFO] [stdout] test format::gitlab::tests::test_single_violation ... ok
[INFO] [stdout] test format::gitlab::tests::test_fixable_severity ... ok
[INFO] [stdout] test config::types::tests::select_empty_is_noop ... ok
[INFO] [stdout] test format::gitlab::tests::test_pretty_print ... ok
[INFO] [stdout] test format::json::tests::test_empty_result ... ok
[INFO] [stdout] test format::json::tests::test_fixable_flag ... ok
[INFO] [stdout] test format::default::tests::test_single_violation ... ok
[INFO] [stdout] test format::default::tests::test_source_snippet_shown ... ok
[INFO] [stdout] test config::merge::tests::test_merge_configs_default_enabled ... ok
[INFO] [stdout] test format::default::tests::test_with_color ... ok
[INFO] [stdout] test fix::fixer::tests::test_detect_line_ending_lf ... ok
[INFO] [stdout] test fix::fixer::tests::test_apply_single_line_fix ... ok
[INFO] [stdout] test fix::fixer::tests::test_multiple_fixes_reverse_order ... ok
[INFO] [stdout] test formatter::tests::test_code_fence_info_backslash_idempotent ... ok
[INFO] [stdout] test formatter::tests::test_all_hr_styles_to_dashes ... ok
[INFO] [stdout] test formatter::tests::test_blockquote_nel_idempotent ... ok
[INFO] [stdout] test fix::fixer::tests::test_detect_line_ending_crlf ... ok
[INFO] [stdout] test formatter::tests::test_bold_italic_inline ... ok
[INFO] [stdout] test formatter::tests::test_escaped_heading_in_paragraph ... ok
[INFO] [stdout] test formatter::tests::test_closed_atx_stripped ... ok
[INFO] [stdout] test format::json::tests::test_pretty_print ... ok
[INFO] [stdout] test formatter::tests::test_escaped_list_marker_in_paragraph ... ok
[INFO] [stdout] test format::json::tests::test_single_violation ... ok
[INFO] [stdout] test formatter::tests::test_backtick_in_text_escaped ... ok
[INFO] [stdout] test formatter::tests::test_atx_heading ... ok
[INFO] [stdout] test formatter::tests::test_blank_line_between_heading_and_code ... ok
[INFO] [stdout] test formatter::tests::test_heading_and_paragraph ... ok
[INFO] [stdout] test formatter::tests::test_code_block_no_lang ... ok
[INFO] [stdout] test formatter::tests::test_blank_line_between_list_and_paragraph ... ok
[INFO] [stdout] test formatter::tests::test_heading_hard_break_collapses ... ok
[INFO] [stdout] test formatter::tests::test_html_block_with_cr_content_idempotent ... ok
[INFO] [stdout] test formatter::tests::test_image ... ok
[INFO] [stdout] test formatter::tests::test_list_markers_to_dash ... ok
[INFO] [stdout] test formatter::tests::test_literal_angle_bracket_escaped ... ok
[INFO] [stdout] test formatter::tests::test_inline_code ... ok
[INFO] [stdout] test formatter::tests::test_intraword_tilde_across_event_split ... ok
[INFO] [stdout] test formatter::tests::test_collapse_heading_breaks_unit ... ok
[INFO] [stdout] test formatter::tests::test_link ... ok
[INFO] [stdout] test formatter::tests::test_multiple_blank_lines_collapsed ... ok
[INFO] [stdout] test formatter::tests::test_list_marker_with_trailing_unicode_whitespace_idempotent ... ok
[INFO] [stdout] test formatter::tests::test_emphasis_to_asterisk ... ok
[INFO] [stdout] test formatter::tests::test_empty_input ... ok
[INFO] [stdout] test formatter::tests::test_empty_list_items_idempotent ... ok
[INFO] [stdout] test formatter::tests::test_hard_line_break_becomes_backslash ... ok
[INFO] [stdout] test formatter::tests::test_heading_literal_backslash_idempotent ... ok
[INFO] [stdout] test formatter::tests::test_setext_heading_with_leading_vt ... ok
[INFO] [stdout] test formatter::tests::test_simple_table ... ok
[INFO] [stdout] test formatter::tests::test_strikethrough ... ok
[INFO] [stdout] test formatter::tests::test_table_followed_by_paragraph ... ok
[INFO] [stdout] test formatter::tests::test_setext_heading_hard_break_not_leaked ... ok
[INFO] [stdout] test formatter::tests::test_ordered_list_with_code_block ... ok
[INFO] [stdout] test formatter::tests::test_table_idempotent ... ok
[INFO] [stdout] test formatter::tests::test_table_with_inline_formatting ... ok
[INFO] [stdout] test formatter::tests::test_tight_list_item_code_block_only ... ok
[INFO] [stdout] test formatter::tests::test_ordered_list ... ok
[INFO] [stdout] test formatter::tests::test_setext_headings_to_atx ... ok
[INFO] [stdout] test formatter::tests::test_simple_paragraph ... ok
[INFO] [stdout] test formatter::tests::test_trailing_backslash_in_paragraph_not_doubled ... ok
[INFO] [stdout] test formatter::tests::test_ordered_list_all_ones_renumbered ... ok
[INFO] [stdout] test formatter::tests::test_setext_underline_in_paragraph_continuation ... ok
[INFO] [stdout] test glob::matcher::tests::test_empty_patterns ... ok
[INFO] [stdout] test formatter::tests::test_tilde_fence_to_backtick ... ok
[INFO] [stdout] test glob::matcher::tests::test_has_patterns ... ok
[INFO] [stdout] test formatter::tests::test_unordered_list ... ok
[INFO] [stdout] test formatter::tests::test_multiple_paragraphs ... ok
[INFO] [stdout] test formatter::tests::test_unordered_list_with_code_block ... ok
[INFO] [stdout] test formatter::tests::test_multiple_spaces_after_hash_collapsed ... ok
[INFO] [stdout] test glob::matcher::tests::test_include_pattern ... ok
[INFO] [stdout] test glob::matcher::tests::test_multiple_excludes ... ok
[INFO] [stdout] test formatter::tests::test_nested_list ... ok
[INFO] [stdout] test formatter::tests::test_table_no_leading_pipes ... ok
[INFO] [stdout] test formatter::tests::test_ordered_list_non_one_start_renumbered ... ok
[INFO] [stdout] test glob::walker::tests::test_is_markdown_file ... ok
[INFO] [stdout] test glob::matcher::tests::test_recursive_pattern ... ok
[INFO] [stdout] test glob::walker::tests::test_find_nested_markdown_files ... ok
[INFO] [stdout] test glob::matcher::tests::test_exclude_pattern ... ok
[INFO] [stdout] test glob::walker::tests::test_find_files_with_matcher ... ok
[INFO] [stdout] test lint::result::tests::test_sort_violations ... ok
[INFO] [stdout] test lint::rules::md001::tests::test_decreasing_levels_ok ... ok
[INFO] [stdout] test lint::rules::md001::tests::test_multiple_skips ... ok
[INFO] [stdout] test lint::rules::md001::tests::test_no_skipped_levels ... ok
[INFO] [stdout] test lint::rules::md001::tests::test_skipped_level ... ok
[INFO] [stdout] test lint::rules::md001::tests::test_start_with_h2 ... ok
[INFO] [stdout] test lint::rules::md003::tests::test_consistent_atx ... ok
[INFO] [stdout] test lint::rules::md003::tests::test_enforced_atx_style ... ok
[INFO] [stdout] test lint::rules::md003::tests::test_horizontal_rules_not_flagged ... ok
[INFO] [stdout] test lint::rules::md004::tests::test_consistent_asterisk ... ok
[INFO] [stdout] test lint::rules::md003::tests::test_inconsistent_styles ... ok
[INFO] [stdout] test lint::rules::md003::tests::test_setext_in_code_block_not_flagged ... ok
[INFO] [stdout] test lint::rules::md004::tests::test_dash_in_code_block_with_real_list ... ok
[INFO] [stdout] test lint::rules::md004::tests::test_enforced_dash_style ... ok
[INFO] [stdout] test lint::rules::md004::tests::test_fix_normalises_marker_to_dash ... ok
[INFO] [stdout] test lint::engine::tests::test_no_inline_config_flag_disables_parsing ... ok
[INFO] [stdout] test lint::rules::md004::tests::test_inconsistent_markers ... ok
[INFO] [stdout] test lint::rules::md004::tests::test_list_markers_in_code_block_not_flagged ... ok
[INFO] [stdout] test lint::rules::md004::tests::test_indented_code_block ... ok
[INFO] [stdout] test lint::rules::md004::tests::test_markdown_syntax_in_code_block ... ok
[INFO] [stdout] test lint::rules::md006::tests::test_indented_list ... ok
[INFO] [stdout] test lint::rules::md006::tests::test_list_at_start ... ok
[INFO] [stdout] test lint::rules::md006::tests::test_mixed ... ok
[INFO] [stdout] test lint::rules::md006::tests::test_nested_list ... ok
[INFO] [stdout] test lint::engine::tests::test_disable_without_enable_suppresses_to_end ... ok
[INFO] [stdout] test lint::rules::md003::tests::test_setext_detection ... ok
[INFO] [stdout] test lint::engine::tests::test_disable_next_line_does_not_suppress_two_lines_ahead ... ok
[INFO] [stdout] test lint::rules::md005::tests::test_inconsistent_indentation ... ok
[INFO] [stdout] test config::loader::tests::test_parse_toml ... ok
[INFO] [stdout] test formatter::tests::test_fenced_code_block ... ok
[INFO] [stdout] test formatter::tests::test_hard_break_followed_by_vt_in_paragraph ... ok
[INFO] [stdout] test lint::rules::md007::tests::test_incorrect_indentation ... ok
[INFO] [stdout] test lint::rules::md007::tests::test_correct_indentation ... ok
[INFO] [stdout] test glob::walker::tests::test_find_markdown_files ... ok
[INFO] [stdout] test lint::rules::md007::tests::test_custom_indent_size ... ok
[INFO] [stdout] test lint::engine::tests::test_disable_enable_specific_rule ... ok
[INFO] [stdout] test lint::rules::md004::tests::test_nested_lists ... ok
[INFO] [stdout] test lint::rules::md005::tests::test_consistent_indentation ... ok
[INFO] [stdout] test lint::rules::md005::tests::test_ordered_list ... ok
[INFO] [stdout] test lint::engine::tests::test_disable_next_line_specific_rule ... ok
[INFO] [stdout] test lint::rules::md007::tests::test_multiple_levels ... ok
[INFO] [stdout] test lint::rules::md009::tests::test_custom_br_spaces ... ok
[INFO] [stdout] test lint::rules::md010::tests::test_ignore_code_blocks ... ok
[INFO] [stdout] test lint::rules::md010::tests::test_hard_tabs ... ok
[INFO] [stdout] test lint::rules::md010::tests::test_no_tabs ... ok
[INFO] [stdout] test lint::rules::md009::tests::test_strict_mode ... ok
[INFO] [stdout] test lint::rules::md009::tests::test_trailing_spaces ... ok
[INFO] [stdout] test lint::rules::md012::tests::test_custom_maximum ... ok
[INFO] [stdout] test lint::rules::md010::tests::test_tabs_in_code_block ... ok
[INFO] [stdout] test lint::rules::md012::tests::test_fix_removes_excess_blank_line ... ok
[INFO] [stdout] test lint::rules::md012::tests::test_multiple_consecutive_blanks ... ok
[INFO] [stdout] test lint::rules::md013::tests::test_badge_link_ignored ... ok
[INFO] [stdout] test lint::rules::md013::tests::test_code_block_check ... ok
[INFO] [stdout] test lint::rules::md013::tests::test_code_block_ignore ... ok
[INFO] [stdout] test lint::rules::md013::tests::test_custom_line_length ... ok
[INFO] [stdout] test lint::rules::md011::tests::test_mixed_correct_and_reversed ... ok
[INFO] [stdout] test lint::rules::md013::tests::test_heading_exception ... ok
[INFO] [stdout] test lint::rules::md013::tests::test_image_only_line_ignored ... ok
[INFO] [stdout] test lint::rules::md011::tests::test_code_span_not_flagged ... ok
[INFO] [stdout] test lint::rules::md013::tests::test_link_only_line_ignored ... ok
[INFO] [stdout] test lint::rules::md009::tests::test_fix_removes_trailing_spaces ... ok
[INFO] [stdout] test lint::rules::md009::tests::test_no_trailing_spaces ... ok
[INFO] [stdout] test lint::rules::md013::tests::test_long_line ... ok
[INFO] [stdout] test lint::rules::md013::tests::test_long_table_line ... ok
[INFO] [stdout] test lint::rules::md013::tests::test_long_table_line_ignored ... ok
[INFO] [stdout] test lint::rules::md013::tests::test_short_lines ... ok
[INFO] [stdout] test lint::rules::md014::tests::test_dollar_with_output ... ok
[INFO] [stdout] test lint::rules::md014::tests::test_fix_removes_dollar_signs ... ok
[INFO] [stdout] test lint::rules::md014::tests::test_no_dollar_signs ... ok
[INFO] [stdout] test lint::rules::md014::tests::test_non_shell_language ... ok
[INFO] [stdout] test lint::rules::md018::tests::test_closed_heading ... ok
[INFO] [stdout] test lint::rules::md018::tests::test_correct_spacing ... ok
[INFO] [stdout] test lint::rules::md012::tests::test_no_consecutive_blanks ... ok
[INFO] [stdout] test lint::rules::md018::tests::test_heading_in_code_block_not_flagged ... ok
[INFO] [stdout] test lint::rules::md011::tests::test_no_false_positives ... ok
[INFO] [stdout] test lint::rules::md018::tests::test_fix_inserts_space_after_hash ... ok
[INFO] [stdout] test lint::rules::md018::tests::test_multiple_violations ... ok
[INFO] [stdout] test lint::rules::md018::tests::test_no_space_after_hash ... ok
[INFO] [stdout] test lint::rules::md013::tests::test_text_with_link_still_checked ... ok
[INFO] [stdout] test lint::rules::md019::tests::test_fix_collapses_multiple_spaces ... ok
[INFO] [stdout] test lint::rules::md014::tests::test_all_dollar_signs ... ok
[INFO] [stdout] test lint::rules::md011::tests::test_reversed_link_syntax ... ok
[INFO] [stdout] test lint::rules::md012::tests::test_trailing_blank_lines ... ok
[INFO] [stdout] test lint::rules::md019::tests::test_correct_single_space ... ok
[INFO] [stdout] test lint::rules::md019::tests::test_many_spaces ... ok
[INFO] [stdout] test lint::rules::md019::tests::test_heading_in_code_block_not_flagged ... ok
[INFO] [stdout] test lint::rules::md020::tests::test_correct_closed_heading ... ok
[INFO] [stdout] test lint::rules::md020::tests::test_fix_inserts_space_before_closing_hashes ... ok
[INFO] [stdout] test lint::rules::md011::tests::test_multiple_reversed_links ... ok
[INFO] [stdout] test lint::rules::md019::tests::test_multiple_spaces ... ok
[INFO] [stdout] test lint::rules::md021::tests::test_regular_heading ... ok
[INFO] [stdout] test lint::rules::md021::tests::test_single_space ... ok
[INFO] [stdout] test lint::rules::md021::tests::test_fix_collapses_spaces_before_closing_hashes ... ok
[INFO] [stdout] test lint::rules::md011::tests::test_code_block_not_flagged ... ok
[INFO] [stdout] test lint::rules::md021::tests::test_multiple_spaces ... ok
[INFO] [stdout] test lint::rules::md021::tests::test_no_space ... ok
[INFO] [stdout] test lint::rules::md011::tests::test_correct_link_syntax ... ok
[INFO] [stdout] test lint::rules::md010::tests::test_fix_replaces_tab_with_spaces ... ok
[INFO] [stdout] test lint::rules::md020::tests::test_multiple_levels ... ok
[INFO] [stdout] test lint::rules::md022::tests::test_missing_blank_after ... ok
[INFO] [stdout] test lint::rules::md020::tests::test_no_space_before_closing ... ok
[INFO] [stdout] test lint::rules::md022::tests::test_fix_inserts_blank_after_heading ... ok
[INFO] [stdout] test lint::rules::md020::tests::test_regular_heading ... ok
[INFO] [stdout] test lint::rules::md022::tests::test_fix_inserts_blank_before_heading ... ok
[INFO] [stdout] test lint::rules::md011::tests::test_task_list_checkbox_not_flagged ... ok
[INFO] [stdout] test lint::engine::tests::test_disable_all_rules ... ok
[INFO] [stdout] test lint::rules::md022::tests::test_missing_blank_before ... ok
[INFO] [stdout] test lint::rules::md023::tests::test_four_spaces_is_code_not_flagged ... ok
[INFO] [stdout] test lint::rules::md024::tests::test_headings_with_inline_code ... ok
[INFO] [stdout] test lint::rules::md024::tests::test_siblings_only_different_levels ... ok
[INFO] [stdout] test lint::rules::md024::tests::test_siblings_only_same_level ... ok
[INFO] [stdout] test lint::rules::md022::tests::test_properly_surrounded ... ok
[INFO] [stdout] test lint::rules::md023::tests::test_correct_headings ... ok
[INFO] [stdout] test lint::rules::md023::tests::test_fix_removes_leading_whitespace ... ok
[INFO] [stdout] test lint::rules::md023::tests::test_indented_heading ... ok
[INFO] [stdout] test lint::rules::md022::tests::test_first_line ... ok
[INFO] [stdout] test lint::rules::md024::tests::test_duplicate_code_headings ... ok
[INFO] [stdout] test lint::rules::md025::tests::test_multiple_h1 ... ok
[INFO] [stdout] test lint::rules::md025::tests::test_three_h1 ... ok
[INFO] [stdout] test lint::rules::md025::tests::test_no_h1 ... ok
[INFO] [stdout] test lint::rules::md026::tests::test_no_trailing_punctuation ... ok
[INFO] [stdout] test lint::rules::md025::tests::test_single_h1 ... ok
[INFO] [stdout] test lint::rules::md026::tests::test_trailing_question ... ok
[INFO] [stdout] test lint::rules::md026::tests::test_custom_punctuation ... ok
[INFO] [stdout] test lint::rules::md024::tests::test_duplicate_headings ... ok
[INFO] [stdout] test lint::rules::md023::tests::test_tab_indented ... ok
[INFO] [stdout] test lint::rules::md023::tests::test_two_spaces_is_flagged ... ok
[INFO] [stdout] test lint::rules::md029::tests::test_code_block_breaks_list ... ok
[INFO] [stdout] test lint::rules::md026::tests::test_trailing_period ... ok
[INFO] [stdout] test lint::rules::md027::tests::test_fix_collapses_blockquote_spaces ... ok
[INFO] [stdout] test lint::rules::md024::tests::test_unique_headings ... ok
[INFO] [stdout] test lint::rules::md029::tests::test_enforced_one ... ok
[INFO] [stdout] test lint::rules::md029::tests::test_enforced_ordered ... ok
[INFO] [stdout] test lint::rules::md029::tests::test_fix_renumbers_list ... ok
[INFO] [stdout] test lint::rules::md029::tests::test_all_ones ... ok
[INFO] [stdout] test lint::rules::md029::tests::test_list_with_backticks ... ok
[INFO] [stdout] test lint::rules::md029::tests::test_ordered_sequence ... ok
[INFO] [stdout] test lint::rules::md029::tests::test_wrong_sequence ... ok
[INFO] [stdout] test lint::rules::md027::tests::test_multiple_spaces ... ok
[INFO] [stdout] test lint::rules::md027::tests::test_no_space ... ok
[INFO] [stdout] test lint::rules::md029::tests::test_fix_indented_list ... ok
[INFO] [stdout] test lint::rules::md027::tests::test_correct_blockquote ... ok
[INFO] [stdout] test lint::rules::md030::tests::test_correct_spacing ... ok
[INFO] [stdout] test lint::rules::md029::tests::test_fix_populated_for_wrong_number ... ok
[INFO] [stdout] test lint::rules::md030::tests::test_horizontal_rules_not_list_markers ... ok
[INFO] [stdout] test lint::rules::md030::tests::test_no_space ... ok
[INFO] [stdout] test lint::rules::md030::tests::test_custom_spacing ... ok
[INFO] [stdout] test lint::rules::md030::tests::test_multiple_spaces ... ok
[INFO] [stdout] test lint::rules::md028::tests::test_blank_ends_blockquote ... ok
[INFO] [stdout] test lint::rules::md027::tests::test_many_spaces ... ok
[INFO] [stdout] test lint::rules::md031::tests::test_first_line ... ok
[INFO] [stdout] test lint::rules::md031::tests::test_fix_creates_blank_line ... ok
[INFO] [stdout] test lint::rules::md030::tests::test_table_separator_not_list ... ok
[INFO] [stdout] test lint::rules::md030::tests::test_actual_list_with_bold ... ok
[INFO] [stdout] test lint::rules::md031::tests::test_missing_blank_after ... ok
[INFO] [stdout] test lint::rules::md030::tests::test_code_blocks_not_checked ... ok
[INFO] [stdout] test lint::rules::md032::tests::test_list_in_code_block_not_flagged ... ok
[INFO] [stdout] test lint::rules::md032::tests::test_multiple_wrapped_lines ... ok
[INFO] [stdout] test lint::rules::md032::tests::test_missing_blank_after ... ok
[INFO] [stdout] test lint::rules::md030::tests::test_real_list_after_code_block ... ok
[INFO] [stdout] test lint::rules::md032::tests::test_first_line ... ok
[INFO] [stdout] test lint::rules::md028::tests::test_continuous_blockquote ... ok
[INFO] [stdout] test lint::rules::md031::tests::test_numbered_list_with_code_block ... ok
[INFO] [stdout] test lint::rules::md032::tests::test_nested_list_different_marker_loose_not_flagged ... ok
[INFO] [stdout] test lint::rules::md031::tests::test_properly_surrounded ... ok
[INFO] [stdout] test lint::rules::md032::tests::test_wrapped_list_item ... ok
[INFO] [stdout] test lint::rules::md033::tests::test_no_html ... ok
[INFO] [stdout] test lint::rules::md028::tests::test_blank_inside_blockquote ... ok
[INFO] [stdout] test lint::rules::md032::tests::test_wrapped_with_nested_list ... ok
[INFO] [stdout] test lint::rules::md028::tests::test_multiple_blank_lines ... ok
[INFO] [stdout] test lint::rules::md033::tests::test_allowed_elements ... ok
[INFO] [stdout] test lint::rules::md032::tests::test_mixed_markers_are_separate_lists ... ok
[INFO] [stdout] test lint::rules::md033::tests::test_inline_html ... ok
[INFO] [stdout] test lint::rules::md032::tests::test_missing_blank_before ... ok
[INFO] [stdout] test lint::rules::md032::tests::test_nested_list_different_marker_tight_not_flagged ... ok
[INFO] [stdout] test lint::rules::md032::tests::test_properly_surrounded ... ok
[INFO] [stdout] test lint::rules::md034::tests::test_url_alone_in_angle_brackets ... ok
[INFO] [stdout] test lint::rules::md033::tests::test_block_html ... ok
[INFO] [stdout] test lint::rules::md034::tests::test_url_in_reference_definition ... ok
[INFO] [stdout] test lint::rules::md034::tests::test_url_alone_in_backticks ... ok
[INFO] [stdout] test lint::rules::md034::tests::test_url_in_code_block ... ok
[INFO] [stdout] test lint::rules::md034::tests::test_no_bare_url ... ok
[INFO] [stdout] test lint::rules::md034::tests::test_multiple_urls ... ok
[INFO] [stdout] test lint::rules::md035::tests::test_consistent_style ... ok
[INFO] [stdout] test lint::rules::md030::tests::test_bold_not_list_marker ... ok
[INFO] [stdout] test lint::rules::md034::tests::test_angle_bracket_url ... ok
[INFO] [stdout] test lint::rules::md034::tests::test_url_in_inline_code ... ok
[INFO] [stdout] test lint::rules::md034::tests::test_parenthesized_bare_url ... ok
[INFO] [stdout] test lint::rules::md035::tests::test_enforced_style ... ok
[INFO] [stdout] test lint::rules::md034::tests::test_bare_url ... ok
[INFO] [stdout] test lint::rules::md035::tests::test_fix_normalises_hr_to_dashes ... ok
[INFO] [stdout] test lint::rules::md035::tests::test_with_spaces ... ok
[INFO] [stdout] test lint::rules::md037::tests::test_adjacent_emphasis_blocks ... ok
[INFO] [stdout] test lint::rules::md035::tests::test_hr_in_code_block_not_flagged ... ok
[INFO] [stdout] test lint::rules::md035::tests::test_inconsistent_style ... ok
[INFO] [stdout] test lint::rules::md036::tests::test_emphasis_inside_fenced_code_block_not_flagged ... ok
[INFO] [stdout] test lint::rules::md037::tests::test_code_block_with_underscores ... ok
[INFO] [stdout] test lint::rules::md036::tests::test_emphasis_outside_code_block_still_flags ... ok
[INFO] [stdout] test lint::rules::md036::tests::test_emphasis_as_heading ... ok
[INFO] [stdout] test lint::rules::md036::tests::test_emphasis_with_punctuation ... ok
[INFO] [stdout] test lint::rules::md037::tests::test_correct_emphasis ... ok
[INFO] [stdout] test lint::rules::md037::tests::test_spaces_in_emphasis ... ok
[INFO] [stdout] test lint::rules::md036::tests::test_inline_emphasis ... ok
[INFO] [stdout] test lint::rules::md037::tests::test_spaces_in_strong ... ok
[INFO] [stdout] test lint::rules::md036::tests::test_real_heading ... ok
[INFO] [stdout] test lint::rules::md037::tests::test_inline_code_with_underscores ... ok
[INFO] [stdout] test lint::rules::md037::tests::test_typescript_multiplication ... ok
[INFO] [stdout] test lint::rules::md037::tests::test_multiple_bold_words ... ok
[INFO] [stdout] test lint::rules::md037::tests::test_underscores ... ok
[INFO] [stdout] test lint::rules::md038::tests::test_asymmetric_spaces ... ok
[INFO] [stdout] test lint::rules::md038::tests::test_intentional_space ... ok
[INFO] [stdout] test lint::rules::md038::tests::test_symmetric_multiple_spaces ... ok
[INFO] [stdout] test lint::rules::md039::tests::test_code_span_not_flagged ... ok
[INFO] [stdout] test lint::rules::md038::tests::test_symmetric_single_space ... ok
[INFO] [stdout] test lint::rules::md039::tests::test_code_block_not_flagged ... ok
[INFO] [stdout] test lint::rules::md038::tests::test_leading_space ... ok
[INFO] [stdout] test lint::rules::md038::tests::test_both_spaces ... ok
[INFO] [stdout] test lint::rules::md038::tests::test_trailing_space ... ok
[INFO] [stdout] test lint::rules::md038::tests::test_correct_code_span ... ok
[INFO] [stdout] test lint::rules::md039::tests::test_correct_link ... ok
[INFO] [stdout] test lint::rules::md038::tests::test_multiple_leading_spaces ... ok
[INFO] [stdout] test lint::rules::md039::tests::test_destination_containing_parenthesis_flagged ... ok
[INFO] [stdout] test lint::rules::md039::tests::test_leading_space ... ok
[INFO] [stdout] test lint::rules::md039::tests::test_both_spaces ... ok
[INFO] [stdout] test lint::rules::md034::tests::test_url_in_link_display_text ... ok
[INFO] [stdout] test lint::rules::md039::tests::test_nested_image_edges_flagged ... ok
[INFO] [stdout] test lint::rules::md040::tests::test_indented_code_block ... ok
[INFO] [stdout] test lint::rules::md040::tests::test_with_language ... ok
[INFO] [stdout] test lint::rules::md039::tests::test_reference_link_flagged ... ok
[INFO] [stdout] test lint::rules::md041::tests::test_starts_with_h1 ... ok
[INFO] [stdout] test lint::rules::md042::tests::test_empty_fragment ... ok
[INFO] [stdout] test lint::rules::md042::tests::test_empty_text_non_empty_url ... ok
[INFO] [stdout] test lint::rules::md042::tests::test_link_with_text ... ok
[INFO] [stdout] test lint::rules::md042::tests::test_multiple_links ... ok
[INFO] [stdout] test lint::rules::md041::tests::test_starts_with_text ... ok
[INFO] [stdout] test lint::rules::md043::tests::test_correct_structure ... ok
[INFO] [stdout] test lint::rules::md042::tests::test_empty_destination ... ok
[INFO] [stdout] test lint::rules::md043::tests::test_no_config ... ok
[INFO] [stdout] test lint::rules::md043::tests::test_wildcard ... ok
[INFO] [stdout] test lint::rules::md043::tests::test_wrong_heading ... ok
[INFO] [stdout] test lint::rules::md041::tests::test_blank_lines_before_heading ... ok
[INFO] [stdout] test lint::rules::md039::tests::test_task_list_checkbox_not_flagged ... ok
[INFO] [stdout] test lint::rules::md039::tests::test_trailing_space ... ok
[INFO] [stdout] test lint::rules::md040::tests::test_allowed_languages ... ok
[INFO] [stdout] test lint::rules::md040::tests::test_without_language ... ok
[INFO] [stdout] test lint::rules::md041::tests::test_starts_with_h2 ... ok
[INFO] [stdout] test lint::rules::md044::tests::test_no_config ... ok
[INFO] [stdout] test lint::rules::md045::tests::test_image_with_alt ... ok
[INFO] [stdout] test glob::walker::tests::test_gitignore_respect ... ok
[INFO] [stdout] test lint::rules::md046::tests::test_consistent_indented ... ok
[INFO] [stdout] test lint::rules::md038::tests::test_multiple_trailing_spaces ... ok
[INFO] [stdout] test lint::rules::md047::tests::test_empty_file ... ok
[INFO] [stdout] test lint::rules::md046::tests::test_inconsistent ... ok
[INFO] [stdout] test lint::rules::md047::tests::test_single_newline ... ok
[INFO] [stdout] test lint::rules::md047::tests::test_multiple_newlines ... ok
[INFO] [stdout] test lint::rules::md047::tests::test_no_newline ... ok
[INFO] [stdout] test lint::rules::md047::tests::test_fix_adds_trailing_newline ... ok
[INFO] [stdout] test lint::rules::md045::tests::test_image_with_whitespace_alt ... ok
[INFO] [stdout] test lint::rules::md045::tests::test_image_without_alt ... ok
[INFO] [stdout] test lint::rules::md045::tests::test_multiple_images ... ok
[INFO] [stdout] test lint::rules::md046::tests::test_consistent_fenced ... ok
[INFO] [stdout] test lint::rules::md046::tests::test_enforced_fenced ... ok
[INFO] [stdout] test lint::rules::md048::tests::test_consistent_tilde ... ok
[INFO] [stdout] test lint::rules::md048::tests::test_enforced_backtick ... ok
[INFO] [stdout] test lint::rules::md049::tests::test_code_block_with_underscores ... ok
[INFO] [stdout] test lint::rules::md048::tests::test_consistent_backtick ... ok
[INFO] [stdout] test lint::rules::md048::tests::test_inconsistent ... ok
[INFO] [stdout] test lint::rules::md049::tests::test_consistent_asterisk ... ok
[INFO] [stdout] test lint::rules::md049::tests::test_consistent_underscore ... ok
[INFO] [stdout] test lint::rules::md044::tests::test_correct_capitalization ... ok
[INFO] [stdout] test lint::rules::md044::tests::test_incorrect_capitalization ... ok
[INFO] [stdout] test lint::rules::md049::tests::test_underscore_emphasis_in_punctuation_context ... ok
[INFO] [stdout] test lint::rules::md049::tests::test_typescript_multiplication ... ok
[INFO] [stdout] test lint::rules::md049::tests::test_enforced_style ... ok
[INFO] [stdout] test lint::rules::md050::tests::test_enforced_style ... ok
[INFO] [stdout] test lint::rules::md049::tests::test_inline_code_with_underscores ... ok
[INFO] [stdout] test lint::rules::md049::tests::test_inline_code_after_multibyte_text ... ok
[INFO] [stdout] test lint::rules::md031::tests::test_missing_blank_before ... ok
[INFO] [stdout] test lint::rules::md050::tests::test_inline_code_after_multibyte_text ... ok
[INFO] [stdout] test lint::rules::md050::tests::test_consistent_asterisk ... ok
[INFO] [stdout] test lint::rules::md050::tests::test_consistent_underscore ... ok
[INFO] [stdout] test lint::rules::md049::tests::test_inconsistent ... ok
[INFO] [stdout] test lint::rules::md050::tests::test_code_block_with_underscores ... ok
[INFO] [stdout] test lint::rules::md049::tests::test_snake_case_not_flagged ... ok
[INFO] [stdout] test lint::rules::md051::tests::test_heading_with_spaces ... ok
[INFO] [stdout] test lint::rules::md050::tests::test_inline_code_with_underscores ... ok
[INFO] [stdout] test lint::rules::md051::tests::test_invalid_fragment ... ok
[INFO] [stdout] test lint::rules::md051::tests::test_external_links_ignored ... ok
[INFO] [stdout] test lint::rules::md051::tests::test_multiple_headings ... ok
[INFO] [stdout] test lint::rules::md050::tests::test_inconsistent ... ok
[INFO] [stdout] test lint::rules::md044::tests::test_code_blocks_false_skips_block_contents_and_spans ... ok
[INFO] [stdout] test lint::rules::md044::tests::test_partial_match ... ok
[INFO] [stdout] test lint::rules::md052::tests::test_case_insensitive ... ok
[INFO] [stdout] test lint::rules::md052::tests::test_defined_reference ... ok
[INFO] [stdout] test lint::rules::md051::tests::test_valid_fragment ... ok
[INFO] [stdout] test lint::rules::md052::tests::test_collapsed_reference_undefined ... ok
[INFO] [stdout] test lint::rules::md053::tests::test_image_reference ... ok
[INFO] [stdout] test lint::rules::md053::tests::test_multiple_definitions ... ok
[INFO] [stdout] test lint::rules::md054::tests::test_consistent_inline ... ok
[INFO] [stdout] test lint::rules::md053::tests::test_shortcut_reference_used ... ok
[INFO] [stdout] test lint::rules::md053::tests::test_used_definition ... ok
[INFO] [stdout] test lint::rules::md052::tests::test_shortcut_reference_defined ... ok
[INFO] [stdout] test lint::rules::md052::tests::test_shortcut_reference_undefined ... ok
[INFO] [stdout] test lint::rules::md053::tests::test_all_used ... ok
[INFO] [stdout] test lint::rules::md054::tests::test_enforced_inline ... ok
[INFO] [stdout] test lint::rules::md052::tests::test_image_reference ... ok
[INFO] [stdout] test lint::rules::md052::tests::test_inline_links_ignored ... ok
[INFO] [stdout] test lint::rules::md052::tests::test_undefined_reference ... ok
[INFO] [stdout] test lint::rules::md034::tests::test_bare_url_column ... ok
[INFO] [stdout] test lint::rules::md053::tests::test_collapsed_reference_used ... ok
[INFO] [stdout] test lint::rules::md053::tests::test_shortcut_reference_used_multiple_times ... ok
[INFO] [stdout] test lint::rules::md053::tests::test_unused_definition ... ok
[INFO] [stdout] test lint::rules::md044::tests::test_code_blocks_true_checks_code ... ok
[INFO] [stdout] test lint::rules::md055::tests::test_inconsistent_pipes ... ok
[INFO] [stdout] test lint::rules::md054::tests::test_enforced_reference ... ok
[INFO] [stdout] test lint::rules::md055::tests::test_consistent_without_pipes ... ok
[INFO] [stdout] test lint::rules::md055::tests::test_simple_table ... ok
[INFO] [stdout] test lint::rules::md055::tests::test_real_table_with_code_span_pipe_still_flagged ... ok
[INFO] [stdout] test lint::rules::md054::tests::test_inconsistent_style ... ok
[INFO] [stdout] test lint::rules::md055::tests::test_consistent_with_pipes ... ok
[INFO] [stdout] test lint::rules::md055::tests::test_enforced_leading_and_trailing ... ok
[INFO] [stdout] test lint::rules::md055::tests::test_pipe_only_in_inline_code_span_ignored ... ok
[INFO] [stdout] test lint::rules::md056::tests::test_no_table ... ok
[INFO] [stdout] test lint::rules::md056::tests::test_valid_table ... ok
[INFO] [stdout] test lint::rules::md058::tests::test_table_at_start ... ok
[INFO] [stdout] test lint::rules::md056::tests::test_mismatched_columns ... ok
[INFO] [stdout] test lint::rules::md056::tests::test_multiple_rows ... ok
[INFO] [stdout] test lint::rules::md056::tests::test_separator_mismatch ... ok
[INFO] [stdout] test lint::rules::md054::tests::test_consistent_reference ... ok
[INFO] [stdout] test lint::rules::md058::tests::test_table_with_blank_lines ... ok
[INFO] [stdout] test lint::rules::md058::tests::test_table_without_any_blank_lines ... ok
[INFO] [stdout] test lint::rules::md058::tests::test_table_without_blank_before ... ok
[INFO] [stdout] test lint::rules::md060::tests::test_consistent_alignment ... ok
[INFO] [stdout] test lint::rules::md060::tests::test_no_table ... ok
[INFO] [stdout] test lint::rules::md059::tests::test_descriptive_link ... ok
[INFO] [stdout] test lint::rules::md059::tests::test_here ... ok
[INFO] [stdout] test lint::rules::md059::tests::test_click_here ... ok
[INFO] [stdout] test markdown::front_matter::tests::test_strip_no_front_matter ... ok
[INFO] [stdout] test lint::rules::md059::tests::test_multiple_bad_links ... ok
[INFO] [stdout] test lint::rules::md060::tests::test_enforced_default ... ok
[INFO] [stdout] test markdown::front_matter::tests::test_incomplete_front_matter ... ok
[INFO] [stdout] test markdown::parser::tests::test_basic_parsing ... ok
[INFO] [stdout] test markdown::parser::tests::test_code_line_numbers_inline ... ok
[INFO] [stdout] test markdown::parser::tests::test_offset_to_position ... ok
[INFO] [stdout] test lint::rules::md060::tests::test_enforced_left ... ok
[INFO] [stdout] test markdown::front_matter::tests::test_detect_toml_front_matter ... ok
[INFO] [stdout] test markdown::parser::tests::test_event_type_checks ... ok
[INFO] [stdout] test lint::rules::md060::tests::test_mixed_alignment ... ok
[INFO] [stdout] test markdown::parser::tests::test_code_line_numbers_fenced ... ok
[INFO] [stdout] test markdown::front_matter::tests::test_detect_yaml_front_matter ... ok
[INFO] [stdout] test lint::rules::md059::tests::test_case_insensitive ... ok
[INFO] [stdout] test markdown::parser::tests::test_build_line_offsets ... ok
[INFO] [stdout] test markdown::parser::tests::test_get_line ... ok
[INFO] [stdout] test lint::rules::md058::tests::test_table_without_blank_after ... ok
[INFO] [stdout] test markdown::front_matter::tests::test_strip_front_matter ... ok
[INFO] [stdout] test migrate::markdownlint_cli2::cli2::tests::parses_cli2_wrapper_json ... ok
[INFO] [stdout] test markdown::parser::tests::test_code_line_numbers_mixed ... ok
[INFO] [stdout] test markdown::parser::tests::test_offset_to_line ... ok
[INFO] [stdout] test markdown::parser::tests::test_parse_events ... ok
[INFO] [stdout] test markdown::parser::tests::test_offset_to_position_crlf ... ok
[INFO] [stdout] test migrate::markdownlint_cli2::cli2::tests::parses_gitignore_no_inline_config_and_front_matter ... ok
[INFO] [stdout] test markdown::parser::tests::test_ref_def_line_numbers ... ok
[INFO] [stdout] test migrate::markdownlint_cli2::cli2::tests::package_json_without_field_errors ... ok
[INFO] [stdout] test migrate::markdownlint_cli2::cli2::tests::parses_cli2_wrapper_yaml ... ok
[INFO] [stdout] test migrate::markdownlint_cli2::cli2::tests::parses_standalone_markdownlint_json ... ok
[INFO] [stdout] test migrate::markdownlint_cli2::cli2::tests::parses_markdownlint_cli2_field_from_package_json ... ok
[INFO] [stdout] test migrate::rules::tests::deprecated_rule_not_implemented_returns_none ... ok
[INFO] [stdout] test migrate::rules::tests::resolves_known_alias ... ok
[INFO] [stdout] test migrate::markdownlint_cli2::tests::warns_on_unknown_rule ... ok
[INFO] [stdout] test migrate::rules::tests::unknown_alias_returns_none ... ok
[INFO] [stdout] test migrate::write::tests::renders_sorted_rule_sections_and_reloads ... ok
[INFO] [stdout] test markdown::parser::tests::test_parse_with_offsets ... ok
[INFO] [stdout] test migrate::markdownlint_cli2::tests::migrates_json_cli2_config ... ok
[INFO] [stdout] test migrate::markdownlint_cli2::tests::migrates_from_package_json_field ... ok
[INFO] [stdout] test migrate::markdownlint_cli2::tests::maps_gitignore_no_inline_config_and_front_matter ... ok
[INFO] [stdout] test migrate::markdownlint_cli2::tests::does_not_override_explicit_user_config ... ok
[INFO] [stdout] test migrate::rules::tests::resolves_bare_code_case_insensitively ... ok
[INFO] [stdout] test migrate::markdownlint_cli2::tests::pins_cli2_defaults_for_unconfigured_rules ... ok
[INFO] [stdout] test server::convert::tests::test_uri_file_scheme ... ok
[INFO] [stdout] test server::documents::tests::test_get_missing ... ok
[INFO] [stdout] test server::convert::tests::test_coord_ascii ... ok
[INFO] [stdout] test migrate::markdownlint_cli2::tests::does_not_pin_defaults_when_default_disabled ... ok
[INFO] [stdout] test server::documents::tests::test_close ... ok
[INFO] [stdout] test migrate::markdownlint_cli2::cli2::tests::strips_line_and_block_comments ... ok
[INFO] [stdout] test migrate::markdownlint_cli2::js::tests::falls_back_to_scrape_without_node ... ok
[INFO] [stdout] test server::documents::tests::test_open_and_get ... ok
[INFO] [stdout] test server::convert::tests::test_coord_no_column ... ok
[INFO] [stdout] test server::documents::tests::test_update ... ok
[INFO] [stdout] test server::convert::tests::test_coord_utf16 ... ok
[INFO] [stdout] test markdown::front_matter::tests::test_no_front_matter ... ok
[INFO] [stdout] test server::convert::tests::test_uri_non_file ... ok
[INFO] [stdout] test migrate::markdownlint_cli2::js::tests::parses_simple_cjs_export ... ok
[INFO] [stdout] test migrate::markdownlint_cli2::js::tests::node_eval_resolves_require_and_spread ... ok
[INFO] [stderr]      Running unittests src/main.rs (/opt/rustwide/target/debug/build/markdownlint-rs/335f9b2e294d879c/out/mdlint-335f9b2e294d879c)
[INFO] [stdout] test migrate::markdownlint_cli2::js::tests::unparsable_js_returns_error ... ok
[INFO] [stdout] 
[INFO] [stdout] test result: ok. 487 passed; 0 failed; 0 ignored; 0 measured; 0 filtered out; finished in 0.62s
[INFO] [stdout] 
[INFO] [stdout] 
[INFO] [stdout] running 0 tests
[INFO] [stdout] 
[INFO] [stdout] test result: ok. 0 passed; 0 failed; 0 ignored; 0 measured; 0 filtered out; finished in 0.00s
[INFO] [stdout] 
[INFO] [stderr]      Running tests/formatter.rs (/opt/rustwide/target/debug/build/markdownlint-rs/22bceeef66f884ec/out/formatter-22bceeef66f884ec)
[INFO] [stdout] 
[INFO] [stdout] running 28 tests
[INFO] [stdout] test empty_input_produces_empty_output ... ok
[INFO] [stdout] test gfm_table_already_canonical_unchanged ... ok
[INFO] [stdout] test idempotent_on_mixed_document ... ok
[INFO] [stdout] test inline_code_content_preserved ... ok
[INFO] [stdout] test asterisk_and_plus_list_markers_become_dash ... ok
[INFO] [stdout] test closed_atx_headings_stripped ... ok
[INFO] [stdout] test horizontal_rules_normalised_to_dashes ... ok
[INFO] [stdout] test code_block_content_preserved_verbatim ... ok
[INFO] [stdout] test list_item_continuation_indented ... ok
[INFO] [stdout] test multiple_blank_lines_collapsed ... ok
[INFO] [stdout] test link_and_image_preserved ... ok
[INFO] [stdout] test nested_lists_preserved ... ok
[INFO] [stdout] test gfm_table_canonicalised ... ok
[INFO] [stdout] test nested_ordered_list_under_bullet_item_stays_tight ... ok
[INFO] [stdout] test blockquote_preserved ... ok
[INFO] [stdout] test setext_headings_become_atx ... ok
[INFO] [stdout] test tilde_code_fences_become_backtick ... ok
[INFO] [stdout] test trailing_newline_normalised ... ok
[INFO] [stdout] test trailing_whitespace_removed ... ok
[INFO] [stdout] test extra_spaces_after_hash_collapsed ... ok
[INFO] [stdout] test underscore_emphasis_becomes_asterisk ... ok
[INFO] [stdout] test ordered_list_preserved ... ok
[INFO] [stdout] test format_rewrites_file_in_place ... FAILED
[INFO] [stdout] test check_without_fix_does_not_modify_file ... FAILED
[INFO] [stdout] test format_check_does_not_modify_file ... FAILED
[INFO] [stdout] test format_check_exits_0_when_already_formatted ... FAILED
[INFO] [stdout] test check_with_fix_corrects_violations_and_exits_1 ... FAILED
[INFO] [stdout] test format_check_exits_1_when_file_needs_formatting ... FAILED
[INFO] [stdout] 
[INFO] [stdout] failures:
[INFO] [stdout] 
[INFO] [stdout] ---- format_rewrites_file_in_place stdout ----
[INFO] [stdout] 
[INFO] [stdout] thread 'format_rewrites_file_in_place' (2598) panicked at tests/formatter.rs:500:10:
[INFO] [stdout] called `Result::unwrap()` on an `Err` value: Os { code: 2, kind: NotFound, message: "No such file or directory" }
[INFO] [stdout] stack backtrace:
[INFO] [stdout]    0:     0x5badf5cd5421 - std[617be2ca0a6fd877]::backtrace_rs::backtrace::libunwind::trace
[INFO] [stdout]                                at /rustc/e3feeb59cd1bdd011a2bfcc0747b55125d9b8527/library/std/src/../../backtrace/src/backtrace/libunwind.rs:117:9
[INFO] [stdout]    1:     0x5badf5cd5421 - std[617be2ca0a6fd877]::backtrace_rs::backtrace::trace_unsynchronized::<std[617be2ca0a6fd877]::sys::backtrace::_print_fmt::{closure#1}>
[INFO] [stdout]                                at /rustc/e3feeb59cd1bdd011a2bfcc0747b55125d9b8527/library/std/src/../../backtrace/src/backtrace/mod.rs:66:14
[INFO] [stdout]    2:     0x5badf5cd5421 - std[617be2ca0a6fd877]::sys::backtrace::_print_fmt
[INFO] [stdout]                                at /rustc/e3feeb59cd1bdd011a2bfcc0747b55125d9b8527/library/std/src/sys/backtrace.rs:74:9
[INFO] [stdout]    3:     0x5badf5cd5421 - <<std[617be2ca0a6fd877]::sys::backtrace::BacktraceLock>::print::DisplayBacktrace as core[a373ad73a504971]::fmt::Display>::fmt
[INFO] [stdout]                                at /rustc/e3feeb59cd1bdd011a2bfcc0747b55125d9b8527/library/std/src/sys/backtrace.rs:44:26
[INFO] [stdout]    4:     0x5badf5cea12a - <core[a373ad73a504971]::fmt::rt::Argument>::fmt
[INFO] [stdout]                                at /rustc/e3feeb59cd1bdd011a2bfcc0747b55125d9b8527/library/core/src/fmt/rt.rs:152:76
[INFO] [stdout]    5:     0x5badf5cea12a - core[a373ad73a504971]::fmt::write
[INFO] [stdout]    6:     0x5badf5cd989c - core[a373ad73a504971]::io::write::default_write_fmt::<alloc[2e1b2a31b91974c5]::vec::Vec<u8>>
[INFO] [stdout]                                at /rustc/e3feeb59cd1bdd011a2bfcc0747b55125d9b8527/library/core/src/io/write.rs:402:11
[INFO] [stdout]    7:     0x5badf5cd989c - <alloc[2e1b2a31b91974c5]::vec::Vec<u8> as core[a373ad73a504971]::io::write::Write>::write_fmt
[INFO] [stdout]                                at /rustc/e3feeb59cd1bdd011a2bfcc0747b55125d9b8527/library/core/src/io/write.rs:335:13
[INFO] [stdout]    8:     0x5badf5cafca6 - <std[617be2ca0a6fd877]::sys::backtrace::BacktraceLock>::print
[INFO] [stdout]                                at /rustc/e3feeb59cd1bdd011a2bfcc0747b55125d9b8527/library/std/src/sys/backtrace.rs:47:9
[INFO] [stdout]    9:     0x5badf5cafca6 - std[617be2ca0a6fd877]::panicking::default_hook::{closure#0}
[INFO] [stdout]                                at /rustc/e3feeb59cd1bdd011a2bfcc0747b55125d9b8527/library/std/src/panicking.rs:289:27
[INFO] [stdout]   10:     0x5badf5ccce59 - std[617be2ca0a6fd877]::panicking::default_hook
[INFO] [stdout]                                at /rustc/e3feeb59cd1bdd011a2bfcc0747b55125d9b8527/library/std/src/panicking.rs:313:9
[INFO] [stdout]   11:     0x5badf5be84f0 - <alloc[2e1b2a31b91974c5]::boxed::Box<dyn for<'a, 'b> core[a373ad73a504971]::ops::function::Fn<(&'a std[617be2ca0a6fd877]::panic::PanicHookInfo<'b>,), Output = ()> + core[a373ad73a504971]::marker::Sync + core[a373ad73a504971]::marker::Send> as core[a373ad73a504971]::ops::function::Fn<(&std[617be2ca0a6fd877]::panic::PanicHookInfo,)>>::call
[INFO] [stdout]                                at /rustc/e3feeb59cd1bdd011a2bfcc0747b55125d9b8527/library/alloc/src/boxed.rs:2328:9
[INFO] [stdout]   12:     0x5badf5be84f0 - test[aada8e7e76ba119b]::test_main_inner::{closure#0}
[INFO] [stdout]                                at /rustc/e3feeb59cd1bdd011a2bfcc0747b55125d9b8527/library/test/src/lib.rs:137:21
[INFO] [stdout]   13:     0x5badf5ccd012 - <alloc[2e1b2a31b91974c5]::boxed::Box<dyn for<'a, 'b> core[a373ad73a504971]::ops::function::Fn<(&'a std[617be2ca0a6fd877]::panic::PanicHookInfo<'b>,), Output = ()> + core[a373ad73a504971]::marker::Sync + core[a373ad73a504971]::marker::Send> as core[a373ad73a504971]::ops::function::Fn<(&std[617be2ca0a6fd877]::panic::PanicHookInfo,)>>::call
[INFO] [stdout]                                at /rustc/e3feeb59cd1bdd011a2bfcc0747b55125d9b8527/library/alloc/src/boxed.rs:2328:9
[INFO] [stdout]   14:     0x5badf5ccd012 - std[617be2ca0a6fd877]::panicking::panic_with_hook
[INFO] [stdout]                                at /rustc/e3feeb59cd1bdd011a2bfcc0747b55125d9b8527/library/std/src/panicking.rs:819:13
[INFO] [stdout]   15:     0x5badf5cafd52 - std[617be2ca0a6fd877]::panicking::panic_handler::{closure#0}
[INFO] [stdout]                                at /rustc/e3feeb59cd1bdd011a2bfcc0747b55125d9b8527/library/std/src/panicking.rs:685:13
[INFO] [stdout]   16:     0x5badf5ca87b9 - std[617be2ca0a6fd877]::sys::backtrace::__rust_end_short_backtrace::<std[617be2ca0a6fd877]::panicking::panic_handler::{closure#0}, !>
[INFO] [stdout]                                at /rustc/e3feeb59cd1bdd011a2bfcc0747b55125d9b8527/library/std/src/sys/backtrace.rs:182:18
[INFO] [stdout]   17:     0x5badf5cb095d - __rustc[ea4f61d10b84890b]::rust_begin_unwind
[INFO] [stdout]                                at /rustc/e3feeb59cd1bdd011a2bfcc0747b55125d9b8527/library/std/src/panicking.rs:676:5
[INFO] [stdout]   18:     0x5badf5cea8dc - core[a373ad73a504971]::panicking::panic_fmt
[INFO] [stdout]                                at /rustc/e3feeb59cd1bdd011a2bfcc0747b55125d9b8527/library/core/src/panicking.rs:80:14
[INFO] [stdout]   19:     0x5badf5cea632 - core[a373ad73a504971]::result::unwrap_failed
[INFO] [stdout]                                at /rustc/e3feeb59cd1bdd011a2bfcc0747b55125d9b8527/library/core/src/result.rs:1870:5
[INFO] [stdout]   20:     0x5badf5bd77c3 - <core[a373ad73a504971]::result::Result<std[617be2ca0a6fd877]::process::ExitStatus, core[a373ad73a504971]::io::error::Error>>::unwrap
[INFO] [stdout]                                at /rustc/e3feeb59cd1bdd011a2bfcc0747b55125d9b8527/library/core/src/result.rs:1232:23
[INFO] [stdout]   21:     0x5badf5bd77c3 - formatter[c5639093d4af7ebb]::format_rewrites_file_in_place
[INFO] [stdout]                                at /opt/rustwide/workdir/tests/formatter.rs:500:10
[INFO] [stdout]   22:     0x5badf5bd62c3 - formatter[c5639093d4af7ebb]::format_rewrites_file_in_place::{closure#0}
[INFO] [stdout]                                at /opt/rustwide/workdir/tests/formatter.rs:481:35
[INFO] [stdout]   23:     0x5badf5bdb6c6 - <formatter[c5639093d4af7ebb]::format_rewrites_file_in_place::{closure#0} as core[a373ad73a504971]::ops::function::FnOnce<()>>::call_once
[INFO] [stdout]                                at /rustc/e3feeb59cd1bdd011a2bfcc0747b55125d9b8527/library/core/src/ops/function.rs:250:5
[INFO] [stdout]   24:     0x5badf5bdb93b - <fn() -> core[a373ad73a504971]::result::Result<(), alloc[2e1b2a31b91974c5]::string::String> as core[a373ad73a504971]::ops::function::FnOnce<()>>::call_once
[INFO] [stdout]                                at /rustc/e3feeb59cd1bdd011a2bfcc0747b55125d9b8527/library/core/src/ops/function.rs:250:5
[INFO] [stdout]   25:     0x5badf5bdb93b - test[aada8e7e76ba119b]::__rust_begin_short_backtrace::<core[a373ad73a504971]::result::Result<(), alloc[2e1b2a31b91974c5]::string::String>, fn() -> core[a373ad73a504971]::result::Result<(), alloc[2e1b2a31b91974c5]::string::String>>
[INFO] [stdout]                                at /rustc/e3feeb59cd1bdd011a2bfcc0747b55125d9b8527/library/test/src/lib.rs:701:18
[INFO] [stdout]   26:     0x5badf5be8b15 - test[aada8e7e76ba119b]::run_test_in_process::{closure#0}
[INFO] [stdout]                                at /rustc/e3feeb59cd1bdd011a2bfcc0747b55125d9b8527/library/test/src/lib.rs:724:74
[INFO] [stdout]   27:     0x5badf5be8b15 - <core[a373ad73a504971]::panic::unwind_safe::AssertUnwindSafe<test[aada8e7e76ba119b]::run_test_in_process::{closure#0}> as core[a373ad73a504971]::ops::function::FnOnce<()>>::call_once
[INFO] [stdout]                                at /rustc/e3feeb59cd1bdd011a2bfcc0747b55125d9b8527/library/core/src/panic/unwind_safe.rs:275:9
[INFO] [stdout]   28:     0x5badf5be8b15 - std[617be2ca0a6fd877]::panicking::catch_unwind::do_call::<core[a373ad73a504971]::panic::unwind_safe::AssertUnwindSafe<test[aada8e7e76ba119b]::run_test_in_process::{closure#0}>, core[a373ad73a504971]::result::Result<(), alloc[2e1b2a31b91974c5]::string::String>>
[INFO] [stdout]                                at /rustc/e3feeb59cd1bdd011a2bfcc0747b55125d9b8527/library/std/src/panicking.rs:573:43
[INFO] [stdout]   29:     0x5badf5be8b15 - std[617be2ca0a6fd877]::panicking::catch_unwind::<core[a373ad73a504971]::result::Result<(), alloc[2e1b2a31b91974c5]::string::String>, core[a373ad73a504971]::panic::unwind_safe::AssertUnwindSafe<test[aada8e7e76ba119b]::run_test_in_process::{closure#0}>>
[INFO] [stdout]                                at /rustc/e3feeb59cd1bdd011a2bfcc0747b55125d9b8527/library/std/src/panicking.rs:541:19
[INFO] [stdout]   30:     0x5badf5be8b15 - std[617be2ca0a6fd877]::panic::catch_unwind::<core[a373ad73a504971]::panic::unwind_safe::AssertUnwindSafe<test[aada8e7e76ba119b]::run_test_in_process::{closure#0}>, core[a373ad73a504971]::result::Result<(), alloc[2e1b2a31b91974c5]::string::String>>
[INFO] [stdout]                                at /rustc/e3feeb59cd1bdd011a2bfcc0747b55125d9b8527/library/std/src/panic.rs:359:14
[INFO] [stdout]   31:     0x5badf5be8b15 - test[aada8e7e76ba119b]::run_test_in_process
[INFO] [stdout]                                at /rustc/e3feeb59cd1bdd011a2bfcc0747b55125d9b8527/library/test/src/lib.rs:724:27
[INFO] [stdout]   32:     0x5badf5be8b15 - test[aada8e7e76ba119b]::run_test::{closure#0}
[INFO] [stdout]                                at /rustc/e3feeb59cd1bdd011a2bfcc0747b55125d9b8527/library/test/src/lib.rs:645:43
[INFO] [stdout]   33:     0x5badf5be2404 - test[aada8e7e76ba119b]::run_test::{closure#1}
[INFO] [stdout]                                at /rustc/e3feeb59cd1bdd011a2bfcc0747b55125d9b8527/library/test/src/lib.rs:675:41
[INFO] [stdout]   34:     0x5badf5be2404 - std[617be2ca0a6fd877]::sys::backtrace::__rust_begin_short_backtrace::<test[aada8e7e76ba119b]::run_test::{closure#1}, ()>
[INFO] [stdout]                                at /rustc/e3feeb59cd1bdd011a2bfcc0747b55125d9b8527/library/std/src/sys/backtrace.rs:166:18
[INFO] [stdout]   35:     0x5badf5bebba2 - std[617be2ca0a6fd877]::thread::lifecycle::spawn_unchecked::<test[aada8e7e76ba119b]::run_test::{closure#1}, ()>::{closure#1}::{closure#0}
[INFO] [stdout]                                at /rustc/e3feeb59cd1bdd011a2bfcc0747b55125d9b8527/library/std/src/thread/lifecycle.rs:70:13
[INFO] [stdout]   36:     0x5badf5bebba2 - <core[a373ad73a504971]::panic::unwind_safe::AssertUnwindSafe<std[617be2ca0a6fd877]::thread::lifecycle::spawn_unchecked<test[aada8e7e76ba119b]::run_test::{closure#1}, ()>::{closure#1}::{closure#0}> as core[a373ad73a504971]::ops::function::FnOnce<()>>::call_once
[INFO] [stdout]                                at /rustc/e3feeb59cd1bdd011a2bfcc0747b55125d9b8527/library/core/src/panic/unwind_safe.rs:275:9
[INFO] [stdout]   37:     0x5badf5bebba2 - std[617be2ca0a6fd877]::panicking::catch_unwind::do_call::<core[a373ad73a504971]::panic::unwind_safe::AssertUnwindSafe<std[617be2ca0a6fd877]::thread::lifecycle::spawn_unchecked<test[aada8e7e76ba119b]::run_test::{closure#1}, ()>::{closure#1}::{closure#0}>, ()>
[INFO] [stdout]                                at /rustc/e3feeb59cd1bdd011a2bfcc0747b55125d9b8527/library/std/src/panicking.rs:573:43
[INFO] [stdout]   38:     0x5badf5bebba2 - std[617be2ca0a6fd877]::panicking::catch_unwind::<(), core[a373ad73a504971]::panic::unwind_safe::AssertUnwindSafe<std[617be2ca0a6fd877]::thread::lifecycle::spawn_unchecked<test[aada8e7e76ba119b]::run_test::{closure#1}, ()>::{closure#1}::{closure#0}>>
[INFO] [stdout]                                at /rustc/e3feeb59cd1bdd011a2bfcc0747b55125d9b8527/library/std/src/panicking.rs:541:19
[INFO] [stdout]   39:     0x5badf5bebba2 - std[617be2ca0a6fd877]::panic::catch_unwind::<core[a373ad73a504971]::panic::unwind_safe::AssertUnwindSafe<std[617be2ca0a6fd877]::thread::lifecycle::spawn_unchecked<test[aada8e7e76ba119b]::run_test::{closure#1}, ()>::{closure#1}::{closure#0}>, ()>
[INFO] [stdout]                                at /rustc/e3feeb59cd1bdd011a2bfcc0747b55125d9b8527/library/std/src/panic.rs:359:14
[INFO] [stdout]   40:     0x5badf5bebba2 - std[617be2ca0a6fd877]::thread::lifecycle::spawn_unchecked::<test[aada8e7e76ba119b]::run_test::{closure#1}, ()>::{closure#1}
[INFO] [stdout]                                at /rustc/e3feeb59cd1bdd011a2bfcc0747b55125d9b8527/library/std/src/thread/lifecycle.rs:68:26
[INFO] [stdout]   41:     0x5badf5bebba2 - <std[617be2ca0a6fd877]::thread::lifecycle::spawn_unchecked<test[aada8e7e76ba119b]::run_test::{closure#1}, ()>::{closure#1} as core[a373ad73a504971]::ops::function::FnOnce<()>>::call_once::{shim:vtable#0}
[INFO] [stdout]                                at /rustc/e3feeb59cd1bdd011a2bfcc0747b55125d9b8527/library/core/src/ops/function.rs:250:5
[INFO] [stdout]   42:     0x5badf5cd473f - <alloc[2e1b2a31b91974c5]::boxed::Box<dyn core[a373ad73a504971]::ops::function::FnOnce<(), Output = ()> + core[a373ad73a504971]::marker::Send> as core[a373ad73a504971]::ops::function::FnOnce<()>>::call_once
[INFO] [stdout]                                at /rustc/e3feeb59cd1bdd011a2bfcc0747b55125d9b8527/library/alloc/src/boxed.rs:2314:9
[INFO] [stdout]   43:     0x5badf5cd473f - <std[617be2ca0a6fd877]::sys::thread::unix::Thread>::new::thread_start
[INFO] [stdout]                                at /rustc/e3feeb59cd1bdd011a2bfcc0747b55125d9b8527/library/std/src/sys/thread/unix.rs:127:17
[INFO] [stdout]   44:     0x7c9a92b12dfa - <unknown>
[INFO] [stdout]   45:     0x7c9a92ba63d4 - clone
[INFO] [stdout]   46:                0x0 - <unknown>
[INFO] [stdout] 
[INFO] [stdout] ---- check_without_fix_does_not_modify_file stdout ----
[INFO] [stdout] 
[INFO] [stdout] thread 'check_without_fix_does_not_modify_file' (2590) panicked at tests/formatter.rs:544:10:
[INFO] [stdout] called `Result::unwrap()` on an `Err` value: Os { code: 2, kind: NotFound, message: "No such file or directory" }
[INFO] [stdout] stack backtrace:
[INFO] [stdout]    0:     0x5badf5cd5421 - std[617be2ca0a6fd877]::backtrace_rs::backtrace::libunwind::trace
[INFO] [stdout]                                at /rustc/e3feeb59cd1bdd011a2bfcc0747b55125d9b8527/library/std/src/../../backtrace/src/backtrace/libunwind.rs:117:9
[INFO] [stdout]    1:     0x5badf5cd5421 - std[617be2ca0a6fd877]::backtrace_rs::backtrace::trace_unsynchronized::<std[617be2ca0a6fd877]::sys::backtrace::_print_fmt::{closure#1}>
[INFO] [stdout]                                at /rustc/e3feeb59cd1bdd011a2bfcc0747b55125d9b8527/library/std/src/../../backtrace/src/backtrace/mod.rs:66:14
[INFO] [stdout]    2:     0x5badf5cd5421 - std[617be2ca0a6fd877]::sys::backtrace::_print_fmt
[INFO] [stdout]                                at /rustc/e3feeb59cd1bdd011a2bfcc0747b55125d9b8527/library/std/src/sys/backtrace.rs:74:9
[INFO] [stdout]    3:     0x5badf5cd5421 - <<std[617be2ca0a6fd877]::sys::backtrace::BacktraceLock>::print::DisplayBacktrace as core[a373ad73a504971]::fmt::Display>::fmt
[INFO] [stdout]                                at /rustc/e3feeb59cd1bdd011a2bfcc0747b55125d9b8527/library/std/src/sys/backtrace.rs:44:26
[INFO] [stdout]    4:     0x5badf5cea12a - <core[a373ad73a504971]::fmt::rt::Argument>::fmt
[INFO] [stdout]                                at /rustc/e3feeb59cd1bdd011a2bfcc0747b55125d9b8527/library/core/src/fmt/rt.rs:152:76
[INFO] [stdout]    5:     0x5badf5cea12a - core[a373ad73a504971]::fmt::write
[INFO] [stdout]    6:     0x5badf5cd989c - core[a373ad73a504971]::io::write::default_write_fmt::<alloc[2e1b2a31b91974c5]::vec::Vec<u8>>
[INFO] [stdout]                                at /rustc/e3feeb59cd1bdd011a2bfcc0747b55125d9b8527/library/core/src/io/write.rs:402:11
[INFO] [stdout]    7:     0x5badf5cd989c - <alloc[2e1b2a31b91974c5]::vec::Vec<u8> as core[a373ad73a504971]::io::write::Write>::write_fmt
[INFO] [stdout]                                at /rustc/e3feeb59cd1bdd011a2bfcc0747b55125d9b8527/library/core/src/io/write.rs:335:13
[INFO] [stdout]    8:     0x5badf5cafca6 - <std[617be2ca0a6fd877]::sys::backtrace::BacktraceLock>::print
[INFO] [stdout]                                at /rustc/e3feeb59cd1bdd011a2bfcc0747b55125d9b8527/library/std/src/sys/backtrace.rs:47:9
[INFO] [stdout]    9:     0x5badf5cafca6 - std[617be2ca0a6fd877]::panicking::default_hook::{closure#0}
[INFO] [stdout]                                at /rustc/e3feeb59cd1bdd011a2bfcc0747b55125d9b8527/library/std/src/panicking.rs:289:27
[INFO] [stdout]   10:     0x5badf5ccce59 - std[617be2ca0a6fd877]::panicking::default_hook
[INFO] [stdout]                                at /rustc/e3feeb59cd1bdd011a2bfcc0747b55125d9b8527/library/std/src/panicking.rs:313:9
[INFO] [stdout]   11:     0x5badf5be84f0 - <alloc[2e1b2a31b91974c5]::boxed::Box<dyn for<'a, 'b> core[a373ad73a504971]::ops::function::Fn<(&'a std[617be2ca0a6fd877]::panic::PanicHookInfo<'b>,), Output = ()> + core[a373ad73a504971]::marker::Sync + core[a373ad73a504971]::marker::Send> as core[a373ad73a504971]::ops::function::Fn<(&std[617be2ca0a6fd877]::panic::PanicHookInfo,)>>::call
[INFO] [stdout]                                at /rustc/e3feeb59cd1bdd011a2bfcc0747b55125d9b8527/library/alloc/src/boxed.rs:2328:9
[INFO] [stdout]   12:     0x5badf5be84f0 - test[aada8e7e76ba119b]::test_main_inner::{closure#0}
[INFO] [stdout]                                at /rustc/e3feeb59cd1bdd011a2bfcc0747b55125d9b8527/library/test/src/lib.rs:137:21
[INFO] [stdout]   13:     0x5badf5ccd012 - <alloc[2e1b2a31b91974c5]::boxed::Box<dyn for<'a, 'b> core[a373ad73a504971]::ops::function::Fn<(&'a std[617be2ca0a6fd877]::panic::PanicHookInfo<'b>,), Output = ()> + core[a373ad73a504971]::marker::Sync + core[a373ad73a504971]::marker::Send> as core[a373ad73a504971]::ops::function::Fn<(&std[617be2ca0a6fd877]::panic::PanicHookInfo,)>>::call
[INFO] [stdout]                                at /rustc/e3feeb59cd1bdd011a2bfcc0747b55125d9b8527/library/alloc/src/boxed.rs:2328:9
[INFO] [stdout]   14:     0x5badf5ccd012 - std[617be2ca0a6fd877]::panicking::panic_with_hook
[INFO] [stdout]                                at /rustc/e3feeb59cd1bdd011a2bfcc0747b55125d9b8527/library/std/src/panicking.rs:819:13
[INFO] [stdout]   15:     0x5badf5cafd52 - std[617be2ca0a6fd877]::panicking::panic_handler::{closure#0}
[INFO] [stdout]                                at /rustc/e3feeb59cd1bdd011a2bfcc0747b55125d9b8527/library/std/src/panicking.rs:685:13
[INFO] [stdout]   16:     0x5badf5ca87b9 - std[617be2ca0a6fd877]::sys::backtrace::__rust_end_short_backtrace::<std[617be2ca0a6fd877]::panicking::panic_handler::{closure#0}, !>
[INFO] [stdout]                                at /rustc/e3feeb59cd1bdd011a2bfcc0747b55125d9b8527/library/std/src/sys/backtrace.rs:182:18
[INFO] [stdout]   17:     0x5badf5cb095d - __rustc[ea4f61d10b84890b]::rust_begin_unwind
[INFO] [stdout]                                at /rustc/e3feeb59cd1bdd011a2bfcc0747b55125d9b8527/library/std/src/panicking.rs:676:5
[INFO] [stdout]   18:     0x5badf5cea8dc - core[a373ad73a504971]::panicking::panic_fmt
[INFO] [stdout]                                at /rustc/e3feeb59cd1bdd011a2bfcc0747b55125d9b8527/library/core/src/panicking.rs:80:14
[INFO] [stdout]   19:     0x5badf5cea632 - core[a373ad73a504971]::result::unwrap_failed
[INFO] [stdout]                                at /rustc/e3feeb59cd1bdd011a2bfcc0747b55125d9b8527/library/core/src/result.rs:1870:5
[INFO] [stdout]   20:     0x5badf5bd8bbe - <core[a373ad73a504971]::result::Result<std[617be2ca0a6fd877]::process::ExitStatus, core[a373ad73a504971]::io::error::Error>>::unwrap
[INFO] [stdout]                                at /rustc/e3feeb59cd1bdd011a2bfcc0747b55125d9b8527/library/core/src/result.rs:1232:23
[INFO] [stdout]   21:     0x5badf5bd8bbe - formatter[c5639093d4af7ebb]::check_without_fix_does_not_modify_file
[INFO] [stdout]                                at /opt/rustwide/workdir/tests/formatter.rs:544:10
[INFO] [stdout]   22:     0x5badf5bd6503 - formatter[c5639093d4af7ebb]::check_without_fix_does_not_modify_file::{closure#0}
[INFO] [stdout]                                at /opt/rustwide/workdir/tests/formatter.rs:517:44
[INFO] [stdout]   23:     0x5badf5bdb846 - <formatter[c5639093d4af7ebb]::check_without_fix_does_not_modify_file::{closure#0} as core[a373ad73a504971]::ops::function::FnOnce<()>>::call_once
[INFO] [stdout]                                at /rustc/e3feeb59cd1bdd011a2bfcc0747b55125d9b8527/library/core/src/ops/function.rs:250:5
[INFO] [stdout]   24:     0x5badf5bdb93b - <fn() -> core[a373ad73a504971]::result::Result<(), alloc[2e1b2a31b91974c5]::string::String> as core[a373ad73a504971]::ops::function::FnOnce<()>>::call_once
[INFO] [stdout]                                at /rustc/e3feeb59cd1bdd011a2bfcc0747b55125d9b8527/library/core/src/ops/function.rs:250:5
[INFO] [stdout]   25:     0x5badf5bdb93b - test[aada8e7e76ba119b]::__rust_begin_short_backtrace::<core[a373ad73a504971]::result::Result<(), alloc[2e1b2a31b91974c5]::string::String>, fn() -> core[a373ad73a504971]::result::Result<(), alloc[2e1b2a31b91974c5]::string::String>>
[INFO] [stdout]                                at /rustc/e3feeb59cd1bdd011a2bfcc0747b55125d9b8527/library/test/src/lib.rs:701:18
[INFO] [stdout]   26:     0x5badf5be8b15 - test[aada8e7e76ba119b]::run_test_in_process::{closure#0}
[INFO] [stdout]                                at /rustc/e3feeb59cd1bdd011a2bfcc0747b55125d9b8527/library/test/src/lib.rs:724:74
[INFO] [stdout]   27:     0x5badf5be8b15 - <core[a373ad73a504971]::panic::unwind_safe::AssertUnwindSafe<test[aada8e7e76ba119b]::run_test_in_process::{closure#0}> as core[a373ad73a504971]::ops::function::FnOnce<()>>::call_once
[INFO] [stdout]                                at /rustc/e3feeb59cd1bdd011a2bfcc0747b55125d9b8527/library/core/src/panic/unwind_safe.rs:275:9
[INFO] [stdout]   28:     0x5badf5be8b15 - std[617be2ca0a6fd877]::panicking::catch_unwind::do_call::<core[a373ad73a504971]::panic::unwind_safe::AssertUnwindSafe<test[aada8e7e76ba119b]::run_test_in_process::{closure#0}>, core[a373ad73a504971]::result::Result<(), alloc[2e1b2a31b91974c5]::string::String>>
[INFO] [stdout]                                at /rustc/e3feeb59cd1bdd011a2bfcc0747b55125d9b8527/library/std/src/panicking.rs:573:43
[INFO] [stdout]   29:     0x5badf5be8b15 - std[617be2ca0a6fd877]::panicking::catch_unwind::<core[a373ad73a504971]::result::Result<(), alloc[2e1b2a31b91974c5]::string::String>, core[a373ad73a504971]::panic::unwind_safe::AssertUnwindSafe<test[aada8e7e76ba119b]::run_test_in_process::{closure#0}>>
[INFO] [stdout]                                at /rustc/e3feeb59cd1bdd011a2bfcc0747b55125d9b8527/library/std/src/panicking.rs:541:19
[INFO] [stdout]   30:     0x5badf5be8b15 - std[617be2ca0a6fd877]::panic::catch_unwind::<core[a373ad73a504971]::panic::unwind_safe::AssertUnwindSafe<test[aada8e7e76ba119b]::run_test_in_process::{closure#0}>, core[a373ad73a504971]::result::Result<(), alloc[2e1b2a31b91974c5]::string::String>>
[INFO] [stdout]                                at /rustc/e3feeb59cd1bdd011a2bfcc0747b55125d9b8527/library/std/src/panic.rs:359:14
[INFO] [stdout]   31:     0x5badf5be8b15 - test[aada8e7e76ba119b]::run_test_in_process
[INFO] [stdout]                                at /rustc/e3feeb59cd1bdd011a2bfcc0747b55125d9b8527/library/test/src/lib.rs:724:27
[INFO] [stdout]   32:     0x5badf5be8b15 - test[aada8e7e76ba119b]::run_test::{closure#0}
[INFO] [stdout]                                at /rustc/e3feeb59cd1bdd011a2bfcc0747b55125d9b8527/library/test/src/lib.rs:645:43
[INFO] [stdout]   33:     0x5badf5be2404 - test[aada8e7e76ba119b]::run_test::{closure#1}
[INFO] [stdout]                                at /rustc/e3feeb59cd1bdd011a2bfcc0747b55125d9b8527/library/test/src/lib.rs:675:41
[INFO] [stdout]   34:     0x5badf5be2404 - std[617be2ca0a6fd877]::sys::backtrace::__rust_begin_short_backtrace::<test[aada8e7e76ba119b]::run_test::{closure#1}, ()>
[INFO] [stdout]                                at /rustc/e3feeb59cd1bdd011a2bfcc0747b55125d9b8527/library/std/src/sys/backtrace.rs:166:18
[INFO] [stdout]   35:     0x5badf5bebba2 - std[617be2ca0a6fd877]::thread::lifecycle::spawn_unchecked::<test[aada8e7e76ba119b]::run_test::{closure#1}, ()>::{closure#1}::{closure#0}
[INFO] [stdout]                                at /rustc/e3feeb59cd1bdd011a2bfcc0747b55125d9b8527/library/std/src/thread/lifecycle.rs:70:13
[INFO] [stdout]   36:     0x5badf5bebba2 - <core[a373ad73a504971]::panic::unwind_safe::AssertUnwindSafe<std[617be2ca0a6fd877]::thread::lifecycle::spawn_unchecked<test[aada8e7e76ba119b]::run_test::{closure#1}, ()>::{closure#1}::{closure#0}> as core[a373ad73a504971]::ops::function::FnOnce<()>>::call_once
[INFO] [stdout]                                at /rustc/e3feeb59cd1bdd011a2bfcc0747b55125d9b8527/library/core/src/panic/unwind_safe.rs:275:9
[INFO] [stdout]   37:     0x5badf5bebba2 - std[617be2ca0a6fd877]::panicking::catch_unwind::do_call::<core[a373ad73a504971]::panic::unwind_safe::AssertUnwindSafe<std[617be2ca0a6fd877]::thread::lifecycle::spawn_unchecked<test[aada8e7e76ba119b]::run_test::{closure#1}, ()>::{closure#1}::{closure#0}>, ()>
[INFO] [stdout]                                at /rustc/e3feeb59cd1bdd011a2bfcc0747b55125d9b8527/library/std/src/panicking.rs:573:43
[INFO] [stdout]   38:     0x5badf5bebba2 - std[617be2ca0a6fd877]::panicking::catch_unwind::<(), core[a373ad73a504971]::panic::unwind_safe::AssertUnwindSafe<std[617be2ca0a6fd877]::thread::lifecycle::spawn_unchecked<test[aada8e7e76ba119b]::run_test::{closure#1}, ()>::{closure#1}::{closure#0}>>
[INFO] [stdout]                                at /rustc/e3feeb59cd1bdd011a2bfcc0747b55125d9b8527/library/std/src/panicking.rs:541:19
[INFO] [stdout]   39:     0x5badf5bebba2 - std[617be2ca0a6fd877]::panic::catch_unwind::<core[a373ad73a504971]::panic::unwind_safe::AssertUnwindSafe<std[617be2ca0a6fd877]::thread::lifecycle::spawn_unchecked<test[aada8e7e76ba119b]::run_test::{closure#1}, ()>::{closure#1}::{closure#0}>, ()>
[INFO] [stdout]                                at /rustc/e3feeb59cd1bdd011a2bfcc0747b55125d9b8527/library/std/src/panic.rs:359:14
[INFO] [stdout]   40:     0x5badf5bebba2 - std[617be2ca0a6fd877]::thread::lifecycle::spawn_unchecked::<test[aada8e7e76ba119b]::run_test::{closure#1}, ()>::{closure#1}
[INFO] [stdout]                                at /rustc/e3feeb59cd1bdd011a2bfcc0747b55125d9b8527/library/std/src/thread/lifecycle.rs:68:26
[INFO] [stdout]   41:     0x5badf5bebba2 - <std[617be2ca0a6fd877]::thread::lifecycle::spawn_unchecked<test[aada8e7e76ba119b]::run_test::{closure#1}, ()>::{closure#1} as core[a373ad73a504971]::ops::function::FnOnce<()>>::call_once::{shim:vtable#0}
[INFO] [stdout]                                at /rustc/e3feeb59cd1bdd011a2bfcc0747b55125d9b8527/library/core/src/ops/function.rs:250:5
[INFO] [stdout]   42:     0x5badf5cd473f - <alloc[2e1b2a31b91974c5]::boxed::Box<dyn core[a373ad73a504971]::ops::function::FnOnce<(), Output = ()> + core[a373ad73a504971]::marker::Send> as core[a373ad73a504971]::ops::function::FnOnce<()>>::call_once
[INFO] [stdout]                                at /rustc/e3feeb59cd1bdd011a2bfcc0747b55125d9b8527/library/alloc/src/boxed.rs:2314:9
[INFO] [stdout]   43:     0x5badf5cd473f - <std[617be2ca0a6fd877]::sys::thread::unix::Thread>::new::thread_start
[INFO] [stdout]                                at /rustc/e3feeb59cd1bdd011a2bfcc0747b55125d9b8527/library/std/src/sys/thread/unix.rs:127:17
[INFO] [stdout]   44:     0x7c9a92b12dfa - <unknown>
[INFO] [stdout]   45:     0x7c9a92ba63d4 - clone
[INFO] [stdout]   46:                0x0 - <unknown>
[INFO] [stdout] 
[INFO] [stdout] ---- format_check_does_not_modify_file stdout ----
[INFO] [stdout] 
[INFO] [stdout] thread 'format_check_does_not_modify_file' (2595) panicked at tests/formatter.rs:418:10:
[INFO] [stdout] called `Result::unwrap()` on an `Err` value: Os { code: 2, kind: NotFound, message: "No such file or directory" }
[INFO] [stdout] stack backtrace:
[INFO] [stdout]    0:     0x5badf5cd5421 - std[617be2ca0a6fd877]::backtrace_rs::backtrace::libunwind::trace
[INFO] [stdout]                                at /rustc/e3feeb59cd1bdd011a2bfcc0747b55125d9b8527/library/std/src/../../backtrace/src/backtrace/libunwind.rs:117:9
[INFO] [stdout]    1:     0x5badf5cd5421 - std[617be2ca0a6fd877]::backtrace_rs::backtrace::trace_unsynchronized::<std[617be2ca0a6fd877]::sys::backtrace::_print_fmt::{closure#1}>
[INFO] [stdout]                                at /rustc/e3feeb59cd1bdd011a2bfcc0747b55125d9b8527/library/std/src/../../backtrace/src/backtrace/mod.rs:66:14
[INFO] [stdout]    2:     0x5badf5cd5421 - std[617be2ca0a6fd877]::sys::backtrace::_print_fmt
[INFO] [stdout]                                at /rustc/e3feeb59cd1bdd011a2bfcc0747b55125d9b8527/library/std/src/sys/backtrace.rs:74:9
[INFO] [stdout]    3:     0x5badf5cd5421 - <<std[617be2ca0a6fd877]::sys::backtrace::BacktraceLock>::print::DisplayBacktrace as core[a373ad73a504971]::fmt::Display>::fmt
[INFO] [stdout]                                at /rustc/e3feeb59cd1bdd011a2bfcc0747b55125d9b8527/library/std/src/sys/backtrace.rs:44:26
[INFO] [stdout]    4:     0x5badf5cea12a - <core[a373ad73a504971]::fmt::rt::Argument>::fmt
[INFO] [stdout]                                at /rustc/e3feeb59cd1bdd011a2bfcc0747b55125d9b8527/library/core/src/fmt/rt.rs:152:76
[INFO] [stdout]    5:     0x5badf5cea12a - core[a373ad73a504971]::fmt::write
[INFO] [stdout]    6:     0x5badf5cd989c - core[a373ad73a504971]::io::write::default_write_fmt::<alloc[2e1b2a31b91974c5]::vec::Vec<u8>>
[INFO] [stdout]                                at /rustc/e3feeb59cd1bdd011a2bfcc0747b55125d9b8527/library/core/src/io/write.rs:402:11
[INFO] [stdout]    7:     0x5badf5cd989c - <alloc[2e1b2a31b91974c5]::vec::Vec<u8> as core[a373ad73a504971]::io::write::Write>::write_fmt
[INFO] [stdout]                                at /rustc/e3feeb59cd1bdd011a2bfcc0747b55125d9b8527/library/core/src/io/write.rs:335:13
[INFO] [stdout]    8:     0x5badf5cafca6 - <std[617be2ca0a6fd877]::sys::backtrace::BacktraceLock>::print
[INFO] [stdout]                                at /rustc/e3feeb59cd1bdd011a2bfcc0747b55125d9b8527/library/std/src/sys/backtrace.rs:47:9
[INFO] [stdout]    9:     0x5badf5cafca6 - std[617be2ca0a6fd877]::panicking::default_hook::{closure#0}
[INFO] [stdout]                                at /rustc/e3feeb59cd1bdd011a2bfcc0747b55125d9b8527/library/std/src/panicking.rs:289:27
[INFO] [stdout]   10:     0x5badf5ccce59 - std[617be2ca0a6fd877]::panicking::default_hook
[INFO] [stdout]                                at /rustc/e3feeb59cd1bdd011a2bfcc0747b55125d9b8527/library/std/src/panicking.rs:313:9
[INFO] [stdout]   11:     0x5badf5be84f0 - <alloc[2e1b2a31b91974c5]::boxed::Box<dyn for<'a, 'b> core[a373ad73a504971]::ops::function::Fn<(&'a std[617be2ca0a6fd877]::panic::PanicHookInfo<'b>,), Output = ()> + core[a373ad73a504971]::marker::Sync + core[a373ad73a504971]::marker::Send> as core[a373ad73a504971]::ops::function::Fn<(&std[617be2ca0a6fd877]::panic::PanicHookInfo,)>>::call
[INFO] [stdout]                                at /rustc/e3feeb59cd1bdd011a2bfcc0747b55125d9b8527/library/alloc/src/boxed.rs:2328:9
[INFO] [stdout]   12:     0x5badf5be84f0 - test[aada8e7e76ba119b]::test_main_inner::{closure#0}
[INFO] [stdout]                                at /rustc/e3feeb59cd1bdd011a2bfcc0747b55125d9b8527/library/test/src/lib.rs:137:21
[INFO] [stdout]   13:     0x5badf5ccd012 - <alloc[2e1b2a31b91974c5]::boxed::Box<dyn for<'a, 'b> core[a373ad73a504971]::ops::function::Fn<(&'a std[617be2ca0a6fd877]::panic::PanicHookInfo<'b>,), Output = ()> + core[a373ad73a504971]::marker::Sync + core[a373ad73a504971]::marker::Send> as core[a373ad73a504971]::ops::function::Fn<(&std[617be2ca0a6fd877]::panic::PanicHookInfo,)>>::call
[INFO] [stdout]                                at /rustc/e3feeb59cd1bdd011a2bfcc0747b55125d9b8527/library/alloc/src/boxed.rs:2328:9
[INFO] [stdout]   14:     0x5badf5ccd012 - std[617be2ca0a6fd877]::panicking::panic_with_hook
[INFO] [stdout]                                at /rustc/e3feeb59cd1bdd011a2bfcc0747b55125d9b8527/library/std/src/panicking.rs:819:13
[INFO] [stdout]   15:     0x5badf5cafd52 - std[617be2ca0a6fd877]::panicking::panic_handler::{closure#0}
[INFO] [stdout]                                at /rustc/e3feeb59cd1bdd011a2bfcc0747b55125d9b8527/library/std/src/panicking.rs:685:13
[INFO] [stdout]   16:     0x5badf5ca87b9 - std[617be2ca0a6fd877]::sys::backtrace::__rust_end_short_backtrace::<std[617be2ca0a6fd877]::panicking::panic_handler::{closure#0}, !>
[INFO] [stdout]                                at /rustc/e3feeb59cd1bdd011a2bfcc0747b55125d9b8527/library/std/src/sys/backtrace.rs:182:18
[INFO] [stdout]   17:     0x5badf5cb095d - __rustc[ea4f61d10b84890b]::rust_begin_unwind
[INFO] [stdout]                                at /rustc/e3feeb59cd1bdd011a2bfcc0747b55125d9b8527/library/std/src/panicking.rs:676:5
[INFO] [stdout]   18:     0x5badf5cea8dc - core[a373ad73a504971]::panicking::panic_fmt
[INFO] [stdout]                                at /rustc/e3feeb59cd1bdd011a2bfcc0747b55125d9b8527/library/core/src/panicking.rs:80:14
[INFO] [stdout]   19:     0x5badf5cea632 - core[a373ad73a504971]::result::unwrap_failed
[INFO] [stdout]                                at /rustc/e3feeb59cd1bdd011a2bfcc0747b55125d9b8527/library/core/src/result.rs:1870:5
[INFO] [stdout]   20:     0x5badf5bd80d9 - <core[a373ad73a504971]::result::Result<std[617be2ca0a6fd877]::process::ExitStatus, core[a373ad73a504971]::io::error::Error>>::unwrap
[INFO] [stdout]                                at /rustc/e3feeb59cd1bdd011a2bfcc0747b55125d9b8527/library/core/src/result.rs:1232:23
[INFO] [stdout]   21:     0x5badf5bd80d9 - formatter[c5639093d4af7ebb]::format_check_does_not_modify_file
[INFO] [stdout]                                at /opt/rustwide/workdir/tests/formatter.rs:418:10
[INFO] [stdout]   22:     0x5badf5bd63e3 - formatter[c5639093d4af7ebb]::format_check_does_not_modify_file::{closure#0}
[INFO] [stdout]                                at /opt/rustwide/workdir/tests/formatter.rs:401:39
[INFO] [stdout]   23:     0x5badf5bdb786 - <formatter[c5639093d4af7ebb]::format_check_does_not_modify_file::{closure#0} as core[a373ad73a504971]::ops::function::FnOnce<()>>::call_once
[INFO] [stdout]                                at /rustc/e3feeb59cd1bdd011a2bfcc0747b55125d9b8527/library/core/src/ops/function.rs:250:5
[INFO] [stdout]   24:     0x5badf5bdb93b - <fn() -> core[a373ad73a504971]::result::Result<(), alloc[2e1b2a31b91974c5]::string::String> as core[a373ad73a504971]::ops::function::FnOnce<()>>::call_once
[INFO] [stdout]                                at /rustc/e3feeb59cd1bdd011a2bfcc0747b55125d9b8527/library/core/src/ops/function.rs:250:5
[INFO] [stdout]   25:     0x5badf5bdb93b - test[aada8e7e76ba119b]::__rust_begin_short_backtrace::<core[a373ad73a504971]::result::Result<(), alloc[2e1b2a31b91974c5]::string::String>, fn() -> core[a373ad73a504971]::result::Result<(), alloc[2e1b2a31b91974c5]::string::String>>
[INFO] [stdout]                                at /rustc/e3feeb59cd1bdd011a2bfcc0747b55125d9b8527/library/test/src/lib.rs:701:18
[INFO] [stdout]   26:     0x5badf5be8b15 - test[aada8e7e76ba119b]::run_test_in_process::{closure#0}
[INFO] [stdout]                                at /rustc/e3feeb59cd1bdd011a2bfcc0747b55125d9b8527/library/test/src/lib.rs:724:74
[INFO] [stdout]   27:     0x5badf5be8b15 - <core[a373ad73a504971]::panic::unwind_safe::AssertUnwindSafe<test[aada8e7e76ba119b]::run_test_in_process::{closure#0}> as core[a373ad73a504971]::ops::function::FnOnce<()>>::call_once
[INFO] [stdout]                                at /rustc/e3feeb59cd1bdd011a2bfcc0747b55125d9b8527/library/core/src/panic/unwind_safe.rs:275:9
[INFO] [stdout]   28:     0x5badf5be8b15 - std[617be2ca0a6fd877]::panicking::catch_unwind::do_call::<core[a373ad73a504971]::panic::unwind_safe::AssertUnwindSafe<test[aada8e7e76ba119b]::run_test_in_process::{closure#0}>, core[a373ad73a504971]::result::Result<(), alloc[2e1b2a31b91974c5]::string::String>>
[INFO] [stdout]                                at /rustc/e3feeb59cd1bdd011a2bfcc0747b55125d9b8527/library/std/src/panicking.rs:573:43
[INFO] [stdout]   29:     0x5badf5be8b15 - std[617be2ca0a6fd877]::panicking::catch_unwind::<core[a373ad73a504971]::result::Result<(), alloc[2e1b2a31b91974c5]::string::String>, core[a373ad73a504971]::panic::unwind_safe::AssertUnwindSafe<test[aada8e7e76ba119b]::run_test_in_process::{closure#0}>>
[INFO] [stdout]                                at /rustc/e3feeb59cd1bdd011a2bfcc0747b55125d9b8527/library/std/src/panicking.rs:541:19
[INFO] [stdout]   30:     0x5badf5be8b15 - std[617be2ca0a6fd877]::panic::catch_unwind::<core[a373ad73a504971]::panic::unwind_safe::AssertUnwindSafe<test[aada8e7e76ba119b]::run_test_in_process::{closure#0}>, core[a373ad73a504971]::result::Result<(), alloc[2e1b2a31b91974c5]::string::String>>
[INFO] [stdout]                                at /rustc/e3feeb59cd1bdd011a2bfcc0747b55125d9b8527/library/std/src/panic.rs:359:14
[INFO] [stdout]   31:     0x5badf5be8b15 - test[aada8e7e76ba119b]::run_test_in_process
[INFO] [stdout]                                at /rustc/e3feeb59cd1bdd011a2bfcc0747b55125d9b8527/library/test/src/lib.rs:724:27
[INFO] [stdout]   32:     0x5badf5be8b15 - test[aada8e7e76ba119b]::run_test::{closure#0}
[INFO] [stdout]                                at /rustc/e3feeb59cd1bdd011a2bfcc0747b55125d9b8527/library/test/src/lib.rs:645:43
[INFO] [stdout]   33:     0x5badf5be2404 - test[aada8e7e76ba119b]::run_test::{closure#1}
[INFO] [stdout]                                at /rustc/e3feeb59cd1bdd011a2bfcc0747b55125d9b8527/library/test/src/lib.rs:675:41
[INFO] [stdout]   34:     0x5badf5be2404 - std[617be2ca0a6fd877]::sys::backtrace::__rust_begin_short_backtrace::<test[aada8e7e76ba119b]::run_test::{closure#1}, ()>
[INFO] [stdout]                                at /rustc/e3feeb59cd1bdd011a2bfcc0747b55125d9b8527/library/std/src/sys/backtrace.rs:166:18
[INFO] [stdout]   35:     0x5badf5bebba2 - std[617be2ca0a6fd877]::thread::lifecycle::spawn_unchecked::<test[aada8e7e76ba119b]::run_test::{closure#1}, ()>::{closure#1}::{closure#0}
[INFO] [stdout]                                at /rustc/e3feeb59cd1bdd011a2bfcc0747b55125d9b8527/library/std/src/thread/lifecycle.rs:70:13
[INFO] [stdout]   36:     0x5badf5bebba2 - <core[a373ad73a504971]::panic::unwind_safe::AssertUnwindSafe<std[617be2ca0a6fd877]::thread::lifecycle::spawn_unchecked<test[aada8e7e76ba119b]::run_test::{closure#1}, ()>::{closure#1}::{closure#0}> as core[a373ad73a504971]::ops::function::FnOnce<()>>::call_once
[INFO] [stdout]                                at /rustc/e3feeb59cd1bdd011a2bfcc0747b55125d9b8527/library/core/src/panic/unwind_safe.rs:275:9
[INFO] [stdout]   37:     0x5badf5bebba2 - std[617be2ca0a6fd877]::panicking::catch_unwind::do_call::<core[a373ad73a504971]::panic::unwind_safe::AssertUnwindSafe<std[617be2ca0a6fd877]::thread::lifecycle::spawn_unchecked<test[aada8e7e76ba119b]::run_test::{closure#1}, ()>::{closure#1}::{closure#0}>, ()>
[INFO] [stdout]                                at /rustc/e3feeb59cd1bdd011a2bfcc0747b55125d9b8527/library/std/src/panicking.rs:573:43
[INFO] [stdout]   38:     0x5badf5bebba2 - std[617be2ca0a6fd877]::panicking::catch_unwind::<(), core[a373ad73a504971]::panic::unwind_safe::AssertUnwindSafe<std[617be2ca0a6fd877]::thread::lifecycle::spawn_unchecked<test[aada8e7e76ba119b]::run_test::{closure#1}, ()>::{closure#1}::{closure#0}>>
[INFO] [stdout]                                at /rustc/e3feeb59cd1bdd011a2bfcc0747b55125d9b8527/library/std/src/panicking.rs:541:19
[INFO] [stdout]   39:     0x5badf5bebba2 - std[617be2ca0a6fd877]::panic::catch_unwind::<core[a373ad73a504971]::panic::unwind_safe::AssertUnwindSafe<std[617be2ca0a6fd877]::thread::lifecycle::spawn_unchecked<test[aada8e7e76ba119b]::run_test::{closure#1}, ()>::{closure#1}::{closure#0}>, ()>
[INFO] [stdout]                                at /rustc/e3feeb59cd1bdd011a2bfcc0747b55125d9b8527/library/std/src/panic.rs:359:14
[INFO] [stdout]   40:     0x5badf5bebba2 - std[617be2ca0a6fd877]::thread::lifecycle::spawn_unchecked::<test[aada8e7e76ba119b]::run_test::{closure#1}, ()>::{closure#1}
[INFO] [stdout]                                at /rustc/e3feeb59cd1bdd011a2bfcc0747b55125d9b8527/library/std/src/thread/lifecycle.rs:68:26
[INFO] [stdout]   41:     0x5badf5bebba2 - <std[617be2ca0a6fd877]::thread::lifecycle::spawn_unchecked<test[aada8e7e76ba119b]::run_test::{closure#1}, ()>::{closure#1} as core[a373ad73a504971]::ops::function::FnOnce<()>>::call_once::{shim:vtable#0}
[INFO] [stdout]                                at /rustc/e3feeb59cd1bdd011a2bfcc0747b55125d9b8527/library/core/src/ops/function.rs:250:5
[INFO] [stdout]   42:     0x5badf5cd473f - <alloc[2e1b2a31b91974c5]::boxed::Box<dyn core[a373ad73a504971]::ops::function::FnOnce<(), Output = ()> + core[a373ad73a504971]::marker::Send> as core[a373ad73a504971]::ops::function::FnOnce<()>>::call_once
[INFO] [stdout]                                at /rustc/e3feeb59cd1bdd011a2bfcc0747b55125d9b8527/library/alloc/src/boxed.rs:2314:9
[INFO] [stdout]   43:     0x5badf5cd473f - <std[617be2ca0a6fd877]::sys::thread::unix::Thread>::new::thread_start
[INFO] [stdout]                                at /rustc/e3feeb59cd1bdd011a2bfcc0747b55125d9b8527/library/std/src/sys/thread/unix.rs:127:17
[INFO] [stdout]   44:     0x7c9a92b12dfa - <unknown>
[INFO] [stdout]   45:     0x7c9a92ba63d4 - clone
[INFO] [stdout]   46:                0x0 - <unknown>
[INFO] [stdout] 
[INFO] [stdout] ---- format_check_exits_0_when_already_formatted stdout ----
[INFO] [stdout] 
[INFO] [stdout] thread 'format_check_exits_0_when_already_formatted' (2596) panicked at tests/formatter.rs:443:10:
[INFO] [stdout] called `Result::unwrap()` on an `Err` value: Os { code: 2, kind: NotFound, message: "No such file or directory" }
[INFO] [stdout] stack backtrace:
[INFO] [stdout]    0:     0x5badf5cd5421 - std[617be2ca0a6fd877]::backtrace_rs::backtrace::libunwind::trace
[INFO] [stdout]                                at /rustc/e3feeb59cd1bdd011a2bfcc0747b55125d9b8527/library/std/src/../../backtrace/src/backtrace/libunwind.rs:117:9
[INFO] [stdout]    1:     0x5badf5cd5421 - std[617be2ca0a6fd877]::backtrace_rs::backtrace::trace_unsynchronized::<std[617be2ca0a6fd877]::sys::backtrace::_print_fmt::{closure#1}>
[INFO] [stdout]                                at /rustc/e3feeb59cd1bdd011a2bfcc0747b55125d9b8527/library/std/src/../../backtrace/src/backtrace/mod.rs:66:14
[INFO] [stdout]    2:     0x5badf5cd5421 - std[617be2ca0a6fd877]::sys::backtrace::_print_fmt
[INFO] [stdout]                                at /rustc/e3feeb59cd1bdd011a2bfcc0747b55125d9b8527/library/std/src/sys/backtrace.rs:74:9
[INFO] [stdout]    3:     0x5badf5cd5421 - <<std[617be2ca0a6fd877]::sys::backtrace::BacktraceLock>::print::DisplayBacktrace as core[a373ad73a504971]::fmt::Display>::fmt
[INFO] [stdout]                                at /rustc/e3feeb59cd1bdd011a2bfcc0747b55125d9b8527/library/std/src/sys/backtrace.rs:44:26
[INFO] [stdout]    4:     0x5badf5cea12a - <core[a373ad73a504971]::fmt::rt::Argument>::fmt
[INFO] [stdout]                                at /rustc/e3feeb59cd1bdd011a2bfcc0747b55125d9b8527/library/core/src/fmt/rt.rs:152:76
[INFO] [stdout]    5:     0x5badf5cea12a - core[a373ad73a504971]::fmt::write
[INFO] [stdout]    6:     0x5badf5cd989c - core[a373ad73a504971]::io::write::default_write_fmt::<alloc[2e1b2a31b91974c5]::vec::Vec<u8>>
[INFO] [stdout]                                at /rustc/e3feeb59cd1bdd011a2bfcc0747b55125d9b8527/library/core/src/io/write.rs:402:11
[INFO] [stdout]    7:     0x5badf5cd989c - <alloc[2e1b2a31b91974c5]::vec::Vec<u8> as core[a373ad73a504971]::io::write::Write>::write_fmt
[INFO] [stdout]                                at /rustc/e3feeb59cd1bdd011a2bfcc0747b55125d9b8527/library/core/src/io/write.rs:335:13
[INFO] [stdout]    8:     0x5badf5cafca6 - <std[617be2ca0a6fd877]::sys::backtrace::BacktraceLock>::print
[INFO] [stdout]                                at /rustc/e3feeb59cd1bdd011a2bfcc0747b55125d9b8527/library/std/src/sys/backtrace.rs:47:9
[INFO] [stdout]    9:     0x5badf5cafca6 - std[617be2ca0a6fd877]::panicking::default_hook::{closure#0}
[INFO] [stdout]                                at /rustc/e3feeb59cd1bdd011a2bfcc0747b55125d9b8527/library/std/src/panicking.rs:289:27
[INFO] [stdout]   10:     0x5badf5ccce59 - std[617be2ca0a6fd877]::panicking::default_hook
[INFO] [stdout]                                at /rustc/e3feeb59cd1bdd011a2bfcc0747b55125d9b8527/library/std/src/panicking.rs:313:9
[INFO] [stdout]   11:     0x5badf5be84f0 - <alloc[2e1b2a31b91974c5]::boxed::Box<dyn for<'a, 'b> core[a373ad73a504971]::ops::function::Fn<(&'a std[617be2ca0a6fd877]::panic::PanicHookInfo<'b>,), Output = ()> + core[a373ad73a504971]::marker::Sync + core[a373ad73a504971]::marker::Send> as core[a373ad73a504971]::ops::function::Fn<(&std[617be2ca0a6fd877]::panic::PanicHookInfo,)>>::call
[INFO] [stdout]                                at /rustc/e3feeb59cd1bdd011a2bfcc0747b55125d9b8527/library/alloc/src/boxed.rs:2328:9
[INFO] [stdout]   12:     0x5badf5be84f0 - test[aada8e7e76ba119b]::test_main_inner::{closure#0}
[INFO] [stdout]                                at /rustc/e3feeb59cd1bdd011a2bfcc0747b55125d9b8527/library/test/src/lib.rs:137:21
[INFO] [stdout]   13:     0x5badf5ccd012 - <alloc[2e1b2a31b91974c5]::boxed::Box<dyn for<'a, 'b> core[a373ad73a504971]::ops::function::Fn<(&'a std[617be2ca0a6fd877]::panic::PanicHookInfo<'b>,), Output = ()> + core[a373ad73a504971]::marker::Sync + core[a373ad73a504971]::marker::Send> as core[a373ad73a504971]::ops::function::Fn<(&std[617be2ca0a6fd877]::panic::PanicHookInfo,)>>::call
[INFO] [stdout]                                at /rustc/e3feeb59cd1bdd011a2bfcc0747b55125d9b8527/library/alloc/src/boxed.rs:2328:9
[INFO] [stdout]   14:     0x5badf5ccd012 - std[617be2ca0a6fd877]::panicking::panic_with_hook
[INFO] [stdout]                                at /rustc/e3feeb59cd1bdd011a2bfcc0747b55125d9b8527/library/std/src/panicking.rs:819:13
[INFO] [stdout]   15:     0x5badf5cafd52 - std[617be2ca0a6fd877]::panicking::panic_handler::{closure#0}
[INFO] [stdout]                                at /rustc/e3feeb59cd1bdd011a2bfcc0747b55125d9b8527/library/std/src/panicking.rs:685:13
[INFO] [stdout]   16:     0x5badf5ca87b9 - std[617be2ca0a6fd877]::sys::backtrace::__rust_end_short_backtrace::<std[617be2ca0a6fd877]::panicking::panic_handler::{closure#0}, !>
[INFO] [stdout]                                at /rustc/e3feeb59cd1bdd011a2bfcc0747b55125d9b8527/library/std/src/sys/backtrace.rs:182:18
[INFO] [stdout]   17:     0x5badf5cb095d - __rustc[ea4f61d10b84890b]::rust_begin_unwind
[INFO] [stdout]                                at /rustc/e3feeb59cd1bdd011a2bfcc0747b55125d9b8527/library/std/src/panicking.rs:676:5
[INFO] [stdout]   18:     0x5badf5cea8dc - core[a373ad73a504971]::panicking::panic_fmt
[INFO] [stdout]                                at /rustc/e3feeb59cd1bdd011a2bfcc0747b55125d9b8527/library/core/src/panicking.rs:80:14
[INFO] [stdout]   19:     0x5badf5cea632 - core[a373ad73a504971]::result::unwrap_failed
[INFO] [stdout]                                at /rustc/e3feeb59cd1bdd011a2bfcc0747b55125d9b8527/library/core/src/result.rs:1870:5
[INFO] [stdout]   20:     0x5badf5bd92fa - <core[a373ad73a504971]::result::Result<std[617be2ca0a6fd877]::process::ExitStatus, core[a373ad73a504971]::io::error::Error>>::unwrap
[INFO] [stdout]                                at /rustc/e3feeb59cd1bdd011a2bfcc0747b55125d9b8527/library/core/src/result.rs:1232:23
[INFO] [stdout]   21:     0x5badf5bd92fa - formatter[c5639093d4af7ebb]::format_check_exits_0_when_already_formatted
[INFO] [stdout]                                at /opt/rustwide/workdir/tests/formatter.rs:443:10
[INFO] [stdout]   22:     0x5badf5bd6563 - formatter[c5639093d4af7ebb]::format_check_exits_0_when_already_formatted::{closure#0}
[INFO] [stdout]                                at /opt/rustwide/workdir/tests/formatter.rs:425:49
[INFO] [stdout]   23:     0x5badf5bdb886 - <formatter[c5639093d4af7ebb]::format_check_exits_0_when_already_formatted::{closure#0} as core[a373ad73a504971]::ops::function::FnOnce<()>>::call_once
[INFO] [stdout]                                at /rustc/e3feeb59cd1bdd011a2bfcc0747b55125d9b8527/library/core/src/ops/function.rs:250:5
[INFO] [stdout]   24:     0x5badf5bdb93b - <fn() -> core[a373ad73a504971]::result::Result<(), alloc[2e1b2a31b91974c5]::string::String> as core[a373ad73a504971]::ops::function::FnOnce<()>>::call_once
[INFO] [stdout]                                at /rustc/e3feeb59cd1bdd011a2bfcc0747b55125d9b8527/library/core/src/ops/function.rs:250:5
[INFO] [stdout]   25:     0x5badf5bdb93b - test[aada8e7e76ba119b]::__rust_begin_short_backtrace::<core[a373ad73a504971]::result::Result<(), alloc[2e1b2a31b91974c5]::string::String>, fn() -> core[a373ad73a504971]::result::Result<(), alloc[2e1b2a31b91974c5]::string::String>>
[INFO] [stdout]                                at /rustc/e3feeb59cd1bdd011a2bfcc0747b55125d9b8527/library/test/src/lib.rs:701:18
[INFO] [stdout]   26:     0x5badf5be8b15 - test[aada8e7e76ba119b]::run_test_in_process::{closure#0}
[INFO] [stdout]                                at /rustc/e3feeb59cd1bdd011a2bfcc0747b55125d9b8527/library/test/src/lib.rs:724:74
[INFO] [stdout]   27:     0x5badf5be8b15 - <core[a373ad73a504971]::panic::unwind_safe::AssertUnwindSafe<test[aada8e7e76ba119b]::run_test_in_process::{closure#0}> as core[a373ad73a504971]::ops::function::FnOnce<()>>::call_once
[INFO] [stdout]                                at /rustc/e3feeb59cd1bdd011a2bfcc0747b55125d9b8527/library/core/src/panic/unwind_safe.rs:275:9
[INFO] [stdout]   28:     0x5badf5be8b15 - std[617be2ca0a6fd877]::panicking::catch_unwind::do_call::<core[a373ad73a504971]::panic::unwind_safe::AssertUnwindSafe<test[aada8e7e76ba119b]::run_test_in_process::{closure#0}>, core[a373ad73a504971]::result::Result<(), alloc[2e1b2a31b91974c5]::string::String>>
[INFO] [stdout]                                at /rustc/e3feeb59cd1bdd011a2bfcc0747b55125d9b8527/library/std/src/panicking.rs:573:43
[INFO] [stdout]   29:     0x5badf5be8b15 - std[617be2ca0a6fd877]::panicking::catch_unwind::<core[a373ad73a504971]::result::Result<(), alloc[2e1b2a31b91974c5]::string::String>, core[a373ad73a504971]::panic::unwind_safe::AssertUnwindSafe<test[aada8e7e76ba119b]::run_test_in_process::{closure#0}>>
[INFO] [stdout]                                at /rustc/e3feeb59cd1bdd011a2bfcc0747b55125d9b8527/library/std/src/panicking.rs:541:19
[INFO] [stdout]   30:     0x5badf5be8b15 - std[617be2ca0a6fd877]::panic::catch_unwind::<core[a373ad73a504971]::panic::unwind_safe::AssertUnwindSafe<test[aada8e7e76ba119b]::run_test_in_process::{closure#0}>, core[a373ad73a504971]::result::Result<(), alloc[2e1b2a31b91974c5]::string::String>>
[INFO] [stdout]                                at /rustc/e3feeb59cd1bdd011a2bfcc0747b55125d9b8527/library/std/src/panic.rs:359:14
[INFO] [stdout]   31:     0x5badf5be8b15 - test[aada8e7e76ba119b]::run_test_in_process
[INFO] [stdout]                                at /rustc/e3feeb59cd1bdd011a2bfcc0747b55125d9b8527/library/test/src/lib.rs:724:27
[INFO] [stdout]   32:     0x5badf5be8b15 - test[aada8e7e76ba119b]::run_test::{closure#0}
[INFO] [stdout]                                at /rustc/e3feeb59cd1bdd011a2bfcc0747b55125d9b8527/library/test/src/lib.rs:645:43
[INFO] [stdout]   33:     0x5badf5be2404 - test[aada8e7e76ba119b]::run_test::{closure#1}
[INFO] [stdout]                                at /rustc/e3feeb59cd1bdd011a2bfcc0747b55125d9b8527/library/test/src/lib.rs:675:41
[INFO] [stdout]   34:     0x5badf5be2404 - std[617be2ca0a6fd877]::sys::backtrace::__rust_begin_short_backtrace::<test[aada8e7e76ba119b]::run_test::{closure#1}, ()>
[INFO] [stdout]                                at /rustc/e3feeb59cd1bdd011a2bfcc0747b55125d9b8527/library/std/src/sys/backtrace.rs:166:18
[INFO] [stdout]   35:     0x5badf5bebba2 - std[617be2ca0a6fd877]::thread::lifecycle::spawn_unchecked::<test[aada8e7e76ba119b]::run_test::{closure#1}, ()>::{closure#1}::{closure#0}
[INFO] [stdout]                                at /rustc/e3feeb59cd1bdd011a2bfcc0747b55125d9b8527/library/std/src/thread/lifecycle.rs:70:13
[INFO] [stdout]   36:     0x5badf5bebba2 - <core[a373ad73a504971]::panic::unwind_safe::AssertUnwindSafe<std[617be2ca0a6fd877]::thread::lifecycle::spawn_unchecked<test[aada8e7e76ba119b]::run_test::{closure#1}, ()>::{closure#1}::{closure#0}> as core[a373ad73a504971]::ops::function::FnOnce<()>>::call_once
[INFO] [stdout]                                at /rustc/e3feeb59cd1bdd011a2bfcc0747b55125d9b8527/library/core/src/panic/unwind_safe.rs:275:9
[INFO] [stdout]   37:     0x5badf5bebba2 - std[617be2ca0a6fd877]::panicking::catch_unwind::do_call::<core[a373ad73a504971]::panic::unwind_safe::AssertUnwindSafe<std[617be2ca0a6fd877]::thread::lifecycle::spawn_unchecked<test[aada8e7e76ba119b]::run_test::{closure#1}, ()>::{closure#1}::{closure#0}>, ()>
[INFO] [stdout]                                at /rustc/e3feeb59cd1bdd011a2bfcc0747b55125d9b8527/library/std/src/panicking.rs:573:43
[INFO] [stdout]   38:     0x5badf5bebba2 - std[617be2ca0a6fd877]::panicking::catch_unwind::<(), core[a373ad73a504971]::panic::unwind_safe::AssertUnwindSafe<std[617be2ca0a6fd877]::thread::lifecycle::spawn_unchecked<test[aada8e7e76ba119b]::run_test::{closure#1}, ()>::{closure#1}::{closure#0}>>
[INFO] [stdout]                                at /rustc/e3feeb59cd1bdd011a2bfcc0747b55125d9b8527/library/std/src/panicking.rs:541:19
[INFO] [stdout]   39:     0x5badf5bebba2 - std[617be2ca0a6fd877]::panic::catch_unwind::<core[a373ad73a504971]::panic::unwind_safe::AssertUnwindSafe<std[617be2ca0a6fd877]::thread::lifecycle::spawn_unchecked<test[aada8e7e76ba119b]::run_test::{closure#1}, ()>::{closure#1}::{closure#0}>, ()>
[INFO] [stdout]                                at /rustc/e3feeb59cd1bdd011a2bfcc0747b55125d9b8527/library/std/src/panic.rs:359:14
[INFO] [stdout]   40:     0x5badf5bebba2 - std[617be2ca0a6fd877]::thread::lifecycle::spawn_unchecked::<test[aada8e7e76ba119b]::run_test::{closure#1}, ()>::{closure#1}
[INFO] [stdout]                                at /rustc/e3feeb59cd1bdd011a2bfcc0747b55125d9b8527/library/std/src/thread/lifecycle.rs:68:26
[INFO] [stdout]   41:     0x5badf5bebba2 - <std[617be2ca0a6fd877]::thread::lifecycle::spawn_unchecked<test[aada8e7e76ba119b]::run_test::{closure#1}, ()>::{closure#1} as core[a373ad73a504971]::ops::function::FnOnce<()>>::call_once::{shim:vtable#0}
[INFO] [stdout]                                at /rustc/e3feeb59cd1bdd011a2bfcc0747b55125d9b8527/library/core/src/ops/function.rs:250:5
[INFO] [stdout]   42:     0x5badf5cd473f - <alloc[2e1b2a31b91974c5]::boxed::Box<dyn core[a373ad73a504971]::ops::function::FnOnce<(), Output = ()> + core[a373ad73a504971]::marker::Send> as core[a373ad73a504971]::ops::function::FnOnce<()>>::call_once
[INFO] [stdout]                                at /rustc/e3feeb59cd1bdd011a2bfcc0747b55125d9b8527/library/alloc/src/boxed.rs:2314:9
[INFO] [stdout]   43:     0x5badf5cd473f - <std[617be2ca0a6fd877]::sys::thread::unix::Thread>::new::thread_start
[INFO] [stdout]                                at /rustc/e3feeb59cd1bdd011a2bfcc0747b55125d9b8527/library/std/src/sys/thread/unix.rs:127:17
[INFO] [stdout]   44:     0x7c9a92b12dfa - <unknown>
[INFO] [stdout]   45:     0x7c9a92ba63d4 - clone
[INFO] [stdout]   46:                0x0 - <unknown>
[INFO] [stdout] 
[INFO] [stdout] ---- check_with_fix_corrects_violations_and_exits_1 stdout ----
[INFO] [stdout] 
[INFO] [stdout] thread 'check_with_fix_corrects_violations_and_exits_1' (2589) panicked at tests/formatter.rs:566:10:
[INFO] [stdout] called `Result::unwrap()` on an `Err` value: Os { code: 2, kind: NotFound, message: "No such file or directory" }
[INFO] [stdout] stack backtrace:
[INFO] [stdout]    0:     0x5badf5cd5421 - std[617be2ca0a6fd877]::backtrace_rs::backtrace::libunwind::trace
[INFO] [stdout]                                at /rustc/e3feeb59cd1bdd011a2bfcc0747b55125d9b8527/library/std/src/../../backtrace/src/backtrace/libunwind.rs:117:9
[INFO] [stdout]    1:     0x5badf5cd5421 - std[617be2ca0a6fd877]::backtrace_rs::backtrace::trace_unsynchronized::<std[617be2ca0a6fd877]::sys::backtrace::_print_fmt::{closure#1}>
[INFO] [stdout]                                at /rustc/e3feeb59cd1bdd011a2bfcc0747b55125d9b8527/library/std/src/../../backtrace/src/backtrace/mod.rs:66:14
[INFO] [stdout]    2:     0x5badf5cd5421 - std[617be2ca0a6fd877]::sys::backtrace::_print_fmt
[INFO] [stdout]                                at /rustc/e3feeb59cd1bdd011a2bfcc0747b55125d9b8527/library/std/src/sys/backtrace.rs:74:9
[INFO] [stdout]    3:     0x5badf5cd5421 - <<std[617be2ca0a6fd877]::sys::backtrace::BacktraceLock>::print::DisplayBacktrace as core[a373ad73a504971]::fmt::Display>::fmt
[INFO] [stdout]                                at /rustc/e3feeb59cd1bdd011a2bfcc0747b55125d9b8527/library/std/src/sys/backtrace.rs:44:26
[INFO] [stdout]    4:     0x5badf5cea12a - <core[a373ad73a504971]::fmt::rt::Argument>::fmt
[INFO] [stdout]                                at /rustc/e3feeb59cd1bdd011a2bfcc0747b55125d9b8527/library/core/src/fmt/rt.rs:152:76
[INFO] [stdout]    5:     0x5badf5cea12a - core[a373ad73a504971]::fmt::write
[INFO] [stdout]    6:     0x5badf5cd989c - core[a373ad73a504971]::io::write::default_write_fmt::<alloc[2e1b2a31b91974c5]::vec::Vec<u8>>
[INFO] [stdout]                                at /rustc/e3feeb59cd1bdd011a2bfcc0747b55125d9b8527/library/core/src/io/write.rs:402:11
[INFO] [stdout]    7:     0x5badf5cd989c - <alloc[2e1b2a31b91974c5]::vec::Vec<u8> as core[a373ad73a504971]::io::write::Write>::write_fmt
[INFO] [stdout]                                at /rustc/e3feeb59cd1bdd011a2bfcc0747b55125d9b8527/library/core/src/io/write.rs:335:13
[INFO] [stdout]    8:     0x5badf5cafca6 - <std[617be2ca0a6fd877]::sys::backtrace::BacktraceLock>::print
[INFO] [stdout]                                at /rustc/e3feeb59cd1bdd011a2bfcc0747b55125d9b8527/library/std/src/sys/backtrace.rs:47:9
[INFO] [stdout]    9:     0x5badf5cafca6 - std[617be2ca0a6fd877]::panicking::default_hook::{closure#0}
[INFO] [stdout]                                at /rustc/e3feeb59cd1bdd011a2bfcc0747b55125d9b8527/library/std/src/panicking.rs:289:27
[INFO] [stdout]   10:     0x5badf5ccce59 - std[617be2ca0a6fd877]::panicking::default_hook
[INFO] [stdout]                                at /rustc/e3feeb59cd1bdd011a2bfcc0747b55125d9b8527/library/std/src/panicking.rs:313:9
[INFO] [stdout]   11:     0x5badf5be84f0 - <alloc[2e1b2a31b91974c5]::boxed::Box<dyn for<'a, 'b> core[a373ad73a504971]::ops::function::Fn<(&'a std[617be2ca0a6fd877]::panic::PanicHookInfo<'b>,), Output = ()> + core[a373ad73a504971]::marker::Sync + core[a373ad73a504971]::marker::Send> as core[a373ad73a504971]::ops::function::Fn<(&std[617be2ca0a6fd877]::panic::PanicHookInfo,)>>::call
[INFO] [stdout]                                at /rustc/e3feeb59cd1bdd011a2bfcc0747b55125d9b8527/library/alloc/src/boxed.rs:2328:9
[INFO] [stdout]   12:     0x5badf5be84f0 - test[aada8e7e76ba119b]::test_main_inner::{closure#0}
[INFO] [stdout]                                at /rustc/e3feeb59cd1bdd011a2bfcc0747b55125d9b8527/library/test/src/lib.rs:137:21
[INFO] [stdout]   13:     0x5badf5ccd012 - <alloc[2e1b2a31b91974c5]::boxed::Box<dyn for<'a, 'b> core[a373ad73a504971]::ops::function::Fn<(&'a std[617be2ca0a6fd877]::panic::PanicHookInfo<'b>,), Output = ()> + core[a373ad73a504971]::marker::Sync + core[a373ad73a504971]::marker::Send> as core[a373ad73a504971]::ops::function::Fn<(&std[617be2ca0a6fd877]::panic::PanicHookInfo,)>>::call
[INFO] [stdout]                                at /rustc/e3feeb59cd1bdd011a2bfcc0747b55125d9b8527/library/alloc/src/boxed.rs:2328:9
[INFO] [stdout]   14:     0x5badf5ccd012 - std[617be2ca0a6fd877]::panicking::panic_with_hook
[INFO] [stdout]                                at /rustc/e3feeb59cd1bdd011a2bfcc0747b55125d9b8527/library/std/src/panicking.rs:819:13
[INFO] [stdout]   15:     0x5badf5cafd52 - std[617be2ca0a6fd877]::panicking::panic_handler::{closure#0}
[INFO] [stdout]                                at /rustc/e3feeb59cd1bdd011a2bfcc0747b55125d9b8527/library/std/src/panicking.rs:685:13
[INFO] [stdout]   16:     0x5badf5ca87b9 - std[617be2ca0a6fd877]::sys::backtrace::__rust_end_short_backtrace::<std[617be2ca0a6fd877]::panicking::panic_handler::{closure#0}, !>
[INFO] [stdout]                                at /rustc/e3feeb59cd1bdd011a2bfcc0747b55125d9b8527/library/std/src/sys/backtrace.rs:182:18
[INFO] [stdout]   17:     0x5badf5cb095d - __rustc[ea4f61d10b84890b]::rust_begin_unwind
[INFO] [stdout]                                at /rustc/e3feeb59cd1bdd011a2bfcc0747b55125d9b8527/library/std/src/panicking.rs:676:5
[INFO] [stdout]   18:     0x5badf5cea8dc - core[a373ad73a504971]::panicking::panic_fmt
[INFO] [stdout]                                at /rustc/e3feeb59cd1bdd011a2bfcc0747b55125d9b8527/library/core/src/panicking.rs:80:14
[INFO] [stdout]   19:     0x5badf5cea632 - core[a373ad73a504971]::result::unwrap_failed
[INFO] [stdout]                                at /rustc/e3feeb59cd1bdd011a2bfcc0747b55125d9b8527/library/core/src/result.rs:1870:5
[INFO] [stdout]   20:     0x5badf5bd9902 - <core[a373ad73a504971]::result::Result<std[617be2ca0a6fd877]::process::ExitStatus, core[a373ad73a504971]::io::error::Error>>::unwrap
[INFO] [stdout]                                at /rustc/e3feeb59cd1bdd011a2bfcc0747b55125d9b8527/library/core/src/result.rs:1232:23
[INFO] [stdout]   21:     0x5badf5bd9902 - formatter[c5639093d4af7ebb]::check_with_fix_corrects_violations_and_exits_1
[INFO] [stdout]                                at /opt/rustwide/workdir/tests/formatter.rs:566:10
[INFO] [stdout]   22:     0x5badf5bd6593 - formatter[c5639093d4af7ebb]::check_with_fix_corrects_violations_and_exits_1::{closure#0}
[INFO] [stdout]                                at /opt/rustwide/workdir/tests/formatter.rs:554:52
[INFO] [stdout]   23:     0x5badf5bdb8a6 - <formatter[c5639093d4af7ebb]::check_with_fix_corrects_violations_and_exits_1::{closure#0} as core[a373ad73a504971]::ops::function::FnOnce<()>>::call_once
[INFO] [stdout]                                at /rustc/e3feeb59cd1bdd011a2bfcc0747b55125d9b8527/library/core/src/ops/function.rs:250:5
[INFO] [stdout]   24:     0x5badf5bdb93b - <fn() -> core[a373ad73a504971]::result::Result<(), alloc[2e1b2a31b91974c5]::string::String> as core[a373ad73a504971]::ops::function::FnOnce<()>>::call_once
[INFO] [stdout]                                at /rustc/e3feeb59cd1bdd011a2bfcc0747b55125d9b8527/library/core/src/ops/function.rs:250:5
[INFO] [stdout]   25:     0x5badf5bdb93b - test[aada8e7e76ba119b]::__rust_begin_short_backtrace::<core[a373ad73a504971]::result::Result<(), alloc[2e1b2a31b91974c5]::string::String>, fn() -> core[a373ad73a504971]::result::Result<(), alloc[2e1b2a31b91974c5]::string::String>>
[INFO] [stdout]                                at /rustc/e3feeb59cd1bdd011a2bfcc0747b55125d9b8527/library/test/src/lib.rs:701:18
[INFO] [stdout]   26:     0x5badf5be8b15 - test[aada8e7e76ba119b]::run_test_in_process::{closure#0}
[INFO] [stdout]                                at /rustc/e3feeb59cd1bdd011a2bfcc0747b55125d9b8527/library/test/src/lib.rs:724:74
[INFO] [stdout]   27:     0x5badf5be8b15 - <core[a373ad73a504971]::panic::unwind_safe::AssertUnwindSafe<test[aada8e7e76ba119b]::run_test_in_process::{closure#0}> as core[a373ad73a504971]::ops::function::FnOnce<()>>::call_once
[INFO] [stdout]                                at /rustc/e3feeb59cd1bdd011a2bfcc0747b55125d9b8527/library/core/src/panic/unwind_safe.rs:275:9
[INFO] [stdout]   28:     0x5badf5be8b15 - std[617be2ca0a6fd877]::panicking::catch_unwind::do_call::<core[a373ad73a504971]::panic::unwind_safe::AssertUnwindSafe<test[aada8e7e76ba119b]::run_test_in_process::{closure#0}>, core[a373ad73a504971]::result::Result<(), alloc[2e1b2a31b91974c5]::string::String>>
[INFO] [stdout]                                at /rustc/e3feeb59cd1bdd011a2bfcc0747b55125d9b8527/library/std/src/panicking.rs:573:43
[INFO] [stdout]   29:     0x5badf5be8b15 - std[617be2ca0a6fd877]::panicking::catch_unwind::<core[a373ad73a504971]::result::Result<(), alloc[2e1b2a31b91974c5]::string::String>, core[a373ad73a504971]::panic::unwind_safe::AssertUnwindSafe<test[aada8e7e76ba119b]::run_test_in_process::{closure#0}>>
[INFO] [stdout]                                at /rustc/e3feeb59cd1bdd011a2bfcc0747b55125d9b8527/library/std/src/panicking.rs:541:19
[INFO] [stdout]   30:     0x5badf5be8b15 - std[617be2ca0a6fd877]::panic::catch_unwind::<core[a373ad73a504971]::panic::unwind_safe::AssertUnwindSafe<test[aada8e7e76ba119b]::run_test_in_process::{closure#0}>, core[a373ad73a504971]::result::Result<(), alloc[2e1b2a31b91974c5]::string::String>>
[INFO] [stdout]                                at /rustc/e3feeb59cd1bdd011a2bfcc0747b55125d9b8527/library/std/src/panic.rs:359:14
[INFO] [stdout]   31:     0x5badf5be8b15 - test[aada8e7e76ba119b]::run_test_in_process
[INFO] [stdout]                                at /rustc/e3feeb59cd1bdd011a2bfcc0747b55125d9b8527/library/test/src/lib.rs:724:27
[INFO] [stdout]   32:     0x5badf5be8b15 - test[aada8e7e76ba119b]::run_test::{closure#0}
[INFO] [stdout]                                at /rustc/e3feeb59cd1bdd011a2bfcc0747b55125d9b8527/library/test/src/lib.rs:645:43
[INFO] [stdout]   33:     0x5badf5be2404 - test[aada8e7e76ba119b]::run_test::{closure#1}
[INFO] [stdout]                                at /rustc/e3feeb59cd1bdd011a2bfcc0747b55125d9b8527/library/test/src/lib.rs:675:41
[INFO] [stdout]   34:     0x5badf5be2404 - std[617be2ca0a6fd877]::sys::backtrace::__rust_begin_short_backtrace::<test[aada8e7e76ba119b]::run_test::{closure#1}, ()>
[INFO] [stdout]                                at /rustc/e3feeb59cd1bdd011a2bfcc0747b55125d9b8527/library/std/src/sys/backtrace.rs:166:18
[INFO] [stdout]   35:     0x5badf5bebba2 - std[617be2ca0a6fd877]::thread::lifecycle::spawn_unchecked::<test[aada8e7e76ba119b]::run_test::{closure#1}, ()>::{closure#1}::{closure#0}
[INFO] [stdout]                                at /rustc/e3feeb59cd1bdd011a2bfcc0747b55125d9b8527/library/std/src/thread/lifecycle.rs:70:13
[INFO] [stdout]   36:     0x5badf5bebba2 - <core[a373ad73a504971]::panic::unwind_safe::AssertUnwindSafe<std[617be2ca0a6fd877]::thread::lifecycle::spawn_unchecked<test[aada8e7e76ba119b]::run_test::{closure#1}, ()>::{closure#1}::{closure#0}> as core[a373ad73a504971]::ops::function::FnOnce<()>>::call_once
[INFO] [stdout]                                at /rustc/e3feeb59cd1bdd011a2bfcc0747b55125d9b8527/library/core/src/panic/unwind_safe.rs:275:9
[INFO] [stdout]   37:     0x5badf5bebba2 - std[617be2ca0a6fd877]::panicking::catch_unwind::do_call::<core[a373ad73a504971]::panic::unwind_safe::AssertUnwindSafe<std[617be2ca0a6fd877]::thread::lifecycle::spawn_unchecked<test[aada8e7e76ba119b]::run_test::{closure#1}, ()>::{closure#1}::{closure#0}>, ()>
[INFO] [stdout]                                at /rustc/e3feeb59cd1bdd011a2bfcc0747b55125d9b8527/library/std/src/panicking.rs:573:43
[INFO] [stdout]   38:     0x5badf5bebba2 - std[617be2ca0a6fd877]::panicking::catch_unwind::<(), core[a373ad73a504971]::panic::unwind_safe::AssertUnwindSafe<std[617be2ca0a6fd877]::thread::lifecycle::spawn_unchecked<test[aada8e7e76ba119b]::run_test::{closure#1}, ()>::{closure#1}::{closure#0}>>
[INFO] [stdout]                                at /rustc/e3feeb59cd1bdd011a2bfcc0747b55125d9b8527/library/std/src/panicking.rs:541:19
[INFO] [stdout]   39:     0x5badf5bebba2 - std[617be2ca0a6fd877]::panic::catch_unwind::<core[a373ad73a504971]::panic::unwind_safe::AssertUnwindSafe<std[617be2ca0a6fd877]::thread::lifecycle::spawn_unchecked<test[aada8e7e76ba119b]::run_test::{closure#1}, ()>::{closure#1}::{closure#0}>, ()>
[INFO] [stdout]                                at /rustc/e3feeb59cd1bdd011a2bfcc0747b55125d9b8527/library/std/src/panic.rs:359:14
[INFO] [stdout]   40:     0x5badf5bebba2 - std[617be2ca0a6fd877]::thread::lifecycle::spawn_unchecked::<test[aada8e7e76ba119b]::run_test::{closure#1}, ()>::{closure#1}
[INFO] [stdout]                                at /rustc/e3feeb59cd1bdd011a2bfcc0747b55125d9b8527/library/std/src/thread/lifecycle.rs:68:26
[INFO] [stdout]   41:     0x5badf5bebba2 - <std[617be2ca0a6fd877]::thread::lifecycle::spawn_unchecked<test[aada8e7e76ba119b]::run_test::{closure#1}, ()>::{closure#1} as core[a373ad73a504971]::ops::function::FnOnce<()>>::call_once::{shim:vtable#0}
[INFO] [stdout]                                at /rustc/e3feeb59cd1bdd011a2bfcc0747b55125d9b8527/library/core/src/ops/function.rs:250:5
[INFO] [stdout]   42:     0x5badf5cd473f - <alloc[2e1b2a31b91974c5]::boxed::Box<dyn core[a373ad73a504971]::ops::function::FnOnce<(), Output = ()> + core[a373ad73a504971]::marker::Send> as core[a373ad73a504971]::ops::function::FnOnce<()>>::call_once
[INFO] [stdout]                                at /rustc/e3feeb59cd1bdd011a2bfcc0747b55125d9b8527/library/alloc/src/boxed.rs:2314:9
[INFO] [stdout]   43:     0x5badf5cd473f - <std[617be2ca0a6fd877]::sys::thread::unix::Thread>::new::thread_start
[INFO] [stdout]                                at /rustc/e3feeb59cd1bdd011a2bfcc0747b55125d9b8527/library/std/src/sys/thread/unix.rs:127:17
[INFO] [stdout]   44:     0x7c9a92b12dfa - <unknown>
[INFO] [stdout]   45:     0x7c9a92ba63d4 - clone
[INFO] [stdout]   46:                0x0 - <unknown>
[INFO] [stdout] 
[INFO] [stdout] ---- format_check_exits_1_when_file_needs_formatting stdout ----
[INFO] [stdout] 
[INFO] [stdout] thread 'format_check_exits_1_when_file_needs_formatting' (2597) panicked at tests/formatter.rs:471:10:
[INFO] [stderr] error: test failed, to rerun pass `--test formatter`
[INFO] [stdout] called `Result::unwrap()` on an `Err` value: Os { code: 2, kind: NotFound, message: "No such file or directory" }
[INFO] [stdout] stack backtrace:
[INFO] [stdout]    0:     0x5badf5cd5421 - std[617be2ca0a6fd877]::backtrace_rs::backtrace::libunwind::trace
[INFO] [stdout]                                at /rustc/e3feeb59cd1bdd011a2bfcc0747b55125d9b8527/library/std/src/../../backtrace/src/backtrace/libunwind.rs:117:9
[INFO] [stdout]    1:     0x5badf5cd5421 - std[617be2ca0a6fd877]::backtrace_rs::backtrace::trace_unsynchronized::<std[617be2ca0a6fd877]::sys::backtrace::_print_fmt::{closure#1}>
[INFO] [stdout]                                at /rustc/e3feeb59cd1bdd011a2bfcc0747b55125d9b8527/library/std/src/../../backtrace/src/backtrace/mod.rs:66:14
[INFO] [stdout]    2:     0x5badf5cd5421 - std[617be2ca0a6fd877]::sys::backtrace::_print_fmt
[INFO] [stdout]                                at /rustc/e3feeb59cd1bdd011a2bfcc0747b55125d9b8527/library/std/src/sys/backtrace.rs:74:9
[INFO] [stdout]    3:     0x5badf5cd5421 - <<std[617be2ca0a6fd877]::sys::backtrace::BacktraceLock>::print::DisplayBacktrace as core[a373ad73a504971]::fmt::Display>::fmt
[INFO] [stdout]                                at /rustc/e3feeb59cd1bdd011a2bfcc0747b55125d9b8527/library/std/src/sys/backtrace.rs:44:26
[INFO] [stdout]    4:     0x5badf5cea12a - <core[a373ad73a504971]::fmt::rt::Argument>::fmt
[INFO] [stdout]                                at /rustc/e3feeb59cd1bdd011a2bfcc0747b55125d9b8527/library/core/src/fmt/rt.rs:152:76
[INFO] [stdout]    5:     0x5badf5cea12a - core[a373ad73a504971]::fmt::write
[INFO] [stdout]    6:     0x5badf5cd989c - core[a373ad73a504971]::io::write::default_write_fmt::<alloc[2e1b2a31b91974c5]::vec::Vec<u8>>
[INFO] [stdout]                                at /rustc/e3feeb59cd1bdd011a2bfcc0747b55125d9b8527/library/core/src/io/write.rs:402:11
[INFO] [stdout]    7:     0x5badf5cd989c - <alloc[2e1b2a31b91974c5]::vec::Vec<u8> as core[a373ad73a504971]::io::write::Write>::write_fmt
[INFO] [stdout]                                at /rustc/e3feeb59cd1bdd011a2bfcc0747b55125d9b8527/library/core/src/io/write.rs:335:13
[INFO] [stdout]    8:     0x5badf5cafca6 - <std[617be2ca0a6fd877]::sys::backtrace::BacktraceLock>::print
[INFO] [stdout]                                at /rustc/e3feeb59cd1bdd011a2bfcc0747b55125d9b8527/library/std/src/sys/backtrace.rs:47:9
[INFO] [stdout]    9:     0x5badf5cafca6 - std[617be2ca0a6fd877]::panicking::default_hook::{closure#0}
[INFO] [stdout]                                at /rustc/e3feeb59cd1bdd011a2bfcc0747b55125d9b8527/library/std/src/panicking.rs:289:27
[INFO] [stdout]   10:     0x5badf5ccce59 - std[617be2ca0a6fd877]::panicking::default_hook
[INFO] [stdout]                                at /rustc/e3feeb59cd1bdd011a2bfcc0747b55125d9b8527/library/std/src/panicking.rs:313:9
[INFO] [stdout]   11:     0x5badf5be84f0 - <alloc[2e1b2a31b91974c5]::boxed::Box<dyn for<'a, 'b> core[a373ad73a504971]::ops::function::Fn<(&'a std[617be2ca0a6fd877]::panic::PanicHookInfo<'b>,), Output = ()> + core[a373ad73a504971]::marker::Sync + core[a373ad73a504971]::marker::Send> as core[a373ad73a504971]::ops::function::Fn<(&std[617be2ca0a6fd877]::panic::PanicHookInfo,)>>::call
[INFO] [stdout]                                at /rustc/e3feeb59cd1bdd011a2bfcc0747b55125d9b8527/library/alloc/src/boxed.rs:2328:9
[INFO] [stdout]   12:     0x5badf5be84f0 - test[aada8e7e76ba119b]::test_main_inner::{closure#0}
[INFO] [stdout]                                at /rustc/e3feeb59cd1bdd011a2bfcc0747b55125d9b8527/library/test/src/lib.rs:137:21
[INFO] [stdout]   13:     0x5badf5ccd012 - <alloc[2e1b2a31b91974c5]::boxed::Box<dyn for<'a, 'b> core[a373ad73a504971]::ops::function::Fn<(&'a std[617be2ca0a6fd877]::panic::PanicHookInfo<'b>,), Output = ()> + core[a373ad73a504971]::marker::Sync + core[a373ad73a504971]::marker::Send> as core[a373ad73a504971]::ops::function::Fn<(&std[617be2ca0a6fd877]::panic::PanicHookInfo,)>>::call
[INFO] [stdout]                                at /rustc/e3feeb59cd1bdd011a2bfcc0747b55125d9b8527/library/alloc/src/boxed.rs:2328:9
[INFO] [stdout]   14:     0x5badf5ccd012 - std[617be2ca0a6fd877]::panicking::panic_with_hook
[INFO] [stdout]                                at /rustc/e3feeb59cd1bdd011a2bfcc0747b55125d9b8527/library/std/src/panicking.rs:819:13
[INFO] [stdout]   15:     0x5badf5cafd52 - std[617be2ca0a6fd877]::panicking::panic_handler::{closure#0}
[INFO] [stdout]                                at /rustc/e3feeb59cd1bdd011a2bfcc0747b55125d9b8527/library/std/src/panicking.rs:685:13
[INFO] [stdout]   16:     0x5badf5ca87b9 - std[617be2ca0a6fd877]::sys::backtrace::__rust_end_short_backtrace::<std[617be2ca0a6fd877]::panicking::panic_handler::{closure#0}, !>
[INFO] [stdout]                                at /rustc/e3feeb59cd1bdd011a2bfcc0747b55125d9b8527/library/std/src/sys/backtrace.rs:182:18
[INFO] [stdout]   17:     0x5badf5cb095d - __rustc[ea4f61d10b84890b]::rust_begin_unwind
[INFO] [stdout]                                at /rustc/e3feeb59cd1bdd011a2bfcc0747b55125d9b8527/library/std/src/panicking.rs:676:5
[INFO] [stdout]   18:     0x5badf5cea8dc - core[a373ad73a504971]::panicking::panic_fmt
[INFO] [stdout]                                at /rustc/e3feeb59cd1bdd011a2bfcc0747b55125d9b8527/library/core/src/panicking.rs:80:14
[INFO] [stdout]   19:     0x5badf5cea632 - core[a373ad73a504971]::result::unwrap_failed
[INFO] [stdout]                                at /rustc/e3feeb59cd1bdd011a2bfcc0747b55125d9b8527/library/core/src/result.rs:1870:5
[INFO] [stdout]   20:     0x5badf5bda0c6 - <core[a373ad73a504971]::result::Result<std[617be2ca0a6fd877]::process::ExitStatus, core[a373ad73a504971]::io::error::Error>>::unwrap
[INFO] [stdout]                                at /rustc/e3feeb59cd1bdd011a2bfcc0747b55125d9b8527/library/core/src/result.rs:1232:23
[INFO] [stdout]   21:     0x5badf5bda0c6 - formatter[c5639093d4af7ebb]::format_check_exits_1_when_file_needs_formatting
[INFO] [stdout]                                at /opt/rustwide/workdir/tests/formatter.rs:471:10
[INFO] [stdout]   22:     0x5badf5bd65c3 - formatter[c5639093d4af7ebb]::format_check_exits_1_when_file_needs_formatting::{closure#0}
[INFO] [stdout]                                at /opt/rustwide/workdir/tests/formatter.rs:452:53
[INFO] [stdout]   23:     0x5badf5bdb8c6 - <formatter[c5639093d4af7ebb]::format_check_exits_1_when_file_needs_formatting::{closure#0} as core[a373ad73a504971]::ops::function::FnOnce<()>>::call_once
[INFO] [stdout]                                at /rustc/e3feeb59cd1bdd011a2bfcc0747b55125d9b8527/library/core/src/ops/function.rs:250:5
[INFO] [stdout]   24:     0x5badf5bdb93b - <fn() -> core[a373ad73a504971]::result::Result<(), alloc[2e1b2a31b91974c5]::string::String> as core[a373ad73a504971]::ops::function::FnOnce<()>>::call_once
[INFO] [stdout]                                at /rustc/e3feeb59cd1bdd011a2bfcc0747b55125d9b8527/library/core/src/ops/function.rs:250:5
[INFO] [stdout]   25:     0x5badf5bdb93b - test[aada8e7e76ba119b]::__rust_begin_short_backtrace::<core[a373ad73a504971]::result::Result<(), alloc[2e1b2a31b91974c5]::string::String>, fn() -> core[a373ad73a504971]::result::Result<(), alloc[2e1b2a31b91974c5]::string::String>>
[INFO] [stdout]                                at /rustc/e3feeb59cd1bdd011a2bfcc0747b55125d9b8527/library/test/src/lib.rs:701:18
[INFO] [stdout]   26:     0x5badf5be8b15 - test[aada8e7e76ba119b]::run_test_in_process::{closure#0}
[INFO] [stdout]                                at /rustc/e3feeb59cd1bdd011a2bfcc0747b55125d9b8527/library/test/src/lib.rs:724:74
[INFO] [stdout]   27:     0x5badf5be8b15 - <core[a373ad73a504971]::panic::unwind_safe::AssertUnwindSafe<test[aada8e7e76ba119b]::run_test_in_process::{closure#0}> as core[a373ad73a504971]::ops::function::FnOnce<()>>::call_once
[INFO] [stdout]                                at /rustc/e3feeb59cd1bdd011a2bfcc0747b55125d9b8527/library/core/src/panic/unwind_safe.rs:275:9
[INFO] [stdout]   28:     0x5badf5be8b15 - std[617be2ca0a6fd877]::panicking::catch_unwind::do_call::<core[a373ad73a504971]::panic::unwind_safe::AssertUnwindSafe<test[aada8e7e76ba119b]::run_test_in_process::{closure#0}>, core[a373ad73a504971]::result::Result<(), alloc[2e1b2a31b91974c5]::string::String>>
[INFO] [stdout]                                at /rustc/e3feeb59cd1bdd011a2bfcc0747b55125d9b8527/library/std/src/panicking.rs:573:43
[INFO] [stdout]   29:     0x5badf5be8b15 - std[617be2ca0a6fd877]::panicking::catch_unwind::<core[a373ad73a504971]::result::Result<(), alloc[2e1b2a31b91974c5]::string::String>, core[a373ad73a504971]::panic::unwind_safe::AssertUnwindSafe<test[aada8e7e76ba119b]::run_test_in_process::{closure#0}>>
[INFO] [stdout]                                at /rustc/e3feeb59cd1bdd011a2bfcc0747b55125d9b8527/library/std/src/panicking.rs:541:19
[INFO] [stdout]   30:     0x5badf5be8b15 - std[617be2ca0a6fd877]::panic::catch_unwind::<core[a373ad73a504971]::panic::unwind_safe::AssertUnwindSafe<test[aada8e7e76ba119b]::run_test_in_process::{closure#0}>, core[a373ad73a504971]::result::Result<(), alloc[2e1b2a31b91974c5]::string::String>>
[INFO] [stdout]                                at /rustc/e3feeb59cd1bdd011a2bfcc0747b55125d9b8527/library/std/src/panic.rs:359:14
[INFO] [stdout]   31:     0x5badf5be8b15 - test[aada8e7e76ba119b]::run_test_in_process
[INFO] [stdout]                                at /rustc/e3feeb59cd1bdd011a2bfcc0747b55125d9b8527/library/test/src/lib.rs:724:27
[INFO] [stdout]   32:     0x5badf5be8b15 - test[aada8e7e76ba119b]::run_test::{closure#0}
[INFO] [stdout]                                at /rustc/e3feeb59cd1bdd011a2bfcc0747b55125d9b8527/library/test/src/lib.rs:645:43
[INFO] [stdout]   33:     0x5badf5be2404 - test[aada8e7e76ba119b]::run_test::{closure#1}
[INFO] [stdout]                                at /rustc/e3feeb59cd1bdd011a2bfcc0747b55125d9b8527/library/test/src/lib.rs:675:41
[INFO] [stdout]   34:     0x5badf5be2404 - std[617be2ca0a6fd877]::sys::backtrace::__rust_begin_short_backtrace::<test[aada8e7e76ba119b]::run_test::{closure#1}, ()>
[INFO] [stdout]                                at /rustc/e3feeb59cd1bdd011a2bfcc0747b55125d9b8527/library/std/src/sys/backtrace.rs:166:18
[INFO] [stdout]   35:     0x5badf5bebba2 - std[617be2ca0a6fd877]::thread::lifecycle::spawn_unchecked::<test[aada8e7e76ba119b]::run_test::{closure#1}, ()>::{closure#1}::{closure#0}
[INFO] [stdout]                                at /rustc/e3feeb59cd1bdd011a2bfcc0747b55125d9b8527/library/std/src/thread/lifecycle.rs:70:13
[INFO] [stdout]   36:     0x5badf5bebba2 - <core[a373ad73a504971]::panic::unwind_safe::AssertUnwindSafe<std[617be2ca0a6fd877]::thread::lifecycle::spawn_unchecked<test[aada8e7e76ba119b]::run_test::{closure#1}, ()>::{closure#1}::{closure#0}> as core[a373ad73a504971]::ops::function::FnOnce<()>>::call_once
[INFO] [stdout]                                at /rustc/e3feeb59cd1bdd011a2bfcc0747b55125d9b8527/library/core/src/panic/unwind_safe.rs:275:9
[INFO] [stdout]   37:     0x5badf5bebba2 - std[617be2ca0a6fd877]::panicking::catch_unwind::do_call::<core[a373ad73a504971]::panic::unwind_safe::AssertUnwindSafe<std[617be2ca0a6fd877]::thread::lifecycle::spawn_unchecked<test[aada8e7e76ba119b]::run_test::{closure#1}, ()>::{closure#1}::{closure#0}>, ()>
[INFO] [stdout]                                at /rustc/e3feeb59cd1bdd011a2bfcc0747b55125d9b8527/library/std/src/panicking.rs:573:43
[INFO] [stdout]   38:     0x5badf5bebba2 - std[617be2ca0a6fd877]::panicking::catch_unwind::<(), core[a373ad73a504971]::panic::unwind_safe::AssertUnwindSafe<std[617be2ca0a6fd877]::thread::lifecycle::spawn_unchecked<test[aada8e7e76ba119b]::run_test::{closure#1}, ()>::{closure#1}::{closure#0}>>
[INFO] [stdout]                                at /rustc/e3feeb59cd1bdd011a2bfcc0747b55125d9b8527/library/std/src/panicking.rs:541:19
[INFO] [stdout]   39:     0x5badf5bebba2 - std[617be2ca0a6fd877]::panic::catch_unwind::<core[a373ad73a504971]::panic::unwind_safe::AssertUnwindSafe<std[617be2ca0a6fd877]::thread::lifecycle::spawn_unchecked<test[aada8e7e76ba119b]::run_test::{closure#1}, ()>::{closure#1}::{closure#0}>, ()>
[INFO] [stdout]                                at /rustc/e3feeb59cd1bdd011a2bfcc0747b55125d9b8527/library/std/src/panic.rs:359:14
[INFO] [stdout]   40:     0x5badf5bebba2 - std[617be2ca0a6fd877]::thread::lifecycle::spawn_unchecked::<test[aada8e7e76ba119b]::run_test::{closure#1}, ()>::{closure#1}
[INFO] [stdout]                                at /rustc/e3feeb59cd1bdd011a2bfcc0747b55125d9b8527/library/std/src/thread/lifecycle.rs:68:26
[INFO] [stdout]   41:     0x5badf5bebba2 - <std[617be2ca0a6fd877]::thread::lifecycle::spawn_unchecked<test[aada8e7e76ba119b]::run_test::{closure#1}, ()>::{closure#1} as core[a373ad73a504971]::ops::function::FnOnce<()>>::call_once::{shim:vtable#0}
[INFO] [stdout]                                at /rustc/e3feeb59cd1bdd011a2bfcc0747b55125d9b8527/library/core/src/ops/function.rs:250:5
[INFO] [stdout]   42:     0x5badf5cd473f - <alloc[2e1b2a31b91974c5]::boxed::Box<dyn core[a373ad73a504971]::ops::function::FnOnce<(), Output = ()> + core[a373ad73a504971]::marker::Send> as core[a373ad73a504971]::ops::function::FnOnce<()>>::call_once
[INFO] [stdout]                                at /rustc/e3feeb59cd1bdd011a2bfcc0747b55125d9b8527/library/alloc/src/boxed.rs:2314:9
[INFO] [stdout]   43:     0x5badf5cd473f - <std[617be2ca0a6fd877]::sys::thread::unix::Thread>::new::thread_start
[INFO] [stdout]                                at /rustc/e3feeb59cd1bdd011a2bfcc0747b55125d9b8527/library/std/src/sys/thread/unix.rs:127:17
[INFO] [stdout]   44:     0x7c9a92b12dfa - <unknown>
[INFO] [stdout]   45:     0x7c9a92ba63d4 - clone
[INFO] [stdout]   46:                0x0 - <unknown>
[INFO] [stdout] 
[INFO] [stdout] 
[INFO] [stdout] failures:
[INFO] [stdout]     check_with_fix_corrects_violations_and_exits_1
[INFO] [stdout]     check_without_fix_does_not_modify_file
[INFO] [stdout]     format_check_does_not_modify_file
[INFO] [stdout]     format_check_exits_0_when_already_formatted
[INFO] [stdout]     format_check_exits_1_when_file_needs_formatting
[INFO] [stdout]     format_rewrites_file_in_place
[INFO] [stdout] 
[INFO] [stdout] test result: FAILED. 22 passed; 6 failed; 0 ignored; 0 measured; 0 filtered out; finished in 0.14s
[INFO] [stdout] 
[INFO] running `Command { std: "docker" "inspect" "067e796b4a9c83b5593cb6c37fa7775c5a6e8348333c923e2292c7cee0fe6ec6", kill_on_drop: false }`
[INFO] running `Command { std: "docker" "rm" "-f" "067e796b4a9c83b5593cb6c37fa7775c5a6e8348333c923e2292c7cee0fe6ec6", kill_on_drop: false }`
[INFO] [stdout] 067e796b4a9c83b5593cb6c37fa7775c5a6e8348333c923e2292c7cee0fe6ec6
