[INFO] fetching crate lily_postgresql 0.1.0...
[INFO] testing lily_postgresql-0.1.0 against 1.100.0-beta.1 for beta-1.100-2
[INFO] extracting crate lily_postgresql 0.1.0 into /workspace/builds/worker-3-tc2/source
[INFO] started tweaking crates.io crate lily_postgresql 0.1.0
[INFO] removed 0 missing tests
[INFO] finished tweaking crates.io crate lily_postgresql 0.1.0
[INFO] tweaked toml for crates.io crate lily_postgresql 0.1.0 written to /workspace/builds/worker-3-tc2/source/Cargo.toml
[INFO] validating manifest of crates.io crate lily_postgresql 0.1.0 on toolchain 1.100.0-beta.1
[INFO] running `Command { std: CARGO_HOME="/workspace/cargo-home" RUSTUP_HOME="/workspace/rustup-home" "/workspace/cargo-home/bin/cargo" "+1.100.0-beta.1" "metadata" "--manifest-path" "Cargo.toml" "--no-deps", kill_on_drop: false }`
[INFO] crate crates.io crate lily_postgresql 0.1.0 already has a lockfile, it will not be regenerated
[INFO] running `Command { std: CARGO_HOME="/workspace/cargo-home" RUSTUP_HOME="/workspace/rustup-home" "/workspace/cargo-home/bin/cargo" "+1.100.0-beta.1" "fetch" "--manifest-path" "Cargo.toml", kill_on_drop: false }`
[INFO] running `Command { std: "docker" "create" "-v" "/var/lib/crater-agent-workspace/builds/worker-3-tc2/source:/opt/rustwide/workdir:ro,Z" "-v" "/var/lib/crater-agent-workspace/builds/worker-3-tc2/target:/opt/rustwide/target:rw,Z" "-v" "/var/lib/crater-agent-workspace/cargo-home:/opt/rustwide/cargo-home:ro,Z" "-v" "/var/lib/crater-agent-workspace/rustup-home:/opt/rustwide/rustup-home:ro,Z" "-m" "1610612736" "--network" "none" "ghcr.io/rust-lang/crates-build-env/linux@sha256:3111399a4047eeb3a02b7a90e478d715f38a8c6669b5c4b49d30a17385265909" "sleep" "infinity", kill_on_drop: false }`
[INFO] [stdout] 7fb81ff92f2aecaf68a1538e9ce31b26d555222d30c7f593dd5c7769920a1430
[INFO] running `Command { std: "docker" "start" "7fb81ff92f2aecaf68a1538e9ce31b26d555222d30c7f593dd5c7769920a1430", kill_on_drop: false }`
[INFO] running `Command { std: "docker" "inspect" "7fb81ff92f2aecaf68a1538e9ce31b26d555222d30c7f593dd5c7769920a1430", kill_on_drop: false }`
[INFO] running `Command { std: "docker" "exec" "-e" "SOURCE_DIR=/opt/rustwide/workdir" "-e" "CARGO_HOME=/opt/rustwide/cargo-home" "-e" "RUSTUP_HOME=/opt/rustwide/rustup-home" "-e" "CARGO_TARGET_DIR=/opt/rustwide/target" "-w" "/opt/rustwide/workdir" "--user" "0:0" "7fb81ff92f2aecaf68a1538e9ce31b26d555222d30c7f593dd5c7769920a1430" "/opt/rustwide/cargo-home/bin/cargo" "+1.100.0-beta.1" "metadata" "--no-deps" "--format-version=1", kill_on_drop: false }`
[INFO] running `Command { std: "docker" "inspect" "7fb81ff92f2aecaf68a1538e9ce31b26d555222d30c7f593dd5c7769920a1430", kill_on_drop: false }`
[INFO] running `Command { std: "docker" "exec" "-e" "SOURCE_DIR=/opt/rustwide/workdir" "-e" "CARGO_HOME=/opt/rustwide/cargo-home" "-e" "RUSTUP_HOME=/opt/rustwide/rustup-home" "-e" "CARGO_TARGET_DIR=/opt/rustwide/target" "-e" "CARGO_INCREMENTAL=0" "-e" "RUST_BACKTRACE=full" "-e" "RUSTFLAGS=--cap-lints=warn" "-e" "RUSTDOCFLAGS=--cap-lints=warn" "-w" "/opt/rustwide/workdir" "--user" "0:0" "7fb81ff92f2aecaf68a1538e9ce31b26d555222d30c7f593dd5c7769920a1430" "/opt/rustwide/cargo-home/bin/cargo" "+1.100.0-beta.1" "build" "--frozen" "--message-format=json", kill_on_drop: false }`
[INFO] [stderr]    Compiling http v1.5.0
[INFO] [stderr]    Compiling log v0.4.33
[INFO] [stderr]    Compiling syn v2.0.118
[INFO] [stderr]    Compiling winnow v1.0.4
[INFO] [stderr]    Compiling either v1.16.0
[INFO] [stderr]    Compiling mio v1.2.2
[INFO] [stderr]    Compiling socket2 v0.6.5
[INFO] [stderr]    Compiling cc v1.2.67
[INFO] [stderr]    Compiling rustls-pki-types v1.15.0
[INFO] [stderr]    Compiling typenum v1.20.1
[INFO] [stderr]    Compiling zerocopy v0.8.54
[INFO] [stderr]    Compiling serde_json v1.0.150
[INFO] [stderr]    Compiling getrandom v0.2.17
[INFO] [stderr]    Compiling cmov v0.5.4
[INFO] [stderr]    Compiling bitflags v2.13.0
[INFO] [stderr]    Compiling rustls v0.23.42
[INFO] [stderr]    Compiling anyhow v1.0.104
[INFO] [stderr]    Compiling serde_core v1.0.228
[INFO] [stderr]    Compiling const-oid v0.10.2
[INFO] [stderr]    Compiling itertools v0.14.0
[INFO] [stderr]    Compiling ctutils v0.4.2
[INFO] [stderr]    Compiling getrandom v0.4.3
[INFO] [stderr]    Compiling rand_core v0.10.1
[INFO] [stderr]    Compiling regex-automata v0.4.18
[INFO] [stderr]    Compiling tinyvec v1.12.0
[INFO] [stderr]    Compiling num-traits v0.2.19
[INFO] [stderr]    Compiling crossbeam-utils v0.8.22
[INFO] [stderr]    Compiling chacha20 v0.10.2
[INFO] [stderr]    Compiling tracing-log v0.2.0
[INFO] [stderr]    Compiling socket2 v0.5.10
[INFO] [stderr]    Compiling unicode-normalization v0.1.25
[INFO] [stderr]    Compiling rustls-native-certs v0.8.4
[INFO] [stderr]    Compiling hybrid-array v0.4.13
[INFO] [stderr]    Compiling thread_local v1.1.10
[INFO] [stderr]    Compiling http-body v1.1.0
[INFO] [stderr]    Compiling linkme-impl v0.3.37
[INFO] [stderr]    Compiling rand v0.10.2
[INFO] [stderr]    Compiling http-body-util v0.1.5
[INFO] [stderr]    Compiling syn v3.0.4
[INFO] [stderr]    Compiling stringprep v0.1.5
[INFO] [stderr]    Compiling fallible-iterator v0.2.0
[INFO] [stderr]    Compiling axum-core v0.5.6
[INFO] [stderr]    Compiling ring v0.17.14
[INFO] [stderr]    Compiling crypto-common v0.2.2
[INFO] [stderr]    Compiling block-buffer v0.12.1
[INFO] [stderr]    Compiling toml_parser v1.1.2+spec-1.1.0
[INFO] [stderr]    Compiling winnow v0.7.15
[INFO] [stderr]    Compiling diesel_derives v2.3.10
[INFO] [stderr]    Compiling linkme v0.3.37
[INFO] [stderr]    Compiling time v0.3.53
[INFO] [stderr]    Compiling toml_edit v0.25.13+spec-1.1.0
[INFO] [stderr]    Compiling crossbeam-channel v0.5.16
[INFO] [stderr]    Compiling chrono v0.4.45
[INFO] [stderr]    Compiling toml_datetime v0.7.5+spec-1.1.0
[INFO] [stderr]    Compiling serde_spanned v1.1.1
[INFO] [stderr]    Compiling const-oid v0.9.6
[INFO] [stderr]    Compiling symlink v0.1.0
[INFO] [stderr]    Compiling flagset v0.4.7
[INFO] [stderr]    Compiling toml v0.9.12+spec-1.1.0
[INFO] [stderr]    Compiling digest v0.11.3
[INFO] [stderr]    Compiling matchers v0.2.0
[INFO] [stderr]    Compiling phf v0.13.1
[INFO] [stderr]    Compiling md-5 v0.11.0
[INFO] [stderr]    Compiling sha2 v0.11.0
[INFO] [stderr]    Compiling hmac v0.13.0
[INFO] [stderr]    Compiling whoami v2.1.3
[INFO] [stderr]    Compiling downcast-rs v2.0.2
[INFO] [stderr]    Compiling uuid v1.23.5
[INFO] [stderr]    Compiling proc-macro-crate v3.5.0
[INFO] [stderr]    Compiling webpki-roots v1.0.8
[INFO] [stderr]    Compiling rolling-file v0.2.0
[INFO] [stderr]    Compiling postgres-protocol v0.6.12
[INFO] [stderr]    Compiling postgres-types v0.2.14
[INFO] [stderr]    Compiling ppv-lite86 v0.2.21
[INFO] [stderr]    Compiling rustls-webpki v0.103.13
[INFO] [stderr]    Compiling synstructure v0.13.2
[INFO] [stderr]    Compiling darling_core v0.21.3
[INFO] [stderr]    Compiling diesel_table_macro_syntax v0.3.0
[INFO] [stderr]    Compiling rand_chacha v0.9.0
[INFO] [stderr]    Compiling rand v0.9.5
[INFO] [stderr]    Compiling tokio-macros v2.7.0
[INFO] [stderr]    Compiling futures-macro v0.3.32
[INFO] [stderr]    Compiling serde_derive v1.0.228
[INFO] [stderr]    Compiling tracing-attributes v0.1.31
[INFO] [stderr]    Compiling zerovec-derive v0.11.3
[INFO] [stderr]    Compiling displaydoc v0.2.6
[INFO] [stderr]    Compiling async-trait v0.1.89
[INFO] [stderr]    Compiling thiserror-impl v2.0.18
[INFO] [stderr]    Compiling prost-derive v0.13.5
[INFO] [stderr]    Compiling pin-project-internal v1.1.13
[INFO] [stderr]    Compiling thiserror-impl v1.0.69
[INFO] [stderr]    Compiling der_derive v0.7.3
[INFO] [stderr]    Compiling zerofrom-derive v0.1.7
[INFO] [stderr]    Compiling tokio v1.52.3
[INFO] [stderr]    Compiling futures-util v0.3.32
[INFO] [stderr]    Compiling yoke-derive v0.8.2
[INFO] [stderr]    Compiling thiserror v1.0.69
[INFO] [stderr]    Compiling lily_trace_macros v0.1.0
[INFO] [stderr]    Compiling lily_injectable_derive v0.1.0
[INFO] [stderr]    Compiling lily_postgresql_derive v0.1.0
[INFO] [stderr]    Compiling der v0.7.10
[INFO] [stderr]    Compiling zerofrom v0.1.8
[INFO] [stderr]    Compiling tracing v0.1.44
[INFO] [stderr]    Compiling pin-project v1.1.13
[INFO] [stderr]    Compiling prost v0.13.5
[INFO] [stderr]    Compiling thiserror v2.0.18
[INFO] [stderr]    Compiling yoke v0.8.3
[INFO] [stderr]    Compiling opentelemetry v0.30.0
[INFO] [stderr]    Compiling lily_core v0.1.0
[INFO] [stderr]    Compiling zerovec v0.11.6
[INFO] [stderr]    Compiling zerotrie v0.2.4
[INFO] [stderr]    Compiling darling_macro v0.21.3
[INFO] [stderr]    Compiling darling v0.21.3
[INFO] [stderr]    Compiling dsl_auto_type v0.2.0
[INFO] [stderr]    Compiling tinystr v0.8.3
[INFO] [stderr]    Compiling potential_utf v0.1.5
[INFO] [stderr]    Compiling icu_collections v2.2.0
[INFO] [stderr]    Compiling icu_locale_core v2.2.0
[INFO] [stderr]    Compiling spki v0.7.3
[INFO] [stderr]    Compiling x509-cert v0.2.5
[INFO] [stderr]    Compiling serde v1.0.228
[INFO] [stderr]    Compiling icu_provider v2.2.0
[INFO] [stderr]    Compiling icu_properties v2.2.0
[INFO] [stderr]    Compiling icu_normalizer v2.2.0
[INFO] [stderr]    Compiling migrations_internals v2.3.0
[INFO] [stderr]    Compiling tracing-serde v0.2.0
[INFO] [stderr]    Compiling serde_urlencoded v0.7.1
[INFO] [stderr]    Compiling toml_datetime v0.6.11
[INFO] [stderr]    Compiling serde_spanned v0.6.9
[INFO] [stderr]    Compiling tracing-subscriber v0.3.23
[INFO] [stderr]    Compiling toml_edit v0.22.27
[INFO] [stderr]    Compiling migrations_macros v2.3.0
[INFO] [stderr]    Compiling futures-executor v0.3.32
[INFO] [stderr]    Compiling futures v0.3.32
[INFO] [stderr]    Compiling idna_adapter v1.2.2
[INFO] [stderr]    Compiling idna v1.1.0
[INFO] [stderr]    Compiling tracing-appender v0.2.5
[INFO] [stderr]    Compiling url v2.5.8
[INFO] [stderr]    Compiling toml v0.8.23
[INFO] [stderr]    Compiling tokio-util v0.7.18
[INFO] [stderr]    Compiling tokio-stream v0.1.19
[INFO] [stderr]    Compiling tokio-rustls v0.26.4
[INFO] [stderr]    Compiling lily_error v0.1.0
[INFO] [stderr]    Compiling lily_process v0.1.0
[INFO] [stderr]    Compiling deadpool-runtime v0.3.1
[INFO] [stderr]    Compiling lily_cancellation v0.1.0
[INFO] [stderr]    Compiling deadpool v0.13.1
[INFO] [stderr]    Compiling opentelemetry_sdk v0.30.0
[INFO] [stderr]    Compiling lily_injection_registry v0.1.0
[INFO] [stderr]    Compiling h2 v0.4.19
[INFO] [stderr]    Compiling tower v0.5.3
[INFO] [stderr]    Compiling lily_shutdown v0.1.0
[INFO] [stderr]    Compiling tokio-postgres v0.7.18
[INFO] [stderr]    Compiling diesel v2.3.11
[INFO] [stderr]    Compiling tower-http v0.6.11
[INFO] [stderr]    Compiling axum v0.8.9
[INFO] [stderr]    Compiling hyper v1.11.1
[INFO] [stderr]    Compiling tracing-opentelemetry v0.31.0
[INFO] [stderr]    Compiling tokio-postgres-rustls v0.14.0
[INFO] [stderr]    Compiling hyper-util v0.1.20
[INFO] [stderr]    Compiling hyper-timeout v0.5.2
[INFO] [stderr]    Compiling reqwest v0.12.28
[INFO] [stderr]    Compiling tonic v0.13.1
[INFO] [stderr]    Compiling opentelemetry-http v0.30.0
[INFO] [stderr]    Compiling opentelemetry-proto v0.30.0
[INFO] [stderr]    Compiling opentelemetry-otlp v0.30.0
[INFO] [stderr]    Compiling lily_trace v0.1.0
[INFO] [stderr]    Compiling lily_injection v0.1.0
[INFO] [stderr]    Compiling diesel_migrations v2.3.0
[INFO] [stderr]    Compiling diesel-async v0.9.2
[INFO] [stderr]    Compiling lily_config v0.1.0
[INFO] [stderr]    Compiling lily_postgresql v0.1.0 (/opt/rustwide/workdir)
[INFO] [stderr]     Finished `dev` profile [unoptimized + debuginfo] target(s) in 1m 46s
[INFO] running `Command { std: "docker" "inspect" "7fb81ff92f2aecaf68a1538e9ce31b26d555222d30c7f593dd5c7769920a1430", kill_on_drop: false }`
[INFO] running `Command { std: "docker" "exec" "-e" "SOURCE_DIR=/opt/rustwide/workdir" "-e" "CARGO_HOME=/opt/rustwide/cargo-home" "-e" "RUSTUP_HOME=/opt/rustwide/rustup-home" "-e" "CARGO_TARGET_DIR=/opt/rustwide/target" "-e" "CARGO_INCREMENTAL=0" "-e" "RUST_BACKTRACE=full" "-e" "RUSTFLAGS=--cap-lints=warn" "-e" "RUSTDOCFLAGS=--cap-lints=warn" "-w" "/opt/rustwide/workdir" "--user" "0:0" "7fb81ff92f2aecaf68a1538e9ce31b26d555222d30c7f593dd5c7769920a1430" "/opt/rustwide/cargo-home/bin/cargo" "+1.100.0-beta.1" "test" "--frozen" "--no-run" "--message-format=json", kill_on_drop: false }`
[INFO] [stderr]    Compiling tokio v1.52.3
[INFO] [stderr]    Compiling toml_parser v1.1.2+spec-1.1.0
[INFO] [stderr]    Compiling serde_spanned v1.1.1
[INFO] [stderr]    Compiling target-triple v1.0.0
[INFO] [stderr]    Compiling toml_datetime v1.1.1+spec-1.1.0
[INFO] [stderr]    Compiling glob v0.3.3
[INFO] [stderr]    Compiling toml v0.9.12+spec-1.1.0
[INFO] [stderr]    Compiling toml v1.1.2+spec-1.1.0
[INFO] [stderr]    Compiling migrations_internals v2.3.0
[INFO] [stderr]    Compiling migrations_macros v2.3.0
[INFO] [stderr]    Compiling diesel_migrations v2.3.0
[INFO] [stderr]    Compiling trybuild v1.0.118
[INFO] [stderr]    Compiling tokio-util v0.7.18
[INFO] [stderr]    Compiling tokio-stream v0.1.19
[INFO] [stderr]    Compiling tokio-rustls v0.26.4
[INFO] [stderr]    Compiling lily_error v0.1.0
[INFO] [stderr]    Compiling lily_process v0.1.0
[INFO] [stderr]    Compiling deadpool-runtime v0.3.1
[INFO] [stderr]    Compiling lily_cancellation v0.1.0
[INFO] [stderr]    Compiling deadpool v0.13.1
[INFO] [stderr]    Compiling opentelemetry_sdk v0.30.0
[INFO] [stderr]    Compiling lily_injection_registry v0.1.0
[INFO] [stderr]    Compiling h2 v0.4.19
[INFO] [stderr]    Compiling tower v0.5.3
[INFO] [stderr]    Compiling lily_shutdown v0.1.0
[INFO] [stderr]    Compiling tokio-postgres v0.7.18
[INFO] [stderr]    Compiling axum v0.8.9
[INFO] [stderr]    Compiling tower-http v0.6.11
[INFO] [stderr]    Compiling tracing-opentelemetry v0.31.0
[INFO] [stderr]    Compiling diesel-async v0.9.2
[INFO] [stderr]    Compiling tokio-postgres-rustls v0.14.0
[INFO] [stderr]    Compiling hyper v1.11.1
[INFO] [stderr]    Compiling hyper-util v0.1.20
[INFO] [stderr]    Compiling hyper-timeout v0.5.2
[INFO] [stderr]    Compiling reqwest v0.12.28
[INFO] [stderr]    Compiling tonic v0.13.1
[INFO] [stderr]    Compiling opentelemetry-http v0.30.0
[INFO] [stderr]    Compiling opentelemetry-proto v0.30.0
[INFO] [stderr]    Compiling opentelemetry-otlp v0.30.0
[INFO] [stderr]    Compiling lily_trace v0.1.0
[INFO] [stderr]    Compiling lily_injection v0.1.0
[INFO] [stderr]    Compiling lily_config v0.1.0
[INFO] [stderr]    Compiling lily_postgresql v0.1.0 (/opt/rustwide/workdir)
[INFO] [stderr]     Finished `test` profile [unoptimized + debuginfo] target(s) in 1m 37s
[INFO] running `Command { std: "docker" "inspect" "7fb81ff92f2aecaf68a1538e9ce31b26d555222d30c7f593dd5c7769920a1430", kill_on_drop: false }`
[INFO] running `Command { std: "docker" "exec" "-e" "SOURCE_DIR=/opt/rustwide/workdir" "-e" "CARGO_HOME=/opt/rustwide/cargo-home" "-e" "RUSTUP_HOME=/opt/rustwide/rustup-home" "-e" "CARGO_TARGET_DIR=/opt/rustwide/target" "-e" "CARGO_INCREMENTAL=0" "-e" "RUST_BACKTRACE=full" "-e" "RUSTFLAGS=--cap-lints=warn" "-e" "RUSTDOCFLAGS=--cap-lints=warn" "-w" "/opt/rustwide/workdir" "--user" "0:0" "7fb81ff92f2aecaf68a1538e9ce31b26d555222d30c7f593dd5c7769920a1430" "/opt/rustwide/cargo-home/bin/cargo" "+1.100.0-beta.1" "test" "--frozen", kill_on_drop: false }`
[INFO] [stderr]     Finished `test` profile [unoptimized + debuginfo] target(s) in 0.50s
[INFO] [stderr]      Running unittests src/lib.rs (/opt/rustwide/target/debug/build/lily_postgresql/ec5105ff7fbc6868/out/lily_postgresql-ec5105ff7fbc6868)
[INFO] [stdout] 
[INFO] [stdout] running 54 tests
[INFO] [stdout] test database::cancellation_tests::live::cancellation_during_commit_preserves_the_actual_commit_result ... ignored, requires a dedicated LILY_PG_TRANSACTION_TEST_URL; optional LILY_PG_TRANSACTION_TEST_CA enables TLS
[INFO] [stdout] test database::cancellation_tests::live::cancellation_while_waiting_for_the_only_connection_does_not_invoke_operation ... ignored, requires a dedicated LILY_PG_TRANSACTION_TEST_URL; optional LILY_PG_TRANSACTION_TEST_CA enables TLS
[INFO] [stdout] test database::cancellation_tests::live::cleanup_timeout_discards_connection_when_cancel_transport_fails ... ignored, requires dedicated TLS PostgreSQL with LILY_PG_TRANSACTION_TEST_URL and LILY_PG_TRANSACTION_TEST_CA
[INFO] [stdout] test database::cancellation_tests::live::optional_cancellation_preserves_results_and_rolls_back_application_and_sql_work ... ignored, requires a dedicated LILY_PG_TRANSACTION_TEST_URL; optional LILY_PG_TRANSACTION_TEST_CA enables TLS
[INFO] [stdout] test database::cancellation_tests::live::rollback_failure_is_not_reported_as_successful_cancellation_cleanup ... ignored, requires a dedicated LILY_PG_TRANSACTION_TEST_URL; optional LILY_PG_TRANSACTION_TEST_CA enables TLS
[INFO] [stdout] test database::context_tests::abandoned_unpolled_query_retains_dirty_lease_until_dropped ... ignored, requires a dedicated LILY_PG_TRANSACTION_TEST_URL
[INFO] [stdout] test database::context_tests::application_errors::acquisition_errors_convert_without_entering_application_work ... ignored, requires a dedicated LILY_PG_TRANSACTION_TEST_URL
[INFO] [stdout] test database::context_tests::application_errors::cancellation_disposal_and_panic_convert_after_rollback ... ignored, requires a dedicated LILY_PG_TRANSACTION_TEST_URL
[INFO] [stdout] test database::context_tests::application_errors::cleanup_timeout_overrides_custom_error_without_releasing_a_busy_lease ... ignored, requires a dedicated LILY_PG_TRANSACTION_TEST_URL
[INFO] [stdout] test database::context_tests::application_errors::commit_failure_converts_and_closes_context_despite_successful_work ... ignored, requires a dedicated LILY_PG_TRANSACTION_TEST_URL
[INFO] [stdout] test database::context_tests::application_errors::connection::cancellation_and_disposal_convert_after_discarding_the_connection ... ignored, requires a dedicated LILY_PG_TRANSACTION_TEST_URL
[INFO] [stdout] test database::context_tests::application_errors::connection::connection_acquisition_errors_convert_and_release_admission ... ignored, requires a dedicated LILY_PG_TRANSACTION_TEST_URL
[INFO] [stdout] test database::context_tests::application_errors::connection::custom_callback_preserves_payload_and_releases_the_pool ... ignored, requires a dedicated LILY_PG_TRANSACTION_TEST_URL
[INFO] [stdout] test database::context_tests::application_errors::connection::panicking_connection_conversion_runs_after_releasing_lease_and_admission ... ignored, requires a dedicated LILY_PG_TRANSACTION_TEST_URL
[INFO] [stdout] test database::context_tests::application_errors::connection::propagated_mapped_and_swallowed_custom_callbacks_all_roll_back ... ignored, requires a dedicated LILY_PG_TRANSACTION_TEST_URL
[INFO] [stdout] test database::context_tests::application_errors::connection::synchronous_and_async_callback_panics_convert_without_poisoning_context ... ignored, requires a dedicated LILY_PG_TRANSACTION_TEST_URL
[INFO] [stdout] test database::context_tests::application_errors::custom_error_preserves_payload_and_rolls_back_while_success_commits ... ignored, requires a dedicated LILY_PG_TRANSACTION_TEST_URL
[INFO] [stdout] test database::context_tests::application_errors::mapped_propagated_and_swallowed_query_errors_all_prevent_commit ... ignored, requires a dedicated LILY_PG_TRANSACTION_TEST_URL
[INFO] [stdout] test database::context_tests::application_errors::panicking_error_conversion_cannot_interrupt_rollback_or_poison_context ... ignored, requires a dedicated LILY_PG_TRANSACTION_TEST_URL
[INFO] [stdout] test database::context_tests::application_errors::rollback_failure_overrides_custom_error_and_retains_cleanup_failure ... ignored, requires a dedicated LILY_PG_TRANSACTION_TEST_URL
[INFO] [stdout] test database::context_tests::busy_context_rejects_overlap_and_dropped_query_forces_rollback ... ignored, requires a dedicated LILY_PG_TRANSACTION_TEST_URL
[INFO] [stdout] test database::context_tests::commit_is_not_interrupted_and_disposal_deadline_starts_at_disposal ... ignored, requires a dedicated LILY_PG_TRANSACTION_TEST_URL
[INFO] [stdout] test database::context_tests::context_transaction_cancels_pool_wait_and_rolls_back_running_sql ... ignored, requires a dedicated LILY_PG_TRANSACTION_TEST_URL; optional TLS CA
[INFO] [stdout] test database::context_tests::database_and_context_cancel_running_queries_and_discard_connections ... ignored, requires a dedicated LILY_PG_TRANSACTION_TEST_URL; optional TLS CA
[INFO] [stdout] test database::context_tests::disposal_joins_owner_and_closes_only_its_context ... ignored, requires a dedicated LILY_PG_TRANSACTION_TEST_URL
[INFO] [stdout] test database::context_tests::dropped_transaction_caller_keeps_owner_alive_until_rollback ... ignored, requires a dedicated LILY_PG_TRANSACTION_TEST_URL
[INFO] [stdout] test database::context_tests::failed_cancel_transport_bounds_rollback_and_permanently_closes_context ... ignored, requires dedicated TLS PostgreSQL with LILY_PG_TRANSACTION_TEST_URL and LILY_PG_TRANSACTION_TEST_CA
[INFO] [stdout] test database::context_tests::failed_native_rollback_overrides_work_error_and_closes_context ... ignored, requires a dedicated LILY_PG_TRANSACTION_TEST_URL
[INFO] [stdout] test database::context_tests::lease_owns_accounting_and_cancelled_waiters_release_reservations ... ignored, requires a dedicated LILY_PG_TRANSACTION_TEST_URL; optional LILY_PG_TRANSACTION_TEST_CA enables TLS
[INFO] [stdout] test database::context_tests::panics_rollback_and_native_state_corruption_closes_the_context ... ignored, requires a dedicated LILY_PG_TRANSACTION_TEST_URL
[INFO] [stdout] test database::context_tests::repositories_share_one_transaction_and_errors_cannot_be_swallowed_into_commit ... ignored, requires a dedicated LILY_PG_TRANSACTION_TEST_URL
[INFO] [stdout] test database::context_tests::transaction_token_including_none_overrides_repository_token ... ignored, requires a dedicated LILY_PG_TRANSACTION_TEST_URL
[INFO] [stdout] test database::repository_tests::generated_crud_shares_commit_and_rollback_with_a_single_connection_pool ... ignored, requires LILY_PG_TRANSACTION_TEST_URL pointing to a dedicated PostgreSQL database
[INFO] [stdout] test database::tests::default_service_does_not_contact_or_publish_a_database ... ok
[INFO] [stdout] test db_context::tests::database_precancellation_covers_acquisition_and_callback ... ok
[INFO] [stdout] test database::repository_tests::every_generated_operation_uses_the_supplied_transaction_without_pool_fallback ... ok
[INFO] [stdout] test database::tests::operation_tracker_rejects_new_work_and_drains_existing_work ... ok
[INFO] [stdout] test database::cancellation_tests::precancelled_transaction_does_not_enter_the_database_or_invoke_the_callback ... ok
[INFO] [stdout] test db_context::tests::application_error_converts_admission_failures_without_extra_trait_bounds ... ok
[INFO] [stdout] test db_context::tests::connection_application_error_converts_admission_without_extra_trait_bounds ... ok
[INFO] [stdout] test db_context::tests::inert_context_and_precancelled_calls_never_invoke_work ... ok
[INFO] [stdout] test database::tests::operation_tracker_reports_bounded_shutdown_timeout ... ok
[INFO] [stdout] test db_context::tests::repeated_disposal_shares_one_deadline_and_retains_failure ... ok
[INFO] [stdout] test plan::tests::single_binary_rejects_factory_configuration_before_io ... ok
[INFO] [stdout] test db_context::tests::starting_and_finalizing_never_admit_queries_or_nested_transactions ... ok
[INFO] [stdout] test tls::tests::additional_ca_bundle_rejects_private_keys ... ok
[INFO] [stdout] test tls::tests::additional_ca_bundle_requires_at_least_one_certificate ... ok
[INFO] [stdout] test plan::tests::single_plan_debug_never_contains_credentials ... ok
[INFO] [stdout] test transaction::tests::cancellation_guard_signals_drop_and_can_be_disarmed ... ok
[INFO] [stdout] test transaction::tests::closed_transaction_rejects_new_operations ... ok
[INFO] [stdout] test transaction::tests::finalization_observer_runs_after_the_owner_future_not_before ... ok
[INFO] [stdout] test transaction::tests::command_admission_is_bounded ... ok
[INFO] [stdout] test transaction::tests::dropping_an_owner_future_still_notifies_finalization_once ... ok
[INFO] [stdout] test transaction::tests::finalization_observer_panic_cannot_replace_the_owner_result ... ok
[INFO] [stdout] 
[INFO] [stdout] test result: ok. 21 passed; 0 failed; 33 ignored; 0 measured; 0 filtered out; finished in 0.32s
[INFO] [stdout] 
[INFO] [stderr]      Running tests/derive_compile.rs (/opt/rustwide/target/debug/build/lily_postgresql/0526836a5d428d8e/out/derive_compile-0526836a5d428d8e)
[INFO] [stdout] 
[INFO] [stdout] running 1 test
[INFO] [stderr]    Compiling proc-macro2 v1.0.106
[INFO] [stderr]    Compiling unicode-ident v1.0.24
[INFO] [stderr]    Compiling quote v1.0.46
[INFO] [stderr]    Compiling libc v0.2.186
[INFO] [stderr]    Compiling cfg-if v1.0.4
[INFO] [stderr]    Compiling pin-project-lite v0.2.17
[INFO] [stderr]    Compiling smallvec v1.15.2
[INFO] [stderr]    Compiling bytes v1.12.1
[INFO] [stderr]    Compiling parking_lot_core v0.9.12
[INFO] [stderr]    Compiling scopeguard v1.2.0
[INFO] [stderr]    Compiling memchr v2.8.3
[INFO] [stderr]    Compiling futures-core v0.3.32
[INFO] [stderr]    Compiling serde_core v1.0.228
[INFO] [stderr]    Compiling itoa v1.0.18
[INFO] [stderr]    Compiling futures-sink v0.3.32
[INFO] [stderr]    Compiling once_cell v1.21.4
[INFO] [stderr]    Compiling lock_api v0.4.14
[INFO] [stderr]    Compiling futures-io v0.3.32
[INFO] [stderr]    Compiling serde v1.0.228
[INFO] [stderr]    Compiling futures-channel v0.3.32
[INFO] [stderr]    Compiling futures-task v0.3.32
[INFO] [stderr]    Compiling slab v0.4.12
[INFO] [stderr]    Compiling tracing-core v0.1.36
[INFO] [stderr]    Compiling stable_deref_trait v1.2.1
[INFO] [stderr]    Compiling percent-encoding v2.3.2
[INFO] [stderr]    Compiling equivalent v1.0.2
[INFO] [stderr]    Compiling hashbrown v0.17.1
[INFO] [stderr]    Compiling log v0.4.33
[INFO] [stderr]    Compiling find-msvc-tools v0.1.9
[INFO] [stderr]    Compiling shlex v2.0.1
[INFO] [stderr]    Compiling base64 v0.22.1
[INFO] [stderr]    Compiling winnow v1.0.4
[INFO] [stderr]    Compiling zmij v1.0.23
[INFO] [stderr]    Compiling litemap v0.8.2
[INFO] [stderr]    Compiling cc v1.2.67
[INFO] [stderr]    Compiling writeable v0.6.3
[INFO] [stderr]    Compiling tower-service v0.3.3
[INFO] [stderr]    Compiling either v1.16.0
[INFO] [stderr]    Compiling zeroize v1.9.0
[INFO] [stderr]    Compiling utf8_iter v1.0.4
[INFO] [stderr]    Compiling serde_json v1.0.150
[INFO] [stderr]    Compiling httparse v1.10.1
[INFO] [stderr]    Compiling http v1.5.0
[INFO] [stderr]    Compiling icu_properties_data v2.2.0
[INFO] [stderr]    Compiling icu_normalizer_data v2.2.0
[INFO] [stderr]    Compiling rustls-pki-types v1.15.0
[INFO] [stderr]    Compiling sync_wrapper v1.0.2
[INFO] [stderr]    Compiling atomic-waker v1.1.2
[INFO] [stderr]    Compiling indexmap v2.14.0
[INFO] [stderr]    Compiling getrandom v0.3.4
[INFO] [stderr]    Compiling fnv v1.0.7
[INFO] [stderr]    Compiling try-lock v0.2.5
[INFO] [stderr]    Compiling tower-layer v0.3.3
[INFO] [stderr]    Compiling zerocopy v0.8.54
[INFO] [stderr]    Compiling typenum v1.20.1
[INFO] [stderr]    Compiling thiserror v2.0.18
[INFO] [stderr]    Compiling want v0.3.1
[INFO] [stderr]    Compiling httpdate v1.0.3
[INFO] [stderr]    Compiling untrusted v0.9.0
[INFO] [stderr]    Compiling ipnet v2.12.0
[INFO] [stderr]    Compiling cmov v0.5.4
[INFO] [stderr]    Compiling bitflags v2.13.0
[INFO] [stderr]    Compiling syn v2.0.118
[INFO] [stderr]    Compiling toml_parser v1.1.2+spec-1.1.0
[INFO] [stderr]    Compiling anyhow v1.0.104
[INFO] [stderr]    Compiling rustls v0.23.42
[INFO] [stderr]    Compiling ctutils v0.4.2
[INFO] [stderr]    Compiling form_urlencoded v1.2.2
[INFO] [stderr]    Compiling const-oid v0.10.2
[INFO] [stderr]    Compiling http-body v1.1.0
[INFO] [stderr]    Compiling http-body-util v0.1.5
[INFO] [stderr]    Compiling winnow v0.7.15
[INFO] [stderr]    Compiling subtle v2.6.1
[INFO] [stderr]    Compiling errno v0.3.14
[INFO] [stderr]    Compiling mio v1.2.2
[INFO] [stderr]    Compiling socket2 v0.6.5
[INFO] [stderr]    Compiling getrandom v0.2.17
[INFO] [stderr]    Compiling signal-hook-registry v1.4.8
[INFO] [stderr]    Compiling parking_lot v0.12.5
[INFO] [stderr]    Compiling rand_core v0.9.5
[INFO] [stderr]    Compiling itertools v0.14.0
[INFO] [stderr]    Compiling cpufeatures v0.3.0
[INFO] [stderr]    Compiling strsim v0.11.1
[INFO] [stderr]    Compiling rand_core v0.10.1
[INFO] [stderr]    Compiling tinyvec_macros v0.1.1
[INFO] [stderr]    Compiling regex-syntax v0.8.11
[INFO] [stderr]    Compiling mime v0.3.17
[INFO] [stderr]    Compiling ident_case v1.0.1
[INFO] [stderr]    Compiling autocfg v1.5.1
[INFO] [stderr]    Compiling toml_datetime v1.1.1+spec-1.1.0
[INFO] [stderr]    Compiling getrandom v0.4.3
[INFO] [stderr]    Compiling hybrid-array v0.4.13
[INFO] [stderr]    Compiling tinyvec v1.12.0
[INFO] [stderr]    Compiling ring v0.17.14
[INFO] [stderr]    Compiling byteorder v1.5.0
[INFO] [stderr]    Compiling lazy_static v1.5.0
[INFO] [stderr]    Compiling axum-core v0.5.6
[INFO] [stderr]    Compiling ryu v1.0.23
[INFO] [stderr]    Compiling crossbeam-utils v0.8.22
[INFO] [stderr]    Compiling matchit v0.8.4
[INFO] [stderr]    Compiling openssl-probe v0.2.1
[INFO] [stderr]    Compiling unicode-normalization v0.1.25
[INFO] [stderr]    Compiling rustls-native-certs v0.8.4
[INFO] [stderr]    Compiling crypto-common v0.2.2
[INFO] [stderr]    Compiling block-buffer v0.12.1
[INFO] [stderr]    Compiling num-traits v0.2.19
[INFO] [stderr]    Compiling sharded-slab v0.1.7
[INFO] [stderr]    Compiling toml_edit v0.25.13+spec-1.1.0
[INFO] [stderr]    Compiling chacha20 v0.10.2
[INFO] [stderr]    Compiling socket2 v0.5.10
[INFO] [stderr]    Compiling tracing-log v0.2.0
[INFO] [stderr]    Compiling thread_local v1.1.10
[INFO] [stderr]    Compiling regex-automata v0.4.18
[INFO] [stderr]    Compiling linkme-impl v0.3.37
[INFO] [stderr]    Compiling proc-macro-crate v3.5.0
[INFO] [stderr]    Compiling unicode-bidi v0.3.18
[INFO] [stderr]    Compiling thiserror v1.0.69
[INFO] [stderr]    Compiling nu-ansi-term v0.50.3
[INFO] [stderr]    Compiling unicode-properties v0.1.4
[INFO] [stderr]    Compiling rand v0.10.2
[INFO] [stderr]    Compiling stringprep v0.1.5
[INFO] [stderr]    Compiling syn v3.0.4
[INFO] [stderr]    Compiling digest v0.11.3
[INFO] [stderr]    Compiling heck v0.5.0
[INFO] [stderr]    Compiling num-conv v0.2.2
[INFO] [stderr]    Compiling sha2 v0.11.0
[INFO] [stderr]    Compiling hmac v0.13.0
[INFO] [stderr]    Compiling md-5 v0.11.0
[INFO] [stderr]    Compiling siphasher v1.0.3
[INFO] [stderr]    Compiling toml_write v0.1.2
[INFO] [stderr]    Compiling powerfmt v0.2.0
[INFO] [stderr]    Compiling iana-time-zone v0.1.65
[INFO] [stderr]    Compiling toml_datetime v0.7.5+spec-1.1.0
[INFO] [stderr]    Compiling serde_spanned v1.1.1
[INFO] [stderr]    Compiling time-core v0.1.9
[INFO] [stderr]    Compiling matchers v0.2.0
[INFO] [stderr]    Compiling linkme v0.3.37
[INFO] [stderr]    Compiling diesel_derives v2.3.10
[INFO] [stderr]    Compiling deranged v0.5.8
[INFO] [stderr]    Compiling fallible-iterator v0.2.0
[INFO] [stderr]    Compiling phf_shared v0.13.1
[INFO] [stderr]    Compiling chrono v0.4.45
[INFO] [stderr]    Compiling crossbeam-channel v0.5.16
[INFO] [stderr]    Compiling flagset v0.4.7
[INFO] [stderr]    Compiling const-oid v0.9.6
[INFO] [stderr]    Compiling symlink v0.1.0
[INFO] [stderr]    Compiling synstructure v0.13.2
[INFO] [stderr]    Compiling darling_core v0.21.3
[INFO] [stderr]    Compiling postgres-protocol v0.6.12
[INFO] [stderr]    Compiling diesel_table_macro_syntax v0.3.0
[INFO] [stderr]    Compiling phf v0.13.1
[INFO] [stderr]    Compiling ppv-lite86 v0.2.21
[INFO] [stderr]    Compiling whoami v2.1.3
[INFO] [stderr]    Compiling uuid v1.23.5
[INFO] [stderr]    Compiling toml v0.9.12+spec-1.1.0
[INFO] [stderr]    Compiling postgres-types v0.2.14
[INFO] [stderr]    Compiling downcast-rs v2.0.2
[INFO] [stderr]    Compiling webpki-roots v1.0.8
[INFO] [stderr]    Compiling rand_chacha v0.9.0
[INFO] [stderr]    Compiling time v0.3.53
[INFO] [stderr]    Compiling rand v0.9.5
[INFO] [stderr]    Compiling rolling-file v0.2.0
[INFO] [stderr]    Compiling rustls-webpki v0.103.13
[INFO] [stderr]    Compiling tokio-macros v2.7.0
[INFO] [stderr]    Compiling futures-macro v0.3.32
[INFO] [stderr]    Compiling serde_derive v1.0.228
[INFO] [stderr]    Compiling tracing-attributes v0.1.31
[INFO] [stderr]    Compiling zerofrom-derive v0.1.7
[INFO] [stderr]    Compiling yoke-derive v0.8.2
[INFO] [stderr]    Compiling zerovec-derive v0.11.3
[INFO] [stderr]    Compiling displaydoc v0.2.6
[INFO] [stderr]    Compiling async-trait v0.1.89
[INFO] [stderr]    Compiling thiserror-impl v2.0.18
[INFO] [stderr]    Compiling pin-project-internal v1.1.13
[INFO] [stderr]    Compiling prost-derive v0.13.5
[INFO] [stderr]    Compiling tokio v1.52.3
[INFO] [stderr]    Compiling darling_macro v0.21.3
[INFO] [stderr]    Compiling thiserror-impl v1.0.69
[INFO] [stderr]    Compiling darling v0.21.3
[INFO] [stderr]    Compiling der_derive v0.7.3
[INFO] [stderr]    Compiling dsl_auto_type v0.2.0
[INFO] [stderr]    Compiling futures-util v0.3.32
[INFO] [stderr]    Compiling lily_trace_macros v0.1.0
[INFO] [stderr]    Compiling lily_injectable_derive v0.1.0
[INFO] [stderr]    Compiling lily_postgresql_derive v0.1.0
[INFO] [stderr]    Compiling pin-project v1.1.13
[INFO] [stderr]    Compiling zerofrom v0.1.8
[INFO] [stderr]    Compiling tracing v0.1.44
[INFO] [stderr]    Compiling yoke v0.8.3
[INFO] [stderr]    Compiling zerovec v0.11.6
[INFO] [stderr]    Compiling zerotrie v0.2.4
[INFO] [stderr]    Compiling opentelemetry v0.30.0
[INFO] [stderr]    Compiling prost v0.13.5
[INFO] [stderr]    Compiling der v0.7.10
[INFO] [stderr]    Compiling lily_core v0.1.0
[INFO] [stdout] test downstream_derive_contract_compile_passes has been running for over 60 seconds
[INFO] [stderr]    Compiling tinystr v0.8.3
[INFO] [stderr]    Compiling potential_utf v0.1.5
[INFO] [stderr]    Compiling icu_collections v2.2.0
[INFO] [stderr]    Compiling icu_locale_core v2.2.0
[INFO] [stderr]    Compiling serde_urlencoded v0.7.1
[INFO] [stderr]    Compiling tracing-serde v0.2.0
[INFO] [stderr]    Compiling toml_datetime v0.6.11
[INFO] [stderr]    Compiling serde_spanned v0.6.9
[INFO] [stderr]    Compiling migrations_internals v2.3.0
[INFO] [stderr]    Compiling icu_provider v2.2.0
[INFO] [stderr]    Compiling spki v0.7.3
[INFO] [stderr]    Compiling tracing-subscriber v0.3.23
[INFO] [stderr]    Compiling x509-cert v0.2.5
[INFO] [stderr]    Compiling toml_edit v0.22.27
[INFO] [stderr]    Compiling icu_properties v2.2.0
[INFO] [stderr]    Compiling icu_normalizer v2.2.0
[INFO] [stderr]    Compiling migrations_macros v2.3.0
[INFO] [stderr]    Compiling futures-executor v0.3.32
[INFO] [stderr]    Compiling futures v0.3.32
[INFO] [stderr]    Compiling idna_adapter v1.2.2
[INFO] [stderr]    Compiling idna v1.1.0
[INFO] [stderr]    Compiling url v2.5.8
[INFO] [stderr]    Compiling tracing-appender v0.2.5
[INFO] [stderr]    Compiling toml v0.8.23
[INFO] [stderr]    Compiling tokio-util v0.7.18
[INFO] [stderr]    Compiling tokio-stream v0.1.19
[INFO] [stderr]    Compiling tokio-rustls v0.26.4
[INFO] [stderr]    Compiling lily_error v0.1.0
[INFO] [stderr]    Compiling deadpool-runtime v0.3.1
[INFO] [stderr]    Compiling lily_process v0.1.0
[INFO] [stderr]    Compiling lily_cancellation v0.1.0
[INFO] [stderr]    Compiling diesel v2.3.11
[INFO] [stderr]    Compiling deadpool v0.13.1
[INFO] [stderr]    Compiling opentelemetry_sdk v0.30.0
[INFO] [stderr]    Compiling lily_injection_registry v0.1.0
[INFO] [stderr]    Compiling h2 v0.4.19
[INFO] [stderr]    Compiling tower v0.5.3
[INFO] [stderr]    Compiling lily_shutdown v0.1.0
[INFO] [stderr]    Compiling tokio-postgres v0.7.18
[INFO] [stderr]    Compiling tower-http v0.6.11
[INFO] [stderr]    Compiling axum v0.8.9
[INFO] [stderr]    Compiling tracing-opentelemetry v0.31.0
[INFO] [stderr]    Compiling tokio-postgres-rustls v0.14.0
[INFO] [stderr]    Compiling hyper v1.11.1
[INFO] [stderr]    Compiling hyper-util v0.1.20
[INFO] [stderr]    Compiling hyper-timeout v0.5.2
[INFO] [stderr]    Compiling reqwest v0.12.28
[INFO] [stderr]    Compiling tonic v0.13.1
[INFO] [stderr]    Compiling opentelemetry-http v0.30.0
[INFO] [stderr]    Compiling opentelemetry-proto v0.30.0
[INFO] [stderr]    Compiling opentelemetry-otlp v0.30.0
[INFO] [stderr]    Compiling lily_trace v0.1.0
[INFO] [stderr]    Compiling diesel_migrations v2.3.0
[INFO] [stderr]    Compiling diesel-async v0.9.2
[INFO] [stderr]    Compiling lily_injection v0.1.0
[INFO] [stderr]    Compiling lily_config v0.1.0
[INFO] [stderr]    Compiling lily_postgresql v0.1.0 (/opt/rustwide/workdir)
[INFO] [stderr]    Compiling lily_postgresql-tests v0.0.0 (/opt/rustwide/target/tests/trybuild/lily_postgresql)
[INFO] [stderr]     Finished `dev` profile [unoptimized + debuginfo] target(s) in 2m 02s
[INFO] [stderr] 
[INFO] [stderr] 
[INFO] [stderr] test tests/ui/pass_derive_contract.rs ... error
[INFO] [stderr] ┈┈┈┈┈┈┈┈┈┈┈┈┈┈┈┈┈┈┈┈┈┈┈┈┈┈┈┈┈┈┈┈┈┈┈┈┈┈┈┈┈┈┈┈┈┈┈┈┈┈┈┈┈┈┈┈┈┈┈┈
[INFO] [stderr] error[E0425]: cannot find type `OrderRepository` in this scope
[INFO] [stderr]   --> tests/ui/pass_derive_contract.rs:44:42
[INFO] [stderr]    |
[INFO] [stderr] 44 | fn assert_generated_methods(repository: &OrderRepository) {
[INFO] [stderr]    |                                          ^^^^^^^^^^^^^^^ not found in this scope
[INFO] [stderr]    |
[INFO] [stderr] note: similarly named trait `PgRepository` defined here
[INFO] [stderr]   --> src/repository.rs
[INFO] [stderr]    |
[INFO] [stderr]    | pub trait PgRepository: Send + Sync {
[INFO] [stderr]    | ^^^^^^^^^^^^^^^^^^^^^^^^^^^^^^^^^^^
[INFO] [stderr] note: found an item that was configured out
[INFO] [stderr]   --> tests/ui/pass_derive_contract.rs:32:8
[INFO] [stderr]    |
[INFO] [stderr] 29 | #[cfg(feature = "single")]
[INFO] [stderr]    |       ------------------ the item is gated behind the `single` feature
[INFO] [stderr] ...
[INFO] [stderr] 32 | struct OrderRepository {
[INFO] [stderr]    |        ^^^^^^^^^^^^^^^
[INFO] [stderr] note: found an item that was configured out
[INFO] [stderr]   --> tests/ui/pass_derive_contract.rs:39:8
[INFO] [stderr]    |
[INFO] [stderr] 36 | #[cfg(feature = "factory")]
[INFO] [stderr]    |       ------------------- the item is gated behind the `factory` feature
[INFO] [stderr] ...
[INFO] [stderr] 39 | struct OrderRepository {
[INFO] [stderr]    |        ^^^^^^^^^^^^^^^
[INFO] [stderr] help: a trait with a similar name exists
[INFO] [stderr]    |
[INFO] [stderr] 44 - fn assert_generated_methods(repository: &OrderRepository) {
[INFO] [stderr] 44 + fn assert_generated_methods(repository: &PgRepository) {
[INFO] [stderr]    |
[INFO] [stderr] 
[INFO] [stderr] error[E0425]: cannot find type `OrderRepository` in this scope
[INFO] [stderr]   --> tests/ui/pass_derive_contract.rs:54:18
[INFO] [stderr]    |
[INFO] [stderr] 54 |     repository: &OrderRepository,
[INFO] [stderr]    |                  ^^^^^^^^^^^^^^^ not found in this scope
[INFO] [stderr]    |
[INFO] [stderr] note: similarly named trait `PgRepository` defined here
[INFO] [stderr]   --> src/repository.rs
[INFO] [stderr]    |
[INFO] [stderr]    | pub trait PgRepository: Send + Sync {
[INFO] [stderr]    | ^^^^^^^^^^^^^^^^^^^^^^^^^^^^^^^^^^^
[INFO] [stderr] note: found an item that was configured out
[INFO] [stderr]   --> tests/ui/pass_derive_contract.rs:32:8
[INFO] [stderr]    |
[INFO] [stderr] 29 | #[cfg(feature = "single")]
[INFO] [stderr]    |       ------------------ the item is gated behind the `single` feature
[INFO] [stderr] ...
[INFO] [stderr] 32 | struct OrderRepository {
[INFO] [stderr]    |        ^^^^^^^^^^^^^^^
[INFO] [stderr] note: found an item that was configured out
[INFO] [stderr]   --> tests/ui/pass_derive_contract.rs:39:8
[INFO] [stderr]    |
[INFO] [stderr] 36 | #[cfg(feature = "factory")]
[INFO] [stderr]    |       ------------------- the item is gated behind the `factory` feature
[INFO] [stderr] ...
[INFO] [stderr] 39 | struct OrderRepository {
[INFO] [stderr]    |        ^^^^^^^^^^^^^^^
[INFO] [stderr] help: a trait with a similar name exists
[INFO] [stderr]    |
[INFO] [stderr] 54 -     repository: &OrderRepository,
[INFO] [stderr] 54 +     repository: &PgRepository,
[INFO] [stderr]    |
[INFO] [stderr] 
[INFO] [stderr] error[E0425]: cannot find type `OrderRepository` in this scope
[INFO] [stderr]   --> tests/ui/pass_derive_contract.rs:94:78
[INFO] [stderr]    |
[INFO] [stderr] 94 | fn assert_transaction_callback(database: &PgDatabaseService, repository: Arc<OrderRepository>) {
[INFO] [stderr]    |                                                                              ^^^^^^^^^^^^^^^ not found in this scope
[INFO] [stderr]    |
[INFO] [stderr] note: similarly named trait `PgRepository` defined here
[INFO] [stderr]   --> src/repository.rs
[INFO] [stderr]    |
[INFO] [stderr]    | pub trait PgRepository: Send + Sync {
[INFO] [stderr]    | ^^^^^^^^^^^^^^^^^^^^^^^^^^^^^^^^^^^
[INFO] [stderr] note: found an item that was configured out
[INFO] [stderr]   --> tests/ui/pass_derive_contract.rs:32:8
[INFO] [stderr]    |
[INFO] [stderr] 29 | #[cfg(feature = "single")]
[INFO] [stderr]    |       ------------------ the item is gated behind the `single` feature
[INFO] [stderr] ...
[INFO] [stderr] 32 | struct OrderRepository {
[INFO] [stderr]    |        ^^^^^^^^^^^^^^^
[INFO] [stderr] note: found an item that was configured out
[INFO] [stderr]   --> tests/ui/pass_derive_contract.rs:39:8
[INFO] [stderr]    |
[INFO] [stderr] 36 | #[cfg(feature = "factory")]
[INFO] [stderr]    |       ------------------- the item is gated behind the `factory` feature
[INFO] [stderr] ...
[INFO] [stderr] 39 | struct OrderRepository {
[INFO] [stderr]    |        ^^^^^^^^^^^^^^^
[INFO] [stderr] help: a trait with a similar name exists
[INFO] [stderr]    |
[INFO] [stderr] 94 - fn assert_transaction_callback(database: &PgDatabaseService, repository: Arc<OrderRepository>) {
[INFO] [stderr] 94 + fn assert_transaction_callback(database: &PgDatabaseService, repository: Arc<PgRepository>) {
[INFO] [stderr]    |
[INFO] [stderr] help: you might be missing a type parameter
[INFO] [stderr]    |
[INFO] [stderr] 94 | fn assert_transaction_callback<OrderRepository>(database: &PgDatabaseService, repository: Arc<OrderRepository>) {
[INFO] [stderr]    |                               +++++++++++++++++
[INFO] [stderr] 
[INFO] [stderr] error[E0425]: cannot find type `OrderRepository` in this scope
[INFO] [stderr]    --> tests/ui/pass_derive_contract.rs:116:18
[INFO] [stderr]     |
[INFO] [stderr] 116 |     repository: &OrderRepository,
[INFO] [stderr]     |                  ^^^^^^^^^^^^^^^ not found in this scope
[INFO] [stderr]     |
[INFO] [stderr] note: similarly named trait `PgRepository` defined here
[INFO] [stderr]    --> src/repository.rs
[INFO] [stderr]     |
[INFO] [stderr]     | pub trait PgRepository: Send + Sync {
[INFO] [stderr]     | ^^^^^^^^^^^^^^^^^^^^^^^^^^^^^^^^^^^
[INFO] [stderr] note: found an item that was configured out
[INFO] [stderr]    --> tests/ui/pass_derive_contract.rs:32:8
[INFO] [stderr]     |
[INFO] [stderr]  29 | #[cfg(feature = "single")]
[INFO] [stderr]     |       ------------------ the item is gated behind the `single` feature
[INFO] [stderr] ...
[INFO] [stderr]  32 | struct OrderRepository {
[INFO] [stderr]     |        ^^^^^^^^^^^^^^^
[INFO] [stderr] note: found an item that was configured out
[INFO] [stderr]    --> tests/ui/pass_derive_contract.rs:39:8
[INFO] [stderr]     |
[INFO] [stderr]  36 | #[cfg(feature = "factory")]
[INFO] [stderr]     |       ------------------- the item is gated behind the `factory` feature
[INFO] [stderr] ...
[INFO] [stderr]  39 | struct OrderRepository {
[INFO] [stderr]     |        ^^^^^^^^^^^^^^^
[INFO] [stderr] help: a trait with a similar name exists
[INFO] [stderr]     |
[INFO] [stderr] 116 -     repository: &OrderRepository,
[INFO] [stderr] 116 +     repository: &PgRepository,
[INFO] [stderr]     |
[INFO] [stderr] 
[INFO] [stderr] warning: unused import: `PgRepository`
[INFO] [stderr]  --> tests/ui/pass_derive_contract.rs:7:42
[INFO] [stderr]   |
[INFO] [stderr] 7 | use lily_postgresql::{PgDatabaseService, PgRepository, PgTransaction};
[INFO] [stderr]   |                                          ^^^^^^^^^^^^
[INFO] [stderr]   |
[INFO] [stderr]   = note: `#[warn(unused_imports)]` (part of `#[warn(unused)]`) on by default
[INFO] [stderr] ┈┈┈┈┈┈┈┈┈┈┈┈┈┈┈┈┈┈┈┈┈┈┈┈┈┈┈┈┈┈┈┈┈┈┈┈┈┈┈┈┈┈┈┈┈┈┈┈┈┈┈┈┈┈┈┈┈┈┈┈
[INFO] [stderr] 
[INFO] [stderr] 
[INFO] [stderr] 
[INFO] [stdout] test downstream_derive_contract_compile_passes ... FAILED
[INFO] [stdout] 
[INFO] [stdout] failures:
[INFO] [stdout] 
[INFO] [stdout] ---- downstream_derive_contract_compile_passes stdout ----
[INFO] [stdout] 
[INFO] [stdout] thread 'downstream_derive_contract_compile_passes' (3544) panicked at /opt/rustwide/cargo-home/registry/src/index.crates.io-1949cf8c6b5b557f/trybuild-1.0.118/src/run.rs:102:13:
[INFO] [stdout] 1 of 1 tests failed
[INFO] [stdout] stack backtrace:
[INFO] [stdout]    0:     0x611461902941 - std[617be2ca0a6fd877]::backtrace_rs::backtrace::libunwind::trace
[INFO] [stdout]                                at /rustc/e3feeb59cd1bdd011a2bfcc0747b55125d9b8527/library/std/src/../../backtrace/src/backtrace/libunwind.rs:117:9
[INFO] [stdout]    1:     0x611461902941 - std[617be2ca0a6fd877]::backtrace_rs::backtrace::trace_unsynchronized::<std[617be2ca0a6fd877]::sys::backtrace::_print_fmt::{closure#1}>
[INFO] [stdout]                                at /rustc/e3feeb59cd1bdd011a2bfcc0747b55125d9b8527/library/std/src/../../backtrace/src/backtrace/mod.rs:66:14
[INFO] [stdout]    2:     0x611461902941 - std[617be2ca0a6fd877]::sys::backtrace::_print_fmt
[INFO] [stdout]                                at /rustc/e3feeb59cd1bdd011a2bfcc0747b55125d9b8527/library/std/src/sys/backtrace.rs:74:9
[INFO] [stdout]    3:     0x611461902941 - <<std[617be2ca0a6fd877]::sys::backtrace::BacktraceLock>::print::DisplayBacktrace as core[a373ad73a504971]::fmt::Display>::fmt
[INFO] [stdout]                                at /rustc/e3feeb59cd1bdd011a2bfcc0747b55125d9b8527/library/std/src/sys/backtrace.rs:44:26
[INFO] [stdout]    4:     0x611461918e3a - <core[a373ad73a504971]::fmt::rt::Argument>::fmt
[INFO] [stdout]                                at /rustc/e3feeb59cd1bdd011a2bfcc0747b55125d9b8527/library/core/src/fmt/rt.rs:152:76
[INFO] [stdout]    5:     0x611461918e3a - core[a373ad73a504971]::fmt::write
[INFO] [stdout]    6:     0x61146190723c - core[a373ad73a504971]::io::write::default_write_fmt::<alloc[2e1b2a31b91974c5]::vec::Vec<u8>>
[INFO] [stdout]                                at /rustc/e3feeb59cd1bdd011a2bfcc0747b55125d9b8527/library/core/src/io/write.rs:402:11
[INFO] [stdout]    7:     0x61146190723c - <alloc[2e1b2a31b91974c5]::vec::Vec<u8> as core[a373ad73a504971]::io::write::Write>::write_fmt
[INFO] [stdout]                                at /rustc/e3feeb59cd1bdd011a2bfcc0747b55125d9b8527/library/core/src/io/write.rs:335:13
[INFO] [stdout]    8:     0x6114618dbda6 - <std[617be2ca0a6fd877]::sys::backtrace::BacktraceLock>::print
[INFO] [stdout]                                at /rustc/e3feeb59cd1bdd011a2bfcc0747b55125d9b8527/library/std/src/sys/backtrace.rs:47:9
[INFO] [stdout]    9:     0x6114618dbda6 - std[617be2ca0a6fd877]::panicking::default_hook::{closure#0}
[INFO] [stdout]                                at /rustc/e3feeb59cd1bdd011a2bfcc0747b55125d9b8527/library/std/src/panicking.rs:289:27
[INFO] [stdout]   10:     0x6114618f9ee9 - std[617be2ca0a6fd877]::panicking::default_hook
[INFO] [stdout]                                at /rustc/e3feeb59cd1bdd011a2bfcc0747b55125d9b8527/library/std/src/panicking.rs:313:9
[INFO] [stdout]   11:     0x611461893490 - <alloc[2e1b2a31b91974c5]::boxed::Box<dyn for<'a, 'b> core[a373ad73a504971]::ops::function::Fn<(&'a std[617be2ca0a6fd877]::panic::PanicHookInfo<'b>,), Output = ()> + core[a373ad73a504971]::marker::Sync + core[a373ad73a504971]::marker::Send> as core[a373ad73a504971]::ops::function::Fn<(&std[617be2ca0a6fd877]::panic::PanicHookInfo,)>>::call
[INFO] [stdout]                                at /rustc/e3feeb59cd1bdd011a2bfcc0747b55125d9b8527/library/alloc/src/boxed.rs:2328:9
[INFO] [stdout]   12:     0x611461893490 - test[aada8e7e76ba119b]::test_main_inner::{closure#0}
[INFO] [stdout]                                at /rustc/e3feeb59cd1bdd011a2bfcc0747b55125d9b8527/library/test/src/lib.rs:137:21
[INFO] [stdout]   13:     0x6114618fa0a2 - <alloc[2e1b2a31b91974c5]::boxed::Box<dyn for<'a, 'b> core[a373ad73a504971]::ops::function::Fn<(&'a std[617be2ca0a6fd877]::panic::PanicHookInfo<'b>,), Output = ()> + core[a373ad73a504971]::marker::Sync + core[a373ad73a504971]::marker::Send> as core[a373ad73a504971]::ops::function::Fn<(&std[617be2ca0a6fd877]::panic::PanicHookInfo,)>>::call
[INFO] [stdout]                                at /rustc/e3feeb59cd1bdd011a2bfcc0747b55125d9b8527/library/alloc/src/boxed.rs:2328:9
[INFO] [stdout]   14:     0x6114618fa0a2 - std[617be2ca0a6fd877]::panicking::panic_with_hook
[INFO] [stdout]                                at /rustc/e3feeb59cd1bdd011a2bfcc0747b55125d9b8527/library/std/src/panicking.rs:819:13
[INFO] [stdout]   15:     0x6114618dbe52 - std[617be2ca0a6fd877]::panicking::panic_handler::{closure#0}
[INFO] [stdout]                                at /rustc/e3feeb59cd1bdd011a2bfcc0747b55125d9b8527/library/std/src/panicking.rs:685:13
[INFO] [stdout]   16:     0x6114618d4679 - std[617be2ca0a6fd877]::sys::backtrace::__rust_end_short_backtrace::<std[617be2ca0a6fd877]::panicking::panic_handler::{closure#0}, !>
[INFO] [stdout]                                at /rustc/e3feeb59cd1bdd011a2bfcc0747b55125d9b8527/library/std/src/sys/backtrace.rs:182:18
[INFO] [stdout]   17:     0x6114618dca5d - __rustc[ea4f61d10b84890b]::rust_begin_unwind
[INFO] [stdout]                                at /rustc/e3feeb59cd1bdd011a2bfcc0747b55125d9b8527/library/std/src/panicking.rs:676:5
[INFO] [stdout]   18:     0x61146191962c - core[a373ad73a504971]::panicking::panic_fmt
[INFO] [stdout]                                at /rustc/e3feeb59cd1bdd011a2bfcc0747b55125d9b8527/library/core/src/panicking.rs:80:14
[INFO] [stdout]   19:     0x611461748f84 - <trybuild[3ed835055f353ac9]::Runner>::run
[INFO] [stdout]                                at /opt/rustwide/cargo-home/registry/src/index.crates.io-1949cf8c6b5b557f/trybuild-1.0.118/src/run.rs:102:13
[INFO] [stdout]   20:     0x6114617544d8 - <trybuild[3ed835055f353ac9]::TestCases as core[a373ad73a504971]::ops::drop::Drop>::drop
[INFO] [stdout]                                at /opt/rustwide/cargo-home/registry/src/index.crates.io-1949cf8c6b5b557f/trybuild-1.0.118/src/lib.rs:342:38
[INFO] [stdout]   21:     0x61146166a747 - core[a373ad73a504971]::ptr::drop_glue::<trybuild[3ed835055f353ac9]::TestCases>
[INFO] [stdout]                                at /rustc/e3feeb59cd1bdd011a2bfcc0747b55125d9b8527/library/core/src/ptr/mod.rs:848:1
[INFO] [stdout]   22:     0x61146166a953 - derive_compile[ce1c81d1fabf76d4]::downstream_derive_contract_compile_passes
[INFO] [stdout]                                at /opt/rustwide/workdir/tests/derive_compile.rs:5:1
[INFO] [stdout]   23:     0x61146166a8a7 - derive_compile[ce1c81d1fabf76d4]::downstream_derive_contract_compile_passes::{closure#0}
[INFO] [stdout]                                at /opt/rustwide/workdir/tests/derive_compile.rs:2:47
[INFO] [stdout]   24:     0x61146166adb6 - <derive_compile[ce1c81d1fabf76d4]::downstream_derive_contract_compile_passes::{closure#0} as core[a373ad73a504971]::ops::function::FnOnce<()>>::call_once
[INFO] [stdout]                                at /rustc/e3feeb59cd1bdd011a2bfcc0747b55125d9b8527/library/core/src/ops/function.rs:250:5
[INFO] [stdout]   25:     0x6114618868db - <fn() -> core[a373ad73a504971]::result::Result<(), alloc[2e1b2a31b91974c5]::string::String> as core[a373ad73a504971]::ops::function::FnOnce<()>>::call_once
[INFO] [stdout]                                at /rustc/e3feeb59cd1bdd011a2bfcc0747b55125d9b8527/library/core/src/ops/function.rs:250:5
[INFO] [stdout]   26:     0x6114618868db - test[aada8e7e76ba119b]::__rust_begin_short_backtrace::<core[a373ad73a504971]::result::Result<(), alloc[2e1b2a31b91974c5]::string::String>, fn() -> core[a373ad73a504971]::result::Result<(), alloc[2e1b2a31b91974c5]::string::String>>
[INFO] [stdout]                                at /rustc/e3feeb59cd1bdd011a2bfcc0747b55125d9b8527/library/test/src/lib.rs:701:18
[INFO] [stdout]   27:     0x611461893ab5 - test[aada8e7e76ba119b]::run_test_in_process::{closure#0}
[INFO] [stdout]                                at /rustc/e3feeb59cd1bdd011a2bfcc0747b55125d9b8527/library/test/src/lib.rs:724:74
[INFO] [stdout]   28:     0x611461893ab5 - <core[a373ad73a504971]::panic::unwind_safe::AssertUnwindSafe<test[aada8e7e76ba119b]::run_test_in_process::{closure#0}> as core[a373ad73a504971]::ops::function::FnOnce<()>>::call_once
[INFO] [stdout]                                at /rustc/e3feeb59cd1bdd011a2bfcc0747b55125d9b8527/library/core/src/panic/unwind_safe.rs:275:9
[INFO] [stdout]   29:     0x611461893ab5 - std[617be2ca0a6fd877]::panicking::catch_unwind::do_call::<core[a373ad73a504971]::panic::unwind_safe::AssertUnwindSafe<test[aada8e7e76ba119b]::run_test_in_process::{closure#0}>, core[a373ad73a504971]::result::Result<(), alloc[2e1b2a31b91974c5]::string::String>>
[INFO] [stdout]                                at /rustc/e3feeb59cd1bdd011a2bfcc0747b55125d9b8527/library/std/src/panicking.rs:573:43
[INFO] [stdout]   30:     0x611461893ab5 - std[617be2ca0a6fd877]::panicking::catch_unwind::<core[a373ad73a504971]::result::Result<(), alloc[2e1b2a31b91974c5]::string::String>, core[a373ad73a504971]::panic::unwind_safe::AssertUnwindSafe<test[aada8e7e76ba119b]::run_test_in_process::{closure#0}>>
[INFO] [stdout]                                at /rustc/e3feeb59cd1bdd011a2bfcc0747b55125d9b8527/library/std/src/panicking.rs:541:19
[INFO] [stdout]   31:     0x611461893ab5 - std[617be2ca0a6fd877]::panic::catch_unwind::<core[a373ad73a504971]::panic::unwind_safe::AssertUnwindSafe<test[aada8e7e76ba119b]::run_test_in_process::{closure#0}>, core[a373ad73a504971]::result::Result<(), alloc[2e1b2a31b91974c5]::string::String>>
[INFO] [stdout]                                at /rustc/e3feeb59cd1bdd011a2bfcc0747b55125d9b8527/library/std/src/panic.rs:359:14
[INFO] [stdout]   32:     0x611461893ab5 - test[aada8e7e76ba119b]::run_test_in_process
[INFO] [stdout]                                at /rustc/e3feeb59cd1bdd011a2bfcc0747b55125d9b8527/library/test/src/lib.rs:724:27
[INFO] [stdout]   33:     0x611461893ab5 - test[aada8e7e76ba119b]::run_test::{closure#0}
[INFO] [stdout]                                at /rustc/e3feeb59cd1bdd011a2bfcc0747b55125d9b8527/library/test/src/lib.rs:645:43
[INFO] [stdout]   34:     0x61146188d3a4 - test[aada8e7e76ba119b]::run_test::{closure#1}
[INFO] [stdout]                                at /rustc/e3feeb59cd1bdd011a2bfcc0747b55125d9b8527/library/test/src/lib.rs:675:41
[INFO] [stdout]   35:     0x61146188d3a4 - std[617be2ca0a6fd877]::sys::backtrace::__rust_begin_short_backtrace::<test[aada8e7e76ba119b]::run_test::{closure#1}, ()>
[INFO] [stdout]                                at /rustc/e3feeb59cd1bdd011a2bfcc0747b55125d9b8527/library/std/src/sys/backtrace.rs:166:18
[INFO] [stdout]   36:     0x611461896b42 - std[617be2ca0a6fd877]::thread::lifecycle::spawn_unchecked::<test[aada8e7e76ba119b]::run_test::{closure#1}, ()>::{closure#1}::{closure#0}
[INFO] [stdout]                                at /rustc/e3feeb59cd1bdd011a2bfcc0747b55125d9b8527/library/std/src/thread/lifecycle.rs:70:13
[INFO] [stdout]   37:     0x611461896b42 - <core[a373ad73a504971]::panic::unwind_safe::AssertUnwindSafe<std[617be2ca0a6fd877]::thread::lifecycle::spawn_unchecked<test[aada8e7e76ba119b]::run_test::{closure#1}, ()>::{closure#1}::{closure#0}> as core[a373ad73a504971]::ops::function::FnOnce<()>>::call_once
[INFO] [stdout]                                at /rustc/e3feeb59cd1bdd011a2bfcc0747b55125d9b8527/library/core/src/panic/unwind_safe.rs:275:9
[INFO] [stdout]   38:     0x611461896b42 - std[617be2ca0a6fd877]::panicking::catch_unwind::do_call::<core[a373ad73a504971]::panic::unwind_safe::AssertUnwindSafe<std[617be2ca0a6fd877]::thread::lifecycle::spawn_unchecked<test[aada8e7e76ba119b]::run_test::{closure#1}, ()>::{closure#1}::{closure#0}>, ()>
[INFO] [stdout]                                at /rustc/e3feeb59cd1bdd011a2bfcc0747b55125d9b8527/library/std/src/panicking.rs:573:43
[INFO] [stdout]   39:     0x611461896b42 - std[617be2ca0a6fd877]::panicking::catch_unwind::<(), core[a373ad73a504971]::panic::unwind_safe::AssertUnwindSafe<std[617be2ca0a6fd877]::thread::lifecycle::spawn_unchecked<test[aada8e7e76ba119b]::run_test::{closure#1}, ()>::{closure#1}::{closure#0}>>
[INFO] [stdout]                                at /rustc/e3feeb59cd1bdd011a2bfcc0747b55125d9b8527/library/std/src/panicking.rs:541:19
[INFO] [stdout]   40:     0x611461896b42 - std[617be2ca0a6fd877]::panic::catch_unwind::<core[a373ad73a504971]::panic::unwind_safe::AssertUnwindSafe<std[617be2ca0a6fd877]::thread::lifecycle::spawn_unchecked<test[aada8e7e76ba119b]::run_test::{closure#1}, ()>::{closure#1}::{closure#0}>, ()>
[INFO] [stdout]                                at /rustc/e3feeb59cd1bdd011a2bfcc0747b55125d9b8527/library/std/src/panic.rs:359:14
[INFO] [stdout]   41:     0x611461896b42 - std[617be2ca0a6fd877]::thread::lifecycle::spawn_unchecked::<test[aada8e7e76ba119b]::run_test::{closure#1}, ()>::{closure#1}
[INFO] [stdout]                                at /rustc/e3feeb59cd1bdd011a2bfcc0747b55125d9b8527/library/std/src/thread/lifecycle.rs:68:26
[INFO] [stdout]   42:     0x611461896b42 - <std[617be2ca0a6fd877]::thread::lifecycle::spawn_unchecked<test[aada8e7e76ba119b]::run_test::{closure#1}, ()>::{closure#1} as core[a373ad73a504971]::ops::function::FnOnce<()>>::call_once::{shim:vtable#0}
[INFO] [stdout]                                at /rustc/e3feeb59cd1bdd011a2bfcc0747b55125d9b8527/library/core/src/ops/function.rs:250:5
[INFO] [stdout]   43:     0x611461901b9f - <alloc[2e1b2a31b91974c5]::boxed::Box<dyn core[a373ad73a504971]::ops::function::FnOnce<(), Output = ()> + core[a373ad73a504971]::marker::Send> as core[a373ad73a504971]::ops::function::FnOnce<()>>::call_once
[INFO] [stdout]                                at /rustc/e3feeb59cd1bdd011a2bfcc0747b55125d9b8527/library/alloc/src/boxed.rs:2314:9
[INFO] [stdout]   44:     0x611461901b9f - <std[617be2ca0a6fd877]::sys::thread::unix::Thread>::new::thread_start
[INFO] [stdout]                                at /rustc/e3feeb59cd1bdd011a2bfcc0747b55125d9b8527/library/std/src/sys/thread/unix.rs:127:17
[INFO] [stdout]   45:     0x72a13c788dfa - <unknown>
[INFO] [stdout]   46:     0x72a13c81c3d4 - clone
[INFO] [stdout]   47:                0x0 - <unknown>
[INFO] [stdout] 
[INFO] [stdout] 
[INFO] [stdout] failures:
[INFO] [stdout]     downstream_derive_contract_compile_passes
[INFO] [stdout] 
[INFO] [stdout] test result: FAILED. 0 passed; 1 failed; 0 ignored; 0 measured; 0 filtered out; finished in 189.77s
[INFO] [stdout] 
[INFO] [stderr] error: test failed, to rerun pass `--test derive_compile`
[INFO] running `Command { std: "docker" "inspect" "7fb81ff92f2aecaf68a1538e9ce31b26d555222d30c7f593dd5c7769920a1430", kill_on_drop: false }`
[INFO] running `Command { std: "docker" "rm" "-f" "7fb81ff92f2aecaf68a1538e9ce31b26d555222d30c7f593dd5c7769920a1430", kill_on_drop: false }`
[INFO] [stdout] 7fb81ff92f2aecaf68a1538e9ce31b26d555222d30c7f593dd5c7769920a1430
