[INFO] fetching crate expensify 0.4.0...
[INFO] testing expensify-0.4.0 against 1.100.0-beta.1 for beta-1.100-2
[INFO] extracting crate expensify 0.4.0 into /workspace/builds/worker-0-tc2/source
[INFO] started tweaking crates.io crate expensify 0.4.0
[INFO] removed 0 missing examples
[INFO] removed 0 missing tests
[INFO] finished tweaking crates.io crate expensify 0.4.0
[INFO] tweaked toml for crates.io crate expensify 0.4.0 written to /workspace/builds/worker-0-tc2/source/Cargo.toml
[INFO] validating manifest of crates.io crate expensify 0.4.0 on toolchain 1.100.0-beta.1
[INFO] running `Command { std: CARGO_HOME="/workspace/cargo-home" RUSTUP_HOME="/workspace/rustup-home" "/workspace/cargo-home/bin/cargo" "+1.100.0-beta.1" "metadata" "--manifest-path" "Cargo.toml" "--no-deps", kill_on_drop: false }`
[INFO] crate crates.io crate expensify 0.4.0 already has a lockfile, it will not be regenerated
[INFO] running `Command { std: CARGO_HOME="/workspace/cargo-home" RUSTUP_HOME="/workspace/rustup-home" "/workspace/cargo-home/bin/cargo" "+1.100.0-beta.1" "fetch" "--manifest-path" "Cargo.toml", kill_on_drop: false }`
[INFO] running `Command { std: "docker" "create" "-v" "/var/lib/crater-agent-workspace/builds/worker-0-tc2/source:/opt/rustwide/workdir:ro,Z" "-v" "/var/lib/crater-agent-workspace/builds/worker-0-tc2/target:/opt/rustwide/target:rw,Z" "-v" "/var/lib/crater-agent-workspace/cargo-home:/opt/rustwide/cargo-home:ro,Z" "-v" "/var/lib/crater-agent-workspace/rustup-home:/opt/rustwide/rustup-home:ro,Z" "-m" "1610612736" "--network" "none" "ghcr.io/rust-lang/crates-build-env/linux@sha256:3111399a4047eeb3a02b7a90e478d715f38a8c6669b5c4b49d30a17385265909" "sleep" "infinity", kill_on_drop: false }`
[INFO] [stdout] 02fd542c22698498ee0f79b32b0fa3b393c5447c41e85988782d980b36a084f9
[INFO] running `Command { std: "docker" "start" "02fd542c22698498ee0f79b32b0fa3b393c5447c41e85988782d980b36a084f9", kill_on_drop: false }`
[INFO] running `Command { std: "docker" "inspect" "02fd542c22698498ee0f79b32b0fa3b393c5447c41e85988782d980b36a084f9", kill_on_drop: false }`
[INFO] running `Command { std: "docker" "exec" "-e" "SOURCE_DIR=/opt/rustwide/workdir" "-e" "CARGO_HOME=/opt/rustwide/cargo-home" "-e" "RUSTUP_HOME=/opt/rustwide/rustup-home" "-e" "CARGO_TARGET_DIR=/opt/rustwide/target" "-w" "/opt/rustwide/workdir" "--user" "0:0" "02fd542c22698498ee0f79b32b0fa3b393c5447c41e85988782d980b36a084f9" "/opt/rustwide/cargo-home/bin/cargo" "+1.100.0-beta.1" "metadata" "--no-deps" "--format-version=1", kill_on_drop: false }`
[INFO] running `Command { std: "docker" "inspect" "02fd542c22698498ee0f79b32b0fa3b393c5447c41e85988782d980b36a084f9", kill_on_drop: false }`
[INFO] running `Command { std: "docker" "exec" "-e" "SOURCE_DIR=/opt/rustwide/workdir" "-e" "CARGO_HOME=/opt/rustwide/cargo-home" "-e" "RUSTUP_HOME=/opt/rustwide/rustup-home" "-e" "CARGO_TARGET_DIR=/opt/rustwide/target" "-e" "CARGO_INCREMENTAL=0" "-e" "RUST_BACKTRACE=full" "-e" "RUSTFLAGS=--cap-lints=warn" "-e" "RUSTDOCFLAGS=--cap-lints=warn" "-w" "/opt/rustwide/workdir" "--user" "0:0" "02fd542c22698498ee0f79b32b0fa3b393c5447c41e85988782d980b36a084f9" "/opt/rustwide/cargo-home/bin/cargo" "+1.100.0-beta.1" "build" "--frozen" "--message-format=json", kill_on_drop: false }`
[INFO] [stderr]    Compiling proc-macro2 v1.0.107
[INFO] [stderr]    Compiling quote v1.0.47
[INFO] [stderr]    Compiling libc v0.2.189
[INFO] [stderr]    Compiling bytes v1.12.1
[INFO] [stderr]    Compiling futures-core v0.3.33
[INFO] [stderr]    Compiling futures-sink v0.3.33
[INFO] [stderr]    Compiling litemap v0.8.2
[INFO] [stderr]    Compiling cc v1.4.0
[INFO] [stderr]    Compiling writeable v0.6.3
[INFO] [stderr]    Compiling icu_properties_data v2.2.0
[INFO] [stderr]    Compiling serde_core v1.0.229
[INFO] [stderr]    Compiling icu_normalizer_data v2.2.0
[INFO] [stderr]    Compiling futures-task v0.3.33
[INFO] [stderr]    Compiling zeroize v1.9.0
[INFO] [stderr]    Compiling futures-util v0.3.33
[INFO] [stderr]    Compiling rustls-pki-types v1.15.1
[INFO] [stderr]    Compiling tracing-core v0.1.36
[INFO] [stderr]    Compiling http v1.5.0
[INFO] [stderr]    Compiling getrandom v0.3.4
[INFO] [stderr]    Compiling syn v2.0.119
[INFO] [stderr]    Compiling syn v3.0.3
[INFO] [stderr]    Compiling zerocopy v0.8.55
[INFO] [stderr]    Compiling tracing v0.1.44
[INFO] [stderr]    Compiling mio v1.2.2
[INFO] [stderr]    Compiling socket2 v0.6.5
[INFO] [stderr]    Compiling ring v0.17.14
[INFO] [stderr]    Compiling tokio v1.53.1
[INFO] [stderr]    Compiling http-body v1.1.0
[INFO] [stderr]    Compiling getrandom v0.2.17
[INFO] [stderr]    Compiling rustls v0.23.43
[INFO] [stderr]    Compiling bitflags v2.13.1
[INFO] [stderr]    Compiling crossbeam-utils v0.8.22
[INFO] [stderr]    Compiling futures-channel v0.3.33
[INFO] [stderr]    Compiling serde v1.0.229
[INFO] [stderr]    Compiling rand_core v0.9.5
[INFO] [stderr]    Compiling parking_lot_core v0.9.12
[INFO] [stderr]    Compiling sync_wrapper v1.0.2
[INFO] [stderr]    Compiling zmij v1.0.23
[INFO] [stderr]    Compiling portable-atomic v1.14.0
[INFO] [stderr]    Compiling ipnet v2.12.1
[INFO] [stderr]    Compiling displaydoc v0.2.7
[INFO] [stderr]    Compiling serde_derive v1.0.229
[INFO] [stderr]    Compiling synstructure v0.13.2
[INFO] [stderr]    Compiling raw-cpuid v11.6.0
[INFO] [stderr]    Compiling webpki-roots v1.0.9
[INFO] [stderr]    Compiling time-core v0.1.9
[INFO] [stderr]    Compiling hashbrown v0.14.5
[INFO] [stderr]    Compiling num-conv v0.2.2
[INFO] [stderr]    Compiling serde_json v1.0.151
[INFO] [stderr]    Compiling thiserror v2.0.19
[INFO] [stderr]    Compiling time-macros v0.2.32
[INFO] [stderr]    Compiling dashmap v6.2.1
[INFO] [stderr]    Compiling zerofrom-derive v0.1.7
[INFO] [stderr]    Compiling yoke-derive v0.8.2
[INFO] [stderr]    Compiling zerofrom v0.1.8
[INFO] [stderr]    Compiling zerovec-derive v0.11.3
[INFO] [stderr]    Compiling yoke v0.8.3
[INFO] [stderr]    Compiling zerotrie v0.2.4
[INFO] [stderr]    Compiling tokio-util v0.7.19
[INFO] [stderr]    Compiling rustls-webpki v0.103.13
[INFO] [stderr]    Compiling tower v0.5.3
[INFO] [stderr]    Compiling quanta v0.12.6
[INFO] [stderr]    Compiling zerovec v0.11.6
[INFO] [stderr]    Compiling h2 v0.4.15
[INFO] [stderr]    Compiling ppv-lite86 v0.2.21
[INFO] [stderr]    Compiling tinystr v0.8.3
[INFO] [stderr]    Compiling potential_utf v0.1.5
[INFO] [stderr]    Compiling icu_locale_core v2.2.0
[INFO] [stderr]    Compiling icu_collections v2.2.0
[INFO] [stderr]    Compiling rand_chacha v0.9.0
[INFO] [stderr]    Compiling serde_urlencoded v0.7.1
[INFO] [stderr]    Compiling thiserror-impl v2.0.19
[INFO] [stderr]    Compiling rand v0.9.5
[INFO] [stderr]    Compiling parking_lot v0.12.5
[INFO] [stderr]    Compiling deranged v0.5.8
[INFO] [stderr]    Compiling http-body-util v0.1.4
[INFO] [stderr]    Compiling log v0.4.33
[INFO] [stderr]    Compiling icu_provider v2.2.0
[INFO] [stderr]    Compiling web-time v1.1.0
[INFO] [stderr]    Compiling memchr v2.8.3
[INFO] [stderr]    Compiling icu_properties v2.2.0
[INFO] [stderr]    Compiling icu_normalizer v2.2.0
[INFO] [stderr]    Compiling hyper v1.11.0
[INFO] [stderr]    Compiling time v0.3.55
[INFO] [stderr]    Compiling governor v0.10.4
[INFO] [stderr]    Compiling idna_adapter v1.2.2
[INFO] [stderr]    Compiling idna v1.1.0
[INFO] [stderr]    Compiling hyper-util v0.1.20
[INFO] [stderr]    Compiling tokio-rustls v0.26.4
[INFO] [stderr]    Compiling url v2.5.8
[INFO] [stderr]    Compiling tower-http v0.6.11
[INFO] [stderr]    Compiling hyper-rustls v0.27.9
[INFO] [stderr]    Compiling reqwest v0.12.28
[INFO] [stderr]    Compiling expensify v0.4.0 (/opt/rustwide/workdir)
[INFO] [stderr]     Finished `dev` profile [unoptimized + debuginfo] target(s) in 1m 05s
[INFO] running `Command { std: "docker" "inspect" "02fd542c22698498ee0f79b32b0fa3b393c5447c41e85988782d980b36a084f9", kill_on_drop: false }`
[INFO] running `Command { std: "docker" "exec" "-e" "SOURCE_DIR=/opt/rustwide/workdir" "-e" "CARGO_HOME=/opt/rustwide/cargo-home" "-e" "RUSTUP_HOME=/opt/rustwide/rustup-home" "-e" "CARGO_TARGET_DIR=/opt/rustwide/target" "-e" "CARGO_INCREMENTAL=0" "-e" "RUST_BACKTRACE=full" "-e" "RUSTFLAGS=--cap-lints=warn" "-e" "RUSTDOCFLAGS=--cap-lints=warn" "-w" "/opt/rustwide/workdir" "--user" "0:0" "02fd542c22698498ee0f79b32b0fa3b393c5447c41e85988782d980b36a084f9" "/opt/rustwide/cargo-home/bin/cargo" "+1.100.0-beta.1" "test" "--frozen" "--no-run" "--message-format=json", kill_on_drop: false }`
[INFO] [stderr]    Compiling memchr v2.8.3
[INFO] [stderr]    Compiling syn v3.0.3
[INFO] [stderr]    Compiling syn v2.0.119
[INFO] [stderr]    Compiling futures-channel v0.3.33
[INFO] [stderr]    Compiling futures-io v0.3.33
[INFO] [stderr]    Compiling target-triple v1.0.1
[INFO] [stderr]    Compiling winnow v1.0.4
[INFO] [stderr]    Compiling toml_datetime v1.1.1+spec-1.1.0
[INFO] [stderr]    Compiling serde_spanned v1.1.1
[INFO] [stderr]    Compiling num_cpus v1.17.0
[INFO] [stderr]    Compiling toml_writer v1.1.2+spec-1.1.0
[INFO] [stderr]    Compiling deadpool-runtime v0.1.4
[INFO] [stderr]    Compiling glob v0.3.4
[INFO] [stderr]    Compiling toml_parser v1.1.3+spec-1.1.0
[INFO] [stderr]    Compiling serde_json v1.0.151
[INFO] [stderr]    Compiling aho-corasick v1.1.5
[INFO] [stderr]    Compiling toml v1.1.4+spec-1.1.0
[INFO] [stderr]    Compiling regex-automata v0.4.18
[INFO] [stderr]    Compiling synstructure v0.13.2
[INFO] [stderr]    Compiling displaydoc v0.2.7
[INFO] [stderr]    Compiling tokio-macros v2.7.2
[INFO] [stderr]    Compiling serde_derive v1.0.229
[INFO] [stderr]    Compiling thiserror-impl v2.0.19
[INFO] [stderr]    Compiling tokio v1.53.1
[INFO] [stderr]    Compiling regex v1.13.1
[INFO] [stderr]    Compiling zerofrom-derive v0.1.7
[INFO] [stderr]    Compiling yoke-derive v0.8.2
[INFO] [stderr]    Compiling zerovec-derive v0.11.3
[INFO] [stderr]    Compiling futures-macro v0.3.33
[INFO] [stderr]    Compiling futures-util v0.3.33
[INFO] [stderr]    Compiling thiserror v2.0.19
[INFO] [stderr]    Compiling zerofrom v0.1.8
[INFO] [stderr]    Compiling yoke v0.8.3
[INFO] [stderr]    Compiling zerovec v0.11.6
[INFO] [stderr]    Compiling zerotrie v0.2.4
[INFO] [stderr]    Compiling serde v1.0.229
[INFO] [stderr]    Compiling tinystr v0.8.3
[INFO] [stderr]    Compiling potential_utf v0.1.5
[INFO] [stderr]    Compiling icu_collections v2.2.0
[INFO] [stderr]    Compiling icu_locale_core v2.2.0
[INFO] [stderr]    Compiling serde_urlencoded v0.7.1
[INFO] [stderr]    Compiling assert-json-diff v2.0.2
[INFO] [stderr]    Compiling trybuild v1.0.119
[INFO] [stderr]    Compiling icu_provider v2.2.0
[INFO] [stderr]    Compiling icu_properties v2.2.0
[INFO] [stderr]    Compiling icu_normalizer v2.2.0
[INFO] [stderr]    Compiling tokio-util v0.7.19
[INFO] [stderr]    Compiling tokio-rustls v0.26.4
[INFO] [stderr]    Compiling deadpool v0.12.3
[INFO] [stderr]    Compiling h2 v0.4.15
[INFO] [stderr]    Compiling tower v0.5.3
[INFO] [stderr]    Compiling futures-executor v0.3.33
[INFO] [stderr]    Compiling futures v0.3.33
[INFO] [stderr]    Compiling governor v0.10.4
[INFO] [stderr]    Compiling idna_adapter v1.2.2
[INFO] [stderr]    Compiling idna v1.1.0
[INFO] [stderr]    Compiling url v2.5.8
[INFO] [stderr]    Compiling tower-http v0.6.11
[INFO] [stderr]    Compiling hyper v1.11.0
[INFO] [stderr]    Compiling hyper-util v0.1.20
[INFO] [stderr]    Compiling hyper-rustls v0.27.9
[INFO] [stderr]    Compiling wiremock v0.6.5
[INFO] [stderr]    Compiling reqwest v0.12.28
[INFO] [stderr]    Compiling expensify v0.4.0 (/opt/rustwide/workdir)
[INFO] [stderr]     Finished `test` profile [unoptimized + debuginfo] target(s) in 41.93s
[INFO] running `Command { std: "docker" "inspect" "02fd542c22698498ee0f79b32b0fa3b393c5447c41e85988782d980b36a084f9", kill_on_drop: false }`
[INFO] running `Command { std: "docker" "exec" "-e" "SOURCE_DIR=/opt/rustwide/workdir" "-e" "CARGO_HOME=/opt/rustwide/cargo-home" "-e" "RUSTUP_HOME=/opt/rustwide/rustup-home" "-e" "CARGO_TARGET_DIR=/opt/rustwide/target" "-e" "CARGO_INCREMENTAL=0" "-e" "RUST_BACKTRACE=full" "-e" "RUSTFLAGS=--cap-lints=warn" "-e" "RUSTDOCFLAGS=--cap-lints=warn" "-w" "/opt/rustwide/workdir" "--user" "0:0" "02fd542c22698498ee0f79b32b0fa3b393c5447c41e85988782d980b36a084f9" "/opt/rustwide/cargo-home/bin/cargo" "+1.100.0-beta.1" "test" "--frozen", kill_on_drop: false }`
[INFO] [stderr]     Finished `test` profile [unoptimized + debuginfo] target(s) in 0.27s
[INFO] [stderr]      Running unittests src/lib.rs (/opt/rustwide/target/debug/build/expensify/d91f512dcbf98387/out/expensify-d91f512dcbf98387)
[INFO] [stdout] 
[INFO] [stdout] running 64 tests
[INFO] [stdout] test export::tests::debug_redacts_the_sftp_password ... ok
[INFO] [stdout] test employees::tests::debug_redacts_the_feed_password ... ok
[INFO] [stdout] test client::tests::observation_is_off_until_asked_for ... ok
[INFO] [stdout] test employees::tests::debug_redacts_the_sftp_feed_password ... ok
[INFO] [stdout] test file::tests::file_system_wire_names ... ok
[INFO] [stdout] test client::tests::debug_redacts_the_secret ... ok
[INFO] [stdout] test employees::tests::debug_redacts_userinfo_in_the_feed_url ... ok
[INFO] [stdout] test client::tests::client_debug_redacts_the_secret ... ok
[INFO] [stdout] test limit::tests::the_minute_budget_is_the_binding_one ... ok
[INFO] [stdout] test client::tests::client_debug_redacts_base_url_userinfo ... ok
[INFO] [stdout] test limit::tests::sustained_rate_respects_both_documented_budgets ... ok
[INFO] [stdout] test observe::tests::closures_are_observers ... ok
[INFO] [stdout] test file::tests::typed_handle_round_trips_without_bounds_on_f ... ok
[INFO] [stdout] test file::tests::untyped_keeps_the_file_system ... ok
[INFO] [stdout] test observe::tests::a_recorder_shares_one_buffer ... ok
[INFO] [stdout] test limit::tests::first_send_is_immediate_and_the_second_waits ... ok
[INFO] [stdout] test policy::get::tests::project_inverts_wrap ... ok
[INFO] [stdout] test observe::tests::rendering_an_exchange_masks_the_endpoint_userinfo ... ok
[INFO] [stdout] test policy::get::tests::wire_names_match_the_static_selections ... ok
[INFO] [stdout] test policy::get::tests::project_works_through_a_generic ... ok
[INFO] [stdout] test policy::model::tests::enabled_defaults_to_true_when_absent ... ok
[INFO] [stdout] test secret::tests::a_derived_debug_cannot_print_a_secret ... ok
[INFO] [stdout] test secret::tests::display_redacts_too ... ok
[INFO] [stdout] test secret::tests::masked_urls_keep_the_debuggable_half ... ok
[INFO] [stdout] test wire::tests::a_bare_body_is_the_exported_filename ... ok
[INFO] [stdout] test wire::tests::a_body_that_is_not_a_filename_is_rejected ... ok
[INFO] [stdout] test wire::tests::an_envelope_is_still_an_envelope_for_the_exporter ... ok
[INFO] [stdout] test policy::model::tests::tags_decode_flat_and_level_wrapped ... ok
[INFO] [stdout] test wire::tests::an_explicit_reconciliation_format_overrides_the_marker ... ok
[INFO] [stdout] test wire::tests::an_explicit_export_format_overrides_the_marker ... ok
[INFO] [stdout] test policy::model::tests::unknown_enum_values_round_trip_verbatim ... ok
[INFO] [stdout] test policy::get::tests::projecting_a_policy_keeps_the_requested_sections ... ok
[INFO] [stdout] test wire::tests::body_code_429_is_rate_limited ... ok
[INFO] [stdout] test wire::tests::download_body_is_content_not_envelope ... ok
[INFO] [stdout] test wire::tests::body_code_beats_http_200 ... ok
[INFO] [stdout] test wire::tests::download_empty_body_is_not_success ... ok
[INFO] [stdout] test wire::tests::download_json_content_survives ... ok
[INFO] [stdout] test wire::tests::download_envelope_without_a_code_is_not_content ... ok
[INFO] [stdout] test wire::tests::download_names_the_file_system ... ok
[INFO] [stdout] test wire::tests::download_json_error_envelope_is_failure ... ok
[INFO] [stdout] test wire::tests::employee_feed_rides_in_the_data_field ... ok
[INFO] [stdout] test wire::tests::empty_tax_object_becomes_null ... ok
[INFO] [stdout] test wire::tests::expense_rule_creator_nests_the_actions ... ok
[INFO] [stdout] test wire::tests::expense_rule_updater_sends_the_rule_id_as_an_integer ... ok
[INFO] [stdout] test wire::tests::expense_uses_integer_cents_and_created ... ok
[INFO] [stdout] test wire::tests::export_serialization_shape ... ok
[INFO] [stdout] test wire::tests::export_format_defaults_to_the_template_marker ... ok
[INFO] [stdout] test wire::tests::http_429_without_envelope_is_rate_limited ... ok
[INFO] [stdout] test wire::tests::independent_tag_csv_sends_per_level_set_required ... ok
[INFO] [stdout] test wire::tests::non_success_http_without_envelope_is_http_error ... ok
[INFO] [stdout] test wire::tests::float_response_codes_are_still_codes ... ok
[INFO] [stdout] test wire::tests::reconciliation_pins_synchronous_mode ... ok
[INFO] [stdout] test wire::tests::reimburse_pins_the_status ... ok
[INFO] [stdout] test wire::tests::feed_credentials_ride_inside_credentials ... ok
[INFO] [stdout] test wire::tests::on_finish_email_and_sftp_shapes ... ok
[INFO] [stdout] test wire::tests::report_field_keys_replace_non_alphanumerics ... ok
[INFO] [stdout] test wire::tests::tag_approver_clear_sends_empty_string ... ok
[INFO] [stdout] test wire::tests::tag_csv_sends_csv_not_cvs ... ok
[INFO] [stdout] test wire::tests::tag_updates_never_send_merge ... ok
[INFO] [stdout] test wire::tests::unparseable_card_dates_are_errors_but_blanks_are_not ... ok
[INFO] [stdout] test wire::tests::update_policies_uses_the_list_key ... ok
[INFO] [stdout] test wire::tests::policy_update_camel_cases_and_uses_cents ... ok
[INFO] [stdout] test wire::tests::reconciliation_format_defaults_to_the_template_marker ... ok
[INFO] [stdout] test wire::tests::report_creator_normalizes_field_keys_and_uses_date ... ok
[INFO] [stdout] 
[INFO] [stdout] test result: ok. 64 passed; 0 failed; 0 ignored; 0 measured; 0 filtered out; finished in 0.02s
[INFO] [stdout] 
[INFO] [stderr]      Running tests/compile_fail.rs (/opt/rustwide/target/debug/build/expensify/e0cbfdcd3ee93c89/out/compile_fail-e0cbfdcd3ee93c89)
[INFO] [stdout] 
[INFO] [stdout] running 1 test
[INFO] [stderr]    Compiling proc-macro2 v1.0.107
[INFO] [stderr]    Compiling quote v1.0.47
[INFO] [stderr]    Compiling unicode-ident v1.0.24
[INFO] [stderr]    Compiling libc v0.2.189
[INFO] [stderr]     Checking pin-project-lite v0.2.17
[INFO] [stderr]     Checking cfg-if v1.0.4
[INFO] [stderr]     Checking stable_deref_trait v1.2.1
[INFO] [stderr]     Checking futures-core v0.3.33
[INFO] [stderr]     Checking memchr v2.8.3
[INFO] [stderr]     Checking bytes v1.12.1
[INFO] [stderr]     Checking futures-sink v0.3.33
[INFO] [stderr]     Checking smallvec v1.15.2
[INFO] [stderr]     Checking itoa v1.0.18
[INFO] [stderr]     Checking once_cell v1.21.4
[INFO] [stderr]     Checking slab v0.4.12
[INFO] [stderr]     Checking futures-channel v0.3.33
[INFO] [stderr]    Compiling find-msvc-tools v0.1.9
[INFO] [stderr]     Checking litemap v0.8.2
[INFO] [stderr]     Checking writeable v0.6.3
[INFO] [stderr]    Compiling shlex v2.0.1
[INFO] [stderr]    Compiling serde_core v1.0.229
[INFO] [stderr]     Checking futures-io v0.3.33
[INFO] [stderr]     Checking futures-task v0.3.33
[INFO] [stderr]    Compiling cc v1.4.0
[INFO] [stderr]     Checking http v1.5.0
[INFO] [stderr]     Checking equivalent v1.0.2
[INFO] [stderr]    Compiling icu_properties_data v2.2.0
[INFO] [stderr]    Compiling icu_normalizer_data v2.2.0
[INFO] [stderr]     Checking utf8_iter v1.0.4
[INFO] [stderr]     Checking percent-encoding v2.3.2
[INFO] [stderr]     Checking tracing-core v0.1.36
[INFO] [stderr]    Compiling syn v3.0.3
[INFO] [stderr]    Compiling syn v2.0.119
[INFO] [stderr]     Checking hashbrown v0.17.1
[INFO] [stderr]    Compiling httparse v1.10.1
[INFO] [stderr]     Checking http-body v1.1.0
[INFO] [stderr]     Checking zeroize v1.9.0
[INFO] [stderr]     Checking mio v1.2.2
[INFO] [stderr]     Checking socket2 v0.6.5
[INFO] [stderr]     Checking rustls-pki-types v1.15.1
[INFO] [stderr]     Checking getrandom v0.2.17
[INFO] [stderr]     Checking tracing v0.1.44
[INFO] [stderr]     Checking indexmap v2.14.0
[INFO] [stderr]    Compiling serde v1.0.229
[INFO] [stderr]     Checking atomic-waker v1.1.2
[INFO] [stderr]     Checking tower-service v0.3.3
[INFO] [stderr]    Compiling zerocopy v0.8.55
[INFO] [stderr]     Checking untrusted v0.9.0
[INFO] [stderr]    Compiling getrandom v0.3.4
[INFO] [stderr]     Checking try-lock v0.2.5
[INFO] [stderr]     Checking fnv v1.0.7
[INFO] [stderr]    Compiling ring v0.17.14
[INFO] [stderr]     Checking want v0.3.1
[INFO] [stderr]     Checking form_urlencoded v1.2.2
[INFO] [stderr]    Compiling rustls v0.23.43
[INFO] [stderr]     Checking scopeguard v1.2.0
[INFO] [stderr]    Compiling zmij v1.0.23
[INFO] [stderr]    Compiling crossbeam-utils v0.8.22
[INFO] [stderr]    Compiling parking_lot_core v0.9.12
[INFO] [stderr]     Checking bitflags v2.13.1
[INFO] [stderr]     Checking httpdate v1.0.3
[INFO] [stderr]     Checking lock_api v0.4.14
[INFO] [stderr]     Checking subtle v2.6.1
[INFO] [stderr]     Checking base64 v0.22.1
[INFO] [stderr]    Compiling serde_json v1.0.151
[INFO] [stderr]     Checking ipnet v2.12.1
[INFO] [stderr]     Checking rand_core v0.9.5
[INFO] [stderr]     Checking sync_wrapper v1.0.2
[INFO] [stderr]     Checking tower-layer v0.3.3
[INFO] [stderr]    Compiling portable-atomic v1.14.0
[INFO] [stderr]     Checking raw-cpuid v11.6.0
[INFO] [stderr]     Checking webpki-roots v1.0.9
[INFO] [stderr]    Compiling synstructure v0.13.2
[INFO] [stderr]     Checking http-body-util v0.1.4
[INFO] [stderr]     Checking aho-corasick v1.1.5
[INFO] [stderr]    Compiling thiserror v2.0.19
[INFO] [stderr]    Compiling num-conv v0.2.2
[INFO] [stderr]     Checking log v0.4.33
[INFO] [stderr]     Checking foldhash v0.2.0
[INFO] [stderr]    Compiling time-core v0.1.9
[INFO] [stderr]     Checking allocator-api2 v0.2.21
[INFO] [stderr]     Checking regex-syntax v0.8.11
[INFO] [stderr]     Checking hashbrown v0.14.5
[INFO] [stderr]     Checking ryu v1.0.23
[INFO] [stderr]     Checking hashbrown v0.16.1
[INFO] [stderr]    Compiling time-macros v0.2.32
[INFO] [stderr]     Checking dashmap v6.2.1
[INFO] [stderr]     Checking quanta v0.12.6
[INFO] [stderr]     Checking ppv-lite86 v0.2.21
[INFO] [stderr]     Checking parking_lot v0.12.5
[INFO] [stderr]     Checking spinning_top v0.3.0
[INFO] [stderr]     Checking rand_chacha v0.9.0
[INFO] [stderr]     Checking deranged v0.5.8
[INFO] [stderr]     Checking num_cpus v1.17.0
[INFO] [stderr]     Checking regex-automata v0.4.18
[INFO] [stderr]     Checking encoding_rs v0.8.35
[INFO] [stderr]     Checking rand v0.9.5
[INFO] [stderr]    Compiling displaydoc v0.2.7
[INFO] [stderr]    Compiling zerofrom-derive v0.1.7
[INFO] [stderr]    Compiling yoke-derive v0.8.2
[INFO] [stderr]    Compiling zerovec-derive v0.11.3
[INFO] [stderr]    Compiling tokio-macros v2.7.2
[INFO] [stderr]    Compiling futures-macro v0.3.33
[INFO] [stderr]    Compiling serde_derive v1.0.229
[INFO] [stderr]     Checking rustls-webpki v0.103.13
[INFO] [stderr]     Checking tokio v1.53.1
[INFO] [stderr]    Compiling thiserror-impl v2.0.19
[INFO] [stderr]     Checking futures-util v0.3.33
[INFO] [stderr]     Checking lazy_static v1.5.0
[INFO] [stderr]     Checking web-time v1.1.0
[INFO] [stderr]     Checking mime v0.3.17
[INFO] [stderr]     Checking zerofrom v0.1.8
[INFO] [stderr]     Checking nonzero_ext v0.3.0
[INFO] [stderr]     Checking deadpool-runtime v0.1.4
[INFO] [stderr]     Checking yoke v0.8.3
[INFO] [stderr]     Checking powerfmt v0.2.0
[INFO] [stderr]     Checking futures-timer v3.0.4
[INFO] [stderr]     Checking time v0.3.55
[INFO] [stderr]     Checking zerovec v0.11.6
[INFO] [stderr]     Checking zerotrie v0.2.4
[INFO] [stderr]     Checking regex v1.13.1
[INFO] [stderr]     Checking tinystr v0.8.3
[INFO] [stderr]     Checking potential_utf v0.1.5
[INFO] [stderr]     Checking icu_collections v2.2.0
[INFO] [stderr]     Checking icu_locale_core v2.2.0
[INFO] [stderr]     Checking futures-executor v0.3.33
[INFO] [stderr]     Checking governor v0.10.4
[INFO] [stderr]     Checking icu_provider v2.2.0
[INFO] [stderr]     Checking futures v0.3.33
[INFO] [stderr]     Checking icu_normalizer v2.2.0
[INFO] [stderr]     Checking icu_properties v2.2.0
[INFO] [stderr]     Checking serde_urlencoded v0.7.1
[INFO] [stderr]     Checking assert-json-diff v2.0.2
[INFO] [stderr]     Checking tokio-util v0.7.19
[INFO] [stderr]     Checking tokio-rustls v0.26.4
[INFO] [stderr]     Checking tower v0.5.3
[INFO] [stderr]     Checking deadpool v0.12.3
[INFO] [stderr]     Checking h2 v0.4.15
[INFO] [stderr]     Checking idna_adapter v1.2.2
[INFO] [stderr]     Checking idna v1.1.0
[INFO] [stderr]     Checking url v2.5.8
[INFO] [stderr]     Checking tower-http v0.6.11
[INFO] [stderr]     Checking hyper v1.11.0
[INFO] [stderr]     Checking hyper-util v0.1.20
[INFO] [stderr]     Checking hyper-rustls v0.27.9
[INFO] [stderr]     Checking wiremock v0.6.5
[INFO] [stderr]     Checking reqwest v0.12.28
[INFO] [stderr]     Checking expensify v0.4.0 (/opt/rustwide/workdir)
[INFO] [stderr]     Checking expensify-tests v0.0.0 (/opt/rustwide/target/tests/trybuild/expensify)
[INFO] [stderr]     Finished `dev` profile [unoptimized + debuginfo] target(s) in 20.92s
[INFO] [stderr] 
[INFO] [stderr] 
[INFO] [stderr] test tests/ui/01_wrong_file_system.rs ... ok
[INFO] [stderr] test tests/ui/02_wrong_download_type.rs ... ok
[INFO] [stderr] test tests/ui/03_template_crosswired.rs ... ok
[INFO] [stderr] test tests/ui/04_unrequested_policy_field.rs ... ok
[INFO] [stderr] test tests/ui/05_policy_getter_no_fields.rs ... ok
[INFO] [stderr] test tests/ui/06_id_swap.rs ... mismatch
[INFO] [stderr] 
[INFO] [stderr] EXPECTED:
[INFO] [stderr] ┈┈┈┈┈┈┈┈┈┈┈┈┈┈┈┈┈┈┈┈┈┈┈┈┈┈┈┈┈┈┈┈┈┈┈┈┈┈┈┈┈┈┈┈┈┈┈┈┈┈┈┈┈┈┈┈┈┈┈┈
[INFO] [stderr] error[E0277]: the trait bound `ReportId: From<PolicyId>` is not satisfied
[INFO] [stderr]   --> tests/ui/06_id_swap.rs:15:16
[INFO] [stderr]    |
[INFO] [stderr] 15 |     .report_id(policy);
[INFO] [stderr]    |      --------- ^^^^^^ the trait `From<PolicyId>` is not implemented for `ReportId`
[INFO] [stderr]    |      |
[INFO] [stderr]    |      required by a bound introduced by this call
[INFO] [stderr]    |
[INFO] [stderr] help: `ReportId` implements trait `From<T>`
[INFO] [stderr]   --> src/types.rs
[INFO] [stderr]    |
[INFO] [stderr]    |           impl From<String> for $name {
[INFO] [stderr]    |           ^^^^^^^^^^^^^^^^^^^^^^^^^^^ `From<String>`
[INFO] [stderr] ...
[INFO] [stderr]    |           impl From<&str> for $name {
[INFO] [stderr]    |           ^^^^^^^^^^^^^^^^^^^^^^^^^ `From<&str>`
[INFO] [stderr] ...
[INFO] [stderr]    |           impl From<&$name> for $name {
[INFO] [stderr]    |           ^^^^^^^^^^^^^^^^^^^^^^^^^^^ `From<&ReportId>`
[INFO] [stderr] ...
[INFO] [stderr]    | / string_id! {
[INFO] [stderr]    | |     /// Report identifier (`reportID`), e.g. `R006AseGxMka`.
[INFO] [stderr]    | |     ReportId
[INFO] [stderr]    | | }
[INFO] [stderr]    | |_- in this macro invocation
[INFO] [stderr]    = note: required for `PolicyId` to implement `Into<ReportId>`
[INFO] [stderr] note: required by a bound in `Expense::report_id`
[INFO] [stderr]   --> src/expenses.rs
[INFO] [stderr]    |
[INFO] [stderr]    |     pub fn report_id(mut self, id: impl Into<ReportId>) -> Self {
[INFO] [stderr]    |                                         ^^^^^^^^^^^^^^ required by this bound in `Expense::report_id`
[INFO] [stderr]    = note: this error originates in the macro `string_id` (in Nightly builds, run with -Z macro-backtrace for more info)
[INFO] [stderr] ┈┈┈┈┈┈┈┈┈┈┈┈┈┈┈┈┈┈┈┈┈┈┈┈┈┈┈┈┈┈┈┈┈┈┈┈┈┈┈┈┈┈┈┈┈┈┈┈┈┈┈┈┈┈┈┈┈┈┈┈
[INFO] [stderr] 
[INFO] [stderr] ACTUAL OUTPUT:
[INFO] [stderr] ┈┈┈┈┈┈┈┈┈┈┈┈┈┈┈┈┈┈┈┈┈┈┈┈┈┈┈┈┈┈┈┈┈┈┈┈┈┈┈┈┈┈┈┈┈┈┈┈┈┈┈┈┈┈┈┈┈┈┈┈
[INFO] [stderr] error[E0277]: the trait bound `ReportId: From<PolicyId>` is not satisfied
[INFO] [stderr]   --> tests/ui/06_id_swap.rs:15:16
[INFO] [stderr]    |
[INFO] [stderr] 15 |     .report_id(policy);
[INFO] [stderr]    |      --------- ^^^^^^ the trait `From<PolicyId>` is not implemented for `ReportId`
[INFO] [stderr]    |      |
[INFO] [stderr]    |      required by a bound introduced by this call
[INFO] [stderr]    |
[INFO] [stderr] help: `ReportId` implements trait `From<T>`
[INFO] [stderr]   --> src/types.rs
[INFO] [stderr]    |
[INFO] [stderr]    |           impl From<String> for $name {
[INFO] [stderr]    |           ^^^^^^^^^^^^^^^^^^^^^^^^^^^ `From<String>`
[INFO] [stderr] ...
[INFO] [stderr]    |           impl From<&str> for $name {
[INFO] [stderr]    |           ^^^^^^^^^^^^^^^^^^^^^^^^^ `From<&str>`
[INFO] [stderr] ...
[INFO] [stderr]    |           impl From<&$name> for $name {
[INFO] [stderr]    |           ^^^^^^^^^^^^^^^^^^^^^^^^^^^ `From<&ReportId>`
[INFO] [stderr] ...
[INFO] [stderr]    | / string_id! {
[INFO] [stderr]    | |     /// Report identifier (`reportID`), e.g. `R006AseGxMka`.
[INFO] [stderr]    | |     ReportId
[INFO] [stderr]    | | }
[INFO] [stderr]    | |_- in this macro invocation
[INFO] [stderr]    = note: required for `PolicyId` to implement `Into<ReportId>`
[INFO] [stderr] note: required by a bound in `Expense::report_id`
[INFO] [stderr]   --> src/expenses.rs
[INFO] [stderr]    |
[INFO] [stderr]    | impl Expense {
[INFO] [stderr] ...
[INFO] [stderr]    |     pub fn report_id(mut self, id: impl Into<ReportId>) -> Self {
[INFO] [stderr]    |                                         ^^^^^^^^^^^^^^ required by this bound in `Expense::report_id`
[INFO] [stderr]    = note: this error originates in the macro `string_id` (in Nightly builds, run with -Z macro-backtrace for more info)
[INFO] [stderr] ┈┈┈┈┈┈┈┈┈┈┈┈┈┈┈┈┈┈┈┈┈┈┈┈┈┈┈┈┈┈┈┈┈┈┈┈┈┈┈┈┈┈┈┈┈┈┈┈┈┈┈┈┈┈┈┈┈┈┈┈
[INFO] [stderr] note: If the actual output is the correct output you can bless it by rerunning
[INFO] [stderr]       your test with the environment variable TRYBUILD=overwrite
[INFO] [stderr] 
[INFO] [stderr] test tests/ui/07_filterless_export.rs ... ok
[INFO] [stderr] test tests/ui/08_silent_partial_reimbursement.rs ... ok
[INFO] [stderr] test tests/ui/09_other_report_status.rs ... mismatch
[INFO] [stderr] 
[INFO] [stderr] EXPECTED:
[INFO] [stderr] ┈┈┈┈┈┈┈┈┈┈┈┈┈┈┈┈┈┈┈┈┈┈┈┈┈┈┈┈┈┈┈┈┈┈┈┈┈┈┈┈┈┈┈┈┈┈┈┈┈┈┈┈┈┈┈┈┈┈┈┈
[INFO] [stderr] error[E0599]: no method named `status` found for struct `ReimburseAction<Mode>` in the current scope
[INFO] [stderr]   --> tests/ui/09_other_report_status.rs:11:10
[INFO] [stderr]    |
[INFO] [stderr]  9 |       let _ = client
[INFO] [stderr]    |  _____________-
[INFO] [stderr] 10 | |         .mark_reports_reimbursed(ReimburseTargets::report_ids(["R1"]))
[INFO] [stderr] 11 | |         .status("APPROVED");
[INFO] [stderr]    | |         -^^^^^^ method not found in `ReimburseAction`
[INFO] [stderr]    | |_________|
[INFO] [stderr]    |
[INFO] [stderr] ┈┈┈┈┈┈┈┈┈┈┈┈┈┈┈┈┈┈┈┈┈┈┈┈┈┈┈┈┈┈┈┈┈┈┈┈┈┈┈┈┈┈┈┈┈┈┈┈┈┈┈┈┈┈┈┈┈┈┈┈
[INFO] [stderr] 
[INFO] [stderr] ACTUAL OUTPUT:
[INFO] [stderr] ┈┈┈┈┈┈┈┈┈┈┈┈┈┈┈┈┈┈┈┈┈┈┈┈┈┈┈┈┈┈┈┈┈┈┈┈┈┈┈┈┈┈┈┈┈┈┈┈┈┈┈┈┈┈┈┈┈┈┈┈
[INFO] [stderr] error[E0599]: no method named `status` found for struct `ReimburseAction<Mode>` in the current scope
[INFO] [stderr]   --> tests/ui/09_other_report_status.rs:11:10
[INFO] [stderr]    |
[INFO] [stderr]  9 |     let _ = client
[INFO] [stderr] 10 |         .mark_reports_reimbursed(ReimburseTargets::report_ids(["R1"]))
[INFO] [stderr] 11 |         .status("APPROVED");
[INFO] [stderr]    |          ^^^^^^ method not found in `ReimburseAction`
[INFO] [stderr] ┈┈┈┈┈┈┈┈┈┈┈┈┈┈┈┈┈┈┈┈┈┈┈┈┈┈┈┈┈┈┈┈┈┈┈┈┈┈┈┈┈┈┈┈┈┈┈┈┈┈┈┈┈┈┈┈┈┈┈┈
[INFO] [stderr] note: If the actual output is the correct output you can bless it by rerunning
[INFO] [stderr]       your test with the environment variable TRYBUILD=overwrite
[INFO] [stderr] 
[INFO] [stderr] test tests/ui/10_rich_fields_on_expense_line.rs ... mismatch
[INFO] [stderr] 
[INFO] [stderr] EXPECTED:
[INFO] [stderr] ┈┈┈┈┈┈┈┈┈┈┈┈┈┈┈┈┈┈┈┈┈┈┈┈┈┈┈┈┈┈┈┈┈┈┈┈┈┈┈┈┈┈┈┈┈┈┈┈┈┈┈┈┈┈┈┈┈┈┈┈
[INFO] [stderr] error[E0599]: no method named `category` found for struct `ExpenseLine` in the current scope
[INFO] [stderr]   --> tests/ui/10_rich_fields_on_expense_line.rs:14:6
[INFO] [stderr]    |
[INFO] [stderr]  9 |       let _ = ExpenseLine::new(
[INFO] [stderr]    |  _____________-
[INFO] [stderr] 10 | |         "Sushi Place",
[INFO] [stderr] 11 | |         date!(2026 - 07 - 04),
[INFO] [stderr] 12 | |         Money::new(4_250, "USD"),
[INFO] [stderr] 13 | |     )
[INFO] [stderr] 14 | |     .category("Meals");
[INFO] [stderr]    | |     -^^^^^^^^ method not found in `ExpenseLine`
[INFO] [stderr]    | |_____|
[INFO] [stderr]    |
[INFO] [stderr] ┈┈┈┈┈┈┈┈┈┈┈┈┈┈┈┈┈┈┈┈┈┈┈┈┈┈┈┈┈┈┈┈┈┈┈┈┈┈┈┈┈┈┈┈┈┈┈┈┈┈┈┈┈┈┈┈┈┈┈┈
[INFO] [stderr] 
[INFO] [stderr] ACTUAL OUTPUT:
[INFO] [stderr] ┈┈┈┈┈┈┈┈┈┈┈┈┈┈┈┈┈┈┈┈┈┈┈┈┈┈┈┈┈┈┈┈┈┈┈┈┈┈┈┈┈┈┈┈┈┈┈┈┈┈┈┈┈┈┈┈┈┈┈┈
[INFO] [stderr] error[E0599]: no method named `category` found for struct `ExpenseLine` in the current scope
[INFO] [stderr]   --> tests/ui/10_rich_fields_on_expense_line.rs:14:6
[INFO] [stderr]    |
[INFO] [stderr]  9 |     let _ = ExpenseLine::new(
[INFO] [stderr] 10 |         "Sushi Place",
[INFO] [stderr] 11 |         date!(2026 - 07 - 04),
[INFO] [stderr] 12 |         Money::new(4_250, "USD"),
[INFO] [stderr] 13 |     )
[INFO] [stderr] 14 |     .category("Meals");
[INFO] [stderr]    |      ^^^^^^^^ method not found in `ExpenseLine`
[INFO] [stderr] ┈┈┈┈┈┈┈┈┈┈┈┈┈┈┈┈┈┈┈┈┈┈┈┈┈┈┈┈┈┈┈┈┈┈┈┈┈┈┈┈┈┈┈┈┈┈┈┈┈┈┈┈┈┈┈┈┈┈┈┈
[INFO] [stderr] note: If the actual output is the correct output you can bless it by rerunning
[INFO] [stderr]       your test with the environment variable TRYBUILD=overwrite
[INFO] [stderr] 
[INFO] [stderr] test tests/ui/11_double_select_policy_field.rs ... ok
[INFO] [stderr] test tests/ui/12_tag_csv_set_required_shape.rs ... mismatch
[INFO] [stderr] 
[INFO] [stderr] EXPECTED:
[INFO] [stderr] ┈┈┈┈┈┈┈┈┈┈┈┈┈┈┈┈┈┈┈┈┈┈┈┈┈┈┈┈┈┈┈┈┈┈┈┈┈┈┈┈┈┈┈┈┈┈┈┈┈┈┈┈┈┈┈┈┈┈┈┈
[INFO] [stderr] error[E0308]: mismatched types
[INFO] [stderr]  --> tests/ui/12_tag_csv_set_required_shape.rs:9:37
[INFO] [stderr]   |
[INFO] [stderr] 9 |     let _ = TagCsvConfig::dependent([true, false]);
[INFO] [stderr]   |             ----------------------- ^^^^^^^^^^^^^ expected `bool`, found `[bool; 2]`
[INFO] [stderr]   |             |
[INFO] [stderr]   |             arguments to this function are incorrect
[INFO] [stderr]   |
[INFO] [stderr] note: associated function defined here
[INFO] [stderr]  --> src/policy/update.rs
[INFO] [stderr]   |
[INFO] [stderr]   |     pub fn dependent(set_required: bool) -> Self {
[INFO] [stderr]   |            ^^^^^^^^^
[INFO] [stderr] 
[INFO] [stderr] error[E0277]: `bool` is not an iterator
[INFO] [stderr]   --> tests/ui/12_tag_csv_set_required_shape.rs:12:39
[INFO] [stderr]    |
[INFO] [stderr] 12 |     let _ = TagCsvConfig::independent(true);
[INFO] [stderr]    |             ------------------------- ^^^^ `bool` is not an iterator
[INFO] [stderr]    |             |
[INFO] [stderr]    |             required by a bound introduced by this call
[INFO] [stderr]    |
[INFO] [stderr]    = help: the trait `Iterator` is not implemented for `bool`
[INFO] [stderr]    = note: required for `bool` to implement `IntoIterator`
[INFO] [stderr] note: required by a bound in `TagCsvConfig::independent`
[INFO] [stderr]   --> src/policy/update.rs
[INFO] [stderr]    |
[INFO] [stderr]    |     pub fn independent<I: IntoIterator<Item = bool>>(set_required: I) -> Self {
[INFO] [stderr]    |                           ^^^^^^^^^^^^^^^^^^^^^^^^^ required by this bound in `TagCsvConfig::independent`
[INFO] [stderr] ┈┈┈┈┈┈┈┈┈┈┈┈┈┈┈┈┈┈┈┈┈┈┈┈┈┈┈┈┈┈┈┈┈┈┈┈┈┈┈┈┈┈┈┈┈┈┈┈┈┈┈┈┈┈┈┈┈┈┈┈
[INFO] [stderr] 
[INFO] [stderr] ACTUAL OUTPUT:
[INFO] [stderr] ┈┈┈┈┈┈┈┈┈┈┈┈┈┈┈┈┈┈┈┈┈┈┈┈┈┈┈┈┈┈┈┈┈┈┈┈┈┈┈┈┈┈┈┈┈┈┈┈┈┈┈┈┈┈┈┈┈┈┈┈
[INFO] [stderr] error[E0308]: mismatched types
[INFO] [stderr]  --> tests/ui/12_tag_csv_set_required_shape.rs:9:37
[INFO] [stderr]   |
[INFO] [stderr] 9 |     let _ = TagCsvConfig::dependent([true, false]);
[INFO] [stderr]   |             ----------------------- ^^^^^^^^^^^^^ expected `bool`, found `[bool; 2]`
[INFO] [stderr]   |             |
[INFO] [stderr]   |             arguments to this function are incorrect
[INFO] [stderr]   |
[INFO] [stderr] note: associated function defined here
[INFO] [stderr]  --> src/policy/update.rs
[INFO] [stderr]   |
[INFO] [stderr]   |     pub fn dependent(set_required: bool) -> Self {
[INFO] [stderr]   |            ^^^^^^^^^
[INFO] [stderr] 
[INFO] [stderr] error[E0277]: `bool` is not an iterator
[INFO] [stderr]   --> tests/ui/12_tag_csv_set_required_shape.rs:12:39
[INFO] [stderr]    |
[INFO] [stderr] 12 |     let _ = TagCsvConfig::independent(true);
[INFO] [stderr]    |             ------------------------- ^^^^ `bool` is not an iterator
[INFO] [stderr]    |             |
[INFO] [stderr]    |             required by a bound introduced by this call
[INFO] [stderr]    |
[INFO] [stderr]    = help: the trait `Iterator` is not implemented for `bool`
[INFO] [stderr]    = note: required for `bool` to implement `IntoIterator`
[INFO] [stderr] note: required by a bound in `TagCsvConfig::independent`
[INFO] [stderr]   --> src/policy/update.rs
[INFO] [stderr]    |
[INFO] [stderr]    | impl TagCsvConfig {
[INFO] [stderr] ...
[INFO] [stderr]    |     pub fn independent<I: IntoIterator<Item = bool>>(set_required: I) -> Self {
[INFO] [stderr]    |                           ^^^^^^^^^^^^^^^^^^^^^^^^^ required by this bound in `TagCsvConfig::independent`
[INFO] [stderr] ┈┈┈┈┈┈┈┈┈┈┈┈┈┈┈┈┈┈┈┈┈┈┈┈┈┈┈┈┈┈┈┈┈┈┈┈┈┈┈┈┈┈┈┈┈┈┈┈┈┈┈┈┈┈┈┈┈┈┈┈
[INFO] [stderr] note: If the actual output is the correct output you can bless it by rerunning
[INFO] [stderr]       your test with the environment variable TRYBUILD=overwrite
[INFO] [stderr] 
[INFO] [stderr] test tests/ui/13_formula_report_field_def.rs ... ok
[INFO] [stderr] test tests/ui/14_typed_from_parts.rs ... ok
[INFO] [stderr] test tests/ui/15_fetch_state_sealed.rs ... ok
[INFO] [stderr] test tests/ui/16_reconciliation_template_to_export.rs ... ok
[INFO] [stderr] test tests/ui/17_message_off_the_email_action.rs ... ok
[INFO] [stderr] test tests/ui/18_export_format_on_reconciliation.rs ... ok
[INFO] [stderr] test tests/ui/19_secret_read_without_asking.rs ... ok
[INFO] [stderr] test tests/ui/20_tag_merge_withheld.rs ... ok
[INFO] [stderr] 
[INFO] [stderr] 
[INFO] [stdout] test misuses_do_not_compile ... FAILED
[INFO] [stdout] 
[INFO] [stdout] failures:
[INFO] [stdout] 
[INFO] [stdout] ---- misuses_do_not_compile stdout ----
[INFO] [stdout] 
[INFO] [stdout] thread 'misuses_do_not_compile' (2655) panicked at /opt/rustwide/cargo-home/registry/src/index.crates.io-1949cf8c6b5b557f/trybuild-1.0.119/src/run.rs:102:13:
[INFO] [stdout] 4 of 20 tests failed
[INFO] [stdout] stack backtrace:
[INFO] [stdout]    0:     0x625695574021 - std[617be2ca0a6fd877]::backtrace_rs::backtrace::libunwind::trace
[INFO] [stdout]                                at /rustc/e3feeb59cd1bdd011a2bfcc0747b55125d9b8527/library/std/src/../../backtrace/src/backtrace/libunwind.rs:117:9
[INFO] [stdout]    1:     0x625695574021 - std[617be2ca0a6fd877]::backtrace_rs::backtrace::trace_unsynchronized::<std[617be2ca0a6fd877]::sys::backtrace::_print_fmt::{closure#1}>
[INFO] [stdout]                                at /rustc/e3feeb59cd1bdd011a2bfcc0747b55125d9b8527/library/std/src/../../backtrace/src/backtrace/mod.rs:66:14
[INFO] [stdout]    2:     0x625695574021 - std[617be2ca0a6fd877]::sys::backtrace::_print_fmt
[INFO] [stdout]                                at /rustc/e3feeb59cd1bdd011a2bfcc0747b55125d9b8527/library/std/src/sys/backtrace.rs:74:9
[INFO] [stdout]    3:     0x625695574021 - <<std[617be2ca0a6fd877]::sys::backtrace::BacktraceLock>::print::DisplayBacktrace as core[a373ad73a504971]::fmt::Display>::fmt
[INFO] [stdout]                                at /rustc/e3feeb59cd1bdd011a2bfcc0747b55125d9b8527/library/std/src/sys/backtrace.rs:44:26
[INFO] [stdout]    4:     0x62569558a46a - <core[a373ad73a504971]::fmt::rt::Argument>::fmt
[INFO] [stdout]                                at /rustc/e3feeb59cd1bdd011a2bfcc0747b55125d9b8527/library/core/src/fmt/rt.rs:152:76
[INFO] [stdout]    5:     0x62569558a46a - core[a373ad73a504971]::fmt::write
[INFO] [stdout]    6:     0x62569557886c - core[a373ad73a504971]::io::write::default_write_fmt::<alloc[2e1b2a31b91974c5]::vec::Vec<u8>>
[INFO] [stdout]                                at /rustc/e3feeb59cd1bdd011a2bfcc0747b55125d9b8527/library/core/src/io/write.rs:402:11
[INFO] [stdout]    7:     0x62569557886c - <alloc[2e1b2a31b91974c5]::vec::Vec<u8> as core[a373ad73a504971]::io::write::Write>::write_fmt
[INFO] [stdout]                                at /rustc/e3feeb59cd1bdd011a2bfcc0747b55125d9b8527/library/core/src/io/write.rs:335:13
[INFO] [stdout]    8:     0x62569554d486 - <std[617be2ca0a6fd877]::sys::backtrace::BacktraceLock>::print
[INFO] [stdout]                                at /rustc/e3feeb59cd1bdd011a2bfcc0747b55125d9b8527/library/std/src/sys/backtrace.rs:47:9
[INFO] [stdout]    9:     0x62569554d486 - std[617be2ca0a6fd877]::panicking::default_hook::{closure#0}
[INFO] [stdout]                                at /rustc/e3feeb59cd1bdd011a2bfcc0747b55125d9b8527/library/std/src/panicking.rs:289:27
[INFO] [stdout]   10:     0x62569556b5c9 - std[617be2ca0a6fd877]::panicking::default_hook
[INFO] [stdout]                                at /rustc/e3feeb59cd1bdd011a2bfcc0747b55125d9b8527/library/std/src/panicking.rs:313:9
[INFO] [stdout]   11:     0x625695504bd0 - <alloc[2e1b2a31b91974c5]::boxed::Box<dyn for<'a, 'b> core[a373ad73a504971]::ops::function::Fn<(&'a std[617be2ca0a6fd877]::panic::PanicHookInfo<'b>,), Output = ()> + core[a373ad73a504971]::marker::Sync + core[a373ad73a504971]::marker::Send> as core[a373ad73a504971]::ops::function::Fn<(&std[617be2ca0a6fd877]::panic::PanicHookInfo,)>>::call
[INFO] [stdout]                                at /rustc/e3feeb59cd1bdd011a2bfcc0747b55125d9b8527/library/alloc/src/boxed.rs:2328:9
[INFO] [stdout]   12:     0x625695504bd0 - test[aada8e7e76ba119b]::test_main_inner::{closure#0}
[INFO] [stdout]                                at /rustc/e3feeb59cd1bdd011a2bfcc0747b55125d9b8527/library/test/src/lib.rs:137:21
[INFO] [stdout]   13:     0x62569556b782 - <alloc[2e1b2a31b91974c5]::boxed::Box<dyn for<'a, 'b> core[a373ad73a504971]::ops::function::Fn<(&'a std[617be2ca0a6fd877]::panic::PanicHookInfo<'b>,), Output = ()> + core[a373ad73a504971]::marker::Sync + core[a373ad73a504971]::marker::Send> as core[a373ad73a504971]::ops::function::Fn<(&std[617be2ca0a6fd877]::panic::PanicHookInfo,)>>::call
[INFO] [stdout]                                at /rustc/e3feeb59cd1bdd011a2bfcc0747b55125d9b8527/library/alloc/src/boxed.rs:2328:9
[INFO] [stdout]   14:     0x62569556b782 - std[617be2ca0a6fd877]::panicking::panic_with_hook
[INFO] [stdout]                                at /rustc/e3feeb59cd1bdd011a2bfcc0747b55125d9b8527/library/std/src/panicking.rs:819:13
[INFO] [stdout]   15:     0x62569554d532 - std[617be2ca0a6fd877]::panicking::panic_handler::{closure#0}
[INFO] [stdout]                                at /rustc/e3feeb59cd1bdd011a2bfcc0747b55125d9b8527/library/std/src/panicking.rs:685:13
[INFO] [stdout]   16:     0x625695545d89 - std[617be2ca0a6fd877]::sys::backtrace::__rust_end_short_backtrace::<std[617be2ca0a6fd877]::panicking::panic_handler::{closure#0}, !>
[INFO] [stdout]                                at /rustc/e3feeb59cd1bdd011a2bfcc0747b55125d9b8527/library/std/src/sys/backtrace.rs:182:18
[INFO] [stdout]   17:     0x62569554e13d - __rustc[ea4f61d10b84890b]::rust_begin_unwind
[INFO] [stdout]                                at /rustc/e3feeb59cd1bdd011a2bfcc0747b55125d9b8527/library/std/src/panicking.rs:676:5
[INFO] [stdout]   18:     0x62569558ac5c - core[a373ad73a504971]::panicking::panic_fmt
[INFO] [stdout]                                at /rustc/e3feeb59cd1bdd011a2bfcc0747b55125d9b8527/library/core/src/panicking.rs:80:14
[INFO] [stdout]   19:     0x6256953db4b4 - <trybuild[dfc670f03aeef405]::Runner>::run
[INFO] [stdout]                                at /opt/rustwide/cargo-home/registry/src/index.crates.io-1949cf8c6b5b557f/trybuild-1.0.119/src/run.rs:102:13
[INFO] [stdout]   20:     0x6256953e64c8 - <trybuild[dfc670f03aeef405]::TestCases as core[a373ad73a504971]::ops::drop::Drop>::drop
[INFO] [stdout]                                at /opt/rustwide/cargo-home/registry/src/index.crates.io-1949cf8c6b5b557f/trybuild-1.0.119/src/lib.rs:342:38
[INFO] [stdout]   21:     0x6256952debf7 - core[a373ad73a504971]::ptr::drop_glue::<trybuild[dfc670f03aeef405]::TestCases>
[INFO] [stdout]                                at /rustc/e3feeb59cd1bdd011a2bfcc0747b55125d9b8527/library/core/src/ptr/mod.rs:848:1
[INFO] [stdout]   22:     0x6256952dee03 - compile_fail[9198961be5366069]::misuses_do_not_compile
[INFO] [stdout]                                at /opt/rustwide/workdir/tests/compile_fail.rs:10:1
[INFO] [stdout]   23:     0x6256952ded57 - compile_fail[9198961be5366069]::misuses_do_not_compile::{closure#0}
[INFO] [stdout]                                at /opt/rustwide/workdir/tests/compile_fail.rs:7:28
[INFO] [stdout]   24:     0x6256952df266 - <compile_fail[9198961be5366069]::misuses_do_not_compile::{closure#0} as core[a373ad73a504971]::ops::function::FnOnce<()>>::call_once
[INFO] [stdout]                                at /rustc/e3feeb59cd1bdd011a2bfcc0747b55125d9b8527/library/core/src/ops/function.rs:250:5
[INFO] [stdout]   25:     0x6256954f801b - <fn() -> core[a373ad73a504971]::result::Result<(), alloc[2e1b2a31b91974c5]::string::String> as core[a373ad73a504971]::ops::function::FnOnce<()>>::call_once
[INFO] [stdout]                                at /rustc/e3feeb59cd1bdd011a2bfcc0747b55125d9b8527/library/core/src/ops/function.rs:250:5
[INFO] [stdout]   26:     0x6256954f801b - test[aada8e7e76ba119b]::__rust_begin_short_backtrace::<core[a373ad73a504971]::result::Result<(), alloc[2e1b2a31b91974c5]::string::String>, fn() -> core[a373ad73a504971]::result::Result<(), alloc[2e1b2a31b91974c5]::string::String>>
[INFO] [stdout]                                at /rustc/e3feeb59cd1bdd011a2bfcc0747b55125d9b8527/library/test/src/lib.rs:701:18
[INFO] [stdout]   27:     0x6256955051f5 - test[aada8e7e76ba119b]::run_test_in_process::{closure#0}
[INFO] [stdout]                                at /rustc/e3feeb59cd1bdd011a2bfcc0747b55125d9b8527/library/test/src/lib.rs:724:74
[INFO] [stdout]   28:     0x6256955051f5 - <core[a373ad73a504971]::panic::unwind_safe::AssertUnwindSafe<test[aada8e7e76ba119b]::run_test_in_process::{closure#0}> as core[a373ad73a504971]::ops::function::FnOnce<()>>::call_once
[INFO] [stdout]                                at /rustc/e3feeb59cd1bdd011a2bfcc0747b55125d9b8527/library/core/src/panic/unwind_safe.rs:275:9
[INFO] [stdout]   29:     0x6256955051f5 - std[617be2ca0a6fd877]::panicking::catch_unwind::do_call::<core[a373ad73a504971]::panic::unwind_safe::AssertUnwindSafe<test[aada8e7e76ba119b]::run_test_in_process::{closure#0}>, core[a373ad73a504971]::result::Result<(), alloc[2e1b2a31b91974c5]::string::String>>
[INFO] [stdout]                                at /rustc/e3feeb59cd1bdd011a2bfcc0747b55125d9b8527/library/std/src/panicking.rs:573:43
[INFO] [stdout]   30:     0x6256955051f5 - std[617be2ca0a6fd877]::panicking::catch_unwind::<core[a373ad73a504971]::result::Result<(), alloc[2e1b2a31b91974c5]::string::String>, core[a373ad73a504971]::panic::unwind_safe::AssertUnwindSafe<test[aada8e7e76ba119b]::run_test_in_process::{closure#0}>>
[INFO] [stdout]                                at /rustc/e3feeb59cd1bdd011a2bfcc0747b55125d9b8527/library/std/src/panicking.rs:541:19
[INFO] [stdout]   31:     0x6256955051f5 - std[617be2ca0a6fd877]::panic::catch_unwind::<core[a373ad73a504971]::panic::unwind_safe::AssertUnwindSafe<test[aada8e7e76ba119b]::run_test_in_process::{closure#0}>, core[a373ad73a504971]::result::Result<(), alloc[2e1b2a31b91974c5]::string::String>>
[INFO] [stdout]                                at /rustc/e3feeb59cd1bdd011a2bfcc0747b55125d9b8527/library/std/src/panic.rs:359:14
[INFO] [stdout]   32:     0x6256955051f5 - test[aada8e7e76ba119b]::run_test_in_process
[INFO] [stdout]                                at /rustc/e3feeb59cd1bdd011a2bfcc0747b55125d9b8527/library/test/src/lib.rs:724:27
[INFO] [stdout]   33:     0x6256955051f5 - test[aada8e7e76ba119b]::run_test::{closure#0}
[INFO] [stdout]                                at /rustc/e3feeb59cd1bdd011a2bfcc0747b55125d9b8527/library/test/src/lib.rs:645:43
[INFO] [stdout]   34:     0x6256954feae4 - test[aada8e7e76ba119b]::run_test::{closure#1}
[INFO] [stdout]                                at /rustc/e3feeb59cd1bdd011a2bfcc0747b55125d9b8527/library/test/src/lib.rs:675:41
[INFO] [stdout]   35:     0x6256954feae4 - std[617be2ca0a6fd877]::sys::backtrace::__rust_begin_short_backtrace::<test[aada8e7e76ba119b]::run_test::{closure#1}, ()>
[INFO] [stdout]                                at /rustc/e3feeb59cd1bdd011a2bfcc0747b55125d9b8527/library/std/src/sys/backtrace.rs:166:18
[INFO] [stdout]   36:     0x625695508282 - std[617be2ca0a6fd877]::thread::lifecycle::spawn_unchecked::<test[aada8e7e76ba119b]::run_test::{closure#1}, ()>::{closure#1}::{closure#0}
[INFO] [stdout]                                at /rustc/e3feeb59cd1bdd011a2bfcc0747b55125d9b8527/library/std/src/thread/lifecycle.rs:70:13
[INFO] [stdout]   37:     0x625695508282 - <core[a373ad73a504971]::panic::unwind_safe::AssertUnwindSafe<std[617be2ca0a6fd877]::thread::lifecycle::spawn_unchecked<test[aada8e7e76ba119b]::run_test::{closure#1}, ()>::{closure#1}::{closure#0}> as core[a373ad73a504971]::ops::function::FnOnce<()>>::call_once
[INFO] [stdout]                                at /rustc/e3feeb59cd1bdd011a2bfcc0747b55125d9b8527/library/core/src/panic/unwind_safe.rs:275:9
[INFO] [stdout]   38:     0x625695508282 - std[617be2ca0a6fd877]::panicking::catch_unwind::do_call::<core[a373ad73a504971]::panic::unwind_safe::AssertUnwindSafe<std[617be2ca0a6fd877]::thread::lifecycle::spawn_unchecked<test[aada8e7e76ba119b]::run_test::{closure#1}, ()>::{closure#1}::{closure#0}>, ()>
[INFO] [stdout]                                at /rustc/e3feeb59cd1bdd011a2bfcc0747b55125d9b8527/library/std/src/panicking.rs:573:43
[INFO] [stdout]   39:     0x625695508282 - std[617be2ca0a6fd877]::panicking::catch_unwind::<(), core[a373ad73a504971]::panic::unwind_safe::AssertUnwindSafe<std[617be2ca0a6fd877]::thread::lifecycle::spawn_unchecked<test[aada8e7e76ba119b]::run_test::{closure#1}, ()>::{closure#1}::{closure#0}>>
[INFO] [stdout]                                at /rustc/e3feeb59cd1bdd011a2bfcc0747b55125d9b8527/library/std/src/panicking.rs:541:19
[INFO] [stdout]   40:     0x625695508282 - std[617be2ca0a6fd877]::panic::catch_unwind::<core[a373ad73a504971]::panic::unwind_safe::AssertUnwindSafe<std[617be2ca0a6fd877]::thread::lifecycle::spawn_unchecked<test[aada8e7e76ba119b]::run_test::{closure#1}, ()>::{closure#1}::{closure#0}>, ()>
[INFO] [stdout]                                at /rustc/e3feeb59cd1bdd011a2bfcc0747b55125d9b8527/library/std/src/panic.rs:359:14
[INFO] [stdout]   41:     0x625695508282 - std[617be2ca0a6fd877]::thread::lifecycle::spawn_unchecked::<test[aada8e7e76ba119b]::run_test::{closure#1}, ()>::{closure#1}
[INFO] [stdout]                                at /rustc/e3feeb59cd1bdd011a2bfcc0747b55125d9b8527/library/std/src/thread/lifecycle.rs:68:26
[INFO] [stdout]   42:     0x625695508282 - <std[617be2ca0a6fd877]::thread::lifecycle::spawn_unchecked<test[aada8e7e76ba119b]::run_test::{closure#1}, ()>::{closure#1} as core[a373ad73a504971]::ops::function::FnOnce<()>>::call_once::{shim:vtable#0}
[INFO] [stdout]                                at /rustc/e3feeb59cd1bdd011a2bfcc0747b55125d9b8527/library/core/src/ops/function.rs:250:5
[INFO] [stdout]   43:     0x62569557327f - <alloc[2e1b2a31b91974c5]::boxed::Box<dyn core[a373ad73a504971]::ops::function::FnOnce<(), Output = ()> + core[a373ad73a504971]::marker::Send> as core[a373ad73a504971]::ops::function::FnOnce<()>>::call_once
[INFO] [stdout]                                at /rustc/e3feeb59cd1bdd011a2bfcc0747b55125d9b8527/library/alloc/src/boxed.rs:2314:9
[INFO] [stdout]   44:     0x62569557327f - <std[617be2ca0a6fd877]::sys::thread::unix::Thread>::new::thread_start
[INFO] [stdout]                                at /rustc/e3feeb59cd1bdd011a2bfcc0747b55125d9b8527/library/std/src/sys/thread/unix.rs:127:17
[INFO] [stdout]   45:     0x7e42c5c97dfa - <unknown>
[INFO] [stdout]   46:     0x7e42c5d2b3d4 - clone
[INFO] [stdout]   47:                0x0 - <unknown>
[INFO] [stdout] 
[INFO] [stdout] 
[INFO] [stdout] failures:
[INFO] [stdout]     misuses_do_not_compile
[INFO] [stdout] 
[INFO] [stdout] test result: FAILED. 0 passed; 1 failed; 0 ignored; 0 measured; 0 filtered out; finished in 30.26s
[INFO] [stdout] 
[INFO] [stderr] error: test failed, to rerun pass `--test compile_fail`
[INFO] running `Command { std: "docker" "inspect" "02fd542c22698498ee0f79b32b0fa3b393c5447c41e85988782d980b36a084f9", kill_on_drop: false }`
[INFO] running `Command { std: "docker" "rm" "-f" "02fd542c22698498ee0f79b32b0fa3b393c5447c41e85988782d980b36a084f9", kill_on_drop: false }`
[INFO] [stdout] 02fd542c22698498ee0f79b32b0fa3b393c5447c41e85988782d980b36a084f9
