[INFO] fetching crate cargo-ruukh 0.0.3...
[INFO] testing cargo-ruukh-0.0.3 against 1.100.0-beta.1 for beta-1.100-2
[INFO] extracting crate cargo-ruukh 0.0.3 into /workspace/builds/worker-6-tc2/source
[INFO] started tweaking crates.io crate cargo-ruukh 0.0.3
[INFO] finished tweaking crates.io crate cargo-ruukh 0.0.3
[INFO] tweaked toml for crates.io crate cargo-ruukh 0.0.3 written to /workspace/builds/worker-6-tc2/source/Cargo.toml
[INFO] validating manifest of crates.io crate cargo-ruukh 0.0.3 on toolchain 1.100.0-beta.1
[INFO] running `Command { std: CARGO_HOME="/workspace/cargo-home" RUSTUP_HOME="/workspace/rustup-home" "/workspace/cargo-home/bin/cargo" "+1.100.0-beta.1" "metadata" "--manifest-path" "Cargo.toml" "--no-deps", kill_on_drop: false }`
[INFO] running `Command { std: CARGO_HOME="/workspace/cargo-home" RUSTUP_HOME="/workspace/rustup-home" "/workspace/cargo-home/bin/cargo" "+1.100.0-beta.1" "generate-lockfile" "--manifest-path" "Cargo.toml", kill_on_drop: false }`
[INFO] [stderr]     Updating crates.io index
[INFO] [stderr]      Locking 227 packages to highest compatible versions
[INFO] [stderr]       Adding colored v1.9.4 (available: v3.1.1)
[INFO] [stderr]       Adding notify v4.0.18 (available: v8.2.0)
[INFO] [stderr]       Adding structopt v0.2.18 (available: v0.3.26)
[INFO] [stderr]       Adding toml v0.4.10 (available: v1.1.6+spec-1.1.0)
[INFO] [stderr]       Adding warp v0.1.23 (available: v0.4.3)
[INFO] [stderr]       Adding wasi v0.10.0+wasi-snapshot-preview1 (available: v0.10.2+wasi-snapshot-preview1)
[INFO] running `Command { std: CARGO_HOME="/workspace/cargo-home" RUSTUP_HOME="/workspace/rustup-home" "/workspace/cargo-home/bin/cargo" "+1.100.0-beta.1" "fetch" "--manifest-path" "Cargo.toml", kill_on_drop: false }`
[INFO] [stderr] warning: Cargo.toml: `package.edition` is unspecified, defaulting to `2015` while the latest is `2024`
[INFO] [stderr] warning: `cargo-ruukh` (manifest) generated 1 warning
[INFO] running `Command { std: "docker" "create" "-v" "/var/lib/crater-agent-workspace/builds/worker-6-tc2/source:/opt/rustwide/workdir:ro,Z" "-v" "/var/lib/crater-agent-workspace/builds/worker-6-tc2/target:/opt/rustwide/target:rw,Z" "-v" "/var/lib/crater-agent-workspace/cargo-home:/opt/rustwide/cargo-home:ro,Z" "-v" "/var/lib/crater-agent-workspace/rustup-home:/opt/rustwide/rustup-home:ro,Z" "-m" "1610612736" "--network" "none" "ghcr.io/rust-lang/crates-build-env/linux@sha256:3111399a4047eeb3a02b7a90e478d715f38a8c6669b5c4b49d30a17385265909" "sleep" "infinity", kill_on_drop: false }`
[INFO] [stdout] 7a2ee1f3202864e6eb6c26cbfd75bf2910cfd7c7d84b295d7bd2db56e0792dd0
[INFO] running `Command { std: "docker" "start" "7a2ee1f3202864e6eb6c26cbfd75bf2910cfd7c7d84b295d7bd2db56e0792dd0", kill_on_drop: false }`
[INFO] running `Command { std: "docker" "inspect" "7a2ee1f3202864e6eb6c26cbfd75bf2910cfd7c7d84b295d7bd2db56e0792dd0", kill_on_drop: false }`
[INFO] running `Command { std: "docker" "exec" "-e" "SOURCE_DIR=/opt/rustwide/workdir" "-e" "CARGO_HOME=/opt/rustwide/cargo-home" "-e" "RUSTUP_HOME=/opt/rustwide/rustup-home" "-e" "CARGO_TARGET_DIR=/opt/rustwide/target" "-w" "/opt/rustwide/workdir" "--user" "0:0" "7a2ee1f3202864e6eb6c26cbfd75bf2910cfd7c7d84b295d7bd2db56e0792dd0" "/opt/rustwide/cargo-home/bin/cargo" "+1.100.0-beta.1" "metadata" "--no-deps" "--format-version=1", kill_on_drop: false }`
[INFO] running `Command { std: "docker" "inspect" "7a2ee1f3202864e6eb6c26cbfd75bf2910cfd7c7d84b295d7bd2db56e0792dd0", kill_on_drop: false }`
[INFO] running `Command { std: "docker" "exec" "-e" "SOURCE_DIR=/opt/rustwide/workdir" "-e" "CARGO_HOME=/opt/rustwide/cargo-home" "-e" "RUSTUP_HOME=/opt/rustwide/rustup-home" "-e" "CARGO_TARGET_DIR=/opt/rustwide/target" "-e" "CARGO_INCREMENTAL=0" "-e" "RUST_BACKTRACE=full" "-e" "RUSTFLAGS=--cap-lints=warn" "-e" "RUSTDOCFLAGS=--cap-lints=warn" "-w" "/opt/rustwide/workdir" "--user" "0:0" "7a2ee1f3202864e6eb6c26cbfd75bf2910cfd7c7d84b295d7bd2db56e0792dd0" "/opt/rustwide/cargo-home/bin/cargo" "+1.100.0-beta.1" "build" "--frozen" "--message-format=json", kill_on_drop: false }`
[INFO] [stderr] warning: Cargo.toml: `package.edition` is unspecified, defaulting to `2015` while the latest is `2024`
[INFO] [stderr] warning: `cargo-ruukh` (manifest) generated 1 warning
[INFO] [stderr]    Compiling libc v0.2.190
[INFO] [stderr]    Compiling autocfg v1.5.1
[INFO] [stderr]    Compiling proc-macro2 v1.0.107
[INFO] [stderr]    Compiling unicode-ident v1.0.26
[INFO] [stderr]    Compiling quote v1.0.47
[INFO] [stderr]    Compiling byteorder v1.5.0
[INFO] [stderr]    Compiling log v0.4.34
[INFO] [stderr]    Compiling futures v0.1.31
[INFO] [stderr]    Compiling either v1.18.0
[INFO] [stderr]    Compiling lazy_static v1.5.1
[INFO] [stderr]    Compiling semver-parser v0.7.0
[INFO] [stderr]    Compiling maybe-uninit v2.0.0
[INFO] [stderr]    Compiling stable_deref_trait v1.2.1
[INFO] [stderr]    Compiling rand_core v0.4.3
[INFO] [stderr]    Compiling slab v0.4.12
[INFO] [stderr]    Compiling cfg-if v1.0.5
[INFO] [stderr]    Compiling version_check v0.1.5
[INFO] [stderr]    Compiling litemap v0.8.3
[INFO] [stderr]    Compiling writeable v0.6.4
[INFO] [stderr]    Compiling siphasher v0.2.3
[INFO] [stderr]    Compiling autocfg v0.1.8
[INFO] [stderr]    Compiling utf8_iter v1.0.4
[INFO] [stderr]    Compiling smallvec v0.6.14
[INFO] [stderr]    Compiling icu_properties_data v2.3.0
[INFO] [stderr]    Compiling itoa v0.4.8
[INFO] [stderr]    Compiling icu_normalizer_data v2.3.0
[INFO] [stderr]    Compiling lock_api v0.3.4
[INFO] [stderr]    Compiling memchr v2.8.3
[INFO] [stderr]    Compiling unicase v1.4.2
[INFO] [stderr]    Compiling semver v0.9.0
[INFO] [stderr]    Compiling rand_core v0.3.2
[INFO] [stderr]    Compiling rand_jitter v0.1.4
[INFO] [stderr]    Compiling smallvec v1.16.2
[INFO] [stderr]    Compiling typenum v1.20.1
[INFO] [stderr]    Compiling crossbeam-utils v0.7.2
[INFO] [stderr]    Compiling rand_chacha v0.1.1
[INFO] [stderr]    Compiling rand_pcg v0.1.2
[INFO] [stderr]    Compiling memoffset v0.5.6
[INFO] [stderr]    Compiling rand v0.6.5
[INFO] [stderr]    Compiling crossbeam-epoch v0.8.2
[INFO] [stderr]    Compiling rand_isaac v0.1.1
[INFO] [stderr]    Compiling rustc_version v0.2.3
[INFO] [stderr]    Compiling rand_xorshift v0.1.1
[INFO] [stderr]    Compiling phf_shared v0.7.24
[INFO] [stderr]    Compiling rand_hc v0.1.0
[INFO] [stderr]    Compiling zerocopy v0.8.60
[INFO] [stderr]    Compiling serde_core v1.0.229
[INFO] [stderr]    Compiling proc-macro2 v0.4.30
[INFO] [stderr]    Compiling byte-tools v0.3.1
[INFO] [stderr]    Compiling httparse v1.10.1
[INFO] [stderr]    Compiling phf v0.7.24
[INFO] [stderr]    Compiling block-padding v0.1.5
[INFO] [stderr]    Compiling indexmap v1.9.3
[INFO] [stderr]    Compiling getrandom v0.4.3
[INFO] [stderr]    Compiling serde v1.0.229
[INFO] [stderr]    Compiling parking_lot_core v0.6.3
[INFO] [stderr]    Compiling parking_lot v0.9.0
[INFO] [stderr]    Compiling syn v1.0.109
[INFO] [stderr]    Compiling percent-encoding v2.3.2
[INFO] [stderr]    Compiling crossbeam-queue v0.2.3
[INFO] [stderr]    Compiling rustix v1.1.5
[INFO] [stderr]    Compiling unicode-xid v0.1.0
[INFO] [stderr]    Compiling crossbeam-deque v0.7.4
[INFO] [stderr]    Compiling form_urlencoded v1.2.2
[INFO] [stderr]    Compiling log v0.3.9
[INFO] [stderr]    Compiling unicase v2.10.0
[INFO] [stderr]    Compiling bitflags v2.13.2
[INFO] [stderr]    Compiling object v0.37.3
[INFO] [stderr]    Compiling inotify-sys v0.1.8
[INFO] [stderr]    Compiling linux-raw-sys v0.12.1
[INFO] [stderr]    Compiling fake-simd v0.1.2
[INFO] [stderr]    Compiling hashbrown v0.12.3
[INFO] [stderr]    Compiling zmij v1.0.23
[INFO] [stderr]    Compiling opaque-debug v0.2.3
[INFO] [stderr]    Compiling syn v0.15.44
[INFO] [stderr]    Compiling mime v0.2.6
[INFO] [stderr]    Compiling hyper v0.12.36
[INFO] [stderr]    Compiling mime v0.3.17
[INFO] [stderr]    Compiling mime_guess v2.0.5
[INFO] [stderr]    Compiling unicode-segmentation v1.13.3
[INFO] [stderr]    Compiling try-lock v0.2.5
[INFO] [stderr]    Compiling once_cell v1.21.4
[INFO] [stderr]    Compiling fastrand v2.5.0
[INFO] [stderr]    Compiling tokio-executor v0.1.10
[INFO] [stderr]    Compiling tokio-sync v0.1.8
[INFO] [stderr]    Compiling syn v3.0.6
[INFO] [stderr]    Compiling generic-array v0.12.4
[INFO] [stderr]    Compiling tokio-current-thread v0.1.7
[INFO] [stderr]    Compiling quote v0.6.13
[INFO] [stderr]    Compiling tokio-timer v0.2.13
[INFO] [stderr]    Compiling serde_json v1.0.151
[INFO] [stderr]    Compiling gimli v0.32.3
[INFO] [stderr]    Compiling failure_derive v0.1.8
[INFO] [stderr]    Compiling safemem v0.3.3
[INFO] [stderr]    Compiling adler2 v2.0.1
[INFO] [stderr]    Compiling unicode-xid v0.2.6
[INFO] [stderr]    Compiling unicode-width v0.1.14
[INFO] [stderr]    Compiling digest v0.8.1
[INFO] [stderr]    Compiling block-buffer v0.7.3
[INFO] [stderr]    Compiling miniz_oxide v0.8.9
[INFO] [stderr]    Compiling buf_redux v0.8.4
[INFO] [stderr]    Compiling sha-1 v0.8.2
[INFO] [stderr]    Compiling heck v0.3.3
[INFO] [stderr]    Compiling want v0.2.0
[INFO] [stderr]    Compiling iovec v0.1.4
[INFO] [stderr]    Compiling net2 v0.2.39
[INFO] [stderr]    Compiling num_cpus v1.17.0
[INFO] [stderr]    Compiling rand_os v0.1.3
[INFO] [stderr]    Compiling bytes v0.4.12
[INFO] [stderr]    Compiling getrandom v0.1.16
[INFO] [stderr]    Compiling time v0.1.45
[INFO] [stderr]    Compiling tokio-io v0.1.13
[INFO] [stderr]    Compiling mio v0.6.23
[INFO] [stderr]    Compiling http v0.1.21
[INFO] [stderr]    Compiling tokio-threadpool v0.1.18
[INFO] [stderr]    Compiling rand_core v0.5.1
[INFO] [stderr]    Compiling string v0.2.1
[INFO] [stderr]    Compiling tokio-codec v0.1.2
[INFO] [stderr]    Compiling tokio-buf v0.1.1
[INFO] [stderr]    Compiling futures-cpupool v0.1.8
[INFO] [stderr]    Compiling input_buffer v0.2.0
[INFO] [stderr]    Compiling atty v0.2.14
[INFO] [stderr]    Compiling textwrap v0.11.0
[INFO] [stderr]    Compiling twoway v0.1.8
[INFO] [stderr]    Compiling base64 v0.10.1
[INFO] [stderr]    Compiling lazycell v1.3.0
[INFO] [stderr]    Compiling ansi_term v0.12.1
[INFO] [stderr]    Compiling base64 v0.11.0
[INFO] [stderr]    Compiling rustc-demangle v0.1.28
[INFO] [stderr]    Compiling itoa v1.0.18
[INFO] [stderr]    Compiling same-file v1.0.6
[INFO] [stderr]    Compiling utf-8 v0.7.6
[INFO] [stderr]    Compiling tokio-fs v0.1.7
[INFO] [stderr]    Compiling walkdir v2.5.0
[INFO] [stderr]    Compiling clap v2.34.0
[INFO] [stderr]    Compiling phf_generator v0.7.24
[INFO] [stderr]    Compiling tokio-reactor v0.1.12
[INFO] [stderr]    Compiling mio-uds v0.6.8
[INFO] [stderr]    Compiling mio-extras v2.0.6
[INFO] [stderr]    Compiling phf_codegen v0.7.24
[INFO] [stderr]    Compiling inotify v0.7.1
[INFO] [stderr]    Compiling filetime v0.2.29
[INFO] [stderr]    Compiling mime_guess v1.8.8
[INFO] [stderr]    Compiling tempfile v3.27.0
[INFO] [stderr]    Compiling is-terminal v0.4.17
[INFO] [stderr]    Compiling synstructure v0.12.6
[INFO] [stderr]    Compiling tokio-udp v0.1.6
[INFO] [stderr]    Compiling tokio-uds v0.2.7
[INFO] [stderr]    Compiling tokio-tcp v0.1.4
[INFO] [stderr]    Compiling urlencoding v1.3.3
[INFO] [stderr]    Compiling scoped-tls v1.0.1
[INFO] [stderr]    Compiling tokio v0.1.22
[INFO] [stderr]    Compiling notify v4.0.18
[INFO] [stderr]    Compiling colored v1.9.4
[INFO] [stderr]    Compiling headers-core v0.1.1
[INFO] [stderr]    Compiling http-body v0.1.0
[INFO] [stderr]    Compiling h2 v0.1.26
[INFO] [stderr]    Compiling headers v0.2.3
[INFO] [stderr]    Compiling ppv-lite86 v0.2.21
[INFO] [stderr]    Compiling multipart v0.16.1
[INFO] [stderr]    Compiling addr2line v0.25.1
[INFO] [stderr]    Compiling structopt-derive v0.2.18
[INFO] [stderr]    Compiling synstructure v0.14.0
[INFO] [stderr]    Compiling rand_chacha v0.2.2
[INFO] [stderr]    Compiling rand v0.7.3
[INFO] [stderr]    Compiling zerofrom-derive v0.1.8
[INFO] [stderr]    Compiling yoke-derive v0.8.4
[INFO] [stderr]    Compiling zerovec-derive v0.11.6
[INFO] [stderr]    Compiling displaydoc v0.2.7
[INFO] [stderr]    Compiling serde_derive v1.0.229
[INFO] [stderr]    Compiling structopt v0.2.18
[INFO] [stderr]    Compiling zerofrom v0.1.8
[INFO] [stderr]    Compiling yoke v0.8.3
[INFO] [stderr]    Compiling zerotrie v0.2.5
[INFO] [stderr]    Compiling zerovec v0.11.8
[INFO] [stderr]    Compiling backtrace v0.3.76
[INFO] [stderr]    Compiling tinystr v0.8.4
[INFO] [stderr]    Compiling potential_utf v0.1.6
[INFO] [stderr]    Compiling icu_collections v2.3.0
[INFO] [stderr]    Compiling icu_locale_core v2.3.0
[INFO] [stderr]    Compiling failure v0.1.8
[INFO] [stderr]    Compiling toml v0.4.10
[INFO] [stderr]    Compiling icu_provider v2.3.1
[INFO] [stderr]    Compiling icu_properties v2.3.0
[INFO] [stderr]    Compiling icu_normalizer v2.3.0
[INFO] [stderr]    Compiling idna_adapter v1.2.2
[INFO] [stderr]    Compiling idna v1.1.0
[INFO] [stderr]    Compiling url v2.5.8
[INFO] [stderr]    Compiling tungstenite v0.9.2
[INFO] [stderr]    Compiling serde_urlencoded v0.6.1
[INFO] [stderr]    Compiling warp v0.1.23
[INFO] [stdout] error[E0277]: the trait bound `!: From<()>` is not satisfied
[INFO] [stdout]     --> /opt/rustwide/cargo-home/registry/src/index.crates.io-1949cf8c6b5b557f/warp-0.1.23/src/test.rs:502:30
[INFO] [stdout]      |
[INFO] [stdout]  502 |                     .forward(tx.sink_map_err(|_| ()))
[INFO] [stdout]      |                      ------- ^^^^^^^^^^^^^^^^^^^^^^^ the trait `From<()>` is not implemented for `!`
[INFO] [stdout]      |                      |
[INFO] [stdout]      |                      required by a bound introduced by this call
[INFO] [stdout]      |
[INFO] [stdout] help: the trait `From<()>` is not implemented for `!`
[INFO] [stdout]       but trait `From<zerocopy::error::AlignmentError<_, _>>` is implemented for it
[INFO] [stdout]     --> /opt/rustwide/cargo-home/registry/src/index.crates.io-1949cf8c6b5b557f/zerocopy-0.8.60/src/error.rs:358:1
[INFO] [stdout]      |
[INFO] [stdout]  358 | impl<Src, Dst: ?Sized + Unaligned> From<AlignmentError<Src, Dst>> for Infallible {
[INFO] [stdout]      | ^^^^^^^^^^^^^^^^^^^^^^^^^^^^^^^^^^^^^^^^^^^^^^^^^^^^^^^^^^^^^^^^^^^^^^^^^^^^^^^^
[INFO] [stdout]      = help: for that trait implementation, expected `zerocopy::error::AlignmentError<_, _>`, found `()`
[INFO] [stdout]      = note: this error might have been caused by changes to Rust's type-inference algorithm (see issue #148922 <https://github.com/rust-lang/rust/issues/148922> for more information)
[INFO] [stdout]      = help: you might have intended to use the type `()` here instead
[INFO] [stdout] note: the method call chain might not have had the expected associated types
[INFO] [stdout]     --> /opt/rustwide/cargo-home/registry/src/index.crates.io-1949cf8c6b5b557f/warp-0.1.23/src/test.rs:502:33
[INFO] [stdout]      |
[INFO] [stdout]  502 |                     .forward(tx.sink_map_err(|_| ()))
[INFO] [stdout]      |                              -- ^^^^^^^^^^^^^^^^^^^^ `Sink::SinkError` is `()` here
[INFO] [stdout]      |                              |
[INFO] [stdout]      |                              this expression has type `SplitSink<WebSocket>`
[INFO] [stdout] note: required by a bound in `futures::Stream::forward`
[INFO] [stdout]     --> /opt/rustwide/cargo-home/registry/src/index.crates.io-1949cf8c6b5b557f/futures-0.1.31/src/stream/mod.rs:1068:28
[INFO] [stdout]      |
[INFO] [stdout]  184 | pub trait Stream {
[INFO] [stdout] ...
[INFO] [stdout] 1066 |     fn forward<S>(self, sink: S) -> Forward<Self, S>
[INFO] [stdout] 1067 |         where S: Sink<SinkItem = Self::Item>,
[INFO] [stdout] 1068 |               Self::Error: From<S::SinkError>,
[INFO] [stdout]      |                            ^^^^^^^^^^^^^^^^^^ required by this bound in `Stream::forward`
[INFO] [stdout] 
[INFO] [stdout] 
[INFO] [stdout] error[E0277]: the trait bound `!: From<()>` is not satisfied
[INFO] [stdout]    --> /opt/rustwide/cargo-home/registry/src/index.crates.io-1949cf8c6b5b557f/warp-0.1.23/src/test.rs:498:29
[INFO] [stdout]     |
[INFO] [stdout] 498 |                   let write = wr_rx
[INFO] [stdout]     |  _____________________________^
[INFO] [stdout] 499 | |                     .map_err(|()| {
[INFO] [stdout] 500 | |                         unreachable!("mpsc::Receiver doesn't error");
[INFO] [stdout] 501 | |                     })
[INFO] [stdout] 502 | |                     .forward(tx.sink_map_err(|_| ()))
[INFO] [stdout] 503 | |                     .map(|_| ());
[INFO] [stdout]     | |________________________________^ the trait `From<()>` is not implemented for `!`
[INFO] [stdout]     |
[INFO] [stdout] help: the trait `From<()>` is not implemented for `!`
[INFO] [stdout]       but trait `From<zerocopy::error::AlignmentError<_, _>>` is implemented for it
[INFO] [stdout]    --> /opt/rustwide/cargo-home/registry/src/index.crates.io-1949cf8c6b5b557f/zerocopy-0.8.60/src/error.rs:358:1
[INFO] [stdout]     |
[INFO] [stdout] 358 | impl<Src, Dst: ?Sized + Unaligned> From<AlignmentError<Src, Dst>> for Infallible {
[INFO] [stdout]     | ^^^^^^^^^^^^^^^^^^^^^^^^^^^^^^^^^^^^^^^^^^^^^^^^^^^^^^^^^^^^^^^^^^^^^^^^^^^^^^^^
[INFO] [stdout]     = help: for that trait implementation, expected `zerocopy::error::AlignmentError<_, _>`, found `()`
[INFO] [stdout]     = note: this error might have been caused by changes to Rust's type-inference algorithm (see issue #148922 <https://github.com/rust-lang/rust/issues/148922> for more information)
[INFO] [stdout]     = help: you might have intended to use the type `()` here instead
[INFO] [stdout]     = note: required for `Forward<MapErr<UnboundedReceiver<Message>, {closure@...}>, _>` to implement `futures::Future`
[INFO] [stdout]     = note: the full name for the type has been written to '/opt/rustwide/target/debug/build/warp/2740c92dd63017bd/out/warp-2740c92dd63017bd.long-type-11236337769726831511.txt'
[INFO] [stdout]     = note: consider using `--verbose` to print the full type name to the console
[INFO] [stdout] 
[INFO] [stdout] 
[INFO] [stdout] error[E0277]: the trait bound `!: From<()>` is not satisfied
[INFO] [stdout]    --> /opt/rustwide/cargo-home/registry/src/index.crates.io-1949cf8c6b5b557f/warp-0.1.23/src/test.rs:503:22
[INFO] [stdout]     |
[INFO] [stdout] 503 |                     .map(|_| ());
[INFO] [stdout]     |                      ^^^ the trait `From<()>` is not implemented for `!`
[INFO] [stdout]     |
[INFO] [stdout] help: the trait `From<()>` is not implemented for `!`
[INFO] [stdout]       but trait `From<zerocopy::error::AlignmentError<_, _>>` is implemented for it
[INFO] [stdout]    --> /opt/rustwide/cargo-home/registry/src/index.crates.io-1949cf8c6b5b557f/zerocopy-0.8.60/src/error.rs:358:1
[INFO] [stdout]     |
[INFO] [stdout] 358 | impl<Src, Dst: ?Sized + Unaligned> From<AlignmentError<Src, Dst>> for Infallible {
[INFO] [stdout]     | ^^^^^^^^^^^^^^^^^^^^^^^^^^^^^^^^^^^^^^^^^^^^^^^^^^^^^^^^^^^^^^^^^^^^^^^^^^^^^^^^
[INFO] [stdout]     = help: for that trait implementation, expected `zerocopy::error::AlignmentError<_, _>`, found `()`
[INFO] [stdout]     = note: this error might have been caused by changes to Rust's type-inference algorithm (see issue #148922 <https://github.com/rust-lang/rust/issues/148922> for more information)
[INFO] [stdout]     = help: you might have intended to use the type `()` here instead
[INFO] [stdout]     = note: required for `Forward<MapErr<UnboundedReceiver<Message>, {closure@...}>, _>` to implement `futures::Future`
[INFO] [stdout]     = note: the full name for the type has been written to '/opt/rustwide/target/debug/build/warp/2740c92dd63017bd/out/warp-2740c92dd63017bd.long-type-11236337769726831511.txt'
[INFO] [stdout]     = note: consider using `--verbose` to print the full type name to the console
[INFO] [stdout] 
[INFO] [stdout] 
[INFO] [stdout] error[E0277]: the trait bound `!: From<()>` is not satisfied
[INFO] [stdout]     --> /opt/rustwide/cargo-home/registry/src/index.crates.io-1949cf8c6b5b557f/warp-0.1.23/src/test.rs:510:30
[INFO] [stdout]      |
[INFO] [stdout]  510 |                     .forward(rd_tx.sink_map_err(|_| ()))
[INFO] [stdout]      |                      ------- ^^^^^^^^^^^^^^^^^^^^^^^^^^ the trait `From<()>` is not implemented for `!`
[INFO] [stdout]      |                      |
[INFO] [stdout]      |                      required by a bound introduced by this call
[INFO] [stdout]      |
[INFO] [stdout] help: the trait `From<()>` is not implemented for `!`
[INFO] [stdout]       but trait `From<zerocopy::error::AlignmentError<_, _>>` is implemented for it
[INFO] [stdout]     --> /opt/rustwide/cargo-home/registry/src/index.crates.io-1949cf8c6b5b557f/zerocopy-0.8.60/src/error.rs:358:1
[INFO] [stdout]      |
[INFO] [stdout]  358 | impl<Src, Dst: ?Sized + Unaligned> From<AlignmentError<Src, Dst>> for Infallible {
[INFO] [stdout]      | ^^^^^^^^^^^^^^^^^^^^^^^^^^^^^^^^^^^^^^^^^^^^^^^^^^^^^^^^^^^^^^^^^^^^^^^^^^^^^^^^
[INFO] [stdout]      = help: for that trait implementation, expected `zerocopy::error::AlignmentError<_, _>`, found `()`
[INFO] [stdout]      = note: this error might have been caused by changes to Rust's type-inference algorithm (see issue #148922 <https://github.com/rust-lang/rust/issues/148922> for more information)
[INFO] [stdout]      = help: you might have intended to use the type `()` here instead
[INFO] [stdout] note: the method call chain might not have had the expected associated types
[INFO] [stdout]     --> /opt/rustwide/cargo-home/registry/src/index.crates.io-1949cf8c6b5b557f/warp-0.1.23/src/test.rs:510:36
[INFO] [stdout]      |
[INFO] [stdout]  510 |                     .forward(rd_tx.sink_map_err(|_| ()))
[INFO] [stdout]      |                              ----- ^^^^^^^^^^^^^^^^^^^^ `Sink::SinkError` is `()` here
[INFO] [stdout]      |                              |
[INFO] [stdout]      |                              this expression has type `UnboundedSender<Result<Message, Error>>`
[INFO] [stdout] note: required by a bound in `futures::Stream::forward`
[INFO] [stdout]     --> /opt/rustwide/cargo-home/registry/src/index.crates.io-1949cf8c6b5b557f/futures-0.1.31/src/stream/mod.rs:1068:28
[INFO] [stdout]      |
[INFO] [stdout]  184 | pub trait Stream {
[INFO] [stdout] ...
[INFO] [stdout] 1066 |     fn forward<S>(self, sink: S) -> Forward<Self, S>
[INFO] [stdout] 1067 |         where S: Sink<SinkItem = Self::Item>,
[INFO] [stdout] 1068 |               Self::Error: From<S::SinkError>,
[INFO] [stdout]      |                            ^^^^^^^^^^^^^^^^^^ required by this bound in `Stream::forward`
[INFO] [stdout] 
[INFO] [stdout] 
[INFO] [stdout] error[E0277]: the trait bound `!: From<()>` is not satisfied
[INFO] [stdout]    --> /opt/rustwide/cargo-home/registry/src/index.crates.io-1949cf8c6b5b557f/warp-0.1.23/src/test.rs:505:28
[INFO] [stdout]     |
[INFO] [stdout] 505 |                   let read = rx
[INFO] [stdout]     |  ____________________________^
[INFO] [stdout] 506 | |                     .take_while(|m| {
[INFO] [stdout] 507 | |                         futures::future::ok(!m.is_close())
[INFO] [stdout] 508 | |                     })
[INFO] [stdout] 509 | |                     .then(|result| Ok(result))
[INFO] [stdout] 510 | |                     .forward(rd_tx.sink_map_err(|_| ()))
[INFO] [stdout] 511 | |                     .map(|_| ());
[INFO] [stdout]     | |________________________________^ the trait `From<()>` is not implemented for `!`
[INFO] [stdout]     |
[INFO] [stdout] help: the trait `From<()>` is not implemented for `!`
[INFO] [stdout]       but trait `From<zerocopy::error::AlignmentError<_, _>>` is implemented for it
[INFO] [stdout]    --> /opt/rustwide/cargo-home/registry/src/index.crates.io-1949cf8c6b5b557f/zerocopy-0.8.60/src/error.rs:358:1
[INFO] [stdout]     |
[INFO] [stdout] 358 | impl<Src, Dst: ?Sized + Unaligned> From<AlignmentError<Src, Dst>> for Infallible {
[INFO] [stdout]     | ^^^^^^^^^^^^^^^^^^^^^^^^^^^^^^^^^^^^^^^^^^^^^^^^^^^^^^^^^^^^^^^^^^^^^^^^^^^^^^^^
[INFO] [stdout]     = help: for that trait implementation, expected `zerocopy::error::AlignmentError<_, _>`, found `()`
[INFO] [stdout]     = note: this error might have been caused by changes to Rust's type-inference algorithm (see issue #148922 <https://github.com/rust-lang/rust/issues/148922> for more information)
[INFO] [stdout]     = help: you might have intended to use the type `()` here instead
[INFO] [stdout]     = note: required for `Forward<Then<TakeWhile<_, {closure@...}, _>, {closure@...}, _>, _>` to implement `futures::Future`
[INFO] [stdout]     = note: the full name for the type has been written to '/opt/rustwide/target/debug/build/warp/2740c92dd63017bd/out/warp-2740c92dd63017bd.long-type-3461986067331166444.txt'
[INFO] [stdout]     = note: consider using `--verbose` to print the full type name to the console
[INFO] [stdout] 
[INFO] [stdout] 
[INFO] [stdout] error[E0277]: the trait bound `!: From<()>` is not satisfied
[INFO] [stdout]    --> /opt/rustwide/cargo-home/registry/src/index.crates.io-1949cf8c6b5b557f/warp-0.1.23/src/test.rs:511:22
[INFO] [stdout]     |
[INFO] [stdout] 511 |                     .map(|_| ());
[INFO] [stdout]     |                      ^^^ the trait `From<()>` is not implemented for `!`
[INFO] [stdout]     |
[INFO] [stdout] help: the trait `From<()>` is not implemented for `!`
[INFO] [stdout]       but trait `From<zerocopy::error::AlignmentError<_, _>>` is implemented for it
[INFO] [stdout]    --> /opt/rustwide/cargo-home/registry/src/index.crates.io-1949cf8c6b5b557f/zerocopy-0.8.60/src/error.rs:358:1
[INFO] [stdout]     |
[INFO] [stdout] 358 | impl<Src, Dst: ?Sized + Unaligned> From<AlignmentError<Src, Dst>> for Infallible {
[INFO] [stdout]     | ^^^^^^^^^^^^^^^^^^^^^^^^^^^^^^^^^^^^^^^^^^^^^^^^^^^^^^^^^^^^^^^^^^^^^^^^^^^^^^^^
[INFO] [stdout]     = help: for that trait implementation, expected `zerocopy::error::AlignmentError<_, _>`, found `()`
[INFO] [stdout]     = note: this error might have been caused by changes to Rust's type-inference algorithm (see issue #148922 <https://github.com/rust-lang/rust/issues/148922> for more information)
[INFO] [stdout]     = help: you might have intended to use the type `()` here instead
[INFO] [stdout]     = note: required for `Forward<Then<TakeWhile<_, {closure@...}, _>, {closure@...}, _>, _>` to implement `futures::Future`
[INFO] [stdout]     = note: the full name for the type has been written to '/opt/rustwide/target/debug/build/warp/2740c92dd63017bd/out/warp-2740c92dd63017bd.long-type-3461986067331166444.txt'
[INFO] [stdout]     = note: consider using `--verbose` to print the full type name to the console
[INFO] [stdout] 
[INFO] [stdout] 
[INFO] [stdout] error[E0277]: the trait bound `!: From<()>` is not satisfied
[INFO] [stdout]    --> /opt/rustwide/cargo-home/registry/src/index.crates.io-1949cf8c6b5b557f/warp-0.1.23/src/test.rs:513:35
[INFO] [stdout]     |
[INFO] [stdout] 513 |                 rt.block_on(write.join(read)).expect("websocket forward");
[INFO] [stdout]     |                                   ^^^^ the trait `From<()>` is not implemented for `!`
[INFO] [stdout]     |
[INFO] [stdout] help: the trait `From<()>` is not implemented for `!`
[INFO] [stdout]       but trait `From<zerocopy::error::AlignmentError<_, _>>` is implemented for it
[INFO] [stdout]    --> /opt/rustwide/cargo-home/registry/src/index.crates.io-1949cf8c6b5b557f/zerocopy-0.8.60/src/error.rs:358:1
[INFO] [stdout]     |
[INFO] [stdout] 358 | impl<Src, Dst: ?Sized + Unaligned> From<AlignmentError<Src, Dst>> for Infallible {
[INFO] [stdout]     | ^^^^^^^^^^^^^^^^^^^^^^^^^^^^^^^^^^^^^^^^^^^^^^^^^^^^^^^^^^^^^^^^^^^^^^^^^^^^^^^^
[INFO] [stdout]     = help: for that trait implementation, expected `zerocopy::error::AlignmentError<_, _>`, found `()`
[INFO] [stdout]     = note: this error might have been caused by changes to Rust's type-inference algorithm (see issue #148922 <https://github.com/rust-lang/rust/issues/148922> for more information)
[INFO] [stdout]     = help: you might have intended to use the type `()` here instead
[INFO] [stdout]     = note: required for `Forward<Then<TakeWhile<_, {closure@...}, _>, {closure@...}, _>, _>` to implement `futures::Future`
[INFO] [stdout]     = note: 1 redundant requirement hidden
[INFO] [stdout]     = note: required for `Map<Forward<Then<_, {closure@...}, _>, _>, {closure@...}>` to implement `futures::Future`
[INFO] [stdout] note: required by a bound in `futures::future::Join`
[INFO] [stdout]    --> /opt/rustwide/cargo-home/registry/src/index.crates.io-1949cf8c6b5b557f/futures-0.1.31/src/future/join.rs:17:25
[INFO] [stdout]     |
[INFO] [stdout]  17 |                     $($B: Future<Error=A::Error>),*
[INFO] [stdout]     |                           ^^^^^^^^^^^^^^^^^^^^^^ required by this bound in `Join`
[INFO] [stdout] ...
[INFO] [stdout] 117 | / generate! {
[INFO] [stdout] 118 | |     /// Future for the `join` combinator, waiting for two futures to
[INFO] [stdout] 119 | |     /// complete.
[INFO] [stdout] 120 | |     ///
[INFO] [stdout] 121 | |     /// This is created by the `Future::join` method.
[INFO] [stdout] 122 | |     (Join, new, <A, B>),
[INFO] [stdout] ...   |
[INFO] [stdout] 140 | |     (Join5, new5, <A, B, C, D, E>),
[INFO] [stdout] 141 | | }
[INFO] [stdout]     | |_- in this macro invocation
[INFO] [stdout]     = note: the full name for the type has been written to '/opt/rustwide/target/debug/build/warp/2740c92dd63017bd/out/warp-2740c92dd63017bd.long-type-3461986067331166444.txt'
[INFO] [stdout]     = note: consider using `--verbose` to print the full type name to the console
[INFO] [stdout]     = note: this error originates in the macro `generate` (in Nightly builds, run with -Z macro-backtrace for more info)
[INFO] [stdout] 
[INFO] [stdout] 
[INFO] [stdout] For more information about this error, try `rustc --explain E0277`.
[INFO] [stdout] 
[INFO] [stderr] error: could not compile `warp` (lib) due to 7 previous errors
[INFO] running `Command { std: "docker" "inspect" "7a2ee1f3202864e6eb6c26cbfd75bf2910cfd7c7d84b295d7bd2db56e0792dd0", kill_on_drop: false }`
[INFO] running `Command { std: "docker" "rm" "-f" "7a2ee1f3202864e6eb6c26cbfd75bf2910cfd7c7d84b295d7bd2db56e0792dd0", kill_on_drop: false }`
[INFO] [stdout] 7a2ee1f3202864e6eb6c26cbfd75bf2910cfd7c7d84b295d7bd2db56e0792dd0
