[INFO] fetching crate autd3capi-wrapper-generator 18.0.1...
[INFO] testing autd3capi-wrapper-generator-18.0.1 against 1.100.0-beta.1 for beta-1.100-2
[INFO] extracting crate autd3capi-wrapper-generator 18.0.1 into /workspace/builds/worker-5-tc2/source
[INFO] started tweaking crates.io crate autd3capi-wrapper-generator 18.0.1
[INFO] finished tweaking crates.io crate autd3capi-wrapper-generator 18.0.1
[INFO] tweaked toml for crates.io crate autd3capi-wrapper-generator 18.0.1 written to /workspace/builds/worker-5-tc2/source/Cargo.toml
[INFO] validating manifest of crates.io crate autd3capi-wrapper-generator 18.0.1 on toolchain 1.100.0-beta.1
[INFO] running `Command { std: CARGO_HOME="/workspace/cargo-home" RUSTUP_HOME="/workspace/rustup-home" "/workspace/cargo-home/bin/cargo" "+1.100.0-beta.1" "metadata" "--manifest-path" "Cargo.toml" "--no-deps", kill_on_drop: false }`
[INFO] running `Command { std: CARGO_HOME="/workspace/cargo-home" RUSTUP_HOME="/workspace/rustup-home" "/workspace/cargo-home/bin/cargo" "+1.100.0-beta.1" "generate-lockfile" "--manifest-path" "Cargo.toml", kill_on_drop: false }`
[INFO] [stderr]     Updating crates.io index
[INFO] [stderr]      Locking 63 packages to highest compatible versions
[INFO] [stderr]       Adding cargo_metadata v0.18.1 (available: v0.23.1)
[INFO] [stderr]       Adding cbindgen v0.26.0 (available: v0.29.4)
[INFO] [stderr]       Adding convert_case v0.6.0 (available: v0.12.0)
[INFO] [stderr]       Adding itertools v0.12.1 (available: v0.15.0)
[INFO] [stderr]       Adding syn v2.0.119 (available: v3.0.6)
[INFO] running `Command { std: CARGO_HOME="/workspace/cargo-home" RUSTUP_HOME="/workspace/rustup-home" "/workspace/cargo-home/bin/cargo" "+1.100.0-beta.1" "fetch" "--manifest-path" "Cargo.toml", kill_on_drop: false }`
[INFO] running `Command { std: "docker" "create" "-v" "/var/lib/crater-agent-workspace/builds/worker-5-tc2/source:/opt/rustwide/workdir:ro,Z" "-v" "/var/lib/crater-agent-workspace/builds/worker-5-tc2/target:/opt/rustwide/target:rw,Z" "-v" "/var/lib/crater-agent-workspace/cargo-home:/opt/rustwide/cargo-home:ro,Z" "-v" "/var/lib/crater-agent-workspace/rustup-home:/opt/rustwide/rustup-home:ro,Z" "-m" "1610612736" "--network" "none" "ghcr.io/rust-lang/crates-build-env/linux@sha256:3111399a4047eeb3a02b7a90e478d715f38a8c6669b5c4b49d30a17385265909" "sleep" "infinity", kill_on_drop: false }`
[INFO] [stdout] 30f3d38773a4dbf23d990bf351ef8f0374a5ed288c03ca5b72d926c381a500f7
[INFO] running `Command { std: "docker" "start" "30f3d38773a4dbf23d990bf351ef8f0374a5ed288c03ca5b72d926c381a500f7", kill_on_drop: false }`
[INFO] running `Command { std: "docker" "inspect" "30f3d38773a4dbf23d990bf351ef8f0374a5ed288c03ca5b72d926c381a500f7", kill_on_drop: false }`
[INFO] running `Command { std: "docker" "exec" "-e" "SOURCE_DIR=/opt/rustwide/workdir" "-e" "CARGO_HOME=/opt/rustwide/cargo-home" "-e" "RUSTUP_HOME=/opt/rustwide/rustup-home" "-e" "CARGO_TARGET_DIR=/opt/rustwide/target" "-w" "/opt/rustwide/workdir" "--user" "0:0" "30f3d38773a4dbf23d990bf351ef8f0374a5ed288c03ca5b72d926c381a500f7" "/opt/rustwide/cargo-home/bin/cargo" "+1.100.0-beta.1" "metadata" "--no-deps" "--format-version=1", kill_on_drop: false }`
[INFO] running `Command { std: "docker" "inspect" "30f3d38773a4dbf23d990bf351ef8f0374a5ed288c03ca5b72d926c381a500f7", kill_on_drop: false }`
[INFO] running `Command { std: "docker" "exec" "-e" "SOURCE_DIR=/opt/rustwide/workdir" "-e" "CARGO_HOME=/opt/rustwide/cargo-home" "-e" "RUSTUP_HOME=/opt/rustwide/rustup-home" "-e" "CARGO_TARGET_DIR=/opt/rustwide/target" "-e" "CARGO_INCREMENTAL=0" "-e" "RUST_BACKTRACE=full" "-e" "RUSTFLAGS=--cap-lints=warn" "-e" "RUSTDOCFLAGS=--cap-lints=warn" "-w" "/opt/rustwide/workdir" "--user" "0:0" "30f3d38773a4dbf23d990bf351ef8f0374a5ed288c03ca5b72d926c381a500f7" "/opt/rustwide/cargo-home/bin/cargo" "+1.100.0-beta.1" "build" "--frozen" "--message-format=json", kill_on_drop: false }`
[INFO] [stderr]    Compiling proc-macro2 v1.0.107
[INFO] [stderr]    Compiling unicode-ident v1.0.26
[INFO] [stderr]    Compiling serde_core v1.0.229
[INFO] [stderr]    Compiling libc v0.2.190
[INFO] [stderr]    Compiling serde_json v1.0.151
[INFO] [stderr]    Compiling getrandom v0.4.3
[INFO] [stderr]    Compiling rustix v1.1.5
[INFO] [stderr]    Compiling syn v1.0.109
[INFO] [stderr]    Compiling quote v1.0.47
[INFO] [stderr]    Compiling indexmap v1.9.3
[INFO] [stderr]    Compiling aho-corasick v1.1.5
[INFO] [stderr]    Compiling camino v1.2.6
[INFO] [stderr]    Compiling regex-syntax v0.8.11
[INFO] [stderr]    Compiling bitflags v2.13.2
[INFO] [stderr]    Compiling cfg-if v1.0.5
[INFO] [stderr]    Compiling fastrand v2.5.0
[INFO] [stderr]    Compiling once_cell v1.21.4
[INFO] [stderr]    Compiling cbindgen v0.26.0
[INFO] [stderr]    Compiling textwrap v0.16.4
[INFO] [stderr]    Compiling log v0.4.34
[INFO] [stderr]    Compiling either v1.18.0
[INFO] [stderr]    Compiling heck v0.4.1
[INFO] [stderr]    Compiling unicode-segmentation v1.13.3
[INFO] [stderr]    Compiling itertools v0.12.1
[INFO] [stderr]    Compiling syn v3.0.6
[INFO] [stderr]    Compiling syn v2.0.119
[INFO] [stderr]    Compiling convert_case v0.6.0
[INFO] [stderr]    Compiling atty v0.2.14
[INFO] [stderr]    Compiling clap v3.2.25
[INFO] [stderr]    Compiling tempfile v3.27.0
[INFO] [stderr]    Compiling regex-automata v0.4.18
[INFO] [stderr]    Compiling serde_derive v1.0.229
[INFO] [stderr]    Compiling thiserror-impl v1.0.69
[INFO] [stderr]    Compiling thiserror v1.0.69
[INFO] [stderr]    Compiling semver v1.0.28
[INFO] [stderr]    Compiling regex v1.13.1
[INFO] [stderr]    Compiling csbindgen v1.9.8
[INFO] [stderr]    Compiling serde v1.0.229
[INFO] [stderr]    Compiling toml v0.5.11
[INFO] [stderr]    Compiling cargo-platform v0.1.9
[INFO] [stderr]    Compiling cargo_metadata v0.18.1
[INFO] [stderr]    Compiling autd3capi-wrapper-generator v18.0.1 (/opt/rustwide/workdir)
[INFO] [stdout] error[E0277]: a value of type `!` cannot be built from an iterator over elements of type `()`
[INFO] [stdout]     --> src/python.rs:307:22
[INFO] [stdout]      |
[INFO] [stdout]  307 |                     .try_collect()?;
[INFO] [stdout]      |                      ^^^^^^^^^^^ value of type `!` cannot be built from `std::iter::Iterator<Item=()>`
[INFO] [stdout]      |
[INFO] [stdout]      = help: the trait `FromIterator<()>` is not implemented for `!`
[INFO] [stdout] help: the trait `FromIterator<Result<T, E>>` is conditionally implemented for `Result<V, E>`
[INFO] [stdout]     --> /rustc/e3feeb59cd1bdd011a2bfcc0747b55125d9b8527/library/core/src/result.rs:2114:14
[INFO] [stdout]      |
[INFO] [stdout]      = note: unsatisfied requirement introduced here: `!: FromIterator<()>`
[INFO] [stdout]      = note: this error might have been caused by changes to Rust's type-inference algorithm (see issue #148922 <https://github.com/rust-lang/rust/issues/148922> for more information)
[INFO] [stdout]      = help: you might have intended to use the type `()` here instead
[INFO] [stdout]      = note: required for `Result<!, std::io::Error>` to implement `FromIterator<Result<(), std::io::Error>>`
[INFO] [stdout] note: required by a bound in `itertools::Itertools::try_collect`
[INFO] [stdout]     --> /opt/rustwide/cargo-home/registry/src/index.crates.io-1949cf8c6b5b557f/itertools-0.12.1/src/lib.rs:2226:23
[INFO] [stdout]      |
[INFO] [stdout]  410 | pub trait Itertools: Iterator {
[INFO] [stdout] ...
[INFO] [stdout] 2223 |     fn try_collect<T, U, E>(self) -> Result<U, E>
[INFO] [stdout] ...
[INFO] [stdout] 2226 |         Result<U, E>: FromIterator<Result<T, E>>,
[INFO] [stdout]      |                       ^^^^^^^^^^^^^^^^^^^^^^^^^^ required by this bound in `Itertools::try_collect`
[INFO] [stdout] 
[INFO] [stdout] 
[INFO] [stdout] error[E0277]: a value of type `!` cannot be built from an iterator over elements of type `()`
[INFO] [stdout]     --> src/python.rs:318:14
[INFO] [stdout]      |
[INFO] [stdout]  318 |             .try_collect()?;
[INFO] [stdout]      |              ^^^^^^^^^^^ value of type `!` cannot be built from `std::iter::Iterator<Item=()>`
[INFO] [stdout]      |
[INFO] [stdout]      = help: the trait `FromIterator<()>` is not implemented for `!`
[INFO] [stdout] help: the trait `FromIterator<Result<T, E>>` is conditionally implemented for `Result<V, E>`
[INFO] [stdout]     --> /rustc/e3feeb59cd1bdd011a2bfcc0747b55125d9b8527/library/core/src/result.rs:2114:14
[INFO] [stdout]      |
[INFO] [stdout]      = note: unsatisfied requirement introduced here: `!: FromIterator<()>`
[INFO] [stdout]      = note: this error might have been caused by changes to Rust's type-inference algorithm (see issue #148922 <https://github.com/rust-lang/rust/issues/148922> for more information)
[INFO] [stdout]      = help: you might have intended to use the type `()` here instead
[INFO] [stdout]      = note: required for `Result<!, std::io::Error>` to implement `FromIterator<Result<(), std::io::Error>>`
[INFO] [stdout] note: required by a bound in `itertools::Itertools::try_collect`
[INFO] [stdout]     --> /opt/rustwide/cargo-home/registry/src/index.crates.io-1949cf8c6b5b557f/itertools-0.12.1/src/lib.rs:2226:23
[INFO] [stdout]      |
[INFO] [stdout]  410 | pub trait Itertools: Iterator {
[INFO] [stdout] ...
[INFO] [stdout] 2223 |     fn try_collect<T, U, E>(self) -> Result<U, E>
[INFO] [stdout] ...
[INFO] [stdout] 2226 |         Result<U, E>: FromIterator<Result<T, E>>,
[INFO] [stdout]      |                       ^^^^^^^^^^^^^^^^^^^^^^^^^^ required by this bound in `Itertools::try_collect`
[INFO] [stdout] 
[INFO] [stdout] 
[INFO] [stdout] error[E0277]: a value of type `!` cannot be built from an iterator over elements of type `()`
[INFO] [stdout]     --> src/python.rs:337:14
[INFO] [stdout]      |
[INFO] [stdout]  337 |             .try_collect()?;
[INFO] [stdout]      |              ^^^^^^^^^^^ value of type `!` cannot be built from `std::iter::Iterator<Item=()>`
[INFO] [stdout]      |
[INFO] [stdout]      = help: the trait `FromIterator<()>` is not implemented for `!`
[INFO] [stdout] help: the trait `FromIterator<Result<T, E>>` is conditionally implemented for `Result<V, E>`
[INFO] [stdout]     --> /rustc/e3feeb59cd1bdd011a2bfcc0747b55125d9b8527/library/core/src/result.rs:2114:14
[INFO] [stdout]      |
[INFO] [stdout]      = note: unsatisfied requirement introduced here: `!: FromIterator<()>`
[INFO] [stdout]      = note: this error might have been caused by changes to Rust's type-inference algorithm (see issue #148922 <https://github.com/rust-lang/rust/issues/148922> for more information)
[INFO] [stdout]      = help: you might have intended to use the type `()` here instead
[INFO] [stdout]      = note: required for `Result<!, std::io::Error>` to implement `FromIterator<Result<(), std::io::Error>>`
[INFO] [stdout] note: required by a bound in `itertools::Itertools::try_collect`
[INFO] [stdout]     --> /opt/rustwide/cargo-home/registry/src/index.crates.io-1949cf8c6b5b557f/itertools-0.12.1/src/lib.rs:2226:23
[INFO] [stdout]      |
[INFO] [stdout]  410 | pub trait Itertools: Iterator {
[INFO] [stdout] ...
[INFO] [stdout] 2223 |     fn try_collect<T, U, E>(self) -> Result<U, E>
[INFO] [stdout] ...
[INFO] [stdout] 2226 |         Result<U, E>: FromIterator<Result<T, E>>,
[INFO] [stdout]      |                       ^^^^^^^^^^^^^^^^^^^^^^^^^^ required by this bound in `Itertools::try_collect`
[INFO] [stdout] 
[INFO] [stdout] 
[INFO] [stdout] error[E0277]: a value of type `!` cannot be built from an iterator over elements of type `()`
[INFO] [stdout]     --> src/python.rs:360:14
[INFO] [stdout]      |
[INFO] [stdout]  360 |             .try_collect()?;
[INFO] [stdout]      |              ^^^^^^^^^^^ value of type `!` cannot be built from `std::iter::Iterator<Item=()>`
[INFO] [stdout]      |
[INFO] [stdout]      = help: the trait `FromIterator<()>` is not implemented for `!`
[INFO] [stdout] help: the trait `FromIterator<Result<T, E>>` is conditionally implemented for `Result<V, E>`
[INFO] [stdout]     --> /rustc/e3feeb59cd1bdd011a2bfcc0747b55125d9b8527/library/core/src/result.rs:2114:14
[INFO] [stdout]      |
[INFO] [stdout]      = note: unsatisfied requirement introduced here: `!: FromIterator<()>`
[INFO] [stdout]      = note: this error might have been caused by changes to Rust's type-inference algorithm (see issue #148922 <https://github.com/rust-lang/rust/issues/148922> for more information)
[INFO] [stdout]      = help: you might have intended to use the type `()` here instead
[INFO] [stdout]      = note: required for `Result<!, std::io::Error>` to implement `FromIterator<Result<(), std::io::Error>>`
[INFO] [stdout] note: required by a bound in `itertools::Itertools::try_collect`
[INFO] [stdout]     --> /opt/rustwide/cargo-home/registry/src/index.crates.io-1949cf8c6b5b557f/itertools-0.12.1/src/lib.rs:2226:23
[INFO] [stdout]      |
[INFO] [stdout]  410 | pub trait Itertools: Iterator {
[INFO] [stdout] ...
[INFO] [stdout] 2223 |     fn try_collect<T, U, E>(self) -> Result<U, E>
[INFO] [stdout] ...
[INFO] [stdout] 2226 |         Result<U, E>: FromIterator<Result<T, E>>,
[INFO] [stdout]      |                       ^^^^^^^^^^^^^^^^^^^^^^^^^^ required by this bound in `Itertools::try_collect`
[INFO] [stdout] 
[INFO] [stdout] 
[INFO] [stdout] error[E0277]: a value of type `!` cannot be built from an iterator over elements of type `()`
[INFO] [stdout]     --> src/python.rs:374:14
[INFO] [stdout]      |
[INFO] [stdout]  374 |             .try_collect()?;
[INFO] [stdout]      |              ^^^^^^^^^^^ value of type `!` cannot be built from `std::iter::Iterator<Item=()>`
[INFO] [stdout]      |
[INFO] [stdout]      = help: the trait `FromIterator<()>` is not implemented for `!`
[INFO] [stdout] help: the trait `FromIterator<Result<T, E>>` is conditionally implemented for `Result<V, E>`
[INFO] [stdout]     --> /rustc/e3feeb59cd1bdd011a2bfcc0747b55125d9b8527/library/core/src/result.rs:2114:14
[INFO] [stdout]      |
[INFO] [stdout]      = note: unsatisfied requirement introduced here: `!: FromIterator<()>`
[INFO] [stdout]      = note: this error might have been caused by changes to Rust's type-inference algorithm (see issue #148922 <https://github.com/rust-lang/rust/issues/148922> for more information)
[INFO] [stdout]      = help: you might have intended to use the type `()` here instead
[INFO] [stdout]      = note: required for `Result<!, std::io::Error>` to implement `FromIterator<Result<(), std::io::Error>>`
[INFO] [stdout] note: required by a bound in `itertools::Itertools::try_collect`
[INFO] [stdout]     --> /opt/rustwide/cargo-home/registry/src/index.crates.io-1949cf8c6b5b557f/itertools-0.12.1/src/lib.rs:2226:23
[INFO] [stdout]      |
[INFO] [stdout]  410 | pub trait Itertools: Iterator {
[INFO] [stdout] ...
[INFO] [stdout] 2223 |     fn try_collect<T, U, E>(self) -> Result<U, E>
[INFO] [stdout] ...
[INFO] [stdout] 2226 |         Result<U, E>: FromIterator<Result<T, E>>,
[INFO] [stdout]      |                       ^^^^^^^^^^^^^^^^^^^^^^^^^^ required by this bound in `Itertools::try_collect`
[INFO] [stdout] 
[INFO] [stdout] 
[INFO] [stdout] error[E0277]: a value of type `!` cannot be built from an iterator over elements of type `()`
[INFO] [stdout]     --> src/python.rs:439:14
[INFO] [stdout]      |
[INFO] [stdout]  439 |             .try_collect()?;
[INFO] [stdout]      |              ^^^^^^^^^^^ value of type `!` cannot be built from `std::iter::Iterator<Item=()>`
[INFO] [stdout]      |
[INFO] [stdout]      = help: the trait `FromIterator<()>` is not implemented for `!`
[INFO] [stdout] help: the trait `FromIterator<Result<T, E>>` is conditionally implemented for `Result<V, E>`
[INFO] [stdout]     --> /rustc/e3feeb59cd1bdd011a2bfcc0747b55125d9b8527/library/core/src/result.rs:2114:14
[INFO] [stdout]      |
[INFO] [stdout]      = note: unsatisfied requirement introduced here: `!: FromIterator<()>`
[INFO] [stdout]      = note: this error might have been caused by changes to Rust's type-inference algorithm (see issue #148922 <https://github.com/rust-lang/rust/issues/148922> for more information)
[INFO] [stdout]      = help: you might have intended to use the type `()` here instead
[INFO] [stdout]      = note: required for `Result<!, std::io::Error>` to implement `FromIterator<Result<(), std::io::Error>>`
[INFO] [stdout] note: required by a bound in `itertools::Itertools::try_collect`
[INFO] [stdout]     --> /opt/rustwide/cargo-home/registry/src/index.crates.io-1949cf8c6b5b557f/itertools-0.12.1/src/lib.rs:2226:23
[INFO] [stdout]      |
[INFO] [stdout]  410 | pub trait Itertools: Iterator {
[INFO] [stdout] ...
[INFO] [stdout] 2223 |     fn try_collect<T, U, E>(self) -> Result<U, E>
[INFO] [stdout] ...
[INFO] [stdout] 2226 |         Result<U, E>: FromIterator<Result<T, E>>,
[INFO] [stdout]      |                       ^^^^^^^^^^^^^^^^^^^^^^^^^^ required by this bound in `Itertools::try_collect`
[INFO] [stdout] 
[INFO] [stdout] 
[INFO] [stdout] error[E0277]: a value of type `!` cannot be built from an iterator over elements of type `()`
[INFO] [stdout]     --> src/python.rs:479:14
[INFO] [stdout]      |
[INFO] [stdout]  479 |             .try_collect()?;
[INFO] [stdout]      |              ^^^^^^^^^^^ value of type `!` cannot be built from `std::iter::Iterator<Item=()>`
[INFO] [stdout]      |
[INFO] [stdout]      = help: the trait `FromIterator<()>` is not implemented for `!`
[INFO] [stdout] help: the trait `FromIterator<Result<T, E>>` is conditionally implemented for `Result<V, E>`
[INFO] [stdout]     --> /rustc/e3feeb59cd1bdd011a2bfcc0747b55125d9b8527/library/core/src/result.rs:2114:14
[INFO] [stdout]      |
[INFO] [stdout]      = note: unsatisfied requirement introduced here: `!: FromIterator<()>`
[INFO] [stdout]      = note: this error might have been caused by changes to Rust's type-inference algorithm (see issue #148922 <https://github.com/rust-lang/rust/issues/148922> for more information)
[INFO] [stdout]      = help: you might have intended to use the type `()` here instead
[INFO] [stdout]      = note: required for `Result<!, std::io::Error>` to implement `FromIterator<Result<(), std::io::Error>>`
[INFO] [stdout] note: required by a bound in `itertools::Itertools::try_collect`
[INFO] [stdout]     --> /opt/rustwide/cargo-home/registry/src/index.crates.io-1949cf8c6b5b557f/itertools-0.12.1/src/lib.rs:2226:23
[INFO] [stdout]      |
[INFO] [stdout]  410 | pub trait Itertools: Iterator {
[INFO] [stdout] ...
[INFO] [stdout] 2223 |     fn try_collect<T, U, E>(self) -> Result<U, E>
[INFO] [stdout] ...
[INFO] [stdout] 2226 |         Result<U, E>: FromIterator<Result<T, E>>,
[INFO] [stdout]      |                       ^^^^^^^^^^^^^^^^^^^^^^^^^^ required by this bound in `Itertools::try_collect`
[INFO] [stdout] 
[INFO] [stdout] 
[INFO] [stderr] error: could not compile `autd3capi-wrapper-generator` (lib) due to 7 previous errors
[INFO] [stdout] For more information about this error, try `rustc --explain E0277`.
[INFO] [stdout] 
[INFO] [stderr] warning: build failed, waiting for other jobs to finish...
[INFO] running `Command { std: "docker" "inspect" "30f3d38773a4dbf23d990bf351ef8f0374a5ed288c03ca5b72d926c381a500f7", kill_on_drop: false }`
[INFO] running `Command { std: "docker" "rm" "-f" "30f3d38773a4dbf23d990bf351ef8f0374a5ed288c03ca5b72d926c381a500f7", kill_on_drop: false }`
[INFO] [stdout] 30f3d38773a4dbf23d990bf351ef8f0374a5ed288c03ca5b72d926c381a500f7
