[INFO] fetching crate any-gpu 0.1.0...
[INFO] testing any-gpu-0.1.0 against 1.100.0-beta.1 for beta-1.100-2
[INFO] extracting crate any-gpu 0.1.0 into /workspace/builds/worker-2-tc2/source
[INFO] started tweaking crates.io crate any-gpu 0.1.0
[INFO] removed 0 missing examples
[INFO] finished tweaking crates.io crate any-gpu 0.1.0
[INFO] tweaked toml for crates.io crate any-gpu 0.1.0 written to /workspace/builds/worker-2-tc2/source/Cargo.toml
[INFO] validating manifest of crates.io crate any-gpu 0.1.0 on toolchain 1.100.0-beta.1
[INFO] running `Command { std: CARGO_HOME="/workspace/cargo-home" RUSTUP_HOME="/workspace/rustup-home" "/workspace/cargo-home/bin/cargo" "+1.100.0-beta.1" "metadata" "--manifest-path" "Cargo.toml" "--no-deps", kill_on_drop: false }`
[INFO] crate crates.io crate any-gpu 0.1.0 already has a lockfile, it will not be regenerated
[INFO] running `Command { std: CARGO_HOME="/workspace/cargo-home" RUSTUP_HOME="/workspace/rustup-home" "/workspace/cargo-home/bin/cargo" "+1.100.0-beta.1" "fetch" "--manifest-path" "Cargo.toml", kill_on_drop: false }`
[INFO] running `Command { std: "docker" "create" "-v" "/var/lib/crater-agent-workspace/builds/worker-2-tc2/source:/opt/rustwide/workdir:ro,Z" "-v" "/var/lib/crater-agent-workspace/builds/worker-2-tc2/target:/opt/rustwide/target:rw,Z" "-v" "/var/lib/crater-agent-workspace/cargo-home:/opt/rustwide/cargo-home:ro,Z" "-v" "/var/lib/crater-agent-workspace/rustup-home:/opt/rustwide/rustup-home:ro,Z" "-m" "1610612736" "--network" "none" "ghcr.io/rust-lang/crates-build-env/linux@sha256:3111399a4047eeb3a02b7a90e478d715f38a8c6669b5c4b49d30a17385265909" "sleep" "infinity", kill_on_drop: false }`
[INFO] [stdout] 75b862f51c59957848dc72a75d405d26e3d818502243f1d80b51f460fd49aa29
[INFO] running `Command { std: "docker" "start" "75b862f51c59957848dc72a75d405d26e3d818502243f1d80b51f460fd49aa29", kill_on_drop: false }`
[INFO] running `Command { std: "docker" "inspect" "75b862f51c59957848dc72a75d405d26e3d818502243f1d80b51f460fd49aa29", kill_on_drop: false }`
[INFO] running `Command { std: "docker" "exec" "-e" "SOURCE_DIR=/opt/rustwide/workdir" "-e" "CARGO_HOME=/opt/rustwide/cargo-home" "-e" "RUSTUP_HOME=/opt/rustwide/rustup-home" "-e" "CARGO_TARGET_DIR=/opt/rustwide/target" "-w" "/opt/rustwide/workdir" "--user" "0:0" "75b862f51c59957848dc72a75d405d26e3d818502243f1d80b51f460fd49aa29" "/opt/rustwide/cargo-home/bin/cargo" "+1.100.0-beta.1" "metadata" "--no-deps" "--format-version=1", kill_on_drop: false }`
[INFO] running `Command { std: "docker" "inspect" "75b862f51c59957848dc72a75d405d26e3d818502243f1d80b51f460fd49aa29", kill_on_drop: false }`
[INFO] running `Command { std: "docker" "exec" "-e" "SOURCE_DIR=/opt/rustwide/workdir" "-e" "CARGO_HOME=/opt/rustwide/cargo-home" "-e" "RUSTUP_HOME=/opt/rustwide/rustup-home" "-e" "CARGO_TARGET_DIR=/opt/rustwide/target" "-e" "CARGO_INCREMENTAL=0" "-e" "RUST_BACKTRACE=full" "-e" "RUSTFLAGS=--cap-lints=warn" "-e" "RUSTDOCFLAGS=--cap-lints=warn" "-w" "/opt/rustwide/workdir" "--user" "0:0" "75b862f51c59957848dc72a75d405d26e3d818502243f1d80b51f460fd49aa29" "/opt/rustwide/cargo-home/bin/cargo" "+1.100.0-beta.1" "build" "--frozen" "--message-format=json", kill_on_drop: false }`
[INFO] [stderr]    Compiling serde_core v1.0.228
[INFO] [stderr]    Compiling cfg_aliases v0.2.1
[INFO] [stderr]    Compiling libc v0.2.184
[INFO] [stderr]    Compiling proc-macro2 v1.0.106
[INFO] [stderr]    Compiling num-traits v0.2.19
[INFO] [stderr]    Compiling heck v0.5.0
[INFO] [stderr]    Compiling thiserror v2.0.18
[INFO] [stderr]    Compiling libloading v0.8.9
[INFO] [stderr]    Compiling naga v24.0.0
[INFO] [stderr]    Compiling termcolor v1.4.1
[INFO] [stderr]    Compiling khronos-egl v6.0.0
[INFO] [stderr]    Compiling arrayvec v0.7.6
[INFO] [stderr]    Compiling log v0.4.29
[INFO] [stderr]    Compiling smallvec v1.15.1
[INFO] [stderr]    Compiling ash v0.38.0+1.3.281
[INFO] [stderr]    Compiling unicode-width v0.1.14
[INFO] [stderr]    Compiling bit-vec v0.8.0
[INFO] [stderr]    Compiling hashbrown v0.15.5
[INFO] [stderr]    Compiling bit-set v0.8.0
[INFO] [stderr]    Compiling wgpu-hal v24.0.4
[INFO] [stderr]    Compiling codespan-reporting v0.11.1
[INFO] [stderr]    Compiling quote v1.0.45
[INFO] [stderr]    Compiling unicode-xid v0.2.6
[INFO] [stderr]    Compiling syn v2.0.117
[INFO] [stderr]    Compiling hexf-parse v0.2.1
[INFO] [stderr]    Compiling cc v1.2.58
[INFO] [stderr]    Compiling parking_lot_core v0.9.12
[INFO] [stderr]    Compiling parking_lot v0.12.5
[INFO] [stderr]    Compiling wgpu-core v24.0.5
[INFO] [stderr]    Compiling profiling v1.0.17
[INFO] [stderr]    Compiling ordered-float v4.6.0
[INFO] [stderr]    Compiling glow v0.16.0
[INFO] [stderr]    Compiling renderdoc-sys v1.1.0
[INFO] [stderr]    Compiling litrs v1.0.0
[INFO] [stderr]    Compiling raw-window-handle v0.6.2
[INFO] [stderr]    Compiling wgpu v24.0.5
[INFO] [stderr]    Compiling anyhow v1.0.102
[INFO] [stderr]    Compiling cpufeatures v0.3.0
[INFO] [stderr]    Compiling document-features v0.2.12
[INFO] [stderr]    Compiling blake3 v1.8.4
[INFO] [stderr]    Compiling bitflags v2.11.0
[INFO] [stderr]    Compiling gpu-descriptor-types v0.2.0
[INFO] [stderr]    Compiling spirv v0.3.0+sdk-1.3.268.0
[INFO] [stderr]    Compiling gpu-alloc-types v0.3.0
[INFO] [stderr]    Compiling wgpu-types v24.0.0
[INFO] [stderr]    Compiling gpu-descriptor v0.3.2
[INFO] [stderr]    Compiling gpu-alloc v0.6.0
[INFO] [stderr]    Compiling thiserror-impl v2.0.18
[INFO] [stderr]    Compiling strum_macros v0.26.4
[INFO] [stderr]    Compiling bytemuck_derive v1.10.2
[INFO] [stderr]    Compiling bytemuck v1.25.0
[INFO] [stderr]    Compiling strum v0.26.3
[INFO] [stderr]    Compiling any-gpu v0.1.0 (/opt/rustwide/workdir)
[INFO] [stderr]     Finished `dev` profile [unoptimized + debuginfo] target(s) in 1m 27s
[INFO] [stderr] warning: the following packages contain code that will be rejected by a future version of Rust: naga v24.0.0, wgpu v24.0.5, wgpu-core v24.0.5, wgpu-hal v24.0.4
[INFO] [stderr] note: to see what the problems were, use the option `--future-incompat-report`, or run `cargo report future-incompatibilities --id 2`
[INFO] running `Command { std: "docker" "inspect" "75b862f51c59957848dc72a75d405d26e3d818502243f1d80b51f460fd49aa29", kill_on_drop: false }`
[INFO] running `Command { std: "docker" "exec" "-e" "SOURCE_DIR=/opt/rustwide/workdir" "-e" "CARGO_HOME=/opt/rustwide/cargo-home" "-e" "RUSTUP_HOME=/opt/rustwide/rustup-home" "-e" "CARGO_TARGET_DIR=/opt/rustwide/target" "-e" "CARGO_INCREMENTAL=0" "-e" "RUST_BACKTRACE=full" "-e" "RUSTFLAGS=--cap-lints=warn" "-e" "RUSTDOCFLAGS=--cap-lints=warn" "-w" "/opt/rustwide/workdir" "--user" "0:0" "75b862f51c59957848dc72a75d405d26e3d818502243f1d80b51f460fd49aa29" "/opt/rustwide/cargo-home/bin/cargo" "+1.100.0-beta.1" "test" "--frozen" "--no-run" "--message-format=json", kill_on_drop: false }`
[INFO] [stderr]    Compiling zerocopy v0.8.48
[INFO] [stderr]    Compiling getrandom v0.2.17
[INFO] [stderr]    Compiling rand_core v0.6.4
[INFO] [stderr]    Compiling ppv-lite86 v0.2.21
[INFO] [stderr]    Compiling rand_chacha v0.3.1
[INFO] [stderr]    Compiling rand v0.8.5
[INFO] [stderr]    Compiling any-gpu v0.1.0 (/opt/rustwide/workdir)
[INFO] [stdout] warning: unused variable: `w_gpu`
[INFO] [stdout]    --> examples/train_subatomic.rs:119:13
[INFO] [stdout]     |
[INFO] [stdout] 119 |         let w_gpu = gpu.upload(&weights);
[INFO] [stdout]     |             ^^^^^ help: if this is intentional, prefix it with an underscore: `_w_gpu`
[INFO] [stdout]     |
[INFO] [stdout]     = note: `#[warn(unused_variables)]` (part of `#[warn(unused)]`) on by default
[INFO] [stdout] 
[INFO] [stdout] 
[INFO] [stdout] warning: unused import: `crate::ops::assert_approx`
[INFO] [stdout]   --> src/train.rs:68:9
[INFO] [stdout]    |
[INFO] [stdout] 68 |     use crate::ops::assert_approx;
[INFO] [stdout]    |         ^^^^^^^^^^^^^^^^^^^^^^^^^
[INFO] [stdout]    |
[INFO] [stdout]    = note: `#[warn(unused_imports)]` (part of `#[warn(unused)]`) on by default
[INFO] [stdout] 
[INFO] [stdout] 
[INFO] [stdout] warning: variable does not need to be mutable
[INFO] [stdout]    --> src/optim.rs:204:13
[INFO] [stdout]     |
[INFO] [stdout] 204 |         let mut p1 = dev().upload(&[1.0]);
[INFO] [stdout]     |             ----^^
[INFO] [stdout]     |             |
[INFO] [stdout]     |             help: remove this `mut`
[INFO] [stdout]     |
[INFO] [stdout]     = note: `#[warn(unused_mut)]` (part of `#[warn(unused)]`) on by default
[INFO] [stdout] 
[INFO] [stdout] 
[INFO] [stdout] warning: variable does not need to be mutable
[INFO] [stdout]    --> src/optim.rs:205:13
[INFO] [stdout]     |
[INFO] [stdout] 205 |         let mut p2 = dev().upload(&[2.0]);
[INFO] [stdout]     |             ----^^
[INFO] [stdout]     |             |
[INFO] [stdout]     |             help: remove this `mut`
[INFO] [stdout] 
[INFO] [stdout] 
[INFO] [stdout] warning: unused variable: `w_id`
[INFO] [stdout]   --> src/train.rs:94:17
[INFO] [stdout]    |
[INFO] [stdout] 94 |             let w_id = tape.leaf(&w_val);
[INFO] [stdout]    |                 ^^^^ help: if this is intentional, prefix it with an underscore: `_w_id`
[INFO] [stdout]    |
[INFO] [stdout]    = note: `#[warn(unused_variables)]` (part of `#[warn(unused)]`) on by default
[INFO] [stdout] 
[INFO] [stdout] 
[INFO] [stdout] warning: unused variable: `b_id`
[INFO] [stdout]   --> src/train.rs:95:17
[INFO] [stdout]    |
[INFO] [stdout] 95 |             let b_id = tape.leaf(&b_val);
[INFO] [stdout]    |                 ^^^^ help: if this is intentional, prefix it with an underscore: `_b_id`
[INFO] [stdout] 
[INFO] [stdout] 
[INFO] [stderr]     Finished `test` profile [unoptimized + debuginfo] target(s) in 12.57s
[INFO] [stderr] warning: the following packages contain code that will be rejected by a future version of Rust: naga v24.0.0, wgpu v24.0.5, wgpu-core v24.0.5, wgpu-hal v24.0.4
[INFO] [stderr] note: to see what the problems were, use the option `--future-incompat-report`, or run `cargo report future-incompatibilities --id 2`
[INFO] running `Command { std: "docker" "inspect" "75b862f51c59957848dc72a75d405d26e3d818502243f1d80b51f460fd49aa29", kill_on_drop: false }`
[INFO] running `Command { std: "docker" "exec" "-e" "SOURCE_DIR=/opt/rustwide/workdir" "-e" "CARGO_HOME=/opt/rustwide/cargo-home" "-e" "RUSTUP_HOME=/opt/rustwide/rustup-home" "-e" "CARGO_TARGET_DIR=/opt/rustwide/target" "-e" "CARGO_INCREMENTAL=0" "-e" "RUST_BACKTRACE=full" "-e" "RUSTFLAGS=--cap-lints=warn" "-e" "RUSTDOCFLAGS=--cap-lints=warn" "-w" "/opt/rustwide/workdir" "--user" "0:0" "75b862f51c59957848dc72a75d405d26e3d818502243f1d80b51f460fd49aa29" "/opt/rustwide/cargo-home/bin/cargo" "+1.100.0-beta.1" "test" "--frozen", kill_on_drop: false }`
[INFO] [stderr] warning: unused import: `crate::ops::assert_approx`
[INFO] [stderr]   --> src/train.rs:68:9
[INFO] [stderr]    |
[INFO] [stderr] 68 |     use crate::ops::assert_approx;
[INFO] [stderr]    |         ^^^^^^^^^^^^^^^^^^^^^^^^^
[INFO] [stderr]    |
[INFO] [stderr]    = note: `#[warn(unused_imports)]` (part of `#[warn(unused)]`) on by default
[INFO] [stderr] 
[INFO] [stderr] warning: variable does not need to be mutable
[INFO] [stderr]    --> src/optim.rs:204:13
[INFO] [stderr]     |
[INFO] [stderr] 204 |         let mut p1 = dev().upload(&[1.0]);
[INFO] [stderr]     |             ----^^
[INFO] [stderr]     |             |
[INFO] [stderr]     |             help: remove this `mut`
[INFO] [stderr]     |
[INFO] [stderr]     = note: `#[warn(unused_mut)]` (part of `#[warn(unused)]`) on by default
[INFO] [stderr] 
[INFO] [stderr] warning: variable does not need to be mutable
[INFO] [stderr]    --> src/optim.rs:205:13
[INFO] [stderr]     |
[INFO] [stderr] 205 |         let mut p2 = dev().upload(&[2.0]);
[INFO] [stderr]     |             ----^^
[INFO] [stderr]     |             |
[INFO] [stderr]     |             help: remove this `mut`
[INFO] [stderr] 
[INFO] [stderr] warning: unused variable: `w_id`
[INFO] [stderr]   --> src/train.rs:94:17
[INFO] [stderr]    |
[INFO] [stderr] 94 |             let w_id = tape.leaf(&w_val);
[INFO] [stderr]    |                 ^^^^ help: if this is intentional, prefix it with an underscore: `_w_id`
[INFO] [stderr]    |
[INFO] [stderr]    = note: `#[warn(unused_variables)]` (part of `#[warn(unused)]`) on by default
[INFO] [stderr] 
[INFO] [stderr] warning: unused variable: `b_id`
[INFO] [stderr]   --> src/train.rs:95:17
[INFO] [stderr]    |
[INFO] [stderr] 95 |             let b_id = tape.leaf(&b_val);
[INFO] [stderr]    |                 ^^^^ help: if this is intentional, prefix it with an underscore: `_b_id`
[INFO] [stderr] 
[INFO] [stderr] warning: `any-gpu` (lib test) generated 5 warnings (run `cargo fix --lib -p any-gpu --tests` to apply 5 suggestions)
[INFO] [stderr] warning: unused variable: `w_gpu`
[INFO] [stderr]    --> examples/train_subatomic.rs:119:13
[INFO] [stderr]     |
[INFO] [stderr] 119 |         let w_gpu = gpu.upload(&weights);
[INFO] [stderr]     |             ^^^^^ help: if this is intentional, prefix it with an underscore: `_w_gpu`
[INFO] [stderr]     |
[INFO] [stderr]     = note: `#[warn(unused_variables)]` (part of `#[warn(unused)]`) on by default
[INFO] [stderr] 
[INFO] [stderr] warning: `any-gpu` (example "train_subatomic") generated 1 warning (run `cargo fix --example "train_subatomic" -p any-gpu` to apply 1 suggestion)
[INFO] [stderr]     Finished `test` profile [unoptimized + debuginfo] target(s) in 0.17s
[INFO] [stderr] warning: the following packages contain code that will be rejected by a future version of Rust: naga v24.0.0, wgpu v24.0.5, wgpu-core v24.0.5, wgpu-hal v24.0.4
[INFO] [stderr] note: to see what the problems were, use the option `--future-incompat-report`, or run `cargo report future-incompatibilities --id 2`
[INFO] [stderr]      Running unittests src/lib.rs (/opt/rustwide/target/debug/build/any-gpu/20d7bed180ff6a85/out/any_gpu-20d7bed180ff6a85)
[INFO] [stdout] 
[INFO] [stdout] running 145 tests
[INFO] [stderr] error: XDG_RUNTIME_DIR is invalid or not set in the environment.
[INFO] [stdout] test autograd::tests::test_backward_non_scalar_loss ... ok
[INFO] [stdout] test autograd::tests::test_backward_scale ... ok
[INFO] [stdout] test autograd::tests::test_backward_sigmoid ... ok
[INFO] [stdout] test autograd::tests::test_backward_add ... ok
[INFO] [stdout] test autograd::tests::test_read_grad_before_backward ... ok
[INFO] [stdout] test autograd::tests::test_backward_sub ... ok
[INFO] [stdout] test autograd::tests::test_backward_relu ... ok
[INFO] [stdout] test autograd::tests::test_backward_mul ... ok
[INFO] [stdout] test autograd::tests::test_backward_tanh ... ok
[INFO] [stdout] test autograd::tests::test_backward_diamond_graph ... ok
[INFO] [stdout] test autograd::tests::test_tape_conv2d_forward ... ok
[INFO] [stdout] test autograd::tests::test_tape_leaf_data_roundtrip ... ok
[INFO] [stdout] test device::tests::test_alloc_size ... ok
[INFO] [stdout] test device::tests::test_gpu_init ... ok
[INFO] [stdout] test device::tests::test_alloc_buffers_independent ... ok
[INFO] [stdout] test autograd::tests::test_backward_swish ... ok
[INFO] [stdout] test device::tests::test_pipeline_cache_different_shaders_different_arcs ... ok
[INFO] [stdout] test device::tests::test_pipeline_cache_same_shader_returns_same_arc ... ok
[INFO] [stdout] test device::tests::test_pipeline_cache_grows_then_stabilizes ... FAILED
[INFO] [stdout] test device::tests::test_upload_odd_length ... ok
[INFO] [stdout] test device::tests::test_upload_single_element ... ok
[INFO] [stdout] test nanosign::tests::test_empty_payload ... ok
[INFO] [stdout] test device::tests::test_read_preserves_precision ... ok
[INFO] [stdout] test nanosign::tests::test_file_roundtrip ... ok
[INFO] [stdout] test nanosign::tests::test_sign_and_strip_roundtrip ... ok
[INFO] [stdout] test nanosign::tests::test_load_verified_unsigned_warning ... ok
[INFO] [stdout] test device::tests::test_upload_read_roundtrip ... ok
[INFO] [stdout] test nanosign::tests::test_sign_bytes_deterministic ... ok
[INFO] [stdout] test nanosign::tests::test_strip_bytes ... ok
[INFO] [stdout] test nanosign::tests::test_strip_bytes_no_false_positive ... ok
[INFO] [stdout] test nanosign::tests::test_strip_unsigned ... ok
[INFO] [stdout] test nanosign::tests::test_tamper_detection ... ok
[INFO] [stdout] test nanosign::tests::test_too_short ... ok
[INFO] [stdout] test nanosign::tests::test_unsigned_detection ... ok
[INFO] [stdout] test nanosign::tests::test_verify_exactly_36_bytes ... ok
[INFO] [stdout] test nanosign::tests::test_sign_and_verify_bytes ... ok
[INFO] [stdout] test autograd::tests::test_backward_matmul ... ok
[INFO] [stdout] test autograd::tests::test_tape_conv2d_backward_bias_grad ... ok
[INFO] [stdout] test ops::attention::tests::test_mse_loss_length_mismatch ... ok
[INFO] [stdout] test device::tests::test_pipeline_cache_correctness_after_caching ... ok
[INFO] [stdout] test ops::attention::tests::test_mse_loss ... ok
[INFO] [stdout] test ops::attention::tests::test_mse_loss_negative_values ... ok
[INFO] [stdout] test ops::attention::tests::test_mse_loss_single_element ... ok
[INFO] [stdout] test ops::attention::tests::test_mse_loss_known_value ... ok
[INFO] [stdout] test ops::attention::tests::test_softmax_size_mismatch ... ok
[INFO] [stdout] test autograd::tests::test_tape_conv2d_backward_weight_grad ... ok
[INFO] [stdout] test ops::attention::tests::test_attention_uniform_qk ... ok
[INFO] [stdout] test ops::attention::tests::test_mse_loss_zero ... ok
[INFO] [stdout] test ops::conv::tests::test_batch_matmul ... ok
[INFO] [stdout] test ops::attention::tests::test_attention_vs_cpu ... ok
[INFO] [stdout] test ops::conv::tests::test_batch_matmul_vs_cpu ... ok
[INFO] [stdout] test ops::attention::tests::test_softmax_large_values ... ok
[INFO] [stdout] test ops::conv::tests::test_conv2d_bias_size_mismatch ... ok
[INFO] [stdout] test ops::conv::tests::test_batch_matmul_nonsquare ... ok
[INFO] [stdout] test ops::conv::tests::test_conv2d_1x1_kernel ... ok
[INFO] [stdout] test ops::attention::tests::test_softmax_vs_cpu ... ok
[INFO] [stdout] test ops::conv::tests::test_conv2d_3x3_vs_cpu ... ok
[INFO] [stdout] test ops::conv::tests::test_conv2d_input_size_mismatch ... ok
[INFO] [stdout] test ops::conv::tests::test_conv2d_stride2 ... ok
[INFO] [stdout] test ops::conv::tests::test_conv2d_grad_bias_basic ... ok
[INFO] [stdout] test ops::conv::tests::test_conv2d_padding_vs_cpu ... ok
[INFO] [stdout] test ops::conv::tests::test_conv2d_weight_size_mismatch ... ok
[INFO] [stdout] test ops::conv::tests::test_conv_transpose2d_3x3_kernel ... ok
[INFO] [stdout] test ops::conv::tests::test_conv_transpose2d_stride2 ... ok
[INFO] [stdout] test ops::conv::tests::test_conv2d_with_bias ... ok
[INFO] [stdout] test ops::conv::tests::test_matmul_1x1 ... ok
[INFO] [stdout] test ops::conv::tests::test_matmul_17x13_vs_cpu ... ok
[INFO] [stdout] test ops::conv::tests::test_matmul_a_size_mismatch ... ok
[INFO] [stdout] test ops::conv::tests::test_matmul_b_size_mismatch ... ok
[INFO] [stdout] test ops::conv::tests::test_matmul_2x2 ... ok
[INFO] [stdout] test ops::elementwise::tests::test_add_length_mismatch ... ok
[INFO] [stdout] test ops::elementwise::tests::test_add ... ok
[INFO] [stdout] test ops::conv::tests::test_matmul_nonsquare_vs_cpu ... ok
[INFO] [stdout] test ops::conv::tests::test_conv2d_grad_weight_vs_numeric ... ok
[INFO] [stdout] test ops::elementwise::tests::test_add_vs_cpu ... ok
[INFO] [stdout] test ops::elementwise::tests::test_add_single_element ... ok
[INFO] [stdout] test ops::elementwise::tests::test_mul_length_mismatch ... ok
[INFO] [stdout] test ops::elementwise::tests::test_mul ... ok
[INFO] [stdout] test ops::elementwise::tests::test_relu ... ok
[INFO] [stdout] test ops::elementwise::tests::test_mul_zeros ... ok
[INFO] [stdout] test ops::elementwise::tests::test_relu_backward_vs_cpu ... ok
[INFO] [stdout] test ops::elementwise::tests::test_relu_all_negative ... ok
[INFO] [stdout] test ops::elementwise::tests::test_mul_vs_cpu ... ok
[INFO] [stdout] test ops::conv::tests::test_conv2d_5x5_kernel_vs_cpu ... ok
[INFO] [stdout] test ops::elementwise::tests::test_scale_negative ... ok
[INFO] [stdout] test autograd::tests::test_tape_conv2d_backward_input_grad ... ok
[INFO] [stdout] test ops::elementwise::tests::test_scale ... ok
[INFO] [stdout] test ops::elementwise::tests::test_scale_zero ... ok
[INFO] [stdout] test ops::elementwise::tests::test_sigmoid_backward_vs_cpu ... ok
[INFO] [stdout] test ops::conv::tests::test_conv2d_multichannel_vs_cpu ... ok
[INFO] [stdout] test ops::attention::tests::test_softmax_single_element ... ok
[INFO] [stdout] test ops::elementwise::tests::test_add_odd_size ... ok
[INFO] [stdout] test ops::elementwise::tests::test_sub ... ok
[INFO] [stdout] test ops::elementwise::tests::test_sub_length_mismatch ... ok
[INFO] [stdout] test ops::norm::tests::test_group_norm_channels_not_divisible ... ok
[INFO] [stdout] test ops::elementwise::tests::test_sub_vs_cpu ... ok
[INFO] [stdout] test ops::norm::tests::test_group_norm_input_size_mismatch ... ok
[INFO] [stdout] test ops::elementwise::tests::test_swish_backward_vs_cpu ... ok
[INFO] [stdout] test ops::elementwise::tests::test_sigmoid_vs_cpu ... ok
[INFO] [stdout] test ops::elementwise::tests::test_tanh_backward_vs_cpu ... ok
[INFO] [stdout] test ops::elementwise::tests::test_tanh_vs_cpu ... ok
[INFO] [stdout] test ops::elementwise::tests::test_swish_vs_cpu ... ok
[INFO] [stdout] test ops::tensor_ops::tests::test_concat_asymmetric ... ok
[INFO] [stdout] test ops::norm::tests::test_group_norm_per_channel ... ok
[INFO] [stdout] test ops::tensor_ops::tests::test_concat_batched_channel_axis ... ok
[INFO] [stdout] test ops::tensor_ops::tests::test_transpose_1x_n ... ok
[INFO] [stdout] test ops::norm::tests::test_group_norm_single_group ... ok
[INFO] [stdout] test ops::norm::tests::test_group_norm_batched_vs_cpu ... ok
[INFO] [stdout] test ops::tensor_ops::tests::test_concat_flat ... ok
[INFO] [stdout] test ops::norm::tests::test_group_norm_constant_input ... ok
[INFO] [stdout] test ops::tensor_ops::tests::test_transpose_roundtrip ... ok
[INFO] [stdout] test ops::tensor_ops::tests::test_transpose_batched ... ok
[INFO] [stdout] test ops::norm::tests::test_group_norm_with_affine ... ok
[INFO] [stdout] test optim::tests::test_adamw_defaults ... ok
[INFO] [stdout] test ops::tensor_ops::tests::test_transpose_square ... ok
[INFO] [stdout] test ops::tensor_ops::tests::test_transpose_2d ... ok
[INFO] [stdout] test optim::tests::test_adamw_lr_zero ... ok
[INFO] [stdout] test ops::upsample::tests::test_upsample_3x_vs_cpu ... ok
[INFO] [stdout] test ops::upsample::tests::test_upsample_batched_multichannel_vs_cpu ... ok
[INFO] [stdout] test optim::tests::test_adamw_params_grads_length_mismatch ... ok
[INFO] [stdout] test optim::tests::test_adamw_param_grad_size_mismatch ... ok
[INFO] [stdout] test optim::tests::test_adamw_negative_gradient ... ok
[INFO] [stdout] test optim::tests::test_adamw_basic ... ok
[INFO] [stdout] test ops::upsample::tests::test_upsample_1x1 ... ok
[INFO] [stdout] test ops::upsample::tests::test_upsample_2x ... ok
[INFO] [stdout] test tensor::tests::test_tensor_4d ... ok
[INFO] [stdout] test tensor::tests::test_tensor_dim_all ... ok
[INFO] [stdout] test optim::tests::test_adamw_weight_decay ... ok
[INFO] [stdout] test tensor::tests::test_tensor_7d_exceeds_max ... ok
[INFO] [stdout] test tensor::tests::test_tensor_6d_max ... ok
[INFO] [stdout] test tensor::tests::test_tensor_from_buf ... ok
[INFO] [stdout] test tensor::tests::test_tensor_from_buf_mismatch ... ok
[INFO] [stdout] test tensor::tests::test_tensor_new ... ok
[INFO] [stdout] test tensor::tests::test_tensor_reshape_mismatch ... ok
[INFO] [stdout] test tensor::tests::test_tensor_reshape_7d_exceeds ... ok
[INFO] [stdout] test tensor::tests::test_tensor_buffer_access ... ok
[INFO] [stdout] test tensor::tests::test_tensor_readback ... ok
[INFO] [stdout] test tensor::tests::test_tensor_shape_mismatch ... ok
[INFO] [stdout] test tensor::tests::test_tensor_reshape ... ok
[INFO] [stdout] test tensor::tests::test_tensor_zeros_odd_dim ... ok
[INFO] [stdout] test tensor::tests::test_tensor_zeros ... ok
[INFO] [stdout] test tensor::tests::test_tensor_scalar ... ok
[INFO] [stdout] test tensor::tests::test_tensor_reshape_flatten_unflatten ... ok
[INFO] [stdout] test optim::tests::test_adamw_multiple_steps ... ok
[INFO] [stdout] test train::tests::test_train_step_linear_regression ... ok
[INFO] [stdout] 
[INFO] [stdout] failures:
[INFO] [stdout] 
[INFO] [stdout] ---- device::tests::test_pipeline_cache_grows_then_stabilizes stdout ----
[INFO] [stdout] 
[INFO] [stdout] thread 'device::tests::test_pipeline_cache_grows_then_stabilizes' (1182) panicked at src/device.rs:312:9:
[INFO] [stdout] assertion `left == right` failed: repeated calls with same shader must not grow the cache
[INFO] [stdout]   left: 20
[INFO] [stdout]  right: 18
[INFO] [stdout] stack backtrace:
[INFO] [stdout]    0:     0x58babe940391 - std[617be2ca0a6fd877]::backtrace_rs::backtrace::libunwind::trace
[INFO] [stdout]                                at /rustc/e3feeb59cd1bdd011a2bfcc0747b55125d9b8527/library/std/src/../../backtrace/src/backtrace/libunwind.rs:117:9
[INFO] [stdout]    1:     0x58babe940391 - std[617be2ca0a6fd877]::backtrace_rs::backtrace::trace_unsynchronized::<std[617be2ca0a6fd877]::sys::backtrace::_print_fmt::{closure#1}>
[INFO] [stdout]                                at /rustc/e3feeb59cd1bdd011a2bfcc0747b55125d9b8527/library/std/src/../../backtrace/src/backtrace/mod.rs:66:14
[INFO] [stdout]    2:     0x58babe940391 - std[617be2ca0a6fd877]::sys::backtrace::_print_fmt
[INFO] [stdout]                                at /rustc/e3feeb59cd1bdd011a2bfcc0747b55125d9b8527/library/std/src/sys/backtrace.rs:74:9
[INFO] [stdout]    3:     0x58babe940391 - <<std[617be2ca0a6fd877]::sys::backtrace::BacktraceLock>::print::DisplayBacktrace as core[a373ad73a504971]::fmt::Display>::fmt
[INFO] [stdout]                                at /rustc/e3feeb59cd1bdd011a2bfcc0747b55125d9b8527/library/std/src/sys/backtrace.rs:44:26
[INFO] [stdout]    4:     0x58babe95844a - <core[a373ad73a504971]::fmt::rt::Argument>::fmt
[INFO] [stdout]                                at /rustc/e3feeb59cd1bdd011a2bfcc0747b55125d9b8527/library/core/src/fmt/rt.rs:152:76
[INFO] [stdout]    5:     0x58babe95844a - core[a373ad73a504971]::fmt::write
[INFO] [stdout]    6:     0x58babe944dfc - core[a373ad73a504971]::io::write::default_write_fmt::<alloc[2e1b2a31b91974c5]::vec::Vec<u8>>
[INFO] [stdout]                                at /rustc/e3feeb59cd1bdd011a2bfcc0747b55125d9b8527/library/core/src/io/write.rs:402:11
[INFO] [stdout]    7:     0x58babe944dfc - <alloc[2e1b2a31b91974c5]::vec::Vec<u8> as core[a373ad73a504971]::io::write::Write>::write_fmt
[INFO] [stdout]                                at /rustc/e3feeb59cd1bdd011a2bfcc0747b55125d9b8527/library/core/src/io/write.rs:335:13
[INFO] [stdout]    8:     0x58babe91a8e6 - <std[617be2ca0a6fd877]::sys::backtrace::BacktraceLock>::print
[INFO] [stdout]                                at /rustc/e3feeb59cd1bdd011a2bfcc0747b55125d9b8527/library/std/src/sys/backtrace.rs:47:9
[INFO] [stdout]    9:     0x58babe91a8e6 - std[617be2ca0a6fd877]::panicking::default_hook::{closure#0}
[INFO] [stdout]                                at /rustc/e3feeb59cd1bdd011a2bfcc0747b55125d9b8527/library/std/src/panicking.rs:289:27
[INFO] [stdout]   10:     0x58babe937ca9 - std[617be2ca0a6fd877]::panicking::default_hook
[INFO] [stdout]                                at /rustc/e3feeb59cd1bdd011a2bfcc0747b55125d9b8527/library/std/src/panicking.rs:313:9
[INFO] [stdout]   11:     0x58babe09c160 - <alloc[2e1b2a31b91974c5]::boxed::Box<dyn for<'a, 'b> core[a373ad73a504971]::ops::function::Fn<(&'a std[617be2ca0a6fd877]::panic::PanicHookInfo<'b>,), Output = ()> + core[a373ad73a504971]::marker::Sync + core[a373ad73a504971]::marker::Send> as core[a373ad73a504971]::ops::function::Fn<(&std[617be2ca0a6fd877]::panic::PanicHookInfo,)>>::call
[INFO] [stdout]                                at /rustc/e3feeb59cd1bdd011a2bfcc0747b55125d9b8527/library/alloc/src/boxed.rs:2328:9
[INFO] [stdout]   12:     0x58babe09c160 - test[aada8e7e76ba119b]::test_main_inner::{closure#0}
[INFO] [stdout]                                at /rustc/e3feeb59cd1bdd011a2bfcc0747b55125d9b8527/library/test/src/lib.rs:137:21
[INFO] [stdout]   13:     0x58babe937e62 - <alloc[2e1b2a31b91974c5]::boxed::Box<dyn for<'a, 'b> core[a373ad73a504971]::ops::function::Fn<(&'a std[617be2ca0a6fd877]::panic::PanicHookInfo<'b>,), Output = ()> + core[a373ad73a504971]::marker::Sync + core[a373ad73a504971]::marker::Send> as core[a373ad73a504971]::ops::function::Fn<(&std[617be2ca0a6fd877]::panic::PanicHookInfo,)>>::call
[INFO] [stdout]                                at /rustc/e3feeb59cd1bdd011a2bfcc0747b55125d9b8527/library/alloc/src/boxed.rs:2328:9
[INFO] [stdout]   14:     0x58babe937e62 - std[617be2ca0a6fd877]::panicking::panic_with_hook
[INFO] [stdout]                                at /rustc/e3feeb59cd1bdd011a2bfcc0747b55125d9b8527/library/std/src/panicking.rs:819:13
[INFO] [stdout]   15:     0x58babe91a992 - std[617be2ca0a6fd877]::panicking::panic_handler::{closure#0}
[INFO] [stdout]                                at /rustc/e3feeb59cd1bdd011a2bfcc0747b55125d9b8527/library/std/src/panicking.rs:685:13
[INFO] [stdout]   16:     0x58babe912e39 - std[617be2ca0a6fd877]::sys::backtrace::__rust_end_short_backtrace::<std[617be2ca0a6fd877]::panicking::panic_handler::{closure#0}, !>
[INFO] [stdout]                                at /rustc/e3feeb59cd1bdd011a2bfcc0747b55125d9b8527/library/std/src/sys/backtrace.rs:182:18
[INFO] [stdout]   17:     0x58babe91b6ad - __rustc[ea4f61d10b84890b]::rust_begin_unwind
[INFO] [stdout]                                at /rustc/e3feeb59cd1bdd011a2bfcc0747b55125d9b8527/library/std/src/panicking.rs:676:5
[INFO] [stdout]   18:     0x58babe958c6c - core[a373ad73a504971]::panicking::panic_fmt
[INFO] [stdout]                                at /rustc/e3feeb59cd1bdd011a2bfcc0747b55125d9b8527/library/core/src/panicking.rs:80:14
[INFO] [stdout]   19:     0x58babe958b33 - core[a373ad73a504971]::panicking::assert_failed_inner
[INFO] [stdout]                                at /rustc/e3feeb59cd1bdd011a2bfcc0747b55125d9b8527/library/core/src/panicking.rs:447:23
[INFO] [stdout]   20:     0x58babe952a0d - core[a373ad73a504971]::panicking::assert_failed::<usize, usize>
[INFO] [stdout]                                at /rustc/e3feeb59cd1bdd011a2bfcc0747b55125d9b8527/library/core/src/panicking.rs:407:5
[INFO] [stdout]   21:     0x58babe045ae1 - any_gpu[2a1dd0d4dfadd223]::device::tests::test_pipeline_cache_grows_then_stabilizes
[INFO] [stdout]                                at /opt/rustwide/workdir/src/device.rs:312:9
[INFO] [stdout]   22:     0x58babe0430b7 - any_gpu[2a1dd0d4dfadd223]::device::tests::test_pipeline_cache_grows_then_stabilizes::{closure#0}
[INFO] [stdout]                                at /opt/rustwide/workdir/src/device.rs:292:51
[INFO] [stdout]   23:     0x58babe053a26 - <any_gpu[2a1dd0d4dfadd223]::device::tests::test_pipeline_cache_grows_then_stabilizes::{closure#0} as core[a373ad73a504971]::ops::function::FnOnce<()>>::call_once
[INFO] [stdout]                                at /rustc/e3feeb59cd1bdd011a2bfcc0747b55125d9b8527/library/core/src/ops/function.rs:250:5
[INFO] [stdout]   24:     0x58babe08f5ab - <fn() -> core[a373ad73a504971]::result::Result<(), alloc[2e1b2a31b91974c5]::string::String> as core[a373ad73a504971]::ops::function::FnOnce<()>>::call_once
[INFO] [stdout]                                at /rustc/e3feeb59cd1bdd011a2bfcc0747b55125d9b8527/library/core/src/ops/function.rs:250:5
[INFO] [stdout]   25:     0x58babe08f5ab - test[aada8e7e76ba119b]::__rust_begin_short_backtrace::<core[a373ad73a504971]::result::Result<(), alloc[2e1b2a31b91974c5]::string::String>, fn() -> core[a373ad73a504971]::result::Result<(), alloc[2e1b2a31b91974c5]::string::String>>
[INFO] [stdout]                                at /rustc/e3feeb59cd1bdd011a2bfcc0747b55125d9b8527/library/test/src/lib.rs:701:18
[INFO] [stdout]   26:     0x58babe09c785 - test[aada8e7e76ba119b]::run_test_in_process::{closure#0}
[INFO] [stdout]                                at /rustc/e3feeb59cd1bdd011a2bfcc0747b55125d9b8527/library/test/src/lib.rs:724:74
[INFO] [stdout]   27:     0x58babe09c785 - <core[a373ad73a504971]::panic::unwind_safe::AssertUnwindSafe<test[aada8e7e76ba119b]::run_test_in_process::{closure#0}> as core[a373ad73a504971]::ops::function::FnOnce<()>>::call_once
[INFO] [stdout]                                at /rustc/e3feeb59cd1bdd011a2bfcc0747b55125d9b8527/library/core/src/panic/unwind_safe.rs:275:9
[INFO] [stdout]   28:     0x58babe09c785 - std[617be2ca0a6fd877]::panicking::catch_unwind::do_call::<core[a373ad73a504971]::panic::unwind_safe::AssertUnwindSafe<test[aada8e7e76ba119b]::run_test_in_process::{closure#0}>, core[a373ad73a504971]::result::Result<(), alloc[2e1b2a31b91974c5]::string::String>>
[INFO] [stdout]                                at /rustc/e3feeb59cd1bdd011a2bfcc0747b55125d9b8527/library/std/src/panicking.rs:573:43
[INFO] [stdout]   29:     0x58babe09c785 - std[617be2ca0a6fd877]::panicking::catch_unwind::<core[a373ad73a504971]::result::Result<(), alloc[2e1b2a31b91974c5]::string::String>, core[a373ad73a504971]::panic::unwind_safe::AssertUnwindSafe<test[aada8e7e76ba119b]::run_test_in_process::{closure#0}>>
[INFO] [stdout]                                at /rustc/e3feeb59cd1bdd011a2bfcc0747b55125d9b8527/library/std/src/panicking.rs:541:19
[INFO] [stdout]   30:     0x58babe09c785 - std[617be2ca0a6fd877]::panic::catch_unwind::<core[a373ad73a504971]::panic::unwind_safe::AssertUnwindSafe<test[aada8e7e76ba119b]::run_test_in_process::{closure#0}>, core[a373ad73a504971]::result::Result<(), alloc[2e1b2a31b91974c5]::string::String>>
[INFO] [stdout]                                at /rustc/e3feeb59cd1bdd011a2bfcc0747b55125d9b8527/library/std/src/panic.rs:359:14
[INFO] [stdout]   31:     0x58babe09c785 - test[aada8e7e76ba119b]::run_test_in_process
[INFO] [stdout]                                at /rustc/e3feeb59cd1bdd011a2bfcc0747b55125d9b8527/library/test/src/lib.rs:724:27
[INFO] [stdout]   32:     0x58babe09c785 - test[aada8e7e76ba119b]::run_test::{closure#0}
[INFO] [stdout]                                at /rustc/e3feeb59cd1bdd011a2bfcc0747b55125d9b8527/library/test/src/lib.rs:645:43
[INFO] [stdout]   33:     0x58babe096074 - test[aada8e7e76ba119b]::run_test::{closure#1}
[INFO] [stdout]                                at /rustc/e3feeb59cd1bdd011a2bfcc0747b55125d9b8527/library/test/src/lib.rs:675:41
[INFO] [stdout]   34:     0x58babe096074 - std[617be2ca0a6fd877]::sys::backtrace::__rust_begin_short_backtrace::<test[aada8e7e76ba119b]::run_test::{closure#1}, ()>
[INFO] [stdout]                                at /rustc/e3feeb59cd1bdd011a2bfcc0747b55125d9b8527/library/std/src/sys/backtrace.rs:166:18
[INFO] [stdout]   35:     0x58babe09f812 - std[617be2ca0a6fd877]::thread::lifecycle::spawn_unchecked::<test[aada8e7e76ba119b]::run_test::{closure#1}, ()>::{closure#1}::{closure#0}
[INFO] [stdout]                                at /rustc/e3feeb59cd1bdd011a2bfcc0747b55125d9b8527/library/std/src/thread/lifecycle.rs:70:13
[INFO] [stdout]   36:     0x58babe09f812 - <core[a373ad73a504971]::panic::unwind_safe::AssertUnwindSafe<std[617be2ca0a6fd877]::thread::lifecycle::spawn_unchecked<test[aada8e7e76ba119b]::run_test::{closure#1}, ()>::{closure#1}::{closure#0}> as core[a373ad73a504971]::ops::function::FnOnce<()>>::call_once
[INFO] [stdout]                                at /rustc/e3feeb59cd1bdd011a2bfcc0747b55125d9b8527/library/core/src/panic/unwind_safe.rs:275:9
[INFO] [stdout]   37:     0x58babe09f812 - std[617be2ca0a6fd877]::panicking::catch_unwind::do_call::<core[a373ad73a504971]::panic::unwind_safe::AssertUnwindSafe<std[617be2ca0a6fd877]::thread::lifecycle::spawn_unchecked<test[aada8e7e76ba119b]::run_test::{closure#1}, ()>::{closure#1}::{closure#0}>, ()>
[INFO] [stdout]                                at /rustc/e3feeb59cd1bdd011a2bfcc0747b55125d9b8527/library/std/src/panicking.rs:573:43
[INFO] [stdout]   38:     0x58babe09f812 - std[617be2ca0a6fd877]::panicking::catch_unwind::<(), core[a373ad73a504971]::panic::unwind_safe::AssertUnwindSafe<std[617be2ca0a6fd877]::thread::lifecycle::spawn_unchecked<test[aada8e7e76ba119b]::run_test::{closure#1}, ()>::{closure#1}::{closure#0}>>
[INFO] [stdout]                                at /rustc/e3feeb59cd1bdd011a2bfcc0747b55125d9b8527/library/std/src/panicking.rs:541:19
[INFO] [stdout]   39:     0x58babe09f812 - std[617be2ca0a6fd877]::panic::catch_unwind::<core[a373ad73a504971]::panic::unwind_safe::AssertUnwindSafe<std[617be2ca0a6fd877]::thread::lifecycle::spawn_unchecked<test[aada8e7e76ba119b]::run_test::{closure#1}, ()>::{closure#1}::{closure#0}>, ()>
[INFO] [stdout]                                at /rustc/e3feeb59cd1bdd011a2bfcc0747b55125d9b8527/library/std/src/panic.rs:359:14
[INFO] [stdout]   40:     0x58babe09f812 - std[617be2ca0a6fd877]::thread::lifecycle::spawn_unchecked::<test[aada8e7e76ba119b]::run_test::{closure#1}, ()>::{closure#1}
[INFO] [stdout]                                at /rustc/e3feeb59cd1bdd011a2bfcc0747b55125d9b8527/library/std/src/thread/lifecycle.rs:68:26
[INFO] [stdout]   41:     0x58babe09f812 - <std[617be2ca0a6fd877]::thread::lifecycle::spawn_unchecked<test[aada8e7e76ba119b]::run_test::{closure#1}, ()>::{closure#1} as core[a373ad73a504971]::ops::function::FnOnce<()>>::call_once::{shim:vtable#0}
[INFO] [stdout]                                at /rustc/e3feeb59cd1bdd011a2bfcc0747b55125d9b8527/library/core/src/ops/function.rs:250:5
[INFO] [stdout]   42:     0x58babe93f6cf - <alloc[2e1b2a31b91974c5]::boxed::Box<dyn core[a373ad73a504971]::ops::function::FnOnce<(), Output = ()> + core[a373ad73a504971]::marker::Send> as core[a373ad73a504971]::ops::function::FnOnce<()>>::call_once
[INFO] [stdout]                                at /rustc/e3feeb59cd1bdd011a2bfcc0747b55125d9b8527/library/alloc/src/boxed.rs:2314:9
[INFO] [stdout]   43:     0x58babe93f6cf - <std[617be2ca0a6fd877]::sys::thread::unix::Thread>::new::thread_start
[INFO] [stdout]                                at /rustc/e3feeb59cd1bdd011a2bfcc0747b55125d9b8527/library/std/src/sys/thread/unix.rs:127:17
[INFO] [stdout]   44:     0x7ebb8bf0bdfa - <unknown>
[INFO] [stdout]   45:     0x7ebb8bf9f3d4 - clone
[INFO] [stdout]   46:                0x0 - <unknown>
[INFO] [stdout] 
[INFO] [stdout] 
[INFO] [stdout] failures:
[INFO] [stdout]     device::tests::test_pipeline_cache_grows_then_stabilizes
[INFO] [stdout] 
[INFO] [stdout] test result: FAILED. 144 passed; 1 failed; 0 ignored; 0 measured; 0 filtered out; finished in 3.10s
[INFO] [stdout] 
[INFO] [stderr] error: test failed, to rerun pass `--lib`
[INFO] running `Command { std: "docker" "inspect" "75b862f51c59957848dc72a75d405d26e3d818502243f1d80b51f460fd49aa29", kill_on_drop: false }`
[INFO] running `Command { std: "docker" "rm" "-f" "75b862f51c59957848dc72a75d405d26e3d818502243f1d80b51f460fd49aa29", kill_on_drop: false }`
[INFO] [stdout] 75b862f51c59957848dc72a75d405d26e3d818502243f1d80b51f460fd49aa29
