[INFO] cloning repository https://github.com/zjom/marl
[INFO] running `Command { std: "git" "-c" "credential.helper=" "-c" "credential.helper=/workspace/cargo-home/bin/git-credential-null" "clone" "--bare" "https://github.com/zjom/marl" "/workspace/cache/git-repos/https%3A%2F%2Fgithub.com%2Fzjom%2Fmarl", kill_on_drop: false }`
[INFO] [stderr] Cloning into bare repository '/workspace/cache/git-repos/https%3A%2F%2Fgithub.com%2Fzjom%2Fmarl'...
[INFO] running `Command { std: "git" "rev-parse" "HEAD", kill_on_drop: false }`
[INFO] [stdout] 40576896978a3b0756fd31c2cd79b3befc2c3cb8
[INFO] testing zjom/marl against 1.100.0-beta.1 for beta-1.100-2
[INFO] running `Command { std: "git" "clone" "/workspace/cache/git-repos/https%3A%2F%2Fgithub.com%2Fzjom%2Fmarl" "/workspace/builds/worker-2-tc2/source", kill_on_drop: false }`
[INFO] [stderr] Cloning into '/workspace/builds/worker-2-tc2/source'...
[INFO] [stderr] done.
[INFO] started tweaking git repo https://github.com/zjom/marl
[INFO] finished tweaking git repo https://github.com/zjom/marl
[INFO] tweaked toml for git repo https://github.com/zjom/marl written to /workspace/builds/worker-2-tc2/source/Cargo.toml
[INFO] validating manifest of git repo https://github.com/zjom/marl on toolchain 1.100.0-beta.1
[INFO] running `Command { std: CARGO_HOME="/workspace/cargo-home" RUSTUP_HOME="/workspace/rustup-home" "/workspace/cargo-home/bin/cargo" "+1.100.0-beta.1" "metadata" "--manifest-path" "Cargo.toml" "--no-deps", kill_on_drop: false }`
[INFO] crate git repo https://github.com/zjom/marl already has a lockfile, it will not be regenerated
[INFO] running `Command { std: CARGO_HOME="/workspace/cargo-home" RUSTUP_HOME="/workspace/rustup-home" "/workspace/cargo-home/bin/cargo" "+1.100.0-beta.1" "fetch" "--manifest-path" "Cargo.toml", kill_on_drop: false }`
[INFO] running `Command { std: "docker" "create" "-v" "/var/lib/crater-agent-workspace/builds/worker-2-tc2/source:/opt/rustwide/workdir:ro,Z" "-v" "/var/lib/crater-agent-workspace/builds/worker-2-tc2/target:/opt/rustwide/target:rw,Z" "-v" "/var/lib/crater-agent-workspace/cargo-home:/opt/rustwide/cargo-home:ro,Z" "-v" "/var/lib/crater-agent-workspace/rustup-home:/opt/rustwide/rustup-home:ro,Z" "-m" "1610612736" "--network" "none" "ghcr.io/rust-lang/crates-build-env/linux@sha256:3111399a4047eeb3a02b7a90e478d715f38a8c6669b5c4b49d30a17385265909" "sleep" "infinity", kill_on_drop: false }`
[INFO] [stdout] e8d1305cb21c5e38dfeb41f0d67b97df6aa289b1d6d80e61b92563f72f3548ec
[INFO] running `Command { std: "docker" "start" "e8d1305cb21c5e38dfeb41f0d67b97df6aa289b1d6d80e61b92563f72f3548ec", kill_on_drop: false }`
[INFO] running `Command { std: "docker" "inspect" "e8d1305cb21c5e38dfeb41f0d67b97df6aa289b1d6d80e61b92563f72f3548ec", kill_on_drop: false }`
[INFO] running `Command { std: "docker" "exec" "-e" "SOURCE_DIR=/opt/rustwide/workdir" "-e" "CARGO_HOME=/opt/rustwide/cargo-home" "-e" "RUSTUP_HOME=/opt/rustwide/rustup-home" "-e" "CARGO_TARGET_DIR=/opt/rustwide/target" "-w" "/opt/rustwide/workdir" "--user" "0:0" "e8d1305cb21c5e38dfeb41f0d67b97df6aa289b1d6d80e61b92563f72f3548ec" "/opt/rustwide/cargo-home/bin/cargo" "+1.100.0-beta.1" "metadata" "--no-deps" "--format-version=1", kill_on_drop: false }`
[INFO] running `Command { std: "docker" "inspect" "e8d1305cb21c5e38dfeb41f0d67b97df6aa289b1d6d80e61b92563f72f3548ec", kill_on_drop: false }`
[INFO] running `Command { std: "docker" "exec" "-e" "SOURCE_DIR=/opt/rustwide/workdir" "-e" "CARGO_HOME=/opt/rustwide/cargo-home" "-e" "RUSTUP_HOME=/opt/rustwide/rustup-home" "-e" "CARGO_TARGET_DIR=/opt/rustwide/target" "-e" "CARGO_INCREMENTAL=0" "-e" "RUST_BACKTRACE=full" "-e" "RUSTFLAGS=--cap-lints=warn" "-e" "RUSTDOCFLAGS=--cap-lints=warn" "-w" "/opt/rustwide/workdir" "--user" "0:0" "e8d1305cb21c5e38dfeb41f0d67b97df6aa289b1d6d80e61b92563f72f3548ec" "/opt/rustwide/cargo-home/bin/cargo" "+1.100.0-beta.1" "build" "--frozen" "--message-format=json", kill_on_drop: false }`
[INFO] [stderr]    Compiling syn v2.0.119
[INFO] [stderr]    Compiling marl-derive v0.0.0 (/opt/rustwide/workdir/marl-derive)
[INFO] [stderr]    Compiling marl v0.0.0 (/opt/rustwide/workdir)
[INFO] [stderr]     Finished `dev` profile [unoptimized + debuginfo] target(s) in 2.87s
[INFO] running `Command { std: "docker" "inspect" "e8d1305cb21c5e38dfeb41f0d67b97df6aa289b1d6d80e61b92563f72f3548ec", kill_on_drop: false }`
[INFO] running `Command { std: "docker" "exec" "-e" "SOURCE_DIR=/opt/rustwide/workdir" "-e" "CARGO_HOME=/opt/rustwide/cargo-home" "-e" "RUSTUP_HOME=/opt/rustwide/rustup-home" "-e" "CARGO_TARGET_DIR=/opt/rustwide/target" "-e" "CARGO_INCREMENTAL=0" "-e" "RUST_BACKTRACE=full" "-e" "RUSTFLAGS=--cap-lints=warn" "-e" "RUSTDOCFLAGS=--cap-lints=warn" "-w" "/opt/rustwide/workdir" "--user" "0:0" "e8d1305cb21c5e38dfeb41f0d67b97df6aa289b1d6d80e61b92563f72f3548ec" "/opt/rustwide/cargo-home/bin/cargo" "+1.100.0-beta.1" "test" "--frozen" "--no-run" "--message-format=json", kill_on_drop: false }`
[INFO] [stderr]    Compiling serde_core v1.0.229
[INFO] [stderr]    Compiling crossbeam-utils v0.8.23
[INFO] [stderr]    Compiling serde v1.0.229
[INFO] [stderr]    Compiling zerocopy v0.8.57
[INFO] [stderr]    Compiling find-msvc-tools v0.1.12
[INFO] [stderr]    Compiling either v1.18.0
[INFO] [stderr]    Compiling syn v2.0.119
[INFO] [stderr]    Compiling syn v3.0.5
[INFO] [stderr]    Compiling target-tuple v1.0.2
[INFO] [stderr]    Compiling regex-automata v0.4.18
[INFO] [stderr]    Compiling clap_builder v4.6.7
[INFO] [stderr]    Compiling page_size v0.6.0
[INFO] [stderr]    Compiling plotters v0.3.7
[INFO] [stderr]    Compiling glob v0.3.4
[INFO] [stderr]    Compiling cc v1.4.6
[INFO] [stderr]    Compiling itertools v0.13.0
[INFO] [stderr]    Compiling crossbeam-epoch v0.9.21
[INFO] [stderr]    Compiling crossbeam-deque v0.8.8
[INFO] [stderr]    Compiling alloca v0.4.0
[INFO] [stderr]    Compiling regex v1.13.1
[INFO] [stderr]    Compiling rayon-core v1.13.0
[INFO] [stderr]    Compiling criterion-plot v0.8.2
[INFO] [stderr]    Compiling serde_derive v1.0.229
[INFO] [stderr]    Compiling clap v4.6.7
[INFO] [stderr]    Compiling rayon v1.12.0
[INFO] [stderr]    Compiling zerocopy-derive v0.8.57
[INFO] [stderr]    Compiling marl-derive v0.0.0 (/opt/rustwide/workdir/marl-derive)
[INFO] [stderr]    Compiling serde_json v1.0.151
[INFO] [stderr]    Compiling toml_datetime v1.1.1+spec-1.1.0
[INFO] [stderr]    Compiling serde_spanned v1.1.1
[INFO] [stderr]    Compiling toml v1.1.6+spec-1.1.0
[INFO] [stderr]    Compiling marl v0.0.0 (/opt/rustwide/workdir)
[INFO] [stderr]    Compiling tinytemplate v1.2.1
[INFO] [stderr]    Compiling trybuild v1.0.121
[INFO] [stderr]    Compiling half v2.7.1
[INFO] [stderr]    Compiling ciborium-ll v0.2.2
[INFO] [stderr]    Compiling ciborium v0.2.2
[INFO] [stderr]    Compiling criterion v0.8.2
[INFO] [stderr]     Finished `test` profile [unoptimized + debuginfo] target(s) in 15.97s
[INFO] running `Command { std: "docker" "inspect" "e8d1305cb21c5e38dfeb41f0d67b97df6aa289b1d6d80e61b92563f72f3548ec", kill_on_drop: false }`
[INFO] running `Command { std: "docker" "exec" "-e" "SOURCE_DIR=/opt/rustwide/workdir" "-e" "CARGO_HOME=/opt/rustwide/cargo-home" "-e" "RUSTUP_HOME=/opt/rustwide/rustup-home" "-e" "CARGO_TARGET_DIR=/opt/rustwide/target" "-e" "CARGO_INCREMENTAL=0" "-e" "RUST_BACKTRACE=full" "-e" "RUSTFLAGS=--cap-lints=warn" "-e" "RUSTDOCFLAGS=--cap-lints=warn" "-w" "/opt/rustwide/workdir" "--user" "0:0" "e8d1305cb21c5e38dfeb41f0d67b97df6aa289b1d6d80e61b92563f72f3548ec" "/opt/rustwide/cargo-home/bin/cargo" "+1.100.0-beta.1" "test" "--frozen", kill_on_drop: false }`
[INFO] [stderr]     Finished `test` profile [unoptimized + debuginfo] target(s) in 0.09s
[INFO] [stderr]      Running unittests src/lib.rs (/opt/rustwide/target/debug/build/marl/48ad9c6eef964c29/out/marl-48ad9c6eef964c29)
[INFO] [stdout] 
[INFO] [stdout] running 3 tests
[INFO] [stdout] test raw::tests::empty_layouts ... ok
[INFO] [stdout] test raw::tests::columns_are_aligned_for_any_capacity ... ok
[INFO] [stdout] test raw::tests::prefix_sorts_by_alignment ... ok
[INFO] [stdout] 
[INFO] [stdout] test result: ok. 3 passed; 0 failed; 0 ignored; 0 measured; 0 filtered out; finished in 0.00s
[INFO] [stdout] 
[INFO] [stderr]      Running tests/api.rs (/opt/rustwide/target/debug/build/marl/5d1b83fc5477f2a1/out/api-5d1b83fc5477f2a1)
[INFO] [stdout] 
[INFO] [stdout] running 7 tests
[INFO] [stdout] test capacity_management ... ok
[INFO] [stdout] test columns_and_views ... ok
[INFO] [stdout] test replace_extend_debug ... ok
[INFO] [stdout] test sort_is_stable_and_unstable_sorts ... ok
[INFO] [stdout] test matches_vec_model ... ok
[INFO] [stdout] test insert_out_of_bounds - should panic ... ok
[INFO] [stdout] test remove_out_of_bounds - should panic ... ok
[INFO] [stdout] 
[INFO] [stdout] test result: ok. 7 passed; 0 failed; 0 ignored; 0 measured; 0 filtered out; finished in 0.01s
[INFO] [stdout] 
[INFO] [stderr]      Running tests/derive.rs (/opt/rustwide/target/debug/build/marl/a4b5b11045166f3e/out/derive-a4b5b11045166f3e)
[INFO] [stdout] 
[INFO] [stdout] running 6 tests
[INFO] [stdout] test generic_struct ... ok
[INFO] [stdout] test views_are_debug_and_copy ... ok
[INFO] [stdout] test struct_with_lifetime ... ok
[INFO] [stdout] test visibility_and_raw_idents ... ok
[INFO] [stdout] test views_do_not_require_debug_fields ... ok
[INFO] [stdout] test zero_sized_struct ... ok
[INFO] [stdout] 
[INFO] [stdout] test result: ok. 6 passed; 0 failed; 0 ignored; 0 measured; 0 filtered out; finished in 0.00s
[INFO] [stdout] 
[INFO] [stderr]      Running tests/drop.rs (/opt/rustwide/target/debug/build/marl/89e4b05e015069ab/out/drop-89e4b05e015069ab)
[INFO] [stdout] 
[INFO] [stdout] running 5 tests
[INFO] [stdout] test clone_is_deep ... ok
[INFO] [stdout] test into_iter_drops_the_rest ... ok
[INFO] [stdout] test list_drop_drops_everything ... ok
[INFO] [stdout] test removals_move_ownership_out ... ok
[INFO] [stdout] test panicking_comparator_leaves_list_intact ... ok
[INFO] [stdout] 
[INFO] [stdout] test result: ok. 5 passed; 0 failed; 0 ignored; 0 measured; 0 filtered out; finished in 0.02s
[INFO] [stdout] 
[INFO] [stderr]      Running tests/enum.rs (/opt/rustwide/target/debug/build/marl/523c67893afdee97/out/enum-523c67893afdee97)
[INFO] [stdout] 
[INFO] [stdout] running 7 tests
[INFO] [stdout] test drops_only_the_active_payload ... ok
[INFO] [stdout] test fieldless_enum ... ok
[INFO] [stdout] test generic_enum ... ok
[INFO] [stdout] test refs_are_matchable ... ok
[INFO] [stdout] test list_operations ... ok
[INFO] [stdout] test tags_and_data_columns ... ok
[INFO] [stdout] test zero_sized_enum ... ok
[INFO] [stdout] 
[INFO] [stdout] test result: ok. 7 passed; 0 failed; 0 ignored; 0 measured; 0 filtered out; finished in 0.00s
[INFO] [stdout] 
[INFO] [stderr]      Running tests/ui.rs (/opt/rustwide/target/debug/build/marl/43765834a2d101b2/out/ui-43765834a2d101b2)
[INFO] [stdout] 
[INFO] [stdout] running 1 test
[INFO] [stderr]    Compiling proc-macro2 v1.0.107
[INFO] [stderr]    Compiling unicode-ident v1.0.24
[INFO] [stderr]    Compiling quote v1.0.47
[INFO] [stderr]    Compiling serde_core v1.0.229
[INFO] [stderr]    Compiling crossbeam-utils v0.8.23
[INFO] [stderr]    Compiling zerocopy v0.8.57
[INFO] [stderr]    Compiling crossbeam-epoch v0.9.21
[INFO] [stderr]    Compiling find-msvc-tools v0.1.12
[INFO] [stderr]    Compiling autocfg v1.5.1
[INFO] [stderr]    Compiling serde v1.0.229
[INFO] [stderr]    Compiling zmij v1.0.23
[INFO] [stderr]    Compiling crossbeam-deque v0.8.8
[INFO] [stderr]    Compiling shlex v2.0.1
[INFO] [stderr]     Checking cfg-if v1.0.4
[INFO] [stderr]    Compiling libc v0.2.189
[INFO] [stderr]    Compiling rayon-core v1.13.0
[INFO] [stderr]     Checking either v1.18.0
[INFO] [stderr]    Compiling serde_json v1.0.151
[INFO] [stderr]     Checking regex-syntax v0.8.11
[INFO] [stderr]     Checking memchr v2.8.3
[INFO] [stderr]     Checking ciborium-io v0.2.2
[INFO] [stderr]     Checking itoa v1.0.18
[INFO] [stderr]     Checking anstyle v1.0.14
[INFO] [stderr]    Compiling cc v1.4.6
[INFO] [stderr]     Checking plotters-backend v0.3.7
[INFO] [stderr]     Checking clap_lex v1.1.1
[INFO] [stderr]     Checking itertools v0.13.0
[INFO] [stderr]     Checking same-file v1.0.6
[INFO] [stderr]     Checking cast v0.3.0
[INFO] [stderr]     Checking plotters-svg v0.3.7
[INFO] [stderr]     Checking walkdir v2.5.0
[INFO] [stderr]     Checking anes v0.1.6
[INFO] [stderr]     Checking clap_builder v4.6.7
[INFO] [stderr]     Checking oorandom v11.1.5
[INFO] [stderr]     Checking regex-automata v0.4.18
[INFO] [stderr]    Compiling num-traits v0.2.19
[INFO] [stderr]     Checking rayon v1.12.0
[INFO] [stderr]    Compiling alloca v0.4.0
[INFO] [stderr]    Compiling syn v2.0.119
[INFO] [stderr]    Compiling syn v3.0.5
[INFO] [stderr]     Checking plotters v0.3.7
[INFO] [stderr]     Checking page_size v0.6.0
[INFO] [stderr]     Checking clap v4.6.7
[INFO] [stderr]     Checking regex v1.13.1
[INFO] [stderr]     Checking criterion-plot v0.8.2
[INFO] [stderr]    Compiling serde_derive v1.0.229
[INFO] [stderr]    Compiling zerocopy-derive v0.8.57
[INFO] [stderr]    Compiling marl-derive v0.0.0 (/opt/rustwide/workdir/marl-derive)
[INFO] [stderr]     Checking marl v0.0.0 (/opt/rustwide/workdir)
[INFO] [stderr]     Checking tinytemplate v1.2.1
[INFO] [stderr]     Checking half v2.7.1
[INFO] [stderr]     Checking ciborium-ll v0.2.2
[INFO] [stderr]     Checking ciborium v0.2.2
[INFO] [stderr]     Checking criterion v0.8.2
[INFO] [stderr]     Checking marl-tests v0.0.0 (/opt/rustwide/target/tests/trybuild/marl)
[INFO] [stderr]     Finished `dev` profile [unoptimized + debuginfo] target(s) in 10.08s
[INFO] [stderr] 
[INFO] [stderr] 
[INFO] [stderr] test tests/ui/enum_items_mut.rs ... mismatch
[INFO] [stderr] 
[INFO] [stderr] EXPECTED:
[INFO] [stderr] ┈┈┈┈┈┈┈┈┈┈┈┈┈┈┈┈┈┈┈┈┈┈┈┈┈┈┈┈┈┈┈┈┈┈┈┈┈┈┈┈┈┈┈┈┈┈┈┈┈┈┈┈┈┈┈┈┈┈┈┈
[INFO] [stderr] error[E0277]: the trait bound `__ShapeField_tags: FieldMut<Shape>` is not satisfied
[INFO] [stderr]   --> tests/ui/enum_items_mut.rs:11:20
[INFO] [stderr]    |
[INFO] [stderr] 11 |     list.items_mut(Shape::tags);
[INFO] [stderr]    |          --------- ^^^^^^^^^^^ unsatisfied trait bound
[INFO] [stderr]    |          |
[INFO] [stderr]    |          required by a bound introduced by this call
[INFO] [stderr]    |
[INFO] [stderr] help: the trait `FieldMut<Shape>` is not implemented for `__ShapeField_tags`
[INFO] [stderr]   --> tests/ui/enum_items_mut.rs:3:10
[INFO] [stderr]    |
[INFO] [stderr]  3 | #[derive(MultiArrayList)]
[INFO] [stderr]    |          ^^^^^^^^^^^^^^
[INFO] [stderr] note: required by a bound in `MultiArrayList::<T>::items_mut`
[INFO] [stderr]   --> src/list.rs
[INFO] [stderr]    |
[INFO] [stderr]    |     pub fn items_mut<F: FieldMut<T>>(&mut self, field: F) -> &mut [F::Type] {
[INFO] [stderr]    |                         ^^^^^^^^^^^ required by this bound in `MultiArrayList::<T>::items_mut`
[INFO] [stderr]    = note: this error originates in the derive macro `MultiArrayList` (in Nightly builds, run with -Z macro-backtrace for more info)
[INFO] [stderr] 
[INFO] [stderr] error[E0277]: the trait bound `__ShapeField_data: FieldMut<Shape>` is not satisfied
[INFO] [stderr]   --> tests/ui/enum_items_mut.rs:12:20
[INFO] [stderr]    |
[INFO] [stderr] 12 |     list.items_mut(Shape::data);
[INFO] [stderr]    |          --------- ^^^^^^^^^^^ unsatisfied trait bound
[INFO] [stderr]    |          |
[INFO] [stderr]    |          required by a bound introduced by this call
[INFO] [stderr]    |
[INFO] [stderr] help: the trait `FieldMut<Shape>` is not implemented for `__ShapeField_data`
[INFO] [stderr]   --> tests/ui/enum_items_mut.rs:3:10
[INFO] [stderr]    |
[INFO] [stderr]  3 | #[derive(MultiArrayList)]
[INFO] [stderr]    |          ^^^^^^^^^^^^^^
[INFO] [stderr] note: required by a bound in `MultiArrayList::<T>::items_mut`
[INFO] [stderr]   --> src/list.rs
[INFO] [stderr]    |
[INFO] [stderr]    |     pub fn items_mut<F: FieldMut<T>>(&mut self, field: F) -> &mut [F::Type] {
[INFO] [stderr]    |                         ^^^^^^^^^^^ required by this bound in `MultiArrayList::<T>::items_mut`
[INFO] [stderr]    = note: this error originates in the derive macro `MultiArrayList` (in Nightly builds, run with -Z macro-backtrace for more info)
[INFO] [stderr] ┈┈┈┈┈┈┈┈┈┈┈┈┈┈┈┈┈┈┈┈┈┈┈┈┈┈┈┈┈┈┈┈┈┈┈┈┈┈┈┈┈┈┈┈┈┈┈┈┈┈┈┈┈┈┈┈┈┈┈┈
[INFO] [stderr] 
[INFO] [stderr] ACTUAL OUTPUT:
[INFO] [stderr] ┈┈┈┈┈┈┈┈┈┈┈┈┈┈┈┈┈┈┈┈┈┈┈┈┈┈┈┈┈┈┈┈┈┈┈┈┈┈┈┈┈┈┈┈┈┈┈┈┈┈┈┈┈┈┈┈┈┈┈┈
[INFO] [stderr] error[E0277]: the trait bound `__ShapeField_tags: FieldMut<Shape>` is not satisfied
[INFO] [stderr]   --> tests/ui/enum_items_mut.rs:11:20
[INFO] [stderr]    |
[INFO] [stderr] 11 |     list.items_mut(Shape::tags);
[INFO] [stderr]    |          --------- ^^^^^^^^^^^ unsatisfied trait bound
[INFO] [stderr]    |          |
[INFO] [stderr]    |          required by a bound introduced by this call
[INFO] [stderr]    |
[INFO] [stderr] help: the trait `FieldMut<Shape>` is not implemented for `__ShapeField_tags`
[INFO] [stderr]   --> tests/ui/enum_items_mut.rs:3:10
[INFO] [stderr]    |
[INFO] [stderr]  3 | #[derive(MultiArrayList)]
[INFO] [stderr]    |          ^^^^^^^^^^^^^^
[INFO] [stderr] note: required by a bound in `MultiArrayList::<T>::items_mut`
[INFO] [stderr]   --> src/list.rs
[INFO] [stderr]    |
[INFO] [stderr]    | impl<T: Soa> MultiArrayList<T> {
[INFO] [stderr] ...
[INFO] [stderr]    |     pub fn items_mut<F: FieldMut<T>>(&mut self, field: F) -> &mut [F::Type] {
[INFO] [stderr]    |                         ^^^^^^^^^^^ required by this bound in `MultiArrayList::<T>::items_mut`
[INFO] [stderr]    = note: this error originates in the derive macro `MultiArrayList` (in Nightly builds, run with -Z macro-backtrace for more info)
[INFO] [stderr] 
[INFO] [stderr] error[E0277]: the trait bound `__ShapeField_data: FieldMut<Shape>` is not satisfied
[INFO] [stderr]   --> tests/ui/enum_items_mut.rs:12:20
[INFO] [stderr]    |
[INFO] [stderr] 12 |     list.items_mut(Shape::data);
[INFO] [stderr]    |          --------- ^^^^^^^^^^^ unsatisfied trait bound
[INFO] [stderr]    |          |
[INFO] [stderr]    |          required by a bound introduced by this call
[INFO] [stderr]    |
[INFO] [stderr] help: the trait `FieldMut<Shape>` is not implemented for `__ShapeField_data`
[INFO] [stderr]   --> tests/ui/enum_items_mut.rs:3:10
[INFO] [stderr]    |
[INFO] [stderr]  3 | #[derive(MultiArrayList)]
[INFO] [stderr]    |          ^^^^^^^^^^^^^^
[INFO] [stderr] note: required by a bound in `MultiArrayList::<T>::items_mut`
[INFO] [stderr]   --> src/list.rs
[INFO] [stderr]    |
[INFO] [stderr]    | impl<T: Soa> MultiArrayList<T> {
[INFO] [stderr] ...
[INFO] [stderr]    |     pub fn items_mut<F: FieldMut<T>>(&mut self, field: F) -> &mut [F::Type] {
[INFO] [stderr]    |                         ^^^^^^^^^^^ required by this bound in `MultiArrayList::<T>::items_mut`
[INFO] [stderr]    = note: this error originates in the derive macro `MultiArrayList` (in Nightly builds, run with -Z macro-backtrace for more info)
[INFO] [stderr] ┈┈┈┈┈┈┈┈┈┈┈┈┈┈┈┈┈┈┈┈┈┈┈┈┈┈┈┈┈┈┈┈┈┈┈┈┈┈┈┈┈┈┈┈┈┈┈┈┈┈┈┈┈┈┈┈┈┈┈┈
[INFO] [stderr] note: If the actual output is the correct output you can bless it by rerunning
[INFO] [stderr]       your test with the environment variable TRYBUILD=overwrite
[INFO] [stderr] 
[INFO] [stderr] test tests/ui/missing_field.rs ... ok
[INFO] [stderr] test tests/ui/private_field.rs ... ok
[INFO] [stderr] test tests/ui/unsupported.rs ... ok
[INFO] [stderr] test tests/ui/wrong_struct.rs ... mismatch
[INFO] [stderr] 
[INFO] [stderr] EXPECTED:
[INFO] [stderr] ┈┈┈┈┈┈┈┈┈┈┈┈┈┈┈┈┈┈┈┈┈┈┈┈┈┈┈┈┈┈┈┈┈┈┈┈┈┈┈┈┈┈┈┈┈┈┈┈┈┈┈┈┈┈┈┈┈┈┈┈
[INFO] [stderr] error[E0277]: the trait bound `__BField_x: marl::Field<A>` is not satisfied
[INFO] [stderr]   --> tests/ui/wrong_struct.rs:15:24
[INFO] [stderr]    |
[INFO] [stderr] 15 |     let _ = list.items(B::x);
[INFO] [stderr]    |                  ----- ^^^^ unsatisfied trait bound
[INFO] [stderr]    |                  |
[INFO] [stderr]    |                  required by a bound introduced by this call
[INFO] [stderr]    |
[INFO] [stderr] help: the trait `Field<A>` is not implemented for `__BField_x`
[INFO] [stderr]       but trait `Field<B>` is implemented for it
[INFO] [stderr]   --> tests/ui/wrong_struct.rs:8:10
[INFO] [stderr]    |
[INFO] [stderr]  8 | #[derive(MultiArrayList)]
[INFO] [stderr]    |          ^^^^^^^^^^^^^^
[INFO] [stderr]    = help: for that trait implementation, expected `B`, found `A`
[INFO] [stderr] note: required by a bound in `MultiArrayList::<T>::items`
[INFO] [stderr]   --> src/list.rs
[INFO] [stderr]    |
[INFO] [stderr]    |     pub fn items<F: Field<T>>(&self, field: F) -> &[F::Type] {
[INFO] [stderr]    |                     ^^^^^^^^ required by this bound in `MultiArrayList::<T>::items`
[INFO] [stderr]    = note: this error originates in the derive macro `MultiArrayList` (in Nightly builds, run with -Z macro-backtrace for more info)
[INFO] [stderr] ┈┈┈┈┈┈┈┈┈┈┈┈┈┈┈┈┈┈┈┈┈┈┈┈┈┈┈┈┈┈┈┈┈┈┈┈┈┈┈┈┈┈┈┈┈┈┈┈┈┈┈┈┈┈┈┈┈┈┈┈
[INFO] [stderr] 
[INFO] [stderr] ACTUAL OUTPUT:
[INFO] [stderr] ┈┈┈┈┈┈┈┈┈┈┈┈┈┈┈┈┈┈┈┈┈┈┈┈┈┈┈┈┈┈┈┈┈┈┈┈┈┈┈┈┈┈┈┈┈┈┈┈┈┈┈┈┈┈┈┈┈┈┈┈
[INFO] [stderr] error[E0277]: the trait bound `__BField_x: marl::Field<A>` is not satisfied
[INFO] [stderr]   --> tests/ui/wrong_struct.rs:15:24
[INFO] [stderr]    |
[INFO] [stderr] 15 |     let _ = list.items(B::x);
[INFO] [stderr]    |                  ----- ^^^^ unsatisfied trait bound
[INFO] [stderr]    |                  |
[INFO] [stderr]    |                  required by a bound introduced by this call
[INFO] [stderr]    |
[INFO] [stderr] help: the trait `Field<A>` is not implemented for `__BField_x`
[INFO] [stderr]       but trait `Field<B>` is implemented for it
[INFO] [stderr]   --> tests/ui/wrong_struct.rs:8:10
[INFO] [stderr]    |
[INFO] [stderr]  8 | #[derive(MultiArrayList)]
[INFO] [stderr]    |          ^^^^^^^^^^^^^^
[INFO] [stderr]    = help: for that trait implementation, expected `B`, found `A`
[INFO] [stderr] note: required by a bound in `MultiArrayList::<T>::items`
[INFO] [stderr]   --> src/list.rs
[INFO] [stderr]    |
[INFO] [stderr]    | impl<T: Soa> MultiArrayList<T> {
[INFO] [stderr] ...
[INFO] [stderr]    |     pub fn items<F: Field<T>>(&self, field: F) -> &[F::Type] {
[INFO] [stderr]    |                     ^^^^^^^^ required by this bound in `MultiArrayList::<T>::items`
[INFO] [stderr]    = note: this error originates in the derive macro `MultiArrayList` (in Nightly builds, run with -Z macro-backtrace for more info)
[INFO] [stderr] ┈┈┈┈┈┈┈┈┈┈┈┈┈┈┈┈┈┈┈┈┈┈┈┈┈┈┈┈┈┈┈┈┈┈┈┈┈┈┈┈┈┈┈┈┈┈┈┈┈┈┈┈┈┈┈┈┈┈┈┈
[INFO] [stderr] note: If the actual output is the correct output you can bless it by rerunning
[INFO] [stderr]       your test with the environment variable TRYBUILD=overwrite
[INFO] [stderr] 
[INFO] [stderr] test tests/ui/wrong_type.rs ... ok
[INFO] [stderr] 
[INFO] [stderr] 
[INFO] [stdout] test ui ... FAILED
[INFO] [stdout] 
[INFO] [stdout] failures:
[INFO] [stdout] 
[INFO] [stdout] ---- ui stdout ----
[INFO] [stdout] 
[INFO] [stdout] thread 'ui' (1031) panicked at /opt/rustwide/cargo-home/registry/src/index.crates.io-1949cf8c6b5b557f/trybuild-1.0.121/src/run.rs:103:13:
[INFO] [stdout] 2 of 6 tests failed
[INFO] [stdout] stack backtrace:
[INFO] [stdout]    0:     0x6322281fd731 - std[617be2ca0a6fd877]::backtrace_rs::backtrace::libunwind::trace
[INFO] [stdout]                                at /rustc/e3feeb59cd1bdd011a2bfcc0747b55125d9b8527/library/std/src/../../backtrace/src/backtrace/libunwind.rs:117:9
[INFO] [stdout]    1:     0x6322281fd731 - std[617be2ca0a6fd877]::backtrace_rs::backtrace::trace_unsynchronized::<std[617be2ca0a6fd877]::sys::backtrace::_print_fmt::{closure#1}>
[INFO] [stdout]                                at /rustc/e3feeb59cd1bdd011a2bfcc0747b55125d9b8527/library/std/src/../../backtrace/src/backtrace/mod.rs:66:14
[INFO] [stdout]    2:     0x6322281fd731 - std[617be2ca0a6fd877]::sys::backtrace::_print_fmt
[INFO] [stdout]                                at /rustc/e3feeb59cd1bdd011a2bfcc0747b55125d9b8527/library/std/src/sys/backtrace.rs:74:9
[INFO] [stdout]    3:     0x6322281fd731 - <<std[617be2ca0a6fd877]::sys::backtrace::BacktraceLock>::print::DisplayBacktrace as core[a373ad73a504971]::fmt::Display>::fmt
[INFO] [stdout]                                at /rustc/e3feeb59cd1bdd011a2bfcc0747b55125d9b8527/library/std/src/sys/backtrace.rs:44:26
[INFO] [stdout]    4:     0x632228213b7a - <core[a373ad73a504971]::fmt::rt::Argument>::fmt
[INFO] [stdout]                                at /rustc/e3feeb59cd1bdd011a2bfcc0747b55125d9b8527/library/core/src/fmt/rt.rs:152:76
[INFO] [stdout]    5:     0x632228213b7a - core[a373ad73a504971]::fmt::write
[INFO] [stdout]    6:     0x632228201f7c - core[a373ad73a504971]::io::write::default_write_fmt::<alloc[2e1b2a31b91974c5]::vec::Vec<u8>>
[INFO] [stdout]                                at /rustc/e3feeb59cd1bdd011a2bfcc0747b55125d9b8527/library/core/src/io/write.rs:402:11
[INFO] [stdout]    7:     0x632228201f7c - <alloc[2e1b2a31b91974c5]::vec::Vec<u8> as core[a373ad73a504971]::io::write::Write>::write_fmt
[INFO] [stdout]                                at /rustc/e3feeb59cd1bdd011a2bfcc0747b55125d9b8527/library/core/src/io/write.rs:335:13
[INFO] [stdout]    8:     0x6322281d6b96 - <std[617be2ca0a6fd877]::sys::backtrace::BacktraceLock>::print
[INFO] [stdout]                                at /rustc/e3feeb59cd1bdd011a2bfcc0747b55125d9b8527/library/std/src/sys/backtrace.rs:47:9
[INFO] [stdout]    9:     0x6322281d6b96 - std[617be2ca0a6fd877]::panicking::default_hook::{closure#0}
[INFO] [stdout]                                at /rustc/e3feeb59cd1bdd011a2bfcc0747b55125d9b8527/library/std/src/panicking.rs:289:27
[INFO] [stdout]   10:     0x6322281f4cd9 - std[617be2ca0a6fd877]::panicking::default_hook
[INFO] [stdout]                                at /rustc/e3feeb59cd1bdd011a2bfcc0747b55125d9b8527/library/std/src/panicking.rs:313:9
[INFO] [stdout]   11:     0x63222818e2e0 - <alloc[2e1b2a31b91974c5]::boxed::Box<dyn for<'a, 'b> core[a373ad73a504971]::ops::function::Fn<(&'a std[617be2ca0a6fd877]::panic::PanicHookInfo<'b>,), Output = ()> + core[a373ad73a504971]::marker::Sync + core[a373ad73a504971]::marker::Send> as core[a373ad73a504971]::ops::function::Fn<(&std[617be2ca0a6fd877]::panic::PanicHookInfo,)>>::call
[INFO] [stdout]                                at /rustc/e3feeb59cd1bdd011a2bfcc0747b55125d9b8527/library/alloc/src/boxed.rs:2328:9
[INFO] [stdout]   12:     0x63222818e2e0 - test[aada8e7e76ba119b]::test_main_inner::{closure#0}
[INFO] [stdout]                                at /rustc/e3feeb59cd1bdd011a2bfcc0747b55125d9b8527/library/test/src/lib.rs:137:21
[INFO] [stdout]   13:     0x6322281f4e92 - <alloc[2e1b2a31b91974c5]::boxed::Box<dyn for<'a, 'b> core[a373ad73a504971]::ops::function::Fn<(&'a std[617be2ca0a6fd877]::panic::PanicHookInfo<'b>,), Output = ()> + core[a373ad73a504971]::marker::Sync + core[a373ad73a504971]::marker::Send> as core[a373ad73a504971]::ops::function::Fn<(&std[617be2ca0a6fd877]::panic::PanicHookInfo,)>>::call
[INFO] [stdout]                                at /rustc/e3feeb59cd1bdd011a2bfcc0747b55125d9b8527/library/alloc/src/boxed.rs:2328:9
[INFO] [stdout]   14:     0x6322281f4e92 - std[617be2ca0a6fd877]::panicking::panic_with_hook
[INFO] [stdout]                                at /rustc/e3feeb59cd1bdd011a2bfcc0747b55125d9b8527/library/std/src/panicking.rs:819:13
[INFO] [stdout]   15:     0x6322281d6c42 - std[617be2ca0a6fd877]::panicking::panic_handler::{closure#0}
[INFO] [stdout]                                at /rustc/e3feeb59cd1bdd011a2bfcc0747b55125d9b8527/library/std/src/panicking.rs:685:13
[INFO] [stdout]   16:     0x6322281cf499 - std[617be2ca0a6fd877]::sys::backtrace::__rust_end_short_backtrace::<std[617be2ca0a6fd877]::panicking::panic_handler::{closure#0}, !>
[INFO] [stdout]                                at /rustc/e3feeb59cd1bdd011a2bfcc0747b55125d9b8527/library/std/src/sys/backtrace.rs:182:18
[INFO] [stdout]   17:     0x6322281d784d - __rustc[ea4f61d10b84890b]::rust_begin_unwind
[INFO] [stdout]                                at /rustc/e3feeb59cd1bdd011a2bfcc0747b55125d9b8527/library/std/src/panicking.rs:676:5
[INFO] [stdout]   18:     0x63222821436c - core[a373ad73a504971]::panicking::panic_fmt
[INFO] [stdout]                                at /rustc/e3feeb59cd1bdd011a2bfcc0747b55125d9b8527/library/core/src/panicking.rs:80:14
[INFO] [stdout]   19:     0x63222808b784 - <trybuild[bcca800cd0d8f8b0]::Runner>::run
[INFO] [stdout]                                at /opt/rustwide/cargo-home/registry/src/index.crates.io-1949cf8c6b5b557f/trybuild-1.0.121/src/run.rs:103:13
[INFO] [stdout]   20:     0x632228096c68 - <trybuild[bcca800cd0d8f8b0]::TestCases as core[a373ad73a504971]::ops::drop::Drop>::drop
[INFO] [stdout]                                at /opt/rustwide/cargo-home/registry/src/index.crates.io-1949cf8c6b5b557f/trybuild-1.0.121/src/lib.rs:342:38
[INFO] [stdout]   21:     0x632227f687f7 - core[a373ad73a504971]::ptr::drop_glue::<trybuild[bcca800cd0d8f8b0]::TestCases>
[INFO] [stdout]                                at /rustc/e3feeb59cd1bdd011a2bfcc0747b55125d9b8527/library/core/src/ptr/mod.rs:848:1
[INFO] [stdout]   22:     0x632227f68a03 - ui[7d8c76f20ac16e0e]::ui
[INFO] [stdout]                                at /opt/rustwide/workdir/tests/ui.rs:3:61
[INFO] [stdout]   23:     0x632227f68957 - ui[7d8c76f20ac16e0e]::ui::{closure#0}
[INFO] [stdout]                                at /opt/rustwide/workdir/tests/ui.rs:2:8
[INFO] [stdout]   24:     0x632227f68e66 - <ui[7d8c76f20ac16e0e]::ui::{closure#0} as core[a373ad73a504971]::ops::function::FnOnce<()>>::call_once
[INFO] [stdout]                                at /rustc/e3feeb59cd1bdd011a2bfcc0747b55125d9b8527/library/core/src/ops/function.rs:250:5
[INFO] [stdout]   25:     0x63222818172b - <fn() -> core[a373ad73a504971]::result::Result<(), alloc[2e1b2a31b91974c5]::string::String> as core[a373ad73a504971]::ops::function::FnOnce<()>>::call_once
[INFO] [stdout]                                at /rustc/e3feeb59cd1bdd011a2bfcc0747b55125d9b8527/library/core/src/ops/function.rs:250:5
[INFO] [stdout]   26:     0x63222818172b - test[aada8e7e76ba119b]::__rust_begin_short_backtrace::<core[a373ad73a504971]::result::Result<(), alloc[2e1b2a31b91974c5]::string::String>, fn() -> core[a373ad73a504971]::result::Result<(), alloc[2e1b2a31b91974c5]::string::String>>
[INFO] [stdout]                                at /rustc/e3feeb59cd1bdd011a2bfcc0747b55125d9b8527/library/test/src/lib.rs:701:18
[INFO] [stdout]   27:     0x63222818e905 - test[aada8e7e76ba119b]::run_test_in_process::{closure#0}
[INFO] [stdout]                                at /rustc/e3feeb59cd1bdd011a2bfcc0747b55125d9b8527/library/test/src/lib.rs:724:74
[INFO] [stdout]   28:     0x63222818e905 - <core[a373ad73a504971]::panic::unwind_safe::AssertUnwindSafe<test[aada8e7e76ba119b]::run_test_in_process::{closure#0}> as core[a373ad73a504971]::ops::function::FnOnce<()>>::call_once
[INFO] [stdout]                                at /rustc/e3feeb59cd1bdd011a2bfcc0747b55125d9b8527/library/core/src/panic/unwind_safe.rs:275:9
[INFO] [stdout]   29:     0x63222818e905 - std[617be2ca0a6fd877]::panicking::catch_unwind::do_call::<core[a373ad73a504971]::panic::unwind_safe::AssertUnwindSafe<test[aada8e7e76ba119b]::run_test_in_process::{closure#0}>, core[a373ad73a504971]::result::Result<(), alloc[2e1b2a31b91974c5]::string::String>>
[INFO] [stdout]                                at /rustc/e3feeb59cd1bdd011a2bfcc0747b55125d9b8527/library/std/src/panicking.rs:573:43
[INFO] [stdout]   30:     0x63222818e905 - std[617be2ca0a6fd877]::panicking::catch_unwind::<core[a373ad73a504971]::result::Result<(), alloc[2e1b2a31b91974c5]::string::String>, core[a373ad73a504971]::panic::unwind_safe::AssertUnwindSafe<test[aada8e7e76ba119b]::run_test_in_process::{closure#0}>>
[INFO] [stdout]                                at /rustc/e3feeb59cd1bdd011a2bfcc0747b55125d9b8527/library/std/src/panicking.rs:541:19
[INFO] [stdout]   31:     0x63222818e905 - std[617be2ca0a6fd877]::panic::catch_unwind::<core[a373ad73a504971]::panic::unwind_safe::AssertUnwindSafe<test[aada8e7e76ba119b]::run_test_in_process::{closure#0}>, core[a373ad73a504971]::result::Result<(), alloc[2e1b2a31b91974c5]::string::String>>
[INFO] [stdout]                                at /rustc/e3feeb59cd1bdd011a2bfcc0747b55125d9b8527/library/std/src/panic.rs:359:14
[INFO] [stdout]   32:     0x63222818e905 - test[aada8e7e76ba119b]::run_test_in_process
[INFO] [stdout]                                at /rustc/e3feeb59cd1bdd011a2bfcc0747b55125d9b8527/library/test/src/lib.rs:724:27
[INFO] [stdout]   33:     0x63222818e905 - test[aada8e7e76ba119b]::run_test::{closure#0}
[INFO] [stdout]                                at /rustc/e3feeb59cd1bdd011a2bfcc0747b55125d9b8527/library/test/src/lib.rs:645:43
[INFO] [stdout]   34:     0x6322281881f4 - test[aada8e7e76ba119b]::run_test::{closure#1}
[INFO] [stdout]                                at /rustc/e3feeb59cd1bdd011a2bfcc0747b55125d9b8527/library/test/src/lib.rs:675:41
[INFO] [stdout]   35:     0x6322281881f4 - std[617be2ca0a6fd877]::sys::backtrace::__rust_begin_short_backtrace::<test[aada8e7e76ba119b]::run_test::{closure#1}, ()>
[INFO] [stdout]                                at /rustc/e3feeb59cd1bdd011a2bfcc0747b55125d9b8527/library/std/src/sys/backtrace.rs:166:18
[INFO] [stdout]   36:     0x632228191992 - std[617be2ca0a6fd877]::thread::lifecycle::spawn_unchecked::<test[aada8e7e76ba119b]::run_test::{closure#1}, ()>::{closure#1}::{closure#0}
[INFO] [stdout]                                at /rustc/e3feeb59cd1bdd011a2bfcc0747b55125d9b8527/library/std/src/thread/lifecycle.rs:70:13
[INFO] [stdout]   37:     0x632228191992 - <core[a373ad73a504971]::panic::unwind_safe::AssertUnwindSafe<std[617be2ca0a6fd877]::thread::lifecycle::spawn_unchecked<test[aada8e7e76ba119b]::run_test::{closure#1}, ()>::{closure#1}::{closure#0}> as core[a373ad73a504971]::ops::function::FnOnce<()>>::call_once
[INFO] [stdout]                                at /rustc/e3feeb59cd1bdd011a2bfcc0747b55125d9b8527/library/core/src/panic/unwind_safe.rs:275:9
[INFO] [stdout]   38:     0x632228191992 - std[617be2ca0a6fd877]::panicking::catch_unwind::do_call::<core[a373ad73a504971]::panic::unwind_safe::AssertUnwindSafe<std[617be2ca0a6fd877]::thread::lifecycle::spawn_unchecked<test[aada8e7e76ba119b]::run_test::{closure#1}, ()>::{closure#1}::{closure#0}>, ()>
[INFO] [stdout]                                at /rustc/e3feeb59cd1bdd011a2bfcc0747b55125d9b8527/library/std/src/panicking.rs:573:43
[INFO] [stdout]   39:     0x632228191992 - std[617be2ca0a6fd877]::panicking::catch_unwind::<(), core[a373ad73a504971]::panic::unwind_safe::AssertUnwindSafe<std[617be2ca0a6fd877]::thread::lifecycle::spawn_unchecked<test[aada8e7e76ba119b]::run_test::{closure#1}, ()>::{closure#1}::{closure#0}>>
[INFO] [stdout]                                at /rustc/e3feeb59cd1bdd011a2bfcc0747b55125d9b8527/library/std/src/panicking.rs:541:19
[INFO] [stdout]   40:     0x632228191992 - std[617be2ca0a6fd877]::panic::catch_unwind::<core[a373ad73a504971]::panic::unwind_safe::AssertUnwindSafe<std[617be2ca0a6fd877]::thread::lifecycle::spawn_unchecked<test[aada8e7e76ba119b]::run_test::{closure#1}, ()>::{closure#1}::{closure#0}>, ()>
[INFO] [stdout]                                at /rustc/e3feeb59cd1bdd011a2bfcc0747b55125d9b8527/library/std/src/panic.rs:359:14
[INFO] [stdout]   41:     0x632228191992 - std[617be2ca0a6fd877]::thread::lifecycle::spawn_unchecked::<test[aada8e7e76ba119b]::run_test::{closure#1}, ()>::{closure#1}
[INFO] [stdout]                                at /rustc/e3feeb59cd1bdd011a2bfcc0747b55125d9b8527/library/std/src/thread/lifecycle.rs:68:26
[INFO] [stdout]   42:     0x632228191992 - <std[617be2ca0a6fd877]::thread::lifecycle::spawn_unchecked<test[aada8e7e76ba119b]::run_test::{closure#1}, ()>::{closure#1} as core[a373ad73a504971]::ops::function::FnOnce<()>>::call_once::{shim:vtable#0}
[INFO] [stdout]                                at /rustc/e3feeb59cd1bdd011a2bfcc0747b55125d9b8527/library/core/src/ops/function.rs:250:5
[INFO] [stdout]   43:     0x6322281fc98f - <alloc[2e1b2a31b91974c5]::boxed::Box<dyn core[a373ad73a504971]::ops::function::FnOnce<(), Output = ()> + core[a373ad73a504971]::marker::Send> as core[a373ad73a504971]::ops::function::FnOnce<()>>::call_once
[INFO] [stdout]                                at /rustc/e3feeb59cd1bdd011a2bfcc0747b55125d9b8527/library/alloc/src/boxed.rs:2314:9
[INFO] [stdout]   44:     0x6322281fc98f - <std[617be2ca0a6fd877]::sys::thread::unix::Thread>::new::thread_start
[INFO] [stdout]                                at /rustc/e3feeb59cd1bdd011a2bfcc0747b55125d9b8527/library/std/src/sys/thread/unix.rs:127:17
[INFO] [stdout]   45:     0x742b73e69dfa - <unknown>
[INFO] [stdout]   46:     0x742b73efd3d4 - clone
[INFO] [stdout]   47:                0x0 - <unknown>
[INFO] [stdout] 
[INFO] [stdout] 
[INFO] [stdout] failures:
[INFO] [stdout]     ui
[INFO] [stdout] 
[INFO] [stdout] test result: FAILED. 0 passed; 1 failed; 0 ignored; 0 measured; 0 filtered out; finished in 15.11s
[INFO] [stdout] 
[INFO] [stderr] error: test failed, to rerun pass `--test ui`
[INFO] running `Command { std: "docker" "inspect" "e8d1305cb21c5e38dfeb41f0d67b97df6aa289b1d6d80e61b92563f72f3548ec", kill_on_drop: false }`
[INFO] running `Command { std: "docker" "rm" "-f" "e8d1305cb21c5e38dfeb41f0d67b97df6aa289b1d6d80e61b92563f72f3548ec", kill_on_drop: false }`
[INFO] [stdout] e8d1305cb21c5e38dfeb41f0d67b97df6aa289b1d6d80e61b92563f72f3548ec
