[INFO] cloning repository https://github.com/wolf4ood/realworld-axum
[INFO] running `Command { std: "git" "-c" "credential.helper=" "-c" "credential.helper=/workspace/cargo-home/bin/git-credential-null" "clone" "--bare" "https://github.com/wolf4ood/realworld-axum" "/workspace/cache/git-repos/https%3A%2F%2Fgithub.com%2Fwolf4ood%2Frealworld-axum", kill_on_drop: false }`
[INFO] [stderr] Cloning into bare repository '/workspace/cache/git-repos/https%3A%2F%2Fgithub.com%2Fwolf4ood%2Frealworld-axum'...
[INFO] running `Command { std: "git" "rev-parse" "HEAD", kill_on_drop: false }`
[INFO] [stdout] cb1ed7a3f6922a8eccade9450b226a8fcffdcade
[INFO] testing wolf4ood/realworld-axum against 1.99.0-beta.8 for beta-1.100-2
[INFO] running `Command { std: "git" "clone" "/workspace/cache/git-repos/https%3A%2F%2Fgithub.com%2Fwolf4ood%2Frealworld-axum" "/workspace/builds/worker-4-tc1/source", kill_on_drop: false }`
[INFO] [stderr] Cloning into '/workspace/builds/worker-4-tc1/source'...
[INFO] [stderr] done.
[INFO] started tweaking git repo https://github.com/wolf4ood/realworld-axum
[INFO] finished tweaking git repo https://github.com/wolf4ood/realworld-axum
[INFO] tweaked toml for git repo https://github.com/wolf4ood/realworld-axum written to /workspace/builds/worker-4-tc1/source/Cargo.toml
[INFO] validating manifest of git repo https://github.com/wolf4ood/realworld-axum on toolchain 1.99.0-beta.8
[INFO] running `Command { std: CARGO_HOME="/workspace/cargo-home" RUSTUP_HOME="/workspace/rustup-home" "/workspace/cargo-home/bin/cargo" "+1.99.0-beta.8" "metadata" "--manifest-path" "Cargo.toml" "--no-deps", kill_on_drop: false }`
[INFO] crate git repo https://github.com/wolf4ood/realworld-axum already has a lockfile, it will not be regenerated
[INFO] running `Command { std: CARGO_HOME="/workspace/cargo-home" RUSTUP_HOME="/workspace/rustup-home" "/workspace/cargo-home/bin/cargo" "+1.99.0-beta.8" "fetch" "--manifest-path" "Cargo.toml", kill_on_drop: false }`
[INFO] [stderr] warning: virtual workspace defaulting to `resolver = "1"` despite one or more workspace members being on edition 2021 which implies `resolver = "2"`
[INFO] [stderr]   |
[INFO] [stderr]   = note: to keep the current resolver, specify `workspace.resolver = "1"` in the workspace root's manifest
[INFO] [stderr]   = note: to use the edition 2021 resolver, specify `workspace.resolver = "2"` in the workspace root's manifest
[INFO] [stderr]   = note: for more details see https://doc.rust-lang.org/cargo/reference/resolver.html#resolver-versions
[INFO] [stderr]     Updating crates.io index
[INFO] [stderr]  Downloading crates ...
[INFO] [stderr]   Downloaded serde_derive v1.0.136
[INFO] [stderr]   Downloaded proc-macro2 v1.0.37
[INFO] [stderr]   Downloaded tower-layer v0.3.1
[INFO] [stderr]   Downloaded num_cpus v1.13.1
[INFO] [stderr]   Downloaded futures-core v0.3.21
[INFO] [stderr]   Downloaded futures-macro v0.3.21
[INFO] [stderr]   Downloaded http-body v0.4.4
[INFO] [stderr]   Downloaded time-macros-impl v0.1.2
[INFO] [stderr]   Downloaded discard v1.0.4
[INFO] [stderr]   Downloaded serde v0.8.23
[INFO] [stderr]   Downloaded itoa v1.0.1
[INFO] [stderr]   Downloaded percent-encoding v1.0.1
[INFO] [stderr]   Downloaded stdweb-internal-runtime v0.1.5
[INFO] [stderr]   Downloaded serde-hjson v0.8.2
[INFO] [stderr]   Downloaded quote v1.0.18
[INFO] [stderr]   Downloaded tower-service v0.3.1
[INFO] [stderr]   Downloaded tokio-macros v1.7.0
[INFO] [stderr]   Downloaded futures-sink v0.3.21
[INFO] [stderr]   Downloaded pin-project-internal v1.0.10
[INFO] [stderr]   Downloaded slab v0.4.6
[INFO] [stderr]   Downloaded futures-task v0.3.21
[INFO] [stderr]   Downloaded futures-io v0.3.21
[INFO] [stderr]   Downloaded thiserror-impl v1.0.30
[INFO] [stderr]   Downloaded addr2line v0.17.0
[INFO] [stderr]   Downloaded data-encoding v2.3.2
[INFO] [stderr]   Downloaded percent-encoding v2.1.0
[INFO] [stderr]   Downloaded matches v0.1.9
[INFO] [stderr]   Downloaded tinyvec_macros v0.1.0
[INFO] [stderr]   Downloaded form_urlencoded v1.0.1
[INFO] [stderr]   Downloaded time-macros v0.1.1
[INFO] [stderr]   Downloaded proc-macro-hack v0.5.19
[INFO] [stderr]   Downloaded wasm-bindgen-macro v0.2.80
[INFO] [stderr]   Downloaded wasm-bindgen-macro-support v0.2.80
[INFO] [stderr]   Downloaded wasm-bindgen-shared v0.2.80
[INFO] [stderr]   Downloaded stdweb-internal-macros v0.2.9
[INFO] [stderr]   Downloaded sha1 v0.6.1
[INFO] [stderr]   Downloaded sha1_smol v1.0.0
[INFO] [stderr]   Downloaded base-x v0.2.8
[INFO] [stderr]   Downloaded stdweb-derive v0.5.3
[INFO] [stderr]   Downloaded const_fn v0.4.9
[INFO] [stderr]   Downloaded sqlx-rt v0.5.13
[INFO] [stderr]   Downloaded native-tls v0.2.10
[INFO] [stderr]   Downloaded linked-hash-map v0.5.4
[INFO] [stderr]   Downloaded getrandom v0.2.6
[INFO] [stderr]   Downloaded tracing-attributes v0.1.20
[INFO] [stderr]   Downloaded pin-project-lite v0.2.8
[INFO] [stderr]   Downloaded signal-hook-registry v1.4.0
[INFO] [stderr]   Downloaded parking_lot_core v0.9.2
[INFO] [stderr]   Downloaded smallvec v1.8.0
[INFO] [stderr]   Downloaded redox_syscall v0.2.13
[INFO] [stderr]   Downloaded lock_api v0.4.7
[INFO] [stderr]   Downloaded once_cell v1.10.0
[INFO] [stderr]   Downloaded miow v0.3.7
[INFO] [stderr]   Downloaded futures-channel v0.3.21
[INFO] [stderr]   Downloaded thiserror v1.0.30
[INFO] [stderr]   Downloaded serde_qs v0.5.2
[INFO] [stderr]   Downloaded rustc-demangle v0.1.21
[INFO] [stderr]   Downloaded tinyvec v1.5.1
[INFO] [stderr]   Downloaded unicode-bidi v0.3.7
[INFO] [stderr]   Downloaded standback v0.2.17
[INFO] [stderr]   Downloaded wasm-bindgen-backend v0.2.80
[INFO] [stderr]   Downloaded sqlx-macros v0.5.13
[INFO] [stderr]   Downloaded tokio-native-tls v0.3.0
[INFO] [stderr]   Downloaded sea-strum_macros v0.23.0
[INFO] [stderr]   Downloaded sea-query-derive v0.2.0
[INFO] [stderr]   Downloaded sea-orm-macros v0.7.0
[INFO] [stderr]   Downloaded bae v0.1.7
[INFO] [stderr]   Downloaded ouroboros v0.15.0
[INFO] [stderr]   Downloaded yaml-rust v0.4.5
[INFO] [stderr]   Downloaded toml v0.4.10
[INFO] [stderr]   Downloaded serde_test v0.8.23
[INFO] [stderr]   Downloaded rust-ini v0.13.0
[INFO] [stderr]   Downloaded version_check v0.1.5
[INFO] [stderr]   Downloaded try-lock v0.2.3
[INFO] [stderr]   Downloaded axum-core v0.2.2
[INFO] [stderr]   Downloaded rand_xorshift v0.1.1
[INFO] [stderr]   Downloaded cloudabi v0.0.3
[INFO] [stderr]   Downloaded rand_isaac v0.1.1
[INFO] [stderr]   Downloaded bcrypt v0.12.1
[INFO] [stderr]   Downloaded untrusted v0.6.2
[INFO] [stderr]   Downloaded serde v1.0.136
[INFO] [stderr]   Downloaded tracing v0.1.34
[INFO] [stderr]   Downloaded tracing-core v0.1.26
[INFO] [stderr]   Downloaded log v0.4.16
[INFO] [stderr]   Downloaded socket2 v0.4.4
[INFO] [stderr]   Downloaded parking_lot v0.12.0
[INFO] [stderr]   Downloaded memchr v2.4.1
[INFO] [stderr]   Downloaded bytes v1.1.0
[INFO] [stderr]   Downloaded pin-project v1.0.10
[INFO] [stderr]   Downloaded backtrace v0.3.65
[INFO] [stderr]   Downloaded miniz_oxide v0.5.1
[INFO] [stderr]   Downloaded cc v1.0.73
[INFO] [stderr]   Downloaded ryu v1.0.9
[INFO] [stderr]   Downloaded time v0.2.27
[INFO] [stderr]   Downloaded bumpalo v3.9.1
[INFO] [stderr]   Downloaded whoami v1.2.1
[INFO] [stderr]   Downloaded either v1.6.1
[INFO] [stderr]   Downloaded crypto-common v0.1.3
[INFO] [stderr]   Downloaded cpufeatures v0.2.2
[INFO] [stderr]   Downloaded sea-strum v0.23.0
[INFO] [stderr]   Downloaded rustversion v1.0.6
[INFO] [stderr]   Downloaded crossbeam-deque v0.8.1
[INFO] [stderr]   Downloaded linked-hash-map v0.3.0
[INFO] [stderr]   Downloaded sync_wrapper v0.1.1
[INFO] [stderr]   Downloaded mime v0.3.16
[INFO] [stderr]   Downloaded rand_pcg v0.1.2
[INFO] [stderr]   Downloaded autocfg v0.1.8
[INFO] [stderr]   Downloaded rand_hc v0.1.0
[INFO] [stderr]   Downloaded rand_chacha v0.1.1
[INFO] [stderr]   Downloaded safemem v0.3.3
[INFO] [stderr]   Downloaded tower-http v0.2.5
[INFO] [stderr]   Downloaded tower v0.4.12
[INFO] [stderr]   Downloaded tokio-util v0.7.1
[INFO] [stderr]   Downloaded mio v0.8.2
[INFO] [stderr]   Downloaded ntapi v0.3.7
[INFO] [stderr]   Downloaded http v0.2.6
[INFO] [stderr]   Downloaded url v2.2.2
[INFO] [stderr]   Downloaded unicode-normalization v0.1.19
[INFO] [stderr]   Downloaded sqlx v0.5.13
[INFO] [stderr]   Downloaded fastrand v1.7.0
[INFO] [stderr]   Downloaded event-listener v2.5.2
[INFO] [stderr]   Downloaded atoi v0.4.0
[INFO] [stderr]   Downloaded heck v0.4.0
[INFO] [stderr]   Downloaded rand_os v0.1.3
[INFO] [stderr]   Downloaded futures-util v0.3.21
[INFO] [stderr]   Downloaded serde_json v1.0.79
[INFO] [stderr]   Downloaded wasm-bindgen v0.2.80
[INFO] [stderr]   Downloaded block-buffer v0.10.2
[INFO] [stderr]   Downloaded sha-1 v0.10.0
[INFO] [stderr]   Downloaded crossbeam-queue v0.3.5
[INFO] [stderr]   Downloaded crc v2.1.0
[INFO] [stderr]   Downloaded crc-catalog v1.1.1
[INFO] [stderr]   Downloaded terminal_size v0.1.17
[INFO] [stderr]   Downloaded num-traits v0.1.43
[INFO] [stderr]   Downloaded httparse v1.7.0
[INFO] [stderr]   Downloaded rand_jitter v0.1.4
[INFO] [stderr]   Downloaded cipher v0.4.3
[INFO] [stderr]   Downloaded syn v1.0.91
[INFO] [stderr]   Downloaded object v0.28.3
[INFO] [stderr]   Downloaded stdweb v0.4.20
[INFO] [stderr]   Downloaded tempfile v3.3.0
[INFO] [stderr]   Downloaded pkg-config v0.3.25
[INFO] [stderr]   Downloaded tokio-stream v0.1.8
[INFO] [stderr]   Downloaded sqlformat v0.1.8
[INFO] [stderr]   Downloaded sha2 v0.10.2
[INFO] [stderr]   Downloaded digest v0.10.3
[INFO] [stderr]   Downloaded generic-array v0.14.5
[INFO] [stderr]   Downloaded pem-rfc7468 v0.3.1
[INFO] [stderr]   Downloaded base64ct v1.5.0
[INFO] [stderr]   Downloaded num-integer v0.1.44
[INFO] [stderr]   Downloaded ppv-lite86 v0.2.16
[INFO] [stderr]   Downloaded paste v1.0.7
[INFO] [stderr]   Downloaded md-5 v0.10.1
[INFO] [stderr]   Downloaded parking_lot_core v0.8.5
[INFO] [stderr]   Downloaded futures-executor v0.3.21
[INFO] [stderr]   Downloaded spin v0.9.3
[INFO] [stderr]   Downloaded time v0.1.43
[INFO] [stderr]   Downloaded sea-query v0.23.0
[INFO] [stderr]   Downloaded console v0.14.1
[INFO] [stderr]   Downloaded config v0.9.3
[INFO] [stderr]   Downloaded fake v1.3.0
[INFO] [stderr]   Downloaded jsonwebtoken v5.0.1
[INFO] [stderr]   Downloaded base64 v0.9.3
[INFO] [stderr]   Downloaded idna v0.2.3
[INFO] [stderr]   Downloaded security-framework-sys v2.6.1
[INFO] [stderr]   Downloaded core-foundation-sys v0.8.3
[INFO] [stderr]   Downloaded schannel v0.1.19
[INFO] [stderr]   Downloaded typenum v1.15.0
[INFO] [stderr]   Downloaded arrayvec v0.7.2
[INFO] [stderr]   Downloaded zeroize v1.5.4
[INFO] [stderr]   Downloaded rand_core v0.6.3
[INFO] [stderr]   Downloaded pkcs1 v0.3.3
[INFO] [stderr]   Downloaded hashlink v0.7.0
[INFO] [stderr]   Downloaded flume v0.10.12
[INFO] [stderr]   Downloaded base64 v0.13.0
[INFO] [stderr]   Downloaded matchit v0.5.0
[INFO] [stderr]   Downloaded openssl-sys v0.9.72
[INFO] [stderr]   Downloaded rsa v0.6.1
[INFO] [stderr]   Downloaded crypto-bigint v0.3.2
[INFO] [stderr]   Downloaded indexmap v1.8.1
[INFO] [stderr]   Downloaded crossbeam-utils v0.8.8
[INFO] [stderr]   Downloaded textwrap v0.15.0
[INFO] [stderr]   Downloaded anyhow v1.0.56
[INFO] [stderr]   Downloaded security-framework v2.6.1
[INFO] [stderr]   Downloaded js-sys v0.3.57
[INFO] [stderr]   Downloaded futures-intrusive v0.4.0
[INFO] [stderr]   Downloaded unicode-segmentation v1.9.0
[INFO] [stderr]   Downloaded ouroboros_macro v0.15.0
[INFO] [stderr]   Downloaded tracing-log v0.1.2
[INFO] [stderr]   Downloaded rand v0.6.5
[INFO] [stderr]   Downloaded sea-orm v0.7.1
[INFO] [stderr]   Downloaded thread_local v1.1.4
[INFO] [stderr]   Downloaded clap v3.1.12
[INFO] [stderr]   Downloaded axum v0.5.3
[INFO] [stderr]   Downloaded itertools v0.8.2
[INFO] [stderr]   Downloaded tokio v1.17.0
[INFO] [stderr]   Downloaded nom v7.1.1
[INFO] [stderr]   Downloaded itertools v0.10.3
[INFO] [stderr]   Downloaded rust_decimal v1.23.1
[INFO] [stderr]   Downloaded libm v0.2.2
[INFO] [stderr]   Downloaded async-trait v0.1.53
[INFO] [stderr]   Downloaded async-stream v0.3.3
[INFO] [stderr]   Downloaded async-stream-impl v0.3.3
[INFO] [stderr]   Downloaded remove_dir_all v0.7.0
[INFO] [stderr]   Downloaded nom v4.2.3
[INFO] [stderr]   Downloaded h2 v0.3.13
[INFO] [stderr]   Downloaded num-bigint-dig v0.8.1
[INFO] [stderr]   Downloaded futures v0.3.21
[INFO] [stderr]   Downloaded crossbeam-epoch v0.9.8
[INFO] [stderr]   Downloaded promptly v0.3.0
[INFO] [stderr]   Downloaded utf8parse v0.2.0
[INFO] [stderr]   Downloaded libc v0.2.124
[INFO] [stderr]   Downloaded chrono v0.4.19
[INFO] [stderr]   Downloaded sqlx-cli v0.5.13
[INFO] [stderr]   Downloaded sharded-slab v0.1.4
[INFO] [stderr]   Downloaded rayon-core v1.9.2
[INFO] [stderr]   Downloaded rustyline v6.3.0
[INFO] [stderr]   Downloaded termcolor v1.1.3
[INFO] [stderr]   Downloaded hyper v0.14.18
[INFO] [stderr]   Downloaded windows_aarch64_msvc v0.34.0
[INFO] [stderr]   Downloaded openssl v0.10.38
[INFO] [stderr]   Downloaded crossbeam-channel v0.5.4
[INFO] [stderr]   Downloaded windows_x86_64_msvc v0.34.0
[INFO] [stderr]   Downloaded gimli v0.26.1
[INFO] [stderr]   Downloaded tracing-subscriber v0.3.11
[INFO] [stderr]   Downloaded rayon v1.5.2
[INFO] [stderr]   Downloaded clap_lex v0.1.1
[INFO] [stderr]   Downloaded os_str_bytes v6.0.0
[INFO] [stderr]   Downloaded windows_x86_64_gnu v0.34.0
[INFO] [stderr]   Downloaded windows_i686_msvc v0.34.0
[INFO] [stderr]   Downloaded windows_i686_gnu v0.34.0
[INFO] [stderr]   Downloaded regex v1.5.5
[INFO] [stderr]   Downloaded dirs-next v1.0.2
[INFO] [stderr]   Downloaded sqlx-core v0.5.13
[INFO] [stderr]   Downloaded unicode-width v0.1.9
[INFO] [stderr]   Downloaded glob v0.3.0
[INFO] [stderr]   Downloaded clap_derive v3.1.7
[INFO] [stderr]   Downloaded nix v0.18.0
[INFO] [stderr]   Downloaded web-sys v0.3.57
[INFO] [stderr]   Downloaded windows-sys v0.34.0
[INFO] [stderr]   Downloaded libsqlite3-sys v0.24.2
[INFO] [stderr]   Downloaded ring v0.13.5
[INFO] running `Command { std: "docker" "create" "-v" "/var/lib/crater-agent-workspace/builds/worker-4-tc1/source:/opt/rustwide/workdir:ro,Z" "-v" "/var/lib/crater-agent-workspace/builds/worker-4-tc1/target:/opt/rustwide/target:rw,Z" "-v" "/var/lib/crater-agent-workspace/cargo-home:/opt/rustwide/cargo-home:ro,Z" "-v" "/var/lib/crater-agent-workspace/rustup-home:/opt/rustwide/rustup-home:ro,Z" "-m" "1610612736" "--network" "none" "ghcr.io/rust-lang/crates-build-env/linux@sha256:3111399a4047eeb3a02b7a90e478d715f38a8c6669b5c4b49d30a17385265909" "sleep" "infinity", kill_on_drop: false }`
[INFO] [stdout] 430383dbb4b0dd554516cfd10b4dbf1ad93e535c54abbb2690d2c2233657a6ec
[INFO] running `Command { std: "docker" "start" "430383dbb4b0dd554516cfd10b4dbf1ad93e535c54abbb2690d2c2233657a6ec", kill_on_drop: false }`
[INFO] running `Command { std: "docker" "inspect" "430383dbb4b0dd554516cfd10b4dbf1ad93e535c54abbb2690d2c2233657a6ec", kill_on_drop: false }`
[INFO] running `Command { std: "docker" "exec" "-e" "SOURCE_DIR=/opt/rustwide/workdir" "-e" "CARGO_HOME=/opt/rustwide/cargo-home" "-e" "RUSTUP_HOME=/opt/rustwide/rustup-home" "-e" "CARGO_TARGET_DIR=/opt/rustwide/target" "-w" "/opt/rustwide/workdir" "--user" "0:0" "430383dbb4b0dd554516cfd10b4dbf1ad93e535c54abbb2690d2c2233657a6ec" "/opt/rustwide/cargo-home/bin/cargo" "+1.99.0-beta.8" "metadata" "--no-deps" "--format-version=1", kill_on_drop: false }`
[INFO] running `Command { std: "docker" "inspect" "430383dbb4b0dd554516cfd10b4dbf1ad93e535c54abbb2690d2c2233657a6ec", kill_on_drop: false }`
[INFO] running `Command { std: "docker" "exec" "-e" "SOURCE_DIR=/opt/rustwide/workdir" "-e" "CARGO_HOME=/opt/rustwide/cargo-home" "-e" "RUSTUP_HOME=/opt/rustwide/rustup-home" "-e" "CARGO_TARGET_DIR=/opt/rustwide/target" "-e" "CARGO_INCREMENTAL=0" "-e" "RUST_BACKTRACE=full" "-e" "RUSTFLAGS=--cap-lints=warn" "-e" "RUSTDOCFLAGS=--cap-lints=warn" "-w" "/opt/rustwide/workdir" "--user" "0:0" "430383dbb4b0dd554516cfd10b4dbf1ad93e535c54abbb2690d2c2233657a6ec" "/opt/rustwide/cargo-home/bin/cargo" "+1.99.0-beta.8" "build" "--frozen" "--message-format=json", kill_on_drop: false }`
[INFO] [stderr] warning: virtual workspace defaulting to `resolver = "1"` despite one or more workspace members being on edition 2021 which implies `resolver = "2"`
[INFO] [stderr]   |
[INFO] [stderr]   = note: to keep the current resolver, specify `workspace.resolver = "1"` in the workspace root's manifest
[INFO] [stderr]   = note: to use the edition 2021 resolver, specify `workspace.resolver = "2"` in the workspace root's manifest
[INFO] [stderr]   = note: for more details see https://doc.rust-lang.org/cargo/reference/resolver.html#resolver-versions
[INFO] [stderr]    Compiling proc-macro2 v1.0.37
[INFO] [stderr]    Compiling unicode-xid v0.2.2
[INFO] [stderr]    Compiling syn v1.0.91
[INFO] [stderr]    Compiling libc v0.2.124
[INFO] [stderr]    Compiling memchr v2.4.1
[INFO] [stderr]    Compiling typenum v1.15.0
[INFO] [stderr]    Compiling generic-array v0.14.5
[INFO] [stderr]    Compiling log v0.4.16
[INFO] [stderr]    Compiling lazy_static v1.4.0
[INFO] [stderr]    Compiling once_cell v1.10.0
[INFO] [stderr]    Compiling smallvec v1.8.0
[INFO] [stderr]    Compiling serde_derive v1.0.136
[INFO] [stderr]    Compiling lock_api v0.4.7
[INFO] [stderr]    Compiling pin-project-lite v0.2.8
[INFO] [stderr]    Compiling futures-core v0.3.21
[INFO] [stderr]    Compiling serde v1.0.136
[INFO] [stderr]    Compiling libm v0.2.2
[INFO] [stderr]    Compiling num-traits v0.2.14
[INFO] [stderr]    Compiling scopeguard v1.1.0
[INFO] [stderr]    Compiling cc v1.0.73
[INFO] [stderr]    Compiling bytes v1.1.0
[INFO] [stderr]    Compiling quote v1.0.18
[INFO] [stderr]    Compiling parking_lot_core v0.9.2
[INFO] [stderr]    Compiling itoa v1.0.1
[INFO] [stderr]    Compiling futures-sink v0.3.21
[INFO] [stderr]    Compiling futures-channel v0.3.21
[INFO] [stderr]    Compiling futures-task v0.3.21
[INFO] [stderr]    Compiling pkg-config v0.3.25
[INFO] [stderr]    Compiling num-integer v0.1.44
[INFO] [stderr]    Compiling futures-util v0.3.21
[INFO] [stderr]    Compiling unicode-segmentation v1.9.0
[INFO] [stderr]    Compiling futures-io v0.3.21
[INFO] [stderr]    Compiling slab v0.4.6
[INFO] [stderr]    Compiling futures v0.1.31
[INFO] [stderr]    Compiling openssl-sys v0.9.72
[INFO] [stderr]    Compiling getrandom v0.2.6
[INFO] [stderr]    Compiling num_cpus v1.13.1
[INFO] [stderr]    Compiling crypto-common v0.1.3
[INFO] [stderr]    Compiling socket2 v0.4.4
[INFO] [stderr]    Compiling signal-hook-registry v1.4.0
[INFO] [stderr]    Compiling mio v0.8.2
[INFO] [stderr]    Compiling parking_lot v0.12.0
[INFO] [stderr]    Compiling ahash v0.7.6
[INFO] [stderr]    Compiling byteorder v1.4.3
[INFO] [stderr]    Compiling hashbrown v0.11.2
[INFO] [stderr]    Compiling block-buffer v0.10.2
[INFO] [stderr]    Compiling indexmap v1.8.1
[INFO] [stderr]    Compiling serde_json v1.0.79
[INFO] [stderr]    Compiling ryu v1.0.9
[INFO] [stderr]    Compiling zeroize v1.5.4
[INFO] [stderr]    Compiling digest v0.10.3
[INFO] [stderr]    Compiling tracing-core v0.1.26
[INFO] [stderr]    Compiling standback v0.2.17
[INFO] [stderr]    Compiling proc-macro-error-attr v1.0.4
[INFO] [stderr]    Compiling proc-macro-hack v0.5.19
[INFO] [stderr]    Compiling base64ct v1.5.0
[INFO] [stderr]    Compiling matches v0.1.9
[INFO] [stderr]    Compiling crypto-bigint v0.3.2
[INFO] [stderr]    Compiling time v0.1.43
[INFO] [stderr]    Compiling proc-macro-error v1.0.4
[INFO] [stderr]    Compiling percent-encoding v2.1.0
[INFO] [stderr]    Compiling openssl v0.10.38
[INFO] [stderr]    Compiling tinyvec_macros v0.1.0
[INFO] [stderr]    Compiling form_urlencoded v1.0.1
[INFO] [stderr]    Compiling tinyvec v1.5.1
[INFO] [stderr]    Compiling pem-rfc7468 v0.3.1
[INFO] [stderr]    Compiling rand_core v0.6.3
[INFO] [stderr]    Compiling der v0.5.1
[INFO] [stderr]    Compiling num-iter v0.1.43
[INFO] [stderr]    Compiling native-tls v0.2.10
[INFO] [stderr]    Compiling parking_lot_core v0.8.5
[INFO] [stderr]    Compiling ppv-lite86 v0.2.16
[INFO] [stderr]    Compiling const_fn v0.4.9
[INFO] [stderr]    Compiling unicode-normalization v0.1.19
[INFO] [stderr]    Compiling time v0.2.27
[INFO] [stderr]    Compiling base64 v0.13.0
[INFO] [stderr]    Compiling async-trait v0.1.53
[INFO] [stderr]    Compiling num-bigint-dig v0.8.1
[INFO] [stderr]    Compiling rand_chacha v0.3.1
[INFO] [stderr]    Compiling unicode-bidi v0.3.7
[INFO] [stderr]    Compiling crossbeam-utils v0.8.8
[INFO] [stderr]    Compiling rust_decimal v1.23.1
[INFO] [stderr]    Compiling libsqlite3-sys v0.24.2
[INFO] [stderr]    Compiling spki v0.5.4
[INFO] [stderr]    Compiling rand v0.8.5
[INFO] [stderr]    Compiling pkcs8 v0.8.0
[INFO] [stderr]    Compiling heck v0.3.3
[INFO] [stderr]    Compiling num-bigint v0.3.3
[INFO] [stderr]    Compiling crossbeam-queue v0.3.5
[INFO] [stderr]    Compiling regex-syntax v0.6.25
[INFO] [stderr]    Compiling cpufeatures v0.2.2
[INFO] [stderr]    Compiling arrayvec v0.7.2
[INFO] [stderr]    Compiling idna v0.2.3
[INFO] [stderr]    Compiling parking_lot v0.11.2
[INFO] [stderr]    Compiling http v0.2.6
[INFO] [stderr]    Compiling nom v7.1.1
[INFO] [stderr]    Compiling pkcs1 v0.3.3
[INFO] [stderr]    Compiling hmac v0.12.1
[INFO] [stderr]    Compiling heck v0.4.0
[INFO] [stderr]    Compiling dirs-sys v0.3.7
[INFO] [stderr]    Compiling spin v0.9.3
[INFO] [stderr]    Compiling crc-catalog v1.1.1
[INFO] [stderr]    Compiling crc v2.1.0
[INFO] [stderr]    Compiling dirs v4.0.0
[INFO] [stderr]    Compiling rsa v0.6.1
[INFO] [stderr]    Compiling hkdf v0.12.3
[INFO] [stderr]    Compiling url v2.2.2
[INFO] [stderr]    Compiling futures-intrusive v0.4.0
[INFO] [stderr]    Compiling stringprep v0.1.2
[INFO] [stderr]    Compiling sha2 v0.10.2
[INFO] [stderr]    Compiling tokio-macros v1.7.0
[INFO] [stderr]    Compiling futures-macro v0.3.21
[INFO] [stderr]    Compiling pin-project-internal v1.0.10
[INFO] [stderr]    Compiling tokio v1.17.0
[INFO] [stderr]    Compiling thiserror-impl v1.0.30
[INFO] [stderr]    Compiling tracing-attributes v0.1.20
[INFO] [stderr]    Compiling pin-project v1.0.10
[INFO] [stderr]    Compiling time-macros-impl v0.1.2
[INFO] [stderr]    Compiling thiserror v1.0.30
[INFO] [stderr]    Compiling flume v0.10.12
[INFO] [stderr]    Compiling time-macros v0.1.1
[INFO] [stderr]    Compiling sha-1 v0.10.0
[INFO] [stderr]    Compiling hashlink v0.7.0
[INFO] [stderr]    Compiling tracing v0.1.34
[INFO] [stderr]    Compiling md-5 v0.10.1
[INFO] [stderr]    Compiling atoi v0.4.0
[INFO] [stderr]    Compiling inout v0.1.3
[INFO] [stderr]    Compiling aho-corasick v0.7.18
[INFO] [stderr]    Compiling anyhow v1.0.56
[INFO] [stderr]    Compiling rustversion v1.0.6
[INFO] [stderr]    Compiling paste v1.0.7
[INFO] [stderr]    Compiling event-listener v2.5.2
[INFO] [stderr]    Compiling whoami v1.2.1
[INFO] [stderr]    Compiling cipher v0.4.3
[INFO] [stderr]    Compiling http-body v0.4.4
[INFO] [stderr]    Compiling tower-service v0.3.1
[INFO] [stderr]    Compiling httparse v1.7.0
[INFO] [stderr]    Compiling nix v0.18.0
[INFO] [stderr]    Compiling blowfish v0.9.1
[INFO] [stderr]    Compiling dirs-sys-next v0.1.2
[INFO] [stderr]    Compiling regex v1.5.5
[INFO] [stderr]    Compiling ring v0.13.5
[INFO] [stderr]    Compiling unicode-width v0.1.9
[INFO] [stderr]    Compiling try-lock v0.2.3
[INFO] [stderr]    Compiling cfg-if v0.1.10
[INFO] [stderr]    Compiling version_check v0.1.5
[INFO] [stderr]    Compiling serde v0.8.23
[INFO] [stderr]    Compiling Inflector v0.11.4
[INFO] [stderr]    Compiling tower-layer v0.3.1
[INFO] [stderr]    Compiling ouroboros_macro v0.15.0
[INFO] [stderr]    Compiling nom v4.2.3
[INFO] [stderr]    Compiling futures-executor v0.3.21
[INFO] [stderr]    Compiling tokio-native-tls v0.3.0
[INFO] [stderr]    Compiling tokio-util v0.7.1
[INFO] [stderr]    Compiling tokio-stream v0.1.8
[INFO] [stderr]    Compiling sqlx-rt v0.5.13
[INFO] [stderr]    Compiling futures v0.3.21
[INFO] [stderr]    Compiling h2 v0.3.13
[INFO] [stderr]    Compiling serde_test v0.8.23
[INFO] [stderr]    Compiling tower v0.4.12
[INFO] [stderr]    Compiling either v1.6.1
[INFO] [stderr]    Compiling chrono v0.4.19
[INFO] [stderr]    Compiling uuid v0.8.2
[INFO] [stderr]    Compiling itertools v0.10.3
[INFO] [stderr]    Compiling itertools v0.8.2
[INFO] [stderr]    Compiling want v0.3.0
[INFO] [stderr]    Compiling sea-strum_macros v0.23.0
[INFO] [stderr]    Compiling dirs-next v1.0.2
[INFO] [stderr]    Compiling bcrypt v0.12.1
[INFO] [stderr]    Compiling sea-query-derive v0.2.0
[INFO] [stderr]    Compiling sqlformat v0.1.8
[INFO] [stderr]    Compiling bae v0.1.7
[INFO] [stderr]    Compiling async-stream-impl v0.3.3
[INFO] [stderr]    Compiling aliasable v0.1.3
[INFO] [stderr]    Compiling safemem v0.3.3
[INFO] [stderr]    Compiling utf8parse v0.2.0
[INFO] [stderr]    Compiling mime v0.3.16
[INFO] [stderr]    Compiling os_str_bytes v6.0.0
[INFO] [stderr]    Compiling untrusted v0.6.2
[INFO] [stderr]    Compiling ouroboros v0.15.0
[INFO] [stderr]    Compiling axum-core v0.2.2
[INFO] [stderr]    Compiling clap_lex v0.1.1
[INFO] [stderr]    Compiling tower-http v0.2.5
[INFO] [stderr]    Compiling sea-strum v0.23.0
[INFO] [stderr]    Compiling async-stream v0.3.3
[INFO] [stderr]    Compiling rustyline v6.3.0
[INFO] [stderr]    Compiling base64 v0.9.3
[INFO] [stderr]    Compiling sea-orm-macros v0.7.0
[INFO] [stderr]    Compiling realworld-domain v0.1.0 (/opt/rustwide/workdir/src/domain)
[INFO] [stdout] warning: ambiguous glob re-exports
[INFO] [stdout]   --> src/domain/src/lib.rs:7:9
[INFO] [stdout]    |
[INFO] [stdout]  7 | pub use articles::*;
[INFO] [stdout]    |         ^^^^^^^^^^^ the name `models` in the type namespace is first re-exported here
[INFO] [stdout] ...
[INFO] [stdout] 10 | pub use users::*;
[INFO] [stdout]    |         -------- but the name `models` in the type namespace is also re-exported here
[INFO] [stdout]    |
[INFO] [stdout]    = note: `#[warn(ambiguous_glob_reexports)]` on by default
[INFO] [stdout] 
[INFO] [stdout] 
[INFO] [stderr]    Compiling sea-query v0.23.0
[INFO] [stderr]    Compiling serde_urlencoded v0.7.1
[INFO] [stderr]    Compiling linked-hash-map v0.3.0
[INFO] [stderr]    Compiling hyper v0.14.18
[INFO] [stderr]    Compiling clap_derive v3.1.7
[INFO] [stderr]    Compiling regex-automata v0.1.10
[INFO] [stderr]    Compiling num-traits v0.1.43
[INFO] [stderr]    Compiling atty v0.2.14
[INFO] [stderr]    Compiling terminal_size v0.1.17
[INFO] [stderr]    Compiling matchit v0.5.0
[INFO] [stderr]    Compiling linked-hash-map v0.5.4
[INFO] [stderr]    Compiling textwrap v0.15.0
[INFO] [stderr]    Compiling lazy_static v0.2.11
[INFO] [stderr]    Compiling sync_wrapper v0.1.1
[INFO] [stderr]    Compiling termcolor v1.1.3
[INFO] [stderr]    Compiling serde-hjson v0.8.2
[INFO] [stderr]    Compiling matchers v0.1.0
[INFO] [stderr]    Compiling yaml-rust v0.4.5
[INFO] [stderr]    Compiling console v0.14.1
[INFO] [stderr]    Compiling clap v3.1.12
[INFO] [stderr]    Compiling jsonwebtoken v5.0.1
[INFO] [stderr]    Compiling promptly v0.3.0
[INFO] [stderr]    Compiling sqlx-core v0.5.13
[INFO] [stderr]    Compiling toml v0.4.10
[INFO] [stderr]    Compiling tracing-log v0.1.2
[INFO] [stderr]    Compiling remove_dir_all v0.7.0
[INFO] [stderr]    Compiling thread_local v1.1.4
[INFO] [stderr]    Compiling sharded-slab v0.1.4
[INFO] [stderr]    Compiling glob v0.3.0
[INFO] [stderr]    Compiling rust-ini v0.13.0
[INFO] [stderr]    Compiling config v0.9.3
[INFO] [stderr]    Compiling tracing-subscriber v0.3.11
[INFO] [stderr]    Compiling axum v0.5.3
[INFO] [stderr]    Compiling realworld-web v0.1.0 (/opt/rustwide/workdir/src/web)
[INFO] [stderr]    Compiling sqlx-macros v0.5.13
[INFO] [stderr]    Compiling sqlx v0.5.13
[INFO] [stderr]    Compiling sea-orm v0.7.1
[INFO] [stderr]    Compiling sqlx-cli v0.5.13
[INFO] [stderr]    Compiling realworld-db v0.1.0 (/opt/rustwide/workdir/src/db)
[INFO] [stderr]    Compiling realworld-application v0.1.0 (/opt/rustwide/workdir/src/application)
[INFO] [stderr]    Compiling realworld-tests v0.1.0 (/opt/rustwide/workdir/src/tests)
[INFO] [stderr]     Finished `dev` profile [unoptimized + debuginfo] target(s) in 3m 35s
[INFO] [stderr] warning: the following packages contain code that will be rejected by a future version of Rust: nom v4.2.3, num-bigint-dig v0.8.1, sqlx-core v0.5.13
[INFO] [stderr] note: to see what the problems were, use the option `--future-incompat-report`, or run `cargo report future-incompatibilities --id 5`
[INFO] running `Command { std: "docker" "inspect" "430383dbb4b0dd554516cfd10b4dbf1ad93e535c54abbb2690d2c2233657a6ec", kill_on_drop: false }`
[INFO] running `Command { std: "docker" "exec" "-e" "SOURCE_DIR=/opt/rustwide/workdir" "-e" "CARGO_HOME=/opt/rustwide/cargo-home" "-e" "RUSTUP_HOME=/opt/rustwide/rustup-home" "-e" "CARGO_TARGET_DIR=/opt/rustwide/target" "-e" "CARGO_INCREMENTAL=0" "-e" "RUST_BACKTRACE=full" "-e" "RUSTFLAGS=--cap-lints=warn" "-e" "RUSTDOCFLAGS=--cap-lints=warn" "-w" "/opt/rustwide/workdir" "--user" "0:0" "430383dbb4b0dd554516cfd10b4dbf1ad93e535c54abbb2690d2c2233657a6ec" "/opt/rustwide/cargo-home/bin/cargo" "+1.99.0-beta.8" "test" "--frozen" "--no-run" "--message-format=json", kill_on_drop: false }`
[INFO] [stderr] warning: virtual workspace defaulting to `resolver = "1"` despite one or more workspace members being on edition 2021 which implies `resolver = "2"`
[INFO] [stderr]   |
[INFO] [stderr]   = note: to keep the current resolver, specify `workspace.resolver = "1"` in the workspace root's manifest
[INFO] [stderr]   = note: to use the edition 2021 resolver, specify `workspace.resolver = "2"` in the workspace root's manifest
[INFO] [stderr]   = note: for more details see https://doc.rust-lang.org/cargo/reference/resolver.html#resolver-versions
[INFO] [stdout] warning: ambiguous glob re-exports
[INFO] [stdout]   --> src/domain/src/lib.rs:7:9
[INFO] [stdout]    |
[INFO] [stdout]  7 | pub use articles::*;
[INFO] [stdout]    |         ^^^^^^^^^^^ the name `models` in the type namespace is first re-exported here
[INFO] [stdout] ...
[INFO] [stdout] 10 | pub use users::*;
[INFO] [stdout]    |         -------- but the name `models` in the type namespace is also re-exported here
[INFO] [stdout]    |
[INFO] [stdout]    = note: `#[warn(ambiguous_glob_reexports)]` on by default
[INFO] [stdout] 
[INFO] [stdout] 
[INFO] [stderr]    Compiling autocfg v0.1.8
[INFO] [stderr]    Compiling rand_core v0.4.2
[INFO] [stderr]    Compiling backtrace v0.3.65
[INFO] [stderr]    Compiling adler v1.0.2
[INFO] [stderr]    Compiling gimli v0.26.1
[INFO] [stderr]    Compiling object v0.28.3
[INFO] [stderr]    Compiling error-chain v0.12.4
[INFO] [stderr]    Compiling rustc-demangle v0.1.21
[INFO] [stderr]    Compiling rand_pcg v0.1.2
[INFO] [stderr]    Compiling rand_chacha v0.1.1
[INFO] [stderr]    Compiling rand v0.6.5
[INFO] [stderr]    Compiling rand_core v0.3.1
[INFO] [stderr]    Compiling rand_xorshift v0.1.1
[INFO] [stderr]    Compiling rand_hc v0.1.0
[INFO] [stderr]    Compiling rand_isaac v0.1.1
[INFO] [stderr]    Compiling rand_os v0.1.3
[INFO] [stderr]    Compiling rand_jitter v0.1.4
[INFO] [stderr]    Compiling miniz_oxide v0.5.1
[INFO] [stderr]    Compiling data-encoding v2.3.2
[INFO] [stderr]    Compiling percent-encoding v1.0.1
[INFO] [stderr]    Compiling realworld-application v0.1.0 (/opt/rustwide/workdir/src/application)
[INFO] [stderr]    Compiling realworld-tests v0.1.0 (/opt/rustwide/workdir/src/tests)
[INFO] [stderr]    Compiling fake v1.3.0
[INFO] [stderr]    Compiling realworld-domain v0.1.0 (/opt/rustwide/workdir/src/domain)
[INFO] [stderr]    Compiling realworld-db v0.1.0 (/opt/rustwide/workdir/src/db)
[INFO] [stdout] warning: ambiguous glob re-exports
[INFO] [stdout]   --> src/domain/src/lib.rs:7:9
[INFO] [stdout]    |
[INFO] [stdout]  7 | pub use articles::*;
[INFO] [stdout]    |         ^^^^^^^^^^^ the name `models` in the type namespace is first re-exported here
[INFO] [stdout] ...
[INFO] [stdout] 10 | pub use users::*;
[INFO] [stdout]    |         -------- but the name `models` in the type namespace is also re-exported here
[INFO] [stdout]    |
[INFO] [stdout]    = note: `#[warn(ambiguous_glob_reexports)]` on by default
[INFO] [stdout] 
[INFO] [stdout] 
[INFO] [stderr]    Compiling addr2line v0.17.0
[INFO] [stderr]    Compiling serde_qs v0.5.2
[INFO] [stderr]    Compiling realworld-web v0.1.0 (/opt/rustwide/workdir/src/web)
[INFO] [stderr]     Finished `test` profile [unoptimized + debuginfo] target(s) in 45.36s
[INFO] [stderr] warning: the following packages contain code that will be rejected by a future version of Rust: nom v4.2.3, num-bigint-dig v0.8.1, sqlx-core v0.5.13
[INFO] [stderr] note: to see what the problems were, use the option `--future-incompat-report`, or run `cargo report future-incompatibilities --id 5`
[INFO] running `Command { std: "docker" "inspect" "430383dbb4b0dd554516cfd10b4dbf1ad93e535c54abbb2690d2c2233657a6ec", kill_on_drop: false }`
[INFO] running `Command { std: "docker" "exec" "-e" "SOURCE_DIR=/opt/rustwide/workdir" "-e" "CARGO_HOME=/opt/rustwide/cargo-home" "-e" "RUSTUP_HOME=/opt/rustwide/rustup-home" "-e" "CARGO_TARGET_DIR=/opt/rustwide/target" "-e" "CARGO_INCREMENTAL=0" "-e" "RUST_BACKTRACE=full" "-e" "RUSTFLAGS=--cap-lints=warn" "-e" "RUSTDOCFLAGS=--cap-lints=warn" "-w" "/opt/rustwide/workdir" "--user" "0:0" "430383dbb4b0dd554516cfd10b4dbf1ad93e535c54abbb2690d2c2233657a6ec" "/opt/rustwide/cargo-home/bin/cargo" "+1.99.0-beta.8" "test" "--frozen", kill_on_drop: false }`
[INFO] [stderr] warning: virtual workspace defaulting to `resolver = "1"` despite one or more workspace members being on edition 2021 which implies `resolver = "2"`
[INFO] [stderr]   |
[INFO] [stderr]   = note: to keep the current resolver, specify `workspace.resolver = "1"` in the workspace root's manifest
[INFO] [stderr]   = note: to use the edition 2021 resolver, specify `workspace.resolver = "2"` in the workspace root's manifest
[INFO] [stderr]   = note: for more details see https://doc.rust-lang.org/cargo/reference/resolver.html#resolver-versions
[INFO] [stderr] warning: ambiguous glob re-exports
[INFO] [stderr]   --> src/domain/src/lib.rs:7:9
[INFO] [stderr]    |
[INFO] [stderr]  7 | pub use articles::*;
[INFO] [stderr]    |         ^^^^^^^^^^^ the name `models` in the type namespace is first re-exported here
[INFO] [stderr] ...
[INFO] [stderr] 10 | pub use users::*;
[INFO] [stderr]    |         -------- but the name `models` in the type namespace is also re-exported here
[INFO] [stderr]    |
[INFO] [stderr]    = note: `#[warn(ambiguous_glob_reexports)]` on by default
[INFO] [stderr] 
[INFO] [stderr] warning: `realworld-domain` (lib) generated 1 warning
[INFO] [stderr] warning: `realworld-domain` (lib test) generated 1 warning (1 duplicate)
[INFO] [stderr]     Finished `test` profile [unoptimized + debuginfo] target(s) in 0.52s
[INFO] [stderr] warning: the following packages contain code that will be rejected by a future version of Rust: nom v4.2.3, num-bigint-dig v0.8.1, sqlx-core v0.5.13
[INFO] [stderr] note: to see what the problems were, use the option `--future-incompat-report`, or run `cargo report future-incompatibilities --id 5`
[INFO] [stderr]      Running unittests src/lib.rs (/opt/rustwide/target/debug/deps/realworld_application-a5d4366f90c685ec)
[INFO] [stdout] 
[INFO] [stdout] running 0 tests
[INFO] [stdout] 
[INFO] [stdout] test result: ok. 0 passed; 0 failed; 0 ignored; 0 measured; 0 filtered out; finished in 0.00s
[INFO] [stdout] 
[INFO] [stderr]      Running unittests src/bin/migrate.rs (/opt/rustwide/target/debug/deps/migrate-5485133f436f3f4c)
[INFO] [stdout] 
[INFO] [stdout] running 0 tests
[INFO] [stdout] 
[INFO] [stdout] test result: ok. 0 passed; 0 failed; 0 ignored; 0 measured; 0 filtered out; finished in 0.00s
[INFO] [stdout] 
[INFO] [stderr]      Running unittests src/main.rs (/opt/rustwide/target/debug/deps/realworld_application-e81febdc4c87efb7)
[INFO] [stdout] 
[INFO] [stdout] running 0 tests
[INFO] [stdout] 
[INFO] [stdout] test result: ok. 0 passed; 0 failed; 0 ignored; 0 measured; 0 filtered out; finished in 0.00s
[INFO] [stdout] 
[INFO] [stderr]      Running unittests src/lib.rs (/opt/rustwide/target/debug/deps/realworld_db-f406efdec4e6d8bc)
[INFO] [stdout] 
[INFO] [stdout] running 0 tests
[INFO] [stdout] 
[INFO] [stdout] test result: ok. 0 passed; 0 failed; 0 ignored; 0 measured; 0 filtered out; finished in 0.00s
[INFO] [stdout] 
[INFO] [stderr]      Running tests/conduit_articles.rs (/opt/rustwide/target/debug/deps/conduit_articles-d17f9ee3f1f53b9e)
[INFO] [stdout] 
[INFO] [stdout] running 2 tests
[INFO] [stdout] test delete_article ... FAILED
[INFO] [stdout] test list_articles ... FAILED
[INFO] [stdout] 
[INFO] [stdout] failures:
[INFO] [stdout] 
[INFO] [stdout] ---- delete_article stdout ----
[INFO] [stdout] 
[INFO] [stdout] thread 'delete_article' (4300) panicked at src/db/src/lib.rs:14:43:
[INFO] [stdout] called `Result::unwrap()` on an `Err` value: PoolTimedOut
[INFO] [stdout] stack backtrace:
[INFO] [stdout]    0:     0x641505314ba1 - std[70759c8f55707aa4]::backtrace_rs::backtrace::libunwind::trace
[INFO] [stdout]                                at /rustc/dfb0accb7f508ae8be965d8629557221c889dd98/library/std/src/../../backtrace/src/backtrace/libunwind.rs:117:9
[INFO] [stdout]    1:     0x641505314ba1 - std[70759c8f55707aa4]::backtrace_rs::backtrace::trace_unsynchronized::<std[70759c8f55707aa4]::sys::backtrace::_print_fmt::{closure#1}>
[INFO] [stdout]                                at /rustc/dfb0accb7f508ae8be965d8629557221c889dd98/library/std/src/../../backtrace/src/backtrace/mod.rs:66:14
[INFO] [stdout]    2:     0x641505314ba1 - std[70759c8f55707aa4]::sys::backtrace::_print_fmt
[INFO] [stdout]                                at /rustc/dfb0accb7f508ae8be965d8629557221c889dd98/library/std/src/sys/backtrace.rs:74:9
[INFO] [stdout]    3:     0x641505314ba1 - <<std[70759c8f55707aa4]::sys::backtrace::BacktraceLock>::print::DisplayBacktrace as core[df12db4294e9bfd3]::fmt::Display>::fmt
[INFO] [stdout]                                at /rustc/dfb0accb7f508ae8be965d8629557221c889dd98/library/std/src/sys/backtrace.rs:44:26
[INFO] [stdout]    4:     0x64150532dfaa - <core[df12db4294e9bfd3]::fmt::rt::Argument>::fmt
[INFO] [stdout]                                at /rustc/dfb0accb7f508ae8be965d8629557221c889dd98/library/core/src/fmt/rt.rs:152:76
[INFO] [stdout]    5:     0x64150532dfaa - core[df12db4294e9bfd3]::fmt::write
[INFO] [stdout]    6:     0x64150531974c - core[df12db4294e9bfd3]::io::write::default_write_fmt::<alloc[2182bb758b4b3781]::vec::Vec<u8>>
[INFO] [stdout]                                at /rustc/dfb0accb7f508ae8be965d8629557221c889dd98/library/core/src/io/write.rs:402:11
[INFO] [stdout]    7:     0x64150531974c - <alloc[2182bb758b4b3781]::vec::Vec<u8> as core[df12db4294e9bfd3]::io::write::Write>::write_fmt
[INFO] [stdout]                                at /rustc/dfb0accb7f508ae8be965d8629557221c889dd98/library/core/src/io/write.rs:335:13
[INFO] [stdout]    8:     0x6415052ef786 - <std[70759c8f55707aa4]::sys::backtrace::BacktraceLock>::print
[INFO] [stdout]                                at /rustc/dfb0accb7f508ae8be965d8629557221c889dd98/library/std/src/sys/backtrace.rs:47:9
[INFO] [stdout]    9:     0x6415052ef786 - std[70759c8f55707aa4]::panicking::default_hook::{closure#0}
[INFO] [stdout]                                at /rustc/dfb0accb7f508ae8be965d8629557221c889dd98/library/std/src/panicking.rs:292:27
[INFO] [stdout]   10:     0x64150530c569 - std[70759c8f55707aa4]::panicking::default_hook
[INFO] [stdout]                                at /rustc/dfb0accb7f508ae8be965d8629557221c889dd98/library/std/src/panicking.rs:316:9
[INFO] [stdout]   11:     0x641504b55a70 - <alloc[2182bb758b4b3781]::boxed::Box<dyn for<'a, 'b> core[df12db4294e9bfd3]::ops::function::Fn<(&'a std[70759c8f55707aa4]::panic::PanicHookInfo<'b>,), Output = ()> + core[df12db4294e9bfd3]::marker::Send + core[df12db4294e9bfd3]::marker::Sync> as core[df12db4294e9bfd3]::ops::function::Fn<(&std[70759c8f55707aa4]::panic::PanicHookInfo,)>>::call
[INFO] [stdout]                                at /rustc/dfb0accb7f508ae8be965d8629557221c889dd98/library/alloc/src/boxed.rs:2334:9
[INFO] [stdout]   12:     0x641504b55a70 - test[9d35eded1c95d3be]::test_main_inner::<test[9d35eded1c95d3be]::test_main_static::{closure#0}>::{closure#0}
[INFO] [stdout]                                at /rustc/dfb0accb7f508ae8be965d8629557221c889dd98/library/test/src/lib.rs:155:21
[INFO] [stdout]   13:     0x64150530c892 - <alloc[2182bb758b4b3781]::boxed::Box<dyn for<'a, 'b> core[df12db4294e9bfd3]::ops::function::Fn<(&'a std[70759c8f55707aa4]::panic::PanicHookInfo<'b>,), Output = ()> + core[df12db4294e9bfd3]::marker::Send + core[df12db4294e9bfd3]::marker::Sync> as core[df12db4294e9bfd3]::ops::function::Fn<(&std[70759c8f55707aa4]::panic::PanicHookInfo,)>>::call
[INFO] [stdout]                                at /rustc/dfb0accb7f508ae8be965d8629557221c889dd98/library/alloc/src/boxed.rs:2334:9
[INFO] [stdout]   14:     0x64150530c892 - std[70759c8f55707aa4]::panicking::panic_with_hook
[INFO] [stdout]                                at /rustc/dfb0accb7f508ae8be965d8629557221c889dd98/library/std/src/panicking.rs:823:13
[INFO] [stdout]   15:     0x6415052ef832 - std[70759c8f55707aa4]::panicking::panic_handler::{closure#0}
[INFO] [stdout]                                at /rustc/dfb0accb7f508ae8be965d8629557221c889dd98/library/std/src/panicking.rs:688:13
[INFO] [stdout]   16:     0x6415052e8109 - std[70759c8f55707aa4]::sys::backtrace::__rust_end_short_backtrace::<std[70759c8f55707aa4]::panicking::panic_handler::{closure#0}, !>
[INFO] [stdout]                                at /rustc/dfb0accb7f508ae8be965d8629557221c889dd98/library/std/src/sys/backtrace.rs:182:18
[INFO] [stdout]   17:     0x6415052f06bd - __rustc[8fa7c3cbc660c2b3]::rust_begin_unwind
[INFO] [stdout]                                at /rustc/dfb0accb7f508ae8be965d8629557221c889dd98/library/std/src/panicking.rs:679:5
[INFO] [stdout]   18:     0x64150532e7fc - core[df12db4294e9bfd3]::panicking::panic_fmt
[INFO] [stdout]                                at /rustc/dfb0accb7f508ae8be965d8629557221c889dd98/library/core/src/panicking.rs:80:14
[INFO] [stdout]   19:     0x64150532e522 - core[df12db4294e9bfd3]::result::unwrap_failed
[INFO] [stdout]                                at /rustc/dfb0accb7f508ae8be965d8629557221c889dd98/library/core/src/result.rs:1871:5
[INFO] [stdout]   20:     0x641504cde312 - <core[df12db4294e9bfd3]::result::Result<sqlx_core[c92089bd603b6afb]::pool::Pool<sqlx_core[c92089bd603b6afb]::postgres::database::Postgres>, sqlx_core[c92089bd603b6afb]::error::Error>>::unwrap
[INFO] [stdout]                                at /rustc/dfb0accb7f508ae8be965d8629557221c889dd98/library/core/src/result.rs:1232:23
[INFO] [stdout]   21:     0x641504cde312 - realworld_db[c04f9dd4aa51cc1d]::run_migrations::{closure#0}
[INFO] [stdout]                                at /opt/rustwide/workdir/src/db/src/lib.rs:14:43
[INFO] [stdout]   22:     0x641504bb2e9c - <realworld_tests[440595c430b3113e]::db::Db>::create::{closure#0}
[INFO] [stdout]                                at /opt/rustwide/workdir/src/tests/src/db.rs:11:29
[INFO] [stdout]   23:     0x641504bb42a1 - realworld_tests[440595c430b3113e]::db::test_db::{closure#0}
[INFO] [stdout]                                at /opt/rustwide/workdir/src/tests/src/db.rs:21:79
[INFO] [stdout]   24:     0x641504b30258 - conduit_articles[38aa0b4f5527fbd1]::delete_article::{closure#0}
[INFO] [stdout]                                at /opt/rustwide/workdir/src/db/tests/conduit_articles.rs:27:40
[INFO] [stdout]   25:     0x641504b3b70d - <core[df12db4294e9bfd3]::pin::Pin<&mut conduit_articles[38aa0b4f5527fbd1]::delete_article::{closure#0}> as core[df12db4294e9bfd3]::future::future::Future>::poll
[INFO] [stdout]                                at /rustc/dfb0accb7f508ae8be965d8629557221c889dd98/library/core/src/future/future.rs:133:9
[INFO] [stdout]   26:     0x641504b48bdd - <tokio[38f0556e2014588b]::runtime::basic_scheduler::CoreGuard>::block_on::<core[df12db4294e9bfd3]::pin::Pin<&mut conduit_articles[38aa0b4f5527fbd1]::delete_article::{closure#0}>>::{closure#0}::{closure#0}::{closure#0}
[INFO] [stdout]                                at /opt/rustwide/cargo-home/registry/src/index.crates.io-1949cf8c6b5b557f/tokio-1.17.0/src/runtime/basic_scheduler.rs:498:64
[INFO] [stdout]   27:     0x641504b2f1b2 - tokio[38f0556e2014588b]::coop::with_budget::<core[df12db4294e9bfd3]::task::poll::Poll<()>, <tokio[38f0556e2014588b]::runtime::basic_scheduler::CoreGuard>::block_on<core[df12db4294e9bfd3]::pin::Pin<&mut conduit_articles[38aa0b4f5527fbd1]::delete_article::{closure#0}>>::{closure#0}::{closure#0}::{closure#0}>::{closure#0}
[INFO] [stdout]                                at /opt/rustwide/cargo-home/registry/src/index.crates.io-1949cf8c6b5b557f/tokio-1.17.0/src/coop.rs:102:9
[INFO] [stdout]   28:     0x641504b2c6e7 - <std[70759c8f55707aa4]::thread::local::LocalKey<core[df12db4294e9bfd3]::cell::Cell<tokio[38f0556e2014588b]::coop::Budget>>>::try_with::<tokio[38f0556e2014588b]::coop::with_budget<core[df12db4294e9bfd3]::task::poll::Poll<()>, <tokio[38f0556e2014588b]::runtime::basic_scheduler::CoreGuard>::block_on<core[df12db4294e9bfd3]::pin::Pin<&mut conduit_articles[38aa0b4f5527fbd1]::delete_article::{closure#0}>>::{closure#0}::{closure#0}::{closure#0}>::{closure#0}, core[df12db4294e9bfd3]::task::poll::Poll<()>>
[INFO] [stdout]                                at /rustc/dfb0accb7f508ae8be965d8629557221c889dd98/library/std/src/thread/local.rs:463:12
[INFO] [stdout]   29:     0x641504b2c17e - <std[70759c8f55707aa4]::thread::local::LocalKey<core[df12db4294e9bfd3]::cell::Cell<tokio[38f0556e2014588b]::coop::Budget>>>::with::<tokio[38f0556e2014588b]::coop::with_budget<core[df12db4294e9bfd3]::task::poll::Poll<()>, <tokio[38f0556e2014588b]::runtime::basic_scheduler::CoreGuard>::block_on<core[df12db4294e9bfd3]::pin::Pin<&mut conduit_articles[38aa0b4f5527fbd1]::delete_article::{closure#0}>>::{closure#0}::{closure#0}::{closure#0}>::{closure#0}, core[df12db4294e9bfd3]::task::poll::Poll<()>>
[INFO] [stdout]                                at /rustc/dfb0accb7f508ae8be965d8629557221c889dd98/library/std/src/thread/local.rs:427:20
[INFO] [stdout]   30:     0x641504b48a6b - tokio[38f0556e2014588b]::coop::with_budget::<core[df12db4294e9bfd3]::task::poll::Poll<()>, <tokio[38f0556e2014588b]::runtime::basic_scheduler::CoreGuard>::block_on<core[df12db4294e9bfd3]::pin::Pin<&mut conduit_articles[38aa0b4f5527fbd1]::delete_article::{closure#0}>>::{closure#0}::{closure#0}::{closure#0}>
[INFO] [stdout]                                at /opt/rustwide/cargo-home/registry/src/index.crates.io-1949cf8c6b5b557f/tokio-1.17.0/src/coop.rs:95:13
[INFO] [stdout]   31:     0x641504b48a6b - tokio[38f0556e2014588b]::coop::budget::<core[df12db4294e9bfd3]::task::poll::Poll<()>, <tokio[38f0556e2014588b]::runtime::basic_scheduler::CoreGuard>::block_on<core[df12db4294e9bfd3]::pin::Pin<&mut conduit_articles[38aa0b4f5527fbd1]::delete_article::{closure#0}>>::{closure#0}::{closure#0}::{closure#0}>
[INFO] [stdout]                                at /opt/rustwide/cargo-home/registry/src/index.crates.io-1949cf8c6b5b557f/tokio-1.17.0/src/coop.rs:72:5
[INFO] [stdout]   32:     0x641504b48a6b - <tokio[38f0556e2014588b]::runtime::basic_scheduler::CoreGuard>::block_on::<core[df12db4294e9bfd3]::pin::Pin<&mut conduit_articles[38aa0b4f5527fbd1]::delete_article::{closure#0}>>::{closure#0}::{closure#0}
[INFO] [stdout]                                at /opt/rustwide/cargo-home/registry/src/index.crates.io-1949cf8c6b5b557f/tokio-1.17.0/src/runtime/basic_scheduler.rs:498:25
[INFO] [stdout]   33:     0x641504b43eb2 - <tokio[38f0556e2014588b]::runtime::basic_scheduler::Context>::enter::<core[df12db4294e9bfd3]::task::poll::Poll<()>, <tokio[38f0556e2014588b]::runtime::basic_scheduler::CoreGuard>::block_on<core[df12db4294e9bfd3]::pin::Pin<&mut conduit_articles[38aa0b4f5527fbd1]::delete_article::{closure#0}>>::{closure#0}::{closure#0}>
[INFO] [stdout]                                at /opt/rustwide/cargo-home/registry/src/index.crates.io-1949cf8c6b5b557f/tokio-1.17.0/src/runtime/basic_scheduler.rs:356:19
[INFO] [stdout]   34:     0x641504b482ac - <tokio[38f0556e2014588b]::runtime::basic_scheduler::CoreGuard>::block_on::<core[df12db4294e9bfd3]::pin::Pin<&mut conduit_articles[38aa0b4f5527fbd1]::delete_article::{closure#0}>>::{closure#0}
[INFO] [stdout]                                at /opt/rustwide/cargo-home/registry/src/index.crates.io-1949cf8c6b5b557f/tokio-1.17.0/src/runtime/basic_scheduler.rs:497:44
[INFO] [stdout]   35:     0x641504b47804 - <tokio[38f0556e2014588b]::runtime::basic_scheduler::CoreGuard>::enter::<<tokio[38f0556e2014588b]::runtime::basic_scheduler::CoreGuard>::block_on<core[df12db4294e9bfd3]::pin::Pin<&mut conduit_articles[38aa0b4f5527fbd1]::delete_article::{closure#0}>>::{closure#0}, ()>::{closure#0}
[INFO] [stdout]                                at /opt/rustwide/cargo-home/registry/src/index.crates.io-1949cf8c6b5b557f/tokio-1.17.0/src/runtime/basic_scheduler.rs:555:57
[INFO] [stdout]   36:     0x641504b3514d - <tokio[38f0556e2014588b]::macros::scoped_tls::ScopedKey<tokio[38f0556e2014588b]::runtime::basic_scheduler::Context>>::set::<<tokio[38f0556e2014588b]::runtime::basic_scheduler::CoreGuard>::enter<<tokio[38f0556e2014588b]::runtime::basic_scheduler::CoreGuard>::block_on<core[df12db4294e9bfd3]::pin::Pin<&mut conduit_articles[38aa0b4f5527fbd1]::delete_article::{closure#0}>>::{closure#0}, ()>::{closure#0}, (alloc[2182bb758b4b3781]::boxed::Box<tokio[38f0556e2014588b]::runtime::basic_scheduler::Core>, ())>
[INFO] [stdout]                                at /opt/rustwide/cargo-home/registry/src/index.crates.io-1949cf8c6b5b557f/tokio-1.17.0/src/macros/scoped_tls.rs:61:9
[INFO] [stdout]   37:     0x641504b44d6c - <tokio[38f0556e2014588b]::runtime::basic_scheduler::CoreGuard>::enter::<<tokio[38f0556e2014588b]::runtime::basic_scheduler::CoreGuard>::block_on<core[df12db4294e9bfd3]::pin::Pin<&mut conduit_articles[38aa0b4f5527fbd1]::delete_article::{closure#0}>>::{closure#0}, ()>
[INFO] [stdout]                                at /opt/rustwide/cargo-home/registry/src/index.crates.io-1949cf8c6b5b557f/tokio-1.17.0/src/runtime/basic_scheduler.rs:555:35
[INFO] [stdout]   38:     0x641504b44ff5 - <tokio[38f0556e2014588b]::runtime::basic_scheduler::CoreGuard>::block_on::<core[df12db4294e9bfd3]::pin::Pin<&mut conduit_articles[38aa0b4f5527fbd1]::delete_article::{closure#0}>>
[INFO] [stdout]                                at /opt/rustwide/cargo-home/registry/src/index.crates.io-1949cf8c6b5b557f/tokio-1.17.0/src/runtime/basic_scheduler.rs:488:14
[INFO] [stdout]   39:     0x641504b43893 - <tokio[38f0556e2014588b]::runtime::basic_scheduler::BasicScheduler>::block_on::<conduit_articles[38aa0b4f5527fbd1]::delete_article::{closure#0}>
[INFO] [stdout]                                at /opt/rustwide/cargo-home/registry/src/index.crates.io-1949cf8c6b5b557f/tokio-1.17.0/src/runtime/basic_scheduler.rs:168:29
[INFO] [stdout]   40:     0x641504b2bdba - <tokio[38f0556e2014588b]::runtime::Runtime>::block_on::<conduit_articles[38aa0b4f5527fbd1]::delete_article::{closure#0}>
[INFO] [stdout]                                at /opt/rustwide/cargo-home/registry/src/index.crates.io-1949cf8c6b5b557f/tokio-1.17.0/src/runtime/mod.rs:475:51
[INFO] [stdout]   41:     0x641504b3217c - conduit_articles[38aa0b4f5527fbd1]::delete_article
[INFO] [stdout]                                at /opt/rustwide/workdir/src/db/tests/conduit_articles.rs:48:29
[INFO] [stdout]   42:     0x641504b2f7c7 - conduit_articles[38aa0b4f5527fbd1]::delete_article::{closure#0}
[INFO] [stdout]                                at /opt/rustwide/workdir/src/db/tests/conduit_articles.rs:26:26
[INFO] [stdout]   43:     0x641504b48ca6 - <conduit_articles[38aa0b4f5527fbd1]::delete_article::{closure#0} as core[df12db4294e9bfd3]::ops::function::FnOnce<()>>::call_once
[INFO] [stdout]                                at /rustc/dfb0accb7f508ae8be965d8629557221c889dd98/library/core/src/ops/function.rs:250:5
[INFO] [stdout]   44:     0x641504b48d5b - <fn() -> core[df12db4294e9bfd3]::result::Result<(), alloc[2182bb758b4b3781]::string::String> as core[df12db4294e9bfd3]::ops::function::FnOnce<()>>::call_once
[INFO] [stdout]                                at /rustc/dfb0accb7f508ae8be965d8629557221c889dd98/library/core/src/ops/function.rs:250:5
[INFO] [stdout]   45:     0x641504b48d5b - test[9d35eded1c95d3be]::__rust_begin_short_backtrace::<core[df12db4294e9bfd3]::result::Result<(), alloc[2182bb758b4b3781]::string::String>, fn() -> core[df12db4294e9bfd3]::result::Result<(), alloc[2182bb758b4b3781]::string::String>>
[INFO] [stdout]                                at /rustc/dfb0accb7f508ae8be965d8629557221c889dd98/library/test/src/lib.rs:733:18
[INFO] [stdout]   46:     0x641504b563c5 - test[9d35eded1c95d3be]::run_test_in_process::{closure#0}
[INFO] [stdout]                                at /rustc/dfb0accb7f508ae8be965d8629557221c889dd98/library/test/src/lib.rs:756:74
[INFO] [stdout]   47:     0x641504b563c5 - <core[df12db4294e9bfd3]::panic::unwind_safe::AssertUnwindSafe<test[9d35eded1c95d3be]::run_test_in_process::{closure#0}> as core[df12db4294e9bfd3]::ops::function::FnOnce<()>>::call_once
[INFO] [stdout]                                at /rustc/dfb0accb7f508ae8be965d8629557221c889dd98/library/core/src/panic/unwind_safe.rs:275:9
[INFO] [stdout]   48:     0x641504b563c5 - std[70759c8f55707aa4]::panicking::catch_unwind::do_call::<core[df12db4294e9bfd3]::panic::unwind_safe::AssertUnwindSafe<test[9d35eded1c95d3be]::run_test_in_process::{closure#0}>, core[df12db4294e9bfd3]::result::Result<(), alloc[2182bb758b4b3781]::string::String>>
[INFO] [stdout]                                at /rustc/dfb0accb7f508ae8be965d8629557221c889dd98/library/std/src/panicking.rs:576:43
[INFO] [stdout]   49:     0x641504b563c5 - std[70759c8f55707aa4]::panicking::catch_unwind::<core[df12db4294e9bfd3]::result::Result<(), alloc[2182bb758b4b3781]::string::String>, core[df12db4294e9bfd3]::panic::unwind_safe::AssertUnwindSafe<test[9d35eded1c95d3be]::run_test_in_process::{closure#0}>>
[INFO] [stdout]                                at /rustc/dfb0accb7f508ae8be965d8629557221c889dd98/library/std/src/panicking.rs:544:19
[INFO] [stdout]   50:     0x641504b563c5 - std[70759c8f55707aa4]::panic::catch_unwind::<core[df12db4294e9bfd3]::panic::unwind_safe::AssertUnwindSafe<test[9d35eded1c95d3be]::run_test_in_process::{closure#0}>, core[df12db4294e9bfd3]::result::Result<(), alloc[2182bb758b4b3781]::string::String>>
[INFO] [stdout]                                at /rustc/dfb0accb7f508ae8be965d8629557221c889dd98/library/std/src/panic.rs:359:14
[INFO] [stdout]   51:     0x641504b563c5 - test[9d35eded1c95d3be]::run_test_in_process
[INFO] [stdout]                                at /rustc/dfb0accb7f508ae8be965d8629557221c889dd98/library/test/src/lib.rs:756:27
[INFO] [stdout]   52:     0x641504b563c5 - test[9d35eded1c95d3be]::run_test::{closure#0}
[INFO] [stdout]                                at /rustc/dfb0accb7f508ae8be965d8629557221c889dd98/library/test/src/lib.rs:677:43
[INFO] [stdout]   53:     0x641504b4fc84 - test[9d35eded1c95d3be]::run_test::{closure#1}
[INFO] [stdout]                                at /rustc/dfb0accb7f508ae8be965d8629557221c889dd98/library/test/src/lib.rs:707:41
[INFO] [stdout]   54:     0x641504b4fc84 - std[70759c8f55707aa4]::sys::backtrace::__rust_begin_short_backtrace::<test[9d35eded1c95d3be]::run_test::{closure#1}, ()>
[INFO] [stdout]                                at /rustc/dfb0accb7f508ae8be965d8629557221c889dd98/library/std/src/sys/backtrace.rs:166:18
[INFO] [stdout]   55:     0x641504b59522 - std[70759c8f55707aa4]::thread::lifecycle::spawn_unchecked::<test[9d35eded1c95d3be]::run_test::{closure#1}, ()>::{closure#1}::{closure#0}
[INFO] [stdout]                                at /rustc/dfb0accb7f508ae8be965d8629557221c889dd98/library/std/src/thread/lifecycle.rs:70:13
[INFO] [stdout]   56:     0x641504b59522 - <core[df12db4294e9bfd3]::panic::unwind_safe::AssertUnwindSafe<std[70759c8f55707aa4]::thread::lifecycle::spawn_unchecked<test[9d35eded1c95d3be]::run_test::{closure#1}, ()>::{closure#1}::{closure#0}> as core[df12db4294e9bfd3]::ops::function::FnOnce<()>>::call_once
[INFO] [stdout]                                at /rustc/dfb0accb7f508ae8be965d8629557221c889dd98/library/core/src/panic/unwind_safe.rs:275:9
[INFO] [stdout]   57:     0x641504b59522 - std[70759c8f55707aa4]::panicking::catch_unwind::do_call::<core[df12db4294e9bfd3]::panic::unwind_safe::AssertUnwindSafe<std[70759c8f55707aa4]::thread::lifecycle::spawn_unchecked<test[9d35eded1c95d3be]::run_test::{closure#1}, ()>::{closure#1}::{closure#0}>, ()>
[INFO] [stdout]                                at /rustc/dfb0accb7f508ae8be965d8629557221c889dd98/library/std/src/panicking.rs:576:43
[INFO] [stdout]   58:     0x641504b59522 - std[70759c8f55707aa4]::panicking::catch_unwind::<(), core[df12db4294e9bfd3]::panic::unwind_safe::AssertUnwindSafe<std[70759c8f55707aa4]::thread::lifecycle::spawn_unchecked<test[9d35eded1c95d3be]::run_test::{closure#1}, ()>::{closure#1}::{closure#0}>>
[INFO] [stdout]                                at /rustc/dfb0accb7f508ae8be965d8629557221c889dd98/library/std/src/panicking.rs:544:19
[INFO] [stdout]   59:     0x641504b59522 - std[70759c8f55707aa4]::panic::catch_unwind::<core[df12db4294e9bfd3]::panic::unwind_safe::AssertUnwindSafe<std[70759c8f55707aa4]::thread::lifecycle::spawn_unchecked<test[9d35eded1c95d3be]::run_test::{closure#1}, ()>::{closure#1}::{closure#0}>, ()>
[INFO] [stdout]                                at /rustc/dfb0accb7f508ae8be965d8629557221c889dd98/library/std/src/panic.rs:359:14
[INFO] [stdout]   60:     0x641504b59522 - std[70759c8f55707aa4]::thread::lifecycle::spawn_unchecked::<test[9d35eded1c95d3be]::run_test::{closure#1}, ()>::{closure#1}
[INFO] [stdout]                                at /rustc/dfb0accb7f508ae8be965d8629557221c889dd98/library/std/src/thread/lifecycle.rs:68:26
[INFO] [stdout]   61:     0x641504b59522 - <std[70759c8f55707aa4]::thread::lifecycle::spawn_unchecked<test[9d35eded1c95d3be]::run_test::{closure#1}, ()>::{closure#1} as core[df12db4294e9bfd3]::ops::function::FnOnce<()>>::call_once::{shim:vtable#0}
[INFO] [stdout]                                at /rustc/dfb0accb7f508ae8be965d8629557221c889dd98/library/core/src/ops/function.rs:250:5
[INFO] [stdout]   62:     0x641505313da9 - <alloc[2182bb758b4b3781]::boxed::Box<dyn core[df12db4294e9bfd3]::ops::function::FnOnce<(), Output = ()> + core[df12db4294e9bfd3]::marker::Send> as core[df12db4294e9bfd3]::ops::function::FnOnce<()>>::call_once
[INFO] [stdout]                                at /rustc/dfb0accb7f508ae8be965d8629557221c889dd98/library/alloc/src/boxed.rs:2320:9
[INFO] [stdout]   63:     0x641505313da9 - <std[70759c8f55707aa4]::sys::thread::unix::Thread>::new::thread_start
[INFO] [stdout]                                at /rustc/dfb0accb7f508ae8be965d8629557221c889dd98/library/std/src/sys/thread/unix.rs:123:17
[INFO] [stdout]   64:     0x784fcf48bdfa - <unknown>
[INFO] [stdout]   65:     0x784fcf51f3d4 - clone
[INFO] [stdout]   66:                0x0 - <unknown>
[INFO] [stdout] 
[INFO] [stdout] ---- list_articles stdout ----
[INFO] [stdout] 
[INFO] [stdout] thread 'list_articles' (4301) panicked at src/db/src/lib.rs:14:43:
[INFO] [stdout] called `Result::unwrap()` on an `Err` value: PoolTimedOut
[INFO] [stdout] stack backtrace:
[INFO] [stdout]    0:     0x641505314ba1 - std[70759c8f55707aa4]::backtrace_rs::backtrace::libunwind::trace
[INFO] [stdout]                                at /rustc/dfb0accb7f508ae8be965d8629557221c889dd98/library/std/src/../../backtrace/src/backtrace/libunwind.rs:117:9
[INFO] [stdout]    1:     0x641505314ba1 - std[70759c8f55707aa4]::backtrace_rs::backtrace::trace_unsynchronized::<std[70759c8f55707aa4]::sys::backtrace::_print_fmt::{closure#1}>
[INFO] [stdout]                                at /rustc/dfb0accb7f508ae8be965d8629557221c889dd98/library/std/src/../../backtrace/src/backtrace/mod.rs:66:14
[INFO] [stdout]    2:     0x641505314ba1 - std[70759c8f55707aa4]::sys::backtrace::_print_fmt
[INFO] [stdout]                                at /rustc/dfb0accb7f508ae8be965d8629557221c889dd98/library/std/src/sys/backtrace.rs:74:9
[INFO] [stdout]    3:     0x641505314ba1 - <<std[70759c8f55707aa4]::sys::backtrace::BacktraceLock>::print::DisplayBacktrace as core[df12db4294e9bfd3]::fmt::Display>::fmt
[INFO] [stdout]                                at /rustc/dfb0accb7f508ae8be965d8629557221c889dd98/library/std/src/sys/backtrace.rs:44:26
[INFO] [stdout]    4:     0x64150532dfaa - <core[df12db4294e9bfd3]::fmt::rt::Argument>::fmt
[INFO] [stdout]                                at /rustc/dfb0accb7f508ae8be965d8629557221c889dd98/library/core/src/fmt/rt.rs:152:76
[INFO] [stdout]    5:     0x64150532dfaa - core[df12db4294e9bfd3]::fmt::write
[INFO] [stdout]    6:     0x64150531974c - core[df12db4294e9bfd3]::io::write::default_write_fmt::<alloc[2182bb758b4b3781]::vec::Vec<u8>>
[INFO] [stdout]                                at /rustc/dfb0accb7f508ae8be965d8629557221c889dd98/library/core/src/io/write.rs:402:11
[INFO] [stdout]    7:     0x64150531974c - <alloc[2182bb758b4b3781]::vec::Vec<u8> as core[df12db4294e9bfd3]::io::write::Write>::write_fmt
[INFO] [stdout]                                at /rustc/dfb0accb7f508ae8be965d8629557221c889dd98/library/core/src/io/write.rs:335:13
[INFO] [stdout]    8:     0x6415052ef786 - <std[70759c8f55707aa4]::sys::backtrace::BacktraceLock>::print
[INFO] [stdout]                                at /rustc/dfb0accb7f508ae8be965d8629557221c889dd98/library/std/src/sys/backtrace.rs:47:9
[INFO] [stdout]    9:     0x6415052ef786 - std[70759c8f55707aa4]::panicking::default_hook::{closure#0}
[INFO] [stdout]                                at /rustc/dfb0accb7f508ae8be965d8629557221c889dd98/library/std/src/panicking.rs:292:27
[INFO] [stdout]   10:     0x64150530c569 - std[70759c8f55707aa4]::panicking::default_hook
[INFO] [stdout]                                at /rustc/dfb0accb7f508ae8be965d8629557221c889dd98/library/std/src/panicking.rs:316:9
[INFO] [stdout]   11:     0x641504b55a70 - <alloc[2182bb758b4b3781]::boxed::Box<dyn for<'a, 'b> core[df12db4294e9bfd3]::ops::function::Fn<(&'a std[70759c8f55707aa4]::panic::PanicHookInfo<'b>,), Output = ()> + core[df12db4294e9bfd3]::marker::Send + core[df12db4294e9bfd3]::marker::Sync> as core[df12db4294e9bfd3]::ops::function::Fn<(&std[70759c8f55707aa4]::panic::PanicHookInfo,)>>::call
[INFO] [stdout]                                at /rustc/dfb0accb7f508ae8be965d8629557221c889dd98/library/alloc/src/boxed.rs:2334:9
[INFO] [stdout]   12:     0x641504b55a70 - test[9d35eded1c95d3be]::test_main_inner::<test[9d35eded1c95d3be]::test_main_static::{closure#0}>::{closure#0}
[INFO] [stdout]                                at /rustc/dfb0accb7f508ae8be965d8629557221c889dd98/library/test/src/lib.rs:155:21
[INFO] [stdout]   13:     0x64150530c892 - <alloc[2182bb758b4b3781]::boxed::Box<dyn for<'a, 'b> core[df12db4294e9bfd3]::ops::function::Fn<(&'a std[70759c8f55707aa4]::panic::PanicHookInfo<'b>,), Output = ()> + core[df12db4294e9bfd3]::marker::Send + core[df12db4294e9bfd3]::marker::Sync> as core[df12db4294e9bfd3]::ops::function::Fn<(&std[70759c8f55707aa4]::panic::PanicHookInfo,)>>::call
[INFO] [stdout]                                at /rustc/dfb0accb7f508ae8be965d8629557221c889dd98/library/alloc/src/boxed.rs:2334:9
[INFO] [stdout]   14:     0x64150530c892 - std[70759c8f55707aa4]::panicking::panic_with_hook
[INFO] [stdout]                                at /rustc/dfb0accb7f508ae8be965d8629557221c889dd98/library/std/src/panicking.rs:823:13
[INFO] [stdout]   15:     0x6415052ef832 - std[70759c8f55707aa4]::panicking::panic_handler::{closure#0}
[INFO] [stdout]                                at /rustc/dfb0accb7f508ae8be965d8629557221c889dd98/library/std/src/panicking.rs:688:13
[INFO] [stdout]   16:     0x6415052e8109 - std[70759c8f55707aa4]::sys::backtrace::__rust_end_short_backtrace::<std[70759c8f55707aa4]::panicking::panic_handler::{closure#0}, !>
[INFO] [stdout]                                at /rustc/dfb0accb7f508ae8be965d8629557221c889dd98/library/std/src/sys/backtrace.rs:182:18
[INFO] [stdout]   17:     0x6415052f06bd - __rustc[8fa7c3cbc660c2b3]::rust_begin_unwind
[INFO] [stdout]                                at /rustc/dfb0accb7f508ae8be965d8629557221c889dd98/library/std/src/panicking.rs:679:5
[INFO] [stdout]   18:     0x64150532e7fc - core[df12db4294e9bfd3]::panicking::panic_fmt
[INFO] [stdout]                                at /rustc/dfb0accb7f508ae8be965d8629557221c889dd98/library/core/src/panicking.rs:80:14
[INFO] [stdout]   19:     0x64150532e522 - core[df12db4294e9bfd3]::result::unwrap_failed
[INFO] [stdout]                                at /rustc/dfb0accb7f508ae8be965d8629557221c889dd98/library/core/src/result.rs:1871:5
[INFO] [stdout]   20:     0x641504cde312 - <core[df12db4294e9bfd3]::result::Result<sqlx_core[c92089bd603b6afb]::pool::Pool<sqlx_core[c92089bd603b6afb]::postgres::database::Postgres>, sqlx_core[c92089bd603b6afb]::error::Error>>::unwrap
[INFO] [stdout]                                at /rustc/dfb0accb7f508ae8be965d8629557221c889dd98/library/core/src/result.rs:1232:23
[INFO] [stdout]   21:     0x641504cde312 - realworld_db[c04f9dd4aa51cc1d]::run_migrations::{closure#0}
[INFO] [stdout]                                at /opt/rustwide/workdir/src/db/src/lib.rs:14:43
[INFO] [stdout]   22:     0x641504bb2e9c - <realworld_tests[440595c430b3113e]::db::Db>::create::{closure#0}
[INFO] [stdout]                                at /opt/rustwide/workdir/src/tests/src/db.rs:11:29
[INFO] [stdout]   23:     0x641504bb42a1 - realworld_tests[440595c430b3113e]::db::test_db::{closure#0}
[INFO] [stdout]                                at /opt/rustwide/workdir/src/tests/src/db.rs:21:79
[INFO] [stdout]   24:     0x641504b2f9ba - conduit_articles[38aa0b4f5527fbd1]::list_articles::{closure#0}
[INFO] [stdout]                                at /opt/rustwide/workdir/src/db/tests/conduit_articles.rs:9:42
[INFO] [stdout]   25:     0x641504b3b6cd - <core[df12db4294e9bfd3]::pin::Pin<&mut conduit_articles[38aa0b4f5527fbd1]::list_articles::{closure#0}> as core[df12db4294e9bfd3]::future::future::Future>::poll
[INFO] [stdout]                                at /rustc/dfb0accb7f508ae8be965d8629557221c889dd98/library/core/src/future/future.rs:133:9
[INFO] [stdout]   26:     0x641504b48b9d - <tokio[38f0556e2014588b]::runtime::basic_scheduler::CoreGuard>::block_on::<core[df12db4294e9bfd3]::pin::Pin<&mut conduit_articles[38aa0b4f5527fbd1]::list_articles::{closure#0}>>::{closure#0}::{closure#0}::{closure#0}
[INFO] [stdout]                                at /opt/rustwide/cargo-home/registry/src/index.crates.io-1949cf8c6b5b557f/tokio-1.17.0/src/runtime/basic_scheduler.rs:498:64
[INFO] [stdout]   27:     0x641504b2f0c2 - tokio[38f0556e2014588b]::coop::with_budget::<core[df12db4294e9bfd3]::task::poll::Poll<()>, <tokio[38f0556e2014588b]::runtime::basic_scheduler::CoreGuard>::block_on<core[df12db4294e9bfd3]::pin::Pin<&mut conduit_articles[38aa0b4f5527fbd1]::list_articles::{closure#0}>>::{closure#0}::{closure#0}::{closure#0}>::{closure#0}
[INFO] [stdout]                                at /opt/rustwide/cargo-home/registry/src/index.crates.io-1949cf8c6b5b557f/tokio-1.17.0/src/coop.rs:102:9
[INFO] [stdout]   28:     0x641504b2c617 - <std[70759c8f55707aa4]::thread::local::LocalKey<core[df12db4294e9bfd3]::cell::Cell<tokio[38f0556e2014588b]::coop::Budget>>>::try_with::<tokio[38f0556e2014588b]::coop::with_budget<core[df12db4294e9bfd3]::task::poll::Poll<()>, <tokio[38f0556e2014588b]::runtime::basic_scheduler::CoreGuard>::block_on<core[df12db4294e9bfd3]::pin::Pin<&mut conduit_articles[38aa0b4f5527fbd1]::list_articles::{closure#0}>>::{closure#0}::{closure#0}::{closure#0}>::{closure#0}, core[df12db4294e9bfd3]::task::poll::Poll<()>>
[INFO] [stdout]                                at /rustc/dfb0accb7f508ae8be965d8629557221c889dd98/library/std/src/thread/local.rs:463:12
[INFO] [stdout]   29:     0x641504b2c12e - <std[70759c8f55707aa4]::thread::local::LocalKey<core[df12db4294e9bfd3]::cell::Cell<tokio[38f0556e2014588b]::coop::Budget>>>::with::<tokio[38f0556e2014588b]::coop::with_budget<core[df12db4294e9bfd3]::task::poll::Poll<()>, <tokio[38f0556e2014588b]::runtime::basic_scheduler::CoreGuard>::block_on<core[df12db4294e9bfd3]::pin::Pin<&mut conduit_articles[38aa0b4f5527fbd1]::list_articles::{closure#0}>>::{closure#0}::{closure#0}::{closure#0}>::{closure#0}, core[df12db4294e9bfd3]::task::poll::Poll<()>>
[INFO] [stdout]                                at /rustc/dfb0accb7f508ae8be965d8629557221c889dd98/library/std/src/thread/local.rs:427:20
[INFO] [stdout]   30:     0x641504b488eb - tokio[38f0556e2014588b]::coop::with_budget::<core[df12db4294e9bfd3]::task::poll::Poll<()>, <tokio[38f0556e2014588b]::runtime::basic_scheduler::CoreGuard>::block_on<core[df12db4294e9bfd3]::pin::Pin<&mut conduit_articles[38aa0b4f5527fbd1]::list_articles::{closure#0}>>::{closure#0}::{closure#0}::{closure#0}>
[INFO] [stdout]                                at /opt/rustwide/cargo-home/registry/src/index.crates.io-1949cf8c6b5b557f/tokio-1.17.0/src/coop.rs:95:13
[INFO] [stdout]   31:     0x641504b488eb - tokio[38f0556e2014588b]::coop::budget::<core[df12db4294e9bfd3]::task::poll::Poll<()>, <tokio[38f0556e2014588b]::runtime::basic_scheduler::CoreGuard>::block_on<core[df12db4294e9bfd3]::pin::Pin<&mut conduit_articles[38aa0b4f5527fbd1]::list_articles::{closure#0}>>::{closure#0}::{closure#0}::{closure#0}>
[INFO] [stdout]                                at /opt/rustwide/cargo-home/registry/src/index.crates.io-1949cf8c6b5b557f/tokio-1.17.0/src/coop.rs:72:5
[INFO] [stdout]   32:     0x641504b488eb - <tokio[38f0556e2014588b]::runtime::basic_scheduler::CoreGuard>::block_on::<core[df12db4294e9bfd3]::pin::Pin<&mut conduit_articles[38aa0b4f5527fbd1]::list_articles::{closure#0}>>::{closure#0}::{closure#0}
[INFO] [stdout]                                at /opt/rustwide/cargo-home/registry/src/index.crates.io-1949cf8c6b5b557f/tokio-1.17.0/src/runtime/basic_scheduler.rs:498:25
[INFO] [stdout]   33:     0x641504b43bf2 - <tokio[38f0556e2014588b]::runtime::basic_scheduler::Context>::enter::<core[df12db4294e9bfd3]::task::poll::Poll<()>, <tokio[38f0556e2014588b]::runtime::basic_scheduler::CoreGuard>::block_on<core[df12db4294e9bfd3]::pin::Pin<&mut conduit_articles[38aa0b4f5527fbd1]::list_articles::{closure#0}>>::{closure#0}::{closure#0}>
[INFO] [stdout]                                at /opt/rustwide/cargo-home/registry/src/index.crates.io-1949cf8c6b5b557f/tokio-1.17.0/src/runtime/basic_scheduler.rs:356:19
[INFO] [stdout]   34:     0x641504b47a7c - <tokio[38f0556e2014588b]::runtime::basic_scheduler::CoreGuard>::block_on::<core[df12db4294e9bfd3]::pin::Pin<&mut conduit_articles[38aa0b4f5527fbd1]::list_articles::{closure#0}>>::{closure#0}
[INFO] [stdout]                                at /opt/rustwide/cargo-home/registry/src/index.crates.io-1949cf8c6b5b557f/tokio-1.17.0/src/runtime/basic_scheduler.rs:497:44
[INFO] [stdout]   35:     0x641504b477e4 - <tokio[38f0556e2014588b]::runtime::basic_scheduler::CoreGuard>::enter::<<tokio[38f0556e2014588b]::runtime::basic_scheduler::CoreGuard>::block_on<core[df12db4294e9bfd3]::pin::Pin<&mut conduit_articles[38aa0b4f5527fbd1]::list_articles::{closure#0}>>::{closure#0}, ()>::{closure#0}
[INFO] [stdout]                                at /opt/rustwide/cargo-home/registry/src/index.crates.io-1949cf8c6b5b557f/tokio-1.17.0/src/runtime/basic_scheduler.rs:555:57
[INFO] [stdout]   36:     0x641504b3504d - <tokio[38f0556e2014588b]::macros::scoped_tls::ScopedKey<tokio[38f0556e2014588b]::runtime::basic_scheduler::Context>>::set::<<tokio[38f0556e2014588b]::runtime::basic_scheduler::CoreGuard>::enter<<tokio[38f0556e2014588b]::runtime::basic_scheduler::CoreGuard>::block_on<core[df12db4294e9bfd3]::pin::Pin<&mut conduit_articles[38aa0b4f5527fbd1]::list_articles::{closure#0}>>::{closure#0}, ()>::{closure#0}, (alloc[2182bb758b4b3781]::boxed::Box<tokio[38f0556e2014588b]::runtime::basic_scheduler::Core>, ())>
[INFO] [stdout]                                at /opt/rustwide/cargo-home/registry/src/index.crates.io-1949cf8c6b5b557f/tokio-1.17.0/src/macros/scoped_tls.rs:61:9
[INFO] [stdout]   37:     0x641504b449ac - <tokio[38f0556e2014588b]::runtime::basic_scheduler::CoreGuard>::enter::<<tokio[38f0556e2014588b]::runtime::basic_scheduler::CoreGuard>::block_on<core[df12db4294e9bfd3]::pin::Pin<&mut conduit_articles[38aa0b4f5527fbd1]::list_articles::{closure#0}>>::{closure#0}, ()>
[INFO] [stdout]                                at /opt/rustwide/cargo-home/registry/src/index.crates.io-1949cf8c6b5b557f/tokio-1.17.0/src/runtime/basic_scheduler.rs:555:35
[INFO] [stdout]   38:     0x641504b44fb5 - <tokio[38f0556e2014588b]::runtime::basic_scheduler::CoreGuard>::block_on::<core[df12db4294e9bfd3]::pin::Pin<&mut conduit_articles[38aa0b4f5527fbd1]::list_articles::{closure#0}>>
[INFO] [stdout]                                at /opt/rustwide/cargo-home/registry/src/index.crates.io-1949cf8c6b5b557f/tokio-1.17.0/src/runtime/basic_scheduler.rs:488:14
[INFO] [stdout]   39:     0x641504b43593 - <tokio[38f0556e2014588b]::runtime::basic_scheduler::BasicScheduler>::block_on::<conduit_articles[38aa0b4f5527fbd1]::list_articles::{closure#0}>
[INFO] [stdout]                                at /opt/rustwide/cargo-home/registry/src/index.crates.io-1949cf8c6b5b557f/tokio-1.17.0/src/runtime/basic_scheduler.rs:168:29
[INFO] [stdout]   40:     0x641504b2bc0b - <tokio[38f0556e2014588b]::runtime::Runtime>::block_on::<conduit_articles[38aa0b4f5527fbd1]::list_articles::{closure#0}>
[INFO] [stdout]                                at /opt/rustwide/cargo-home/registry/src/index.crates.io-1949cf8c6b5b557f/tokio-1.17.0/src/runtime/mod.rs:475:51
[INFO] [stdout]   41:     0x641504b31fac - conduit_articles[38aa0b4f5527fbd1]::list_articles
[INFO] [stdout]                                at /opt/rustwide/workdir/src/db/tests/conduit_articles.rs:22:33
[INFO] [stdout]   42:     0x641504b2f797 - conduit_articles[38aa0b4f5527fbd1]::list_articles::{closure#0}
[INFO] [stdout]                                at /opt/rustwide/workdir/src/db/tests/conduit_articles.rs:7:25
[INFO] [stdout]   43:     0x641504b48c86 - <conduit_articles[38aa0b4f5527fbd1]::list_articles::{closure#0} as core[df12db4294e9bfd3]::ops::function::FnOnce<()>>::call_once
[INFO] [stdout]                                at /rustc/dfb0accb7f508ae8be965d8629557221c889dd98/library/core/src/ops/function.rs:250:5
[INFO] [stdout]   44:     0x641504b48d5b - <fn() -> core[df12db4294e9bfd3]::result::Result<(), alloc[2182bb758b4b3781]::string::String> as core[df12db4294e9bfd3]::ops::function::FnOnce<()>>::call_once
[INFO] [stdout]                                at /rustc/dfb0accb7f508ae8be965d8629557221c889dd98/library/core/src/ops/function.rs:250:5
[INFO] [stdout]   45:     0x641504b48d5b - test[9d35eded1c95d3be]::__rust_begin_short_backtrace::<core[df12db4294e9bfd3]::result::Result<(), alloc[2182bb758b4b3781]::string::String>, fn() -> core[df12db4294e9bfd3]::result::Result<(), alloc[2182bb758b4b3781]::string::String>>
[INFO] [stdout]                                at /rustc/dfb0accb7f508ae8be965d8629557221c889dd98/library/test/src/lib.rs:733:18
[INFO] [stdout]   46:     0x641504b563c5 - test[9d35eded1c95d3be]::run_test_in_process::{closure#0}
[INFO] [stdout]                                at /rustc/dfb0accb7f508ae8be965d8629557221c889dd98/library/test/src/lib.rs:756:74
[INFO] [stdout]   47:     0x641504b563c5 - <core[df12db4294e9bfd3]::panic::unwind_safe::AssertUnwindSafe<test[9d35eded1c95d3be]::run_test_in_process::{closure#0}> as core[df12db4294e9bfd3]::ops::function::FnOnce<()>>::call_once
[INFO] [stdout]                                at /rustc/dfb0accb7f508ae8be965d8629557221c889dd98/library/core/src/panic/unwind_safe.rs:275:9
[INFO] [stdout]   48:     0x641504b563c5 - std[70759c8f55707aa4]::panicking::catch_unwind::do_call::<core[df12db4294e9bfd3]::panic::unwind_safe::AssertUnwindSafe<test[9d35eded1c95d3be]::run_test_in_process::{closure#0}>, core[df12db4294e9bfd3]::result::Result<(), alloc[2182bb758b4b3781]::string::String>>
[INFO] [stdout]                                at /rustc/dfb0accb7f508ae8be965d8629557221c889dd98/library/std/src/panicking.rs:576:43
[INFO] [stdout]   49:     0x641504b563c5 - std[70759c8f55707aa4]::panicking::catch_unwind::<core[df12db4294e9bfd3]::result::Result<(), alloc[2182bb758b4b3781]::string::String>, core[df12db4294e9bfd3]::panic::unwind_safe::AssertUnwindSafe<test[9d35eded1c95d3be]::run_test_in_process::{closure#0}>>
[INFO] [stdout]                                at /rustc/dfb0accb7f508ae8be965d8629557221c889dd98/library/std/src/panicking.rs:544:19
[INFO] [stdout]   50:     0x641504b563c5 - std[70759c8f55707aa4]::panic::catch_unwind::<core[df12db4294e9bfd3]::panic::unwind_safe::AssertUnwindSafe<test[9d35eded1c95d3be]::run_test_in_process::{closure#0}>, core[df12db4294e9bfd3]::result::Result<(), alloc[2182bb758b4b3781]::string::String>>
[INFO] [stdout]                                at /rustc/dfb0accb7f508ae8be965d8629557221c889dd98/library/std/src/panic.rs:359:14
[INFO] [stdout]   51:     0x641504b563c5 - test[9d35eded1c95d3be]::run_test_in_process
[INFO] [stdout]                                at /rustc/dfb0accb7f508ae8be965d8629557221c889dd98/library/test/src/lib.rs:756:27
[INFO] [stdout]   52:     0x641504b563c5 - test[9d35eded1c95d3be]::run_test::{closure#0}
[INFO] [stdout]                                at /rustc/dfb0accb7f508ae8be965d8629557221c889dd98/library/test/src/lib.rs:677:43
[INFO] [stdout]   53:     0x641504b4fc84 - test[9d35eded1c95d3be]::run_test::{closure#1}
[INFO] [stdout]                                at /rustc/dfb0accb7f508ae8be965d8629557221c889dd98/library/test/src/lib.rs:707:41
[INFO] [stdout]   54:     0x641504b4fc84 - std[70759c8f55707aa4]::sys::backtrace::__rust_begin_short_backtrace::<test[9d35eded1c95d3be]::run_test::{closure#1}, ()>
[INFO] [stdout]                                at /rustc/dfb0accb7f508ae8be965d8629557221c889dd98/library/std/src/sys/backtrace.rs:166:18
[INFO] [stdout]   55:     0x641504b59522 - std[70759c8f55707aa4]::thread::lifecycle::spawn_unchecked::<test[9d35eded1c95d3be]::run_test::{closure#1}, ()>::{closure#1}::{closure#0}
[INFO] [stdout]                                at /rustc/dfb0accb7f508ae8be965d8629557221c889dd98/library/std/src/thread/lifecycle.rs:70:13
[INFO] [stdout]   56:     0x641504b59522 - <core[df12db4294e9bfd3]::panic::unwind_safe::AssertUnwindSafe<std[70759c8f55707aa4]::thread::lifecycle::spawn_unchecked<test[9d35eded1c95d3be]::run_test::{closure#1}, ()>::{closure#1}::{closure#0}> as core[df12db4294e9bfd3]::ops::function::FnOnce<()>>::call_once
[INFO] [stdout]                                at /rustc/dfb0accb7f508ae8be965d8629557221c889dd98/library/core/src/panic/unwind_safe.rs:275:9
[INFO] [stdout]   57:     0x641504b59522 - std[70759c8f55707aa4]::panicking::catch_unwind::do_call::<core[df12db4294e9bfd3]::panic::unwind_safe::AssertUnwindSafe<std[70759c8f55707aa4]::thread::lifecycle::spawn_unchecked<test[9d35eded1c95d3be]::run_test::{closure#1}, ()>::{closure#1}::{closure#0}>, ()>
[INFO] [stdout]                                at /rustc/dfb0accb7f508ae8be965d8629557221c889dd98/library/std/src/panicking.rs:576:43
[INFO] [stdout]   58:     0x641504b59522 - std[70759c8f55707aa4]::panicking::catch_unwind::<(), core[df12db4294e9bfd3]::panic::unwind_safe::AssertUnwindSafe<std[70759c8f55707aa4]::thread::lifecycle::spawn_unchecked<test[9d35eded1c95d3be]::run_test::{closure#1}, ()>::{closure#1}::{closure#0}>>
[INFO] [stdout]                                at /rustc/dfb0accb7f508ae8be965d8629557221c889dd98/library/std/src/panicking.rs:544:19
[INFO] [stdout]   59:     0x641504b59522 - std[70759c8f55707aa4]::panic::catch_unwind::<core[df12db4294e9bfd3]::panic::unwind_safe::AssertUnwindSafe<std[70759c8f55707aa4]::thread::lifecycle::spawn_unchecked<test[9d35eded1c95d3be]::run_test::{closure#1}, ()>::{closure#1}::{closure#0}>, ()>
[INFO] [stdout]                                at /rustc/dfb0accb7f508ae8be965d8629557221c889dd98/library/std/src/panic.rs:359:14
[INFO] [stdout]   60:     0x641504b59522 - std[70759c8f55707aa4]::thread::lifecycle::spawn_unchecked::<test[9d35eded1c95d3be]::run_test::{closure#1}, ()>::{closure#1}
[INFO] [stdout]                                at /rustc/dfb0accb7f508ae8be965d8629557221c889dd98/library/std/src/thread/lifecycle.rs:68:26
[INFO] [stdout]   61:     0x641504b59522 - <std[70759c8f55707aa4]::thread::lifecycle::spawn_unchecked<test[9d35eded1c95d3be]::run_test::{closure#1}, ()>::{closure#1} as core[df12db4294e9bfd3]::ops::function::FnOnce<()>>::call_once::{shim:vtable#0}
[INFO] [stdout]                                at /rustc/dfb0accb7f508ae8be965d8629557221c889dd98/library/core/src/ops/function.rs:250:5
[INFO] [stdout]   62:     0x641505313da9 - <alloc[2182bb758b4b3781]::boxed::Box<dyn core[df12db4294e9bfd3]::ops::function::FnOnce<(), Output = ()> + core[df12db4294e9bfd3]::marker::Send> as core[df12db4294e9bfd3]::ops::function::FnOnce<()>>::call_once
[INFO] [stdout]                                at /rustc/dfb0accb7f508ae8be965d8629557221c889dd98/library/alloc/src/boxed.rs:2320:9
[INFO] [stdout]   63:     0x641505313da9 - <std[70759c8f55707aa4]::sys::thread::unix::Thread>::new::thread_start
[INFO] [stdout]                                at /rustc/dfb0accb7f508ae8be965d8629557221c889dd98/library/std/src/sys/thread/unix.rs:123:17
[INFO] [stdout]   64:     0x784fcf48bdfa - <unknown>
[INFO] [stdout]   65:     0x784fcf51f3d4 - clone
[INFO] [stdout]   66:                0x0 - <unknown>
[INFO] [stdout] 
[INFO] [stdout] 
[INFO] [stdout] failures:
[INFO] [stdout]     delete_article
[INFO] [stdout]     list_articles
[INFO] [stdout] 
[INFO] [stdout] test result: FAILED. 0 passed; 2 failed; 0 ignored; 0 measured; 0 filtered out; finished in 34.61s
[INFO] [stdout] 
[INFO] [stderr] error: test failed, to rerun pass `-p realworld-db --test conduit_articles`
[INFO] running `Command { std: "docker" "inspect" "430383dbb4b0dd554516cfd10b4dbf1ad93e535c54abbb2690d2c2233657a6ec", kill_on_drop: false }`
[INFO] running `Command { std: "docker" "rm" "-f" "430383dbb4b0dd554516cfd10b4dbf1ad93e535c54abbb2690d2c2233657a6ec", kill_on_drop: false }`
[INFO] [stdout] 430383dbb4b0dd554516cfd10b4dbf1ad93e535c54abbb2690d2c2233657a6ec
