[INFO] cloning repository https://github.com/predaprotocol/preda-sdk
[INFO] running `Command { std: "git" "-c" "credential.helper=" "-c" "credential.helper=/workspace/cargo-home/bin/git-credential-null" "clone" "--bare" "https://github.com/predaprotocol/preda-sdk" "/workspace/cache/git-repos/https%3A%2F%2Fgithub.com%2Fpredaprotocol%2Fpreda-sdk", kill_on_drop: false }`
[INFO] [stderr] Cloning into bare repository '/workspace/cache/git-repos/https%3A%2F%2Fgithub.com%2Fpredaprotocol%2Fpreda-sdk'...
[INFO] running `Command { std: "git" "rev-parse" "HEAD", kill_on_drop: false }`
[INFO] [stdout] a9c9556a5d18aeb92a72f686416b6f32a331af1f
[INFO] testing predaprotocol/preda-sdk/a9c9556a5d18aeb92a72f686416b6f32a331af1f against 1.99.0-beta.8 for beta-1.100-2
[INFO] running `Command { std: "git" "clone" "/workspace/cache/git-repos/https%3A%2F%2Fgithub.com%2Fpredaprotocol%2Fpreda-sdk" "/workspace/builds/worker-6-tc1/source", kill_on_drop: false }`
[INFO] [stderr] Cloning into '/workspace/builds/worker-6-tc1/source'...
[INFO] [stderr] done.
[INFO] started tweaking git repo https://github.com/predaprotocol/preda-sdk
[INFO] removed 0 missing examples
[INFO] finished tweaking git repo https://github.com/predaprotocol/preda-sdk
[INFO] tweaked toml for git repo https://github.com/predaprotocol/preda-sdk written to /workspace/builds/worker-6-tc1/source/Cargo.toml
[INFO] validating manifest of git repo https://github.com/predaprotocol/preda-sdk on toolchain 1.99.0-beta.8
[INFO] running `Command { std: CARGO_HOME="/workspace/cargo-home" RUSTUP_HOME="/workspace/rustup-home" "/workspace/cargo-home/bin/cargo" "+1.99.0-beta.8" "metadata" "--manifest-path" "Cargo.toml" "--no-deps", kill_on_drop: false }`
[INFO] crate git repo https://github.com/predaprotocol/preda-sdk already has a lockfile, it will not be regenerated
[INFO] running `Command { std: CARGO_HOME="/workspace/cargo-home" RUSTUP_HOME="/workspace/rustup-home" "/workspace/cargo-home/bin/cargo" "+1.99.0-beta.8" "fetch" "--manifest-path" "Cargo.toml", kill_on_drop: false }`
[INFO] [stderr]     Blocking waiting for file lock on package cache
[INFO] [stderr]     Updating crates.io index
[INFO] [stderr]     Blocking waiting for file lock on package cache
[INFO] [stderr]  Downloading crates ...
[INFO] [stderr]   Downloaded quote v1.0.42
[INFO] [stderr]   Downloaded tokio-test v0.4.4
[INFO] [stderr]   Downloaded proc-macro2 v1.0.103
[INFO] [stderr]   Downloaded wasm-bindgen-macro v0.2.106
[INFO] [stderr]   Downloaded solana-frozen-abi v1.18.26
[INFO] [stderr]   Downloaded serde_bytes v0.11.19
[INFO] [stderr]   Downloaded solana-sdk-macro v1.18.26
[INFO] [stderr]   Downloaded solana-frozen-abi-macro v1.18.26
[INFO] [stderr]   Downloaded borsh-schema-derive-internal v0.10.4
[INFO] [stderr]   Downloaded borsh-derive-internal v0.10.4
[INFO] [stderr]   Downloaded wasm-bindgen-shared v0.2.106
[INFO] [stderr]   Downloaded borsh-derive v0.10.4
[INFO] [stderr]   Downloaded constant_time_eq v0.3.1
[INFO] [stderr]   Downloaded solana-logger v1.18.26
[INFO] [stderr]   Downloaded siphasher v0.3.11
[INFO] [stderr]   Downloaded oid-registry v0.6.1
[INFO] [stderr]   Downloaded borsh-derive v1.6.0
[INFO] [stderr]   Downloaded qualifier_attr v0.2.2
[INFO] [stderr]   Downloaded time-core v0.1.6
[INFO] [stderr]   Downloaded asn1-rs-impl v0.1.0
[INFO] [stderr]   Downloaded find-msvc-tools v0.1.5
[INFO] [stderr]   Downloaded borsh v0.10.4
[INFO] [stderr]   Downloaded signal-hook-registry v1.4.7
[INFO] [stderr]   Downloaded solana-udp-client v1.18.26
[INFO] [stderr]   Downloaded asn1-rs-derive v0.4.0
[INFO] [stderr]   Downloaded humantime v2.3.0
[INFO] [stderr]   Downloaded solana-client v1.18.26
[INFO] [stderr]   Downloaded time-macros v0.2.24
[INFO] [stderr]   Downloaded wasm-bindgen v0.2.106
[INFO] [stderr]   Downloaded solana-streamer v1.18.26
[INFO] [stderr]   Downloaded bytemuck v1.24.0
[INFO] [stderr]   Downloaded wasm-bindgen-macro-support v0.2.106
[INFO] [stderr]   Downloaded scroll_derive v0.11.1
[INFO] [stderr]   Downloaded hash32 v0.2.1
[INFO] [stderr]   Downloaded js-sys v0.3.83
[INFO] [stderr]   Downloaded solana-perf v1.18.26
[INFO] [stderr]   Downloaded solana-metrics v1.18.26
[INFO] [stderr]   Downloaded wasm-bindgen-futures v0.4.56
[INFO] [stderr]   Downloaded zerocopy-derive v0.8.31
[INFO] [stderr]   Downloaded borsh v1.6.0
[INFO] [stderr]   Downloaded solana-program-runtime v1.18.26
[INFO] [stderr]   Downloaded cc v1.2.49
[INFO] [stderr]   Downloaded serde_json v1.0.145
[INFO] [stderr]   Downloaded x509-parser v0.14.0
[INFO] [stderr]   Downloaded asn1-rs v0.5.2
[INFO] [stderr]   Downloaded solana-vote-program v1.18.26
[INFO] [stderr]   Downloaded scroll v0.11.0
[INFO] [stderr]   Downloaded der-parser v8.2.0
[INFO] [stderr]   Downloaded syn v2.0.111
[INFO] [stderr]   Downloaded solana-sdk v1.18.26
[INFO] [stderr]   Downloaded rayon v1.11.0
[INFO] [stderr]   Downloaded time v0.3.44
[INFO] [stderr]   Downloaded tempfile v3.23.0
[INFO] [stderr]   Downloaded solana-program v1.18.26
[INFO] [stderr]   Downloaded zerocopy v0.8.31
[INFO] [stderr]   Downloaded light-poseidon v0.2.0
[INFO] [stderr]   Downloaded blake3 v1.8.2
[INFO] [stderr]   Downloaded chrono v0.4.42
[INFO] [stderr]   Downloaded solana_rbpf v0.8.3
[INFO] [stderr]   Downloaded goblin v0.5.4
[INFO] [stderr]   Downloaded tokio-util v0.7.17
[INFO] [stderr]   Downloaded security-framework-sys v2.15.0
[INFO] [stderr]   Downloaded tokio v1.48.0
[INFO] [stderr]   Downloaded libc v0.2.178
[INFO] [stderr]   Downloaded web-sys v0.3.83
[INFO] [stderr]   Downloaded rustix v1.1.2
[INFO] [stderr]   Downloaded compression-core v0.4.31
[INFO] [stderr]   Downloaded flate2 v1.1.5
[INFO] [stderr]   Downloaded crossbeam-channel v0.5.15
[INFO] [stderr]   Downloaded enum-iterator v1.5.0
[INFO] [stderr]   Downloaded enum-iterator-derive v1.5.0
[INFO] [stderr]   Downloaded eager v0.1.0
[INFO] [stderr]   Downloaded solana-rayon-threadlimit v1.18.26
[INFO] [stderr]   Downloaded dlopen2 v0.5.0
[INFO] [stderr]   Downloaded dlopen2_derive v0.3.0
[INFO] [stderr]   Downloaded rcgen v0.10.0
[INFO] [stderr]   Downloaded async-compression v0.4.36
[INFO] [stderr]   Downloaded compression-codecs v0.4.35
[INFO] [stderr]   Downloaded solana-measure v1.18.26
[INFO] [stderr]   Downloaded percentage v0.1.0
[INFO] [stderr]   Downloaded nix v0.26.4
[INFO] [stderr]   Downloaded caps v0.5.6
[INFO] [stderr]   Downloaded quinn-proto v0.10.6
[INFO] [stderr]   Downloaded quinn v0.10.2
[INFO] [stderr]   Downloaded quinn-udp v0.4.1
[INFO] [stderr]   Downloaded pkcs8 v0.8.0
[INFO] [stderr]   Downloaded spki v0.5.4
[INFO] [stderr]   Downloaded der v0.5.1
[INFO] [stderr]   Downloaded const-oid v0.7.1
[INFO] [stderr]   Downloaded base64ct v1.8.1
[INFO] [stderr]   Downloaded histogram v0.6.9
[INFO] [stderr]   Downloaded solana-net-utils v1.18.26
[INFO] [stderr]   Downloaded solana-version v1.18.26
[INFO] [stderr]   Downloaded clap v3.2.25
[INFO] [stderr]   Downloaded clap_lex v0.2.4
[INFO] [stderr]   Downloaded os_str_bytes v6.6.1
[INFO] [stderr]   Downloaded solana-connection-cache v1.18.26
[INFO] [stderr]   Downloaded spl-type-length-value v0.3.0
[INFO] [stderr]   Downloaded solana-tpu-client v1.18.26
[INFO] [stderr]   Downloaded solana-rpc-client-api v1.18.26
[INFO] [stderr]   Downloaded spl-token-2022 v1.0.0
[INFO] [stderr]   Downloaded spl-program-error v0.3.0
[INFO] [stderr]   Downloaded spl-program-error-derive v0.3.2
[INFO] [stderr]   Downloaded spl-pod v0.1.0
[INFO] [stderr]   Downloaded spl-discriminator v0.1.0
[INFO] [stderr]   Downloaded spl-discriminator-derive v0.1.2
[INFO] [stderr]   Downloaded spl-discriminator-syn v0.1.2
[INFO] [stderr]   Downloaded spl-transfer-hook-interface v0.4.1
[INFO] [stderr]   Downloaded spl-tlv-account-resolution v0.5.1
[INFO] [stderr]   Downloaded spl-token-metadata-interface v0.2.0
[INFO] [stderr]   Downloaded spl-token-group-interface v0.1.0
[INFO] [stderr]   Downloaded spl-token v4.0.0
[INFO] [stderr]   Downloaded toml_datetime v0.6.11
[INFO] [stderr]   Downloaded spl-memo v4.0.0
[INFO] [stderr]   Downloaded solana-security-txt v1.1.2
[INFO] [stderr]   Downloaded solana-transaction-status v1.18.26
[INFO] [stderr]   Downloaded spl-associated-token-account v2.3.0
[INFO] [stderr]   Downloaded solana-account-decoder v1.18.26
[INFO] [stderr]   Downloaded zstd-sys v2.0.16+zstd.1.5.7
[INFO] [stderr]   Downloaded solana-config-program v1.18.26
[INFO] [stderr]   Downloaded jsonrpc-core v18.0.0
[INFO] [stderr]   Downloaded solana-rpc-client v1.18.26
[INFO] [stderr]   Downloaded indicatif v0.17.11
[INFO] [stderr]   Downloaded number_prefix v0.4.0
[INFO] [stderr]   Downloaded console v0.15.11
[INFO] [stderr]   Downloaded solana-pubsub-client v1.18.26
[INFO] [stderr]   Downloaded solana-thin-client v1.18.26
[INFO] [stderr]   Downloaded dialoguer v0.10.4
[INFO] [stderr]   Downloaded async-mutex v1.4.1
[INFO] [stderr]   Downloaded solana-rpc-client-nonce-utils v1.18.26
[INFO] [stderr]   Downloaded solana-clap-utils v1.18.26
[INFO] [stderr]   Downloaded solana-remote-wallet v1.18.26
[INFO] [stderr]   Downloaded shell-words v1.1.1
[INFO] [stderr]   Downloaded mockito v1.7.1
[INFO] [stderr]   Downloaded webpki-roots v0.24.0
[INFO] [stderr]   Downloaded colored v3.0.0
[INFO] [stderr]   Downloaded solana-quic-client v1.18.26
[INFO] [stderr]   Downloaded solana-zk-token-sdk v1.18.26
[INFO] [stderr]   Downloaded jiff v0.2.16
[INFO] [stderr]   Downloaded jiff-static v0.2.16
[INFO] [stderr]   Downloaded env_filter v0.1.4
[INFO] [stderr]   Downloaded anstyle v1.0.13
[INFO] [stderr]   Downloaded anstream v0.6.21
[INFO] [stderr]   Downloaded anchor-spl v0.29.0
[INFO] [stderr]   Downloaded spl-token-2022 v0.9.0
[INFO] [stderr]   Downloaded spl-transfer-hook-interface v0.3.0
[INFO] [stderr]   Downloaded spl-tlv-account-resolution v0.4.0
[INFO] [stderr]   Downloaded anchor-syn v0.29.0
[INFO] [stderr]   Downloaded anchor-derive-accounts v0.29.0
[INFO] [stderr]   Downloaded anchor-attribute-program v0.29.0
[INFO] [stderr]   Downloaded anchor-attribute-event v0.29.0
[INFO] [stderr]   Downloaded anchor-attribute-constant v0.29.0
[INFO] [stderr]   Downloaded anchor-attribute-access-control v0.29.0
[INFO] [stderr]   Downloaded anchor-lang v0.29.0
[INFO] [stderr]   Downloaded anchor-derive-space v0.29.0
[INFO] [stderr]   Downloaded anchor-derive-serde v0.29.0
[INFO] [stderr]   Downloaded anchor-attribute-error v0.29.0
[INFO] [stderr]   Downloaded anchor-attribute-account v0.29.0
[INFO] running `Command { std: "docker" "create" "-v" "/var/lib/crater-agent-workspace/builds/worker-6-tc1/source:/opt/rustwide/workdir:ro,Z" "-v" "/var/lib/crater-agent-workspace/builds/worker-6-tc1/target:/opt/rustwide/target:rw,Z" "-v" "/var/lib/crater-agent-workspace/cargo-home:/opt/rustwide/cargo-home:ro,Z" "-v" "/var/lib/crater-agent-workspace/rustup-home:/opt/rustwide/rustup-home:ro,Z" "-m" "1610612736" "--network" "none" "ghcr.io/rust-lang/crates-build-env/linux@sha256:3111399a4047eeb3a02b7a90e478d715f38a8c6669b5c4b49d30a17385265909" "sleep" "infinity", kill_on_drop: false }`
[INFO] [stdout] da7757cf7b7240a6c79e80acd787876d2234cc57c4f0fd2af686c6295be3214e
[INFO] running `Command { std: "docker" "start" "da7757cf7b7240a6c79e80acd787876d2234cc57c4f0fd2af686c6295be3214e", kill_on_drop: false }`
[INFO] running `Command { std: "docker" "inspect" "da7757cf7b7240a6c79e80acd787876d2234cc57c4f0fd2af686c6295be3214e", kill_on_drop: false }`
[INFO] running `Command { std: "docker" "exec" "-e" "SOURCE_DIR=/opt/rustwide/workdir" "-e" "CARGO_HOME=/opt/rustwide/cargo-home" "-e" "RUSTUP_HOME=/opt/rustwide/rustup-home" "-e" "CARGO_TARGET_DIR=/opt/rustwide/target" "-w" "/opt/rustwide/workdir" "--user" "0:0" "da7757cf7b7240a6c79e80acd787876d2234cc57c4f0fd2af686c6295be3214e" "/opt/rustwide/cargo-home/bin/cargo" "+1.99.0-beta.8" "metadata" "--no-deps" "--format-version=1", kill_on_drop: false }`
[INFO] running `Command { std: "docker" "inspect" "da7757cf7b7240a6c79e80acd787876d2234cc57c4f0fd2af686c6295be3214e", kill_on_drop: false }`
[INFO] running `Command { std: "docker" "exec" "-e" "SOURCE_DIR=/opt/rustwide/workdir" "-e" "CARGO_HOME=/opt/rustwide/cargo-home" "-e" "RUSTUP_HOME=/opt/rustwide/rustup-home" "-e" "CARGO_TARGET_DIR=/opt/rustwide/target" "-e" "CARGO_INCREMENTAL=0" "-e" "RUST_BACKTRACE=full" "-e" "RUSTFLAGS=--cap-lints=warn" "-e" "RUSTDOCFLAGS=--cap-lints=warn" "-w" "/opt/rustwide/workdir" "--user" "0:0" "da7757cf7b7240a6c79e80acd787876d2234cc57c4f0fd2af686c6295be3214e" "/opt/rustwide/cargo-home/bin/cargo" "+1.99.0-beta.8" "build" "--frozen" "--message-format=json", kill_on_drop: false }`
[INFO] [stderr]    Compiling proc-macro2 v1.0.103
[INFO] [stderr]    Compiling unicode-ident v1.0.22
[INFO] [stderr]    Compiling quote v1.0.42
[INFO] [stderr]    Compiling libc v0.2.178
[INFO] [stderr]    Compiling typenum v1.19.0
[INFO] [stderr]    Compiling serde_core v1.0.228
[INFO] [stderr]    Compiling serde v1.0.228
[INFO] [stderr]    Compiling autocfg v1.5.0
[INFO] [stderr]    Compiling generic-array v0.14.7
[INFO] [stderr]    Compiling find-msvc-tools v0.1.5
[INFO] [stderr]    Compiling syn v1.0.109
[INFO] [stderr]    Compiling subtle v2.4.1
[INFO] [stderr]    Compiling memchr v2.7.6
[INFO] [stderr]    Compiling zerocopy v0.8.31
[INFO] [stderr]    Compiling log v0.4.29
[INFO] [stderr]    Compiling num-traits v0.2.19
[INFO] [stderr]    Compiling syn v2.0.111
[INFO] [stderr]    Compiling jobserver v0.1.34
[INFO] [stderr]    Compiling cc v1.2.49
[INFO] [stderr]    Compiling semver v1.0.27
[INFO] [stderr]    Compiling rustc_version v0.4.1
[INFO] [stderr]    Compiling getrandom v0.2.16
[INFO] [stderr]    Compiling hashbrown v0.16.1
[INFO] [stderr]    Compiling rand_core v0.6.4
[INFO] [stderr]    Compiling num-integer v0.1.46
[INFO] [stderr]    Compiling indexmap v2.12.1
[INFO] [stderr]    Compiling serde_json v1.0.145
[INFO] [stderr]    Compiling ppv-lite86 v0.2.21
[INFO] [stderr]    Compiling anyhow v1.0.100
[INFO] [stderr]    Compiling getrandom v0.3.4
[INFO] [stderr]    Compiling either v1.15.0
[INFO] [stderr]    Compiling rand_chacha v0.3.1
[INFO] [stderr]    Compiling getrandom v0.1.16
[INFO] [stderr]    Compiling rand v0.8.5
[INFO] [stderr]    Compiling opaque-debug v0.3.1
[INFO] [stderr]    Compiling crunchy v0.2.4
[INFO] [stderr]    Compiling bitflags v2.10.0
[INFO] [stderr]    Compiling num-bigint v0.4.6
[INFO] [stderr]    Compiling ahash v0.8.12
[INFO] [stderr]    Compiling rand_core v0.5.1
[INFO] [stderr]    Compiling block-padding v0.2.1
[INFO] [stderr]    Compiling rustversion v1.0.22
[INFO] [stderr]    Compiling winnow v0.7.14
[INFO] [stderr]    Compiling ark-std v0.4.0
[INFO] [stderr]    Compiling digest v0.9.0
[INFO] [stderr]    Compiling wasm-bindgen-shared v0.2.106
[INFO] [stderr]    Compiling toml_datetime v0.7.5+spec-1.1.0
[INFO] [stderr]    Compiling lazy_static v1.5.0
[INFO] [stderr]    Compiling libsecp256k1-core v0.2.2
[INFO] [stderr]    Compiling hashbrown v0.13.2
[INFO] [stderr]    Compiling rand_chacha v0.2.2
[INFO] [stderr]    Compiling crossbeam-epoch v0.9.18
[INFO] [stderr]    Compiling itertools v0.10.5
[INFO] [stderr]    Compiling rayon-core v1.13.0
[INFO] [stderr]    Compiling tinyvec v1.10.0
[INFO] [stderr]    Compiling crossbeam-deque v0.8.6
[INFO] [stderr]    Compiling rand v0.7.3
[INFO] [stderr]    Compiling ahash v0.7.8
[INFO] [stderr]    Compiling toml_parser v1.0.6+spec-1.1.0
[INFO] [stderr]    Compiling feature-probe v0.1.1
[INFO] [stderr]    Compiling borsh-derive-internal v0.10.4
[INFO] [stderr]    Compiling bv v0.11.1
[INFO] [stderr]    Compiling libsecp256k1-gen-genmult v0.2.1
[INFO] [stderr]    Compiling libsecp256k1-gen-ecmult v0.2.1
[INFO] [stderr]    Compiling solana-frozen-abi-macro v1.18.26
[INFO] [stderr]    Compiling bitmaps v2.1.0
[INFO] [stderr]    Compiling toml_edit v0.23.10+spec-1.0.0
[INFO] [stderr]    Compiling im v15.1.0
[INFO] [stderr]    Compiling rustc-hash v1.1.0
[INFO] [stderr]    Compiling cfg_aliases v0.2.1
[INFO] [stderr]    Compiling bumpalo v3.19.1
[INFO] [stderr]    Compiling borsh v1.6.0
[INFO] [stderr]    Compiling wasm-bindgen-macro-support v0.2.106
[INFO] [stderr]    Compiling rayon v1.11.0
[INFO] [stderr]    Compiling libsecp256k1 v0.6.0
[INFO] [stderr]    Compiling borsh-schema-derive-internal v0.10.4
[INFO] [stderr]    Compiling sized-chunks v0.6.5
[INFO] [stderr]    Compiling ark-serialize-derive v0.4.2
[INFO] [stderr]    Compiling derivative v2.2.0
[INFO] [stderr]    Compiling ark-ff-macros v0.4.2
[INFO] [stderr]    Compiling ark-ff-asm v0.4.2
[INFO] [stderr]    Compiling proc-macro-crate v3.4.0
[INFO] [stderr]    Compiling borsh-derive-internal v0.9.3
[INFO] [stderr]    Compiling borsh-schema-derive-internal v0.9.3
[INFO] [stderr]    Compiling serde_derive v1.0.228
[INFO] [stderr]    Compiling thiserror-impl v1.0.69
[INFO] [stderr]    Compiling zeroize_derive v1.4.2
[INFO] [stderr]    Compiling wasm-bindgen v0.2.106
[INFO] [stderr]    Compiling blake3 v1.8.2
[INFO] [stderr]    Compiling rand_xoshiro v0.6.0
[INFO] [stderr]    Compiling zeroize v1.3.0
[INFO] [stderr]    Compiling solana-frozen-abi v1.18.26
[INFO] [stderr]    Compiling memoffset v0.9.1
[INFO] [stderr]    Compiling bs58 v0.4.0
[INFO] [stderr]    Compiling arrayref v0.3.9
[INFO] [stderr]    Compiling borsh-derive v1.6.0
[INFO] [stderr]    Compiling thiserror v1.0.69
[INFO] [stderr]    Compiling bytemuck_derive v1.10.2
[INFO] [stderr]    Compiling hashbrown v0.11.2
[INFO] [stderr]    Compiling unicode-normalization v0.1.25
[INFO] [stderr]    Compiling solana-program v1.18.26
[INFO] [stderr]    Compiling serde_bytes v0.11.19
[INFO] [stderr]    Compiling memmap2 v0.5.10
[INFO] [stderr]    Compiling aho-corasick v1.1.4
[INFO] [stderr]    Compiling base64 v0.12.3
[INFO] [stderr]    Compiling wasm-bindgen-macro v0.2.106
[INFO] [stderr]    Compiling regex-syntax v0.8.8
[INFO] [stderr]    Compiling constant_time_eq v0.3.1
[INFO] [stderr]    Compiling arrayvec v0.7.6
[INFO] [stderr]    Compiling bytemuck v1.24.0
[INFO] [stderr]    Compiling solana-sdk-macro v1.18.26
[INFO] [stderr]    Compiling num-derive v0.4.2
[INFO] [stderr]    Compiling strsim v0.11.1
[INFO] [stderr]    Compiling smallvec v1.15.1
[INFO] [stderr]    Compiling ident_case v1.0.1
[INFO] [stderr]    Compiling darling_core v0.20.11
[INFO] [stderr]    Compiling atty v0.2.14
[INFO] [stderr]    Compiling signature v1.6.4
[INFO] [stderr]    Compiling ed25519 v1.5.3
[INFO] [stderr]    Compiling synstructure v0.13.2
[INFO] [stderr]    Compiling crypto-common v0.1.7
[INFO] [stderr]    Compiling block-buffer v0.10.4
[INFO] [stderr]    Compiling humantime v2.3.0
[INFO] [stderr]    Compiling digest v0.10.7
[INFO] [stderr]    Compiling num_enum_derive v0.7.5
[INFO] [stderr]    Compiling solana-sdk v1.18.26
[INFO] [stderr]    Compiling parking_lot_core v0.9.12
[INFO] [stderr]    Compiling iana-time-zone v0.1.64
[INFO] [stderr]    Compiling derivation-path v0.2.0
[INFO] [stderr]    Compiling toml v0.5.11
[INFO] [stderr]    Compiling regex-automata v0.4.13
[INFO] [stderr]    Compiling bincode v1.3.3
[INFO] [stderr]    Compiling block-buffer v0.9.0
[INFO] [stderr]    Compiling ark-serialize v0.4.2
[INFO] [stderr]    Compiling crypto-mac v0.8.0
[INFO] [stderr]    Compiling sha2 v0.9.9
[INFO] [stderr]    Compiling hmac v0.8.1
[INFO] [stderr]    Compiling curve25519-dalek v3.2.1
[INFO] [stderr]    Compiling ark-ff v0.4.2
[INFO] [stderr]    Compiling proc-macro-crate v0.1.5
[INFO] [stderr]    Compiling sha2 v0.10.9
[INFO] [stderr]    Compiling hmac-drbg v0.3.0
[INFO] [stderr]    Compiling pbkdf2 v0.4.0
[INFO] [stderr]    Compiling tiny-bip39 v0.8.2
[INFO] [stderr]    Compiling borsh-derive v0.9.3
[INFO] [stderr]    Compiling borsh-derive v0.10.4
[INFO] [stderr]    Compiling borsh v0.9.3
[INFO] [stderr]    Compiling borsh v0.10.4
[INFO] [stderr]    Compiling sha3 v0.10.8
[INFO] [stderr]    Compiling darling_macro v0.20.11
[INFO] [stderr]    Compiling ed25519-dalek v1.0.1
[INFO] [stderr]    Compiling darling v0.20.11
[INFO] [stderr]    Compiling serde_with_macros v2.3.3
[INFO] [stderr]    Compiling hmac v0.12.1
[INFO] [stderr]    Compiling pbkdf2 v0.11.0
[INFO] [stderr]    Compiling ed25519-dalek-bip32 v0.2.0
[INFO] [stderr]    Compiling num_enum v0.7.5
[INFO] [stderr]    Compiling chrono v0.4.42
[INFO] [stderr]    Compiling regex v1.12.2
[INFO] [stderr]    Compiling zerofrom-derive v0.1.6
[INFO] [stderr]    Compiling env_logger v0.9.3
[INFO] [stderr]    Compiling serde_with v2.3.3
[INFO] [stderr]    Compiling qstring v0.7.2
[INFO] [stderr]    Compiling displaydoc v0.2.5
[INFO] [stderr]    Compiling solana-logger v1.18.26
[INFO] [stderr]    Compiling qualifier_attr v0.2.2
[INFO] [stderr]    Compiling uriparse v0.6.4
[INFO] [stderr]    Compiling siphasher v0.3.11
[INFO] [stderr]    Compiling assert_matches v1.5.0
[INFO] [stderr]    Compiling bytes v1.11.0
[INFO] [stderr]    Compiling lock_api v0.4.14
[INFO] [stderr]    Compiling zerofrom v0.1.6
[INFO] [stderr]    Compiling yoke-derive v0.8.1
[INFO] [stderr]    Compiling stable_deref_trait v1.2.1
[INFO] [stderr]    Compiling parking_lot v0.12.5
[INFO] [stderr]    Compiling zerovec-derive v0.11.2
[INFO] [stderr]    Compiling tokio-macros v2.6.0
[INFO] [stderr]    Compiling ring v0.17.14
[INFO] [stderr]    Compiling socket2 v0.6.1
[INFO] [stderr]    Compiling yoke v0.8.1
[INFO] [stderr]    Compiling mio v1.1.1
[INFO] [stderr]    Compiling signal-hook-registry v1.4.7
[INFO] [stderr]    Compiling slab v0.4.11
[INFO] [stderr]    Compiling tokio v1.48.0
[INFO] [stderr]    Compiling writeable v0.6.2
[INFO] [stderr]    Compiling litemap v0.8.1
[INFO] [stderr]    Compiling zerotrie v0.2.3
[INFO] [stderr]    Compiling ark-poly v0.4.2
[INFO] [stderr]    Compiling icu_normalizer_data v2.1.1
[INFO] [stderr]    Compiling icu_properties_data v2.1.2
[INFO] [stderr]    Compiling futures-macro v0.3.31
[INFO] [stderr]    Compiling openssl-sys v0.9.111
[INFO] [stderr]    Compiling zerovec v0.11.5
[INFO] [stderr]    Compiling tracing-attributes v0.1.31
[INFO] [stderr]    Compiling tracing-core v0.1.36
[INFO] [stderr]    Compiling rustls v0.21.12
[INFO] [stderr]    Compiling futures-util v0.3.31
[INFO] [stderr]    Compiling http v0.2.12
[INFO] [stderr]    Compiling cipher v0.3.0
[INFO] [stderr]    Compiling tinystr v0.8.2
[INFO] [stderr]    Compiling potential_utf v0.1.4
[INFO] [stderr]    Compiling ark-ec v0.4.2
[INFO] [stderr]    Compiling icu_locale_core v2.1.1
[INFO] [stderr]    Compiling icu_collections v2.1.1
[INFO] [stderr]    Compiling tracing v0.1.44
[INFO] [stderr]    Compiling universal-hash v0.4.1
[INFO] [stderr]    Compiling socket2 v0.5.10
[INFO] [stderr]    Compiling polyval v0.5.3
[INFO] [stderr]    Compiling ctr v0.8.0
[INFO] [stderr]    Compiling aes v0.7.5
[INFO] [stderr]    Compiling aead v0.4.3
[INFO] [stderr]    Compiling alloc-no-stdlib v2.0.4
[INFO] [stderr]    Compiling icu_provider v2.1.1
[INFO] [stderr]    Compiling openssl v0.10.75
[INFO] [stderr]    Compiling crc32fast v1.5.0
[INFO] [stderr]    Compiling icu_properties v2.1.2
[INFO] [stderr]    Compiling icu_normalizer v2.1.1
[INFO] [stderr]    Compiling aes-gcm-siv v0.10.3
[INFO] [stderr]    Compiling alloc-stdlib v0.2.2
[INFO] [stderr]    Compiling spl-program-error-derive v0.3.2
[INFO] [stderr]    Compiling spl-discriminator-syn v0.1.2
[INFO] [stderr]    Compiling sha3 v0.9.1
[INFO] [stderr]    Compiling ark-bn254 v0.4.0
[INFO] [stderr]    Compiling merlin v3.0.0
[INFO] [stderr]    Compiling openssl-macros v0.1.1
[INFO] [stderr]    Compiling simd-adler32 v0.3.8
[INFO] [stderr]    Compiling light-poseidon v0.2.0
[INFO] [stderr]    Compiling adler2 v2.0.1
[INFO] [stderr]    Compiling native-tls v0.2.14
[INFO] [stderr]    Compiling spl-discriminator-derive v0.1.2
[INFO] [stderr]    Compiling miniz_oxide v0.8.9
[INFO] [stderr]    Compiling brotli-decompressor v5.0.0
[INFO] [stderr]    Compiling idna_adapter v1.2.1
[INFO] [stderr]    Compiling idna v1.1.0
[INFO] [stderr]    Compiling http-body v0.4.6
[INFO] [stderr]    Compiling url v2.5.7
[INFO] [stderr]    Compiling flate2 v1.1.5
[INFO] [stderr]    Compiling rustls-webpki v0.101.7
[INFO] [stderr]    Compiling sct v0.7.1
[INFO] [stderr]    Compiling tokio-util v0.7.17
[INFO] [stderr]    Compiling brotli v8.0.2
[INFO] [stderr]    Compiling h2 v0.3.27
[INFO] [stderr]    Compiling num-bigint v0.2.6
[INFO] [stderr]    Compiling compression-core v0.4.31
[INFO] [stderr]    Compiling num-rational v0.2.4
[INFO] [stderr]    Compiling num-complex v0.2.4
[INFO] [stderr]    Compiling serde_urlencoded v0.7.1
[INFO] [stderr]    Compiling scroll_derive v0.11.1
[INFO] [stderr]    Compiling crossbeam-channel v0.5.15
[INFO] [stderr]    Compiling encoding_rs v0.8.35
[INFO] [stderr]    Compiling winnow v0.5.40
[INFO] [stderr]    Compiling tokio-rustls v0.24.1
[INFO] [stderr]    Compiling compression-codecs v0.4.35
[INFO] [stderr]    Compiling tokio-native-tls v0.3.1
[INFO] [stderr]    Compiling async-compression v0.4.36
[INFO] [stderr]    Compiling toml_datetime v0.6.11
[INFO] [stderr]    Compiling void v1.0.2
[INFO] [stderr]    Compiling unreachable v1.0.0
[INFO] [stderr]    Compiling scroll v0.11.0
[INFO] [stderr]    Compiling toml_edit v0.19.15
[INFO] [stderr]    Compiling num-iter v0.1.45
[INFO] [stderr]    Compiling gethostname v0.2.3
[INFO] [stderr]    Compiling plain v0.2.3
[INFO] [stderr]    Compiling ascii v0.9.3
[INFO] [stderr]    Compiling goblin v0.5.4
[INFO] [stderr]    Compiling combine v3.8.1
[INFO] [stderr]    Compiling num v0.2.1
[INFO] [stderr]    Compiling enum-iterator-derive v1.5.0
[INFO] [stderr]    Compiling hyper v0.14.32
[INFO] [stderr]    Compiling hash32 v0.2.1
[INFO] [stderr]    Compiling solana-program-runtime v1.18.26
[INFO] [stderr]    Compiling rustc-demangle v0.1.26
[INFO] [stderr]    Compiling enum-iterator v1.5.0
[INFO] [stderr]    Compiling proc-macro-crate v1.3.1
[INFO] [stderr]    Compiling percentage v0.1.0
[INFO] [stderr]    Compiling eager v0.1.0
[INFO] [stderr]    Compiling zstd-sys v2.0.16+zstd.1.5.7
[INFO] [stderr]    Compiling num-derive v0.3.3
[INFO] [stderr]    Compiling time-core v0.1.6
[INFO] [stderr]    Compiling foldhash v0.1.5
[INFO] [stderr]    Compiling hashbrown v0.15.2
[INFO] [stderr]    Compiling num_enum_derive v0.6.1
[INFO] [stderr]    Compiling deranged v0.5.5
[INFO] [stderr]    Compiling time-macros v0.2.24
[INFO] [stderr]    Compiling num_enum v0.6.1
[INFO] [stderr]    Compiling solana-security-txt v1.1.2
[INFO] [stderr]    Compiling zstd-safe v5.0.2+zstd.1.5.2
[INFO] [stderr]    Compiling ring v0.16.20
[INFO] [stderr]    Compiling solana-version v1.18.26
[INFO] [stderr]    Compiling time v0.3.44
[INFO] [stderr]    Compiling heck v0.3.3
[INFO] [stderr]    Compiling hyper-tls v0.5.0
[INFO] [stderr]    Compiling hyper-rustls v0.24.2
[INFO] [stderr]    Compiling reqwest v0.11.27
[INFO] [stderr]    Compiling solana_rbpf v0.8.3
[INFO] [stderr]    Compiling solana-vote-program v1.18.26
[INFO] [stderr]    Compiling bs58 v0.5.1
[INFO] [stderr]    Compiling futures-executor v0.3.31
[INFO] [stderr]    Compiling Inflector v0.11.4
[INFO] [stderr]    Compiling unicode-width v0.2.2
[INFO] [stderr]    Compiling anchor-syn v0.29.0
[INFO] [stderr]    Compiling synstructure v0.12.6
[INFO] [stderr]    Compiling nom v7.1.3
[INFO] [stderr]    Compiling console v0.15.11
[INFO] [stderr]    Compiling spl-program-error v0.3.0
[INFO] [stderr]    Compiling spl-discriminator v0.1.0
[INFO] [stderr]    Compiling spl-token v4.0.0
[INFO] [stderr]    Compiling spl-memo v4.0.0
[INFO] [stderr]    Compiling futures v0.3.31
[INFO] [stderr]    Compiling memoffset v0.7.1
[INFO] [stderr]    Compiling jsonrpc-core v18.0.0
[INFO] [stderr]    Compiling rusticata-macros v4.1.0
[INFO] [stderr]    Compiling asn1-rs-derive v0.4.0
[INFO] [stderr]    Compiling yasna v0.5.2
[INFO] [stderr]    Compiling async-trait v0.1.89
[INFO] [stderr]    Compiling asn1-rs-impl v0.1.0
[INFO] [stderr]    Compiling portable-atomic v1.11.1
[INFO] [stderr]    Compiling rustix v1.1.2
[INFO] [stderr]    Compiling rcgen v0.10.0
[INFO] [stderr]    Compiling asn1-rs v0.5.2
[INFO] [stderr]    Compiling indexmap v1.9.3
[INFO] [stderr]    Compiling oid-registry v0.6.1
[INFO] [stderr]    Compiling const-oid v0.7.1
[INFO] [stderr]    Compiling linux-raw-sys v0.11.0
[INFO] [stderr]    Compiling der v0.5.1
[INFO] [stderr]    Compiling nix v0.26.4
[INFO] [stderr]    Compiling rustls-native-certs v0.6.3
[INFO] [stderr]    Compiling dlopen2_derive v0.3.0
[INFO] [stderr]    Compiling solana-perf v1.18.26
[INFO] [stderr]    Compiling num_cpus v1.17.0
[INFO] [stderr]    Compiling hashbrown v0.12.3
[INFO] [stderr]    Compiling number_prefix v0.4.0
[INFO] [stderr]    Compiling base64ct v1.8.1
[INFO] [stderr]    Compiling os_str_bytes v6.6.1
[INFO] [stderr]    Compiling spki v0.5.4
[INFO] [stderr]    Compiling solana-zk-token-sdk v1.18.26
[INFO] [stderr]    Compiling solana-metrics v1.18.26
[INFO] [stderr]    Compiling solana-measure v1.18.26
[INFO] [stderr]    Compiling tempfile v3.23.0
[INFO] [stderr]    Compiling clap_lex v0.2.4
[INFO] [stderr]    Compiling solana-connection-cache v1.18.26
[INFO] [stderr]    Compiling indicatif v0.17.11
[INFO] [stderr]    Compiling dlopen2 v0.5.0
[INFO] [stderr]    Compiling solana-rayon-threadlimit v1.18.26
[INFO] [stderr]    Compiling quinn-proto v0.10.6
[INFO] [stderr]    Compiling der-parser v8.2.0
[INFO] [stderr]    Compiling webpki-roots v0.24.0
[INFO] [stderr]    Compiling quinn-udp v0.4.1
[INFO] [stderr]    Compiling solana-config-program v1.18.26
[INFO] [stderr]    Compiling sha1 v0.10.6
[INFO] [stderr]    Compiling concurrent-queue v2.5.0
[INFO] [stderr]    Compiling caps v0.5.6
[INFO] [stderr]    Compiling shell-words v1.1.1
[INFO] [stderr]    Compiling strsim v0.10.0
[INFO] [stderr]    Compiling textwrap v0.16.2
[INFO] [stderr]    Compiling unicode-width v0.1.14
[INFO] [stderr]    Compiling tungstenite v0.20.1
[INFO] [stderr]    Compiling clap v3.2.25
[INFO] [stderr]    Compiling textwrap v0.11.0
[INFO] [stderr]    Compiling dialoguer v0.10.4
[INFO] [stderr]    Compiling async-channel v1.9.0
[INFO] [stderr]    Compiling x509-parser v0.14.0
[INFO] [stderr]    Compiling quinn v0.10.2
[INFO] [stderr]    Compiling pkcs8 v0.8.0
[INFO] [stderr]    Compiling rtoolbox v0.0.3
[INFO] [stderr]    Compiling histogram v0.6.9
[INFO] [stderr]    Compiling spl-pod v0.1.0
[INFO] [stderr]    Compiling strsim v0.8.0
[INFO] [stderr]    Compiling ansi_term v0.12.1
[INFO] [stderr]    Compiling spl-type-length-value v0.3.0
[INFO] [stderr]    Compiling spl-token-group-interface v0.1.0
[INFO] [stderr]    Compiling solana-streamer v1.18.26
[INFO] [stderr]    Compiling spl-tlv-account-resolution v0.5.1
[INFO] [stderr]    Compiling spl-token-metadata-interface v0.2.0
[INFO] [stderr]    Compiling spl-transfer-hook-interface v0.4.1
[INFO] [stderr]    Compiling spl-tlv-account-resolution v0.4.0
[INFO] [stderr]    Compiling clap v2.34.0
[INFO] [stderr]    Compiling spl-token-2022 v1.0.0
[INFO] [stderr]    Compiling solana-net-utils v1.18.26
[INFO] [stderr]    Compiling rpassword v7.4.0
[INFO] [stderr]    Compiling solana-remote-wallet v1.18.26
[INFO] [stderr]    Compiling zstd v0.11.2+zstd.1.5.2
[INFO] [stderr]    Compiling tokio-tungstenite v0.20.1
[INFO] [stderr]    Compiling tokio-stream v0.1.17
[INFO] [stderr]    Compiling anstyle-parse v0.2.7
[INFO] [stderr]    Compiling spl-transfer-hook-interface v0.3.0
[INFO] [stderr]    Compiling async-mutex v1.4.1
[INFO] [stderr]    Compiling anchor-derive-serde v0.29.0
[INFO] [stderr]    Compiling anchor-attribute-error v0.29.0
[INFO] [stderr]    Compiling anchor-attribute-constant v0.29.0
[INFO] [stderr]    Compiling anchor-attribute-account v0.29.0
[INFO] [stderr]    Compiling anchor-derive-accounts v0.29.0
[INFO] [stderr]    Compiling anchor-attribute-program v0.29.0
[INFO] [stderr]    Compiling anchor-attribute-access-control v0.29.0
[INFO] [stderr]    Compiling anchor-attribute-event v0.29.0
[INFO] [stderr]    Compiling anchor-derive-space v0.29.0
[INFO] [stderr]    Compiling is_terminal_polyfill v1.70.2
[INFO] [stderr]    Compiling hashbrown v0.14.5
[INFO] [stderr]    Compiling colorchoice v1.0.4
[INFO] [stderr]    Compiling anstyle v1.0.13
[INFO] [stderr]    Compiling anstyle-query v1.1.5
[INFO] [stderr]    Compiling spl-token-2022 v0.9.0
[INFO] [stderr]    Compiling anchor-lang v0.29.0
[INFO] [stderr]    Compiling anstream v0.6.21
[INFO] [stderr]    Compiling solana-udp-client v1.18.26
[INFO] [stderr]    Compiling solana-clap-utils v1.18.26
[INFO] [stderr]    Compiling dashmap v5.5.3
[INFO] [stderr]    Compiling env_filter v0.1.4
[INFO] [stderr]    Compiling jiff v0.2.16
[INFO] [stderr]    Compiling convert_case v0.4.0
[INFO] [stderr]    Compiling derive_more v0.99.20
[INFO] [stderr]    Compiling spl-associated-token-account v2.3.0
[INFO] [stderr]    Compiling solana-account-decoder v1.18.26
[INFO] [stderr]    Compiling anchor-spl v0.29.0
[INFO] [stderr]    Compiling solana-transaction-status v1.18.26
[INFO] [stderr]    Compiling env_logger v0.11.8
[INFO] [stderr]    Compiling solana-rpc-client-api v1.18.26
[INFO] [stderr]    Compiling solana-rpc-client v1.18.26
[INFO] [stderr]    Compiling solana-pubsub-client v1.18.26
[INFO] [stderr]    Compiling solana-quic-client v1.18.26
[INFO] [stderr]    Compiling solana-thin-client v1.18.26
[INFO] [stderr]    Compiling solana-tpu-client v1.18.26
[INFO] [stderr]    Compiling solana-rpc-client-nonce-utils v1.18.26
[INFO] [stderr]    Compiling solana-client v1.18.26
[INFO] [stderr]    Compiling preda-sdk v0.1.0 (/opt/rustwide/workdir)
[INFO] [stdout] warning: unused import: `SignalWeights`
[INFO] [stdout]  --> src/bsi/calculator.rs:4:29
[INFO] [stdout]   |
[INFO] [stdout] 4 | use crate::bsi::{BsiConfig, SignalWeights};
[INFO] [stdout]   |                             ^^^^^^^^^^^^^
[INFO] [stdout]   |
[INFO] [stdout]   = note: `#[warn(unused_imports)]` (part of `#[warn(unused)]`) on by default
[INFO] [stdout] 
[INFO] [stdout] 
[INFO] [stdout] warning: unused import: `async_trait::async_trait`
[INFO] [stdout]  --> src/bsi/monitor.rs:3:5
[INFO] [stdout]   |
[INFO] [stdout] 3 | use async_trait::async_trait;
[INFO] [stdout]   |     ^^^^^^^^^^^^^^^^^^^^^^^^
[INFO] [stdout] 
[INFO] [stdout] 
[INFO] [stdout] warning: unused import: `async_trait::async_trait`
[INFO] [stdout]  --> src/client.rs:3:5
[INFO] [stdout]   |
[INFO] [stdout] 3 | use async_trait::async_trait;
[INFO] [stdout]   |     ^^^^^^^^^^^^^^^^^^^^^^^^
[INFO] [stdout] 
[INFO] [stdout] 
[INFO] [stdout] warning: unused import: `transaction::Transaction`
[INFO] [stdout]   --> src/client.rs:10:5
[INFO] [stdout]    |
[INFO] [stdout] 10 |     transaction::Transaction,
[INFO] [stdout]    |     ^^^^^^^^^^^^^^^^^^^^^^^^
[INFO] [stdout] 
[INFO] [stdout] 
[INFO] [stdout] warning: unused import: `TimeBucket`
[INFO] [stdout]  --> src/market/settlement.rs:5:26
[INFO] [stdout]   |
[INFO] [stdout] 5 |     position::{Position, TimeBucket},
[INFO] [stdout]   |                          ^^^^^^^^^^
[INFO] [stdout] 
[INFO] [stdout] 
[INFO] [stdout] warning: unused variable: `market_address`
[INFO] [stdout]   --> src/market/mod.rs:78:48
[INFO] [stdout]    |
[INFO] [stdout] 78 |     pub async fn get_belief_state_index(&self, market_address: &Pubkey) -> Result<BeliefStateIndex> {
[INFO] [stdout]    |                                                ^^^^^^^^^^^^^^ help: if this is intentional, prefix it with an underscore: `_market_address`
[INFO] [stdout]    |
[INFO] [stdout]    = note: `#[warn(unused_variables)]` (part of `#[warn(unused)]`) on by default
[INFO] [stdout] 
[INFO] [stdout] 
[INFO] [stdout] warning: unused variable: `market_address`
[INFO] [stdout]    --> src/market/mod.rs:112:9
[INFO] [stdout]     |
[INFO] [stdout] 112 |         market_address: &Pubkey,
[INFO] [stdout]     |         ^^^^^^^^^^^^^^ help: if this is intentional, prefix it with an underscore: `_market_address`
[INFO] [stdout] 
[INFO] [stdout] 
[INFO] [stdout] warning: unused variable: `user`
[INFO] [stdout]    --> src/market/mod.rs:113:9
[INFO] [stdout]     |
[INFO] [stdout] 113 |         user: &Pubkey,
[INFO] [stdout]     |         ^^^^ help: if this is intentional, prefix it with an underscore: `_user`
[INFO] [stdout] 
[INFO] [stdout] 
[INFO] [stdout] warning: unused variable: `market_address`
[INFO] [stdout]    --> src/market/mod.rs:122:9
[INFO] [stdout]     |
[INFO] [stdout] 122 |         market_address: &Pubkey,
[INFO] [stdout]     |         ^^^^^^^^^^^^^^ help: if this is intentional, prefix it with an underscore: `_market_address`
[INFO] [stdout] 
[INFO] [stdout] 
[INFO] [stdout] warning: unused variable: `time_bucket`
[INFO] [stdout]    --> src/market/mod.rs:123:9
[INFO] [stdout]     |
[INFO] [stdout] 123 |         time_bucket: TimeBucket,
[INFO] [stdout]     |         ^^^^^^^^^^^ help: if this is intentional, prefix it with an underscore: `_time_bucket`
[INFO] [stdout] 
[INFO] [stdout] 
[INFO] [stdout] warning: unused variable: `market_address`
[INFO] [stdout]    --> src/market/mod.rs:132:9
[INFO] [stdout]     |
[INFO] [stdout] 132 |         market_address: &Pubkey,
[INFO] [stdout]     |         ^^^^^^^^^^^^^^ help: if this is intentional, prefix it with an underscore: `_market_address`
[INFO] [stdout] 
[INFO] [stdout] 
[INFO] [stdout] warning: unused variable: `user`
[INFO] [stdout]    --> src/market/mod.rs:141:9
[INFO] [stdout]     |
[INFO] [stdout] 141 |         user: &Keypair,
[INFO] [stdout]     |         ^^^^ help: if this is intentional, prefix it with an underscore: `_user`
[INFO] [stdout] 
[INFO] [stdout] 
[INFO] [stdout] warning: unused variable: `position_address`
[INFO] [stdout]    --> src/market/mod.rs:142:9
[INFO] [stdout]     |
[INFO] [stdout] 142 |         position_address: &Pubkey,
[INFO] [stdout]     |         ^^^^^^^^^^^^^^^^ help: if this is intentional, prefix it with an underscore: `_position_address`
[INFO] [stdout] 
[INFO] [stdout] 
[INFO] [stdout] warning: unused variable: `user`
[INFO] [stdout]    --> src/market/mod.rs:151:9
[INFO] [stdout]     |
[INFO] [stdout] 151 |         user: &Keypair,
[INFO] [stdout]     |         ^^^^ help: if this is intentional, prefix it with an underscore: `_user`
[INFO] [stdout] 
[INFO] [stdout] 
[INFO] [stdout] warning: unused variable: `position_address`
[INFO] [stdout]    --> src/market/mod.rs:152:9
[INFO] [stdout]     |
[INFO] [stdout] 152 |         position_address: &Pubkey,
[INFO] [stdout]     |         ^^^^^^^^^^^^^^^^ help: if this is intentional, prefix it with an underscore: `_position_address`
[INFO] [stdout] 
[INFO] [stdout] 
[INFO] [stdout] warning: unused variable: `inflection`
[INFO] [stdout]   --> src/market/lifecycle.rs:20:51
[INFO] [stdout]    |
[INFO] [stdout] 20 |     pub fn handle_inflection(market: &mut Market, inflection: BeliefInflection) -> Result<()> {
[INFO] [stdout]    |                                                   ^^^^^^^^^^ help: if this is intentional, prefix it with an underscore: `_inflection`
[INFO] [stdout] 
[INFO] [stdout] 
[INFO] [stdout] warning: fields `rpc_client` and `program_id` are never read
[INFO] [stdout]   --> src/market/mod.rs:22:5
[INFO] [stdout]    |
[INFO] [stdout] 21 | pub struct MarketManager {
[INFO] [stdout]    |            ------------- fields in this struct
[INFO] [stdout] 22 |     rpc_client: Arc<RpcClient>,
[INFO] [stdout]    |     ^^^^^^^^^^
[INFO] [stdout] 23 |     program_id: Pubkey,
[INFO] [stdout]    |     ^^^^^^^^^^
[INFO] [stdout]    |
[INFO] [stdout]    = note: `#[warn(dead_code)]` (part of `#[warn(unused)]`) on by default
[INFO] [stdout] 
[INFO] [stdout] 
[INFO] [stdout] warning: field `rpc_client` is never read
[INFO] [stdout]   --> src/oracle/mod.rs:17:5
[INFO] [stdout]    |
[INFO] [stdout] 16 | pub struct OracleClient {
[INFO] [stdout]    |            ------------ field in this struct
[INFO] [stdout] 17 |     rpc_client: Arc<RpcClient>,
[INFO] [stdout]    |     ^^^^^^^^^^
[INFO] [stdout] 
[INFO] [stdout] 
[INFO] [stderr]     Finished `dev` profile [unoptimized + debuginfo] target(s) in 7m 21s
[INFO] [stderr] warning: the following packages contain code that will be rejected by a future version of Rust: solana-client v1.18.26
[INFO] [stderr] note: to see what the problems were, use the option `--future-incompat-report`, or run `cargo report future-incompatibilities --id 2`
[INFO] running `Command { std: "docker" "inspect" "da7757cf7b7240a6c79e80acd787876d2234cc57c4f0fd2af686c6295be3214e", kill_on_drop: false }`
[INFO] running `Command { std: "docker" "exec" "-e" "SOURCE_DIR=/opt/rustwide/workdir" "-e" "CARGO_HOME=/opt/rustwide/cargo-home" "-e" "RUSTUP_HOME=/opt/rustwide/rustup-home" "-e" "CARGO_TARGET_DIR=/opt/rustwide/target" "-e" "CARGO_INCREMENTAL=0" "-e" "RUST_BACKTRACE=full" "-e" "RUSTFLAGS=--cap-lints=warn" "-e" "RUSTDOCFLAGS=--cap-lints=warn" "-w" "/opt/rustwide/workdir" "--user" "0:0" "da7757cf7b7240a6c79e80acd787876d2234cc57c4f0fd2af686c6295be3214e" "/opt/rustwide/cargo-home/bin/cargo" "+1.99.0-beta.8" "test" "--frozen" "--no-run" "--message-format=json", kill_on_drop: false }`
[INFO] [stderr]    Compiling getrandom v0.3.4
[INFO] [stderr]    Compiling parking_lot_core v0.9.12
[INFO] [stderr]    Compiling icu_normalizer v2.1.1
[INFO] [stderr]    Compiling http v1.4.0
[INFO] [stderr]    Compiling async-stream-impl v0.3.6
[INFO] [stderr]    Compiling assert-json-diff v2.0.2
[INFO] [stderr]    Compiling colored v3.0.0
[INFO] [stderr]    Compiling similar v2.7.0
[INFO] [stderr]    Compiling ahash v0.8.12
[INFO] [stderr]    Compiling parking_lot v0.12.5
[INFO] [stderr]    Compiling hashbrown v0.13.2
[INFO] [stderr]    Compiling idna_adapter v1.2.1
[INFO] [stderr]    Compiling tempfile v3.23.0
[INFO] [stderr]    Compiling tokio v1.48.0
[INFO] [stderr]    Compiling idna v1.1.0
[INFO] [stderr]    Compiling rand_core v0.9.3
[INFO] [stderr]    Compiling ark-poly v0.4.2
[INFO] [stderr]    Compiling borsh v0.10.4
[INFO] [stderr]    Compiling dialoguer v0.10.4
[INFO] [stderr]    Compiling url v2.5.7
[INFO] [stderr]    Compiling http-body v1.0.1
[INFO] [stderr]    Compiling rand_chacha v0.9.0
[INFO] [stderr]    Compiling ark-ec v0.4.2
[INFO] [stderr]    Compiling dashmap v5.5.3
[INFO] [stderr]    Compiling rand v0.9.2
[INFO] [stderr]    Compiling http-body-util v0.1.3
[INFO] [stderr]    Compiling async-stream v0.3.6
[INFO] [stderr]    Compiling tungstenite v0.20.1
[INFO] [stderr]    Compiling ark-bn254 v0.4.0
[INFO] [stderr]    Compiling light-poseidon v0.2.0
[INFO] [stderr]    Compiling solana-program v1.18.26
[INFO] [stderr]    Compiling tokio-util v0.7.17
[INFO] [stderr]    Compiling tokio-rustls v0.24.1
[INFO] [stderr]    Compiling tokio-native-tls v0.3.1
[INFO] [stderr]    Compiling async-compression v0.4.36
[INFO] [stderr]    Compiling tokio-stream v0.1.17
[INFO] [stderr]    Compiling quinn v0.10.2
[INFO] [stderr]    Compiling tokio-tungstenite v0.20.1
[INFO] [stderr]    Compiling tokio-test v0.4.4
[INFO] [stderr]    Compiling h2 v0.3.27
[INFO] [stderr]    Compiling h2 v0.4.12
[INFO] [stderr]    Compiling hyper v0.14.32
[INFO] [stderr]    Compiling hyper v1.8.1
[INFO] [stderr]    Compiling hyper-util v0.1.19
[INFO] [stderr]    Compiling mockito v1.7.1
[INFO] [stderr]    Compiling solana-sdk v1.18.26
[INFO] [stderr]    Compiling spl-program-error v0.3.0
[INFO] [stderr]    Compiling spl-discriminator v0.1.0
[INFO] [stderr]    Compiling spl-token v4.0.0
[INFO] [stderr]    Compiling spl-memo v4.0.0
[INFO] [stderr]    Compiling anchor-lang v0.29.0
[INFO] [stderr]    Compiling hyper-tls v0.5.0
[INFO] [stderr]    Compiling hyper-rustls v0.24.2
[INFO] [stderr]    Compiling reqwest v0.11.27
[INFO] [stderr]    Compiling solana-zk-token-sdk v1.18.26
[INFO] [stderr]    Compiling solana-metrics v1.18.26
[INFO] [stderr]    Compiling solana-measure v1.18.26
[INFO] [stderr]    Compiling solana-version v1.18.26
[INFO] [stderr]    Compiling solana-remote-wallet v1.18.26
[INFO] [stderr]    Compiling solana-net-utils v1.18.26
[INFO] [stderr]    Compiling solana-clap-utils v1.18.26
[INFO] [stderr]    Compiling solana-program-runtime v1.18.26
[INFO] [stderr]    Compiling solana-connection-cache v1.18.26
[INFO] [stderr]    Compiling solana-config-program v1.18.26
[INFO] [stderr]    Compiling solana-vote-program v1.18.26
[INFO] [stderr]    Compiling solana-perf v1.18.26
[INFO] [stderr]    Compiling solana-streamer v1.18.26
[INFO] [stderr]    Compiling spl-pod v0.1.0
[INFO] [stderr]    Compiling spl-type-length-value v0.3.0
[INFO] [stderr]    Compiling spl-token-group-interface v0.1.0
[INFO] [stderr]    Compiling solana-udp-client v1.18.26
[INFO] [stderr]    Compiling spl-tlv-account-resolution v0.5.1
[INFO] [stderr]    Compiling spl-token-metadata-interface v0.2.0
[INFO] [stderr]    Compiling spl-tlv-account-resolution v0.4.0
[INFO] [stderr]    Compiling spl-transfer-hook-interface v0.4.1
[INFO] [stderr]    Compiling spl-transfer-hook-interface v0.3.0
[INFO] [stderr]    Compiling spl-token-2022 v0.9.0
[INFO] [stderr]    Compiling spl-token-2022 v1.0.0
[INFO] [stderr]    Compiling spl-associated-token-account v2.3.0
[INFO] [stderr]    Compiling solana-account-decoder v1.18.26
[INFO] [stderr]    Compiling anchor-spl v0.29.0
[INFO] [stderr]    Compiling solana-transaction-status v1.18.26
[INFO] [stderr]    Compiling solana-rpc-client-api v1.18.26
[INFO] [stderr]    Compiling solana-rpc-client v1.18.26
[INFO] [stderr]    Compiling solana-pubsub-client v1.18.26
[INFO] [stderr]    Compiling solana-quic-client v1.18.26
[INFO] [stderr]    Compiling solana-thin-client v1.18.26
[INFO] [stderr]    Compiling solana-tpu-client v1.18.26
[INFO] [stderr]    Compiling solana-rpc-client-nonce-utils v1.18.26
[INFO] [stderr]    Compiling solana-client v1.18.26
[INFO] [stderr]    Compiling preda-sdk v0.1.0 (/opt/rustwide/workdir)
[INFO] [stdout] warning: unused import: `SignalWeights`
[INFO] [stdout]  --> src/bsi/calculator.rs:4:29
[INFO] [stdout]   |
[INFO] [stdout] 4 | use crate::bsi::{BsiConfig, SignalWeights};
[INFO] [stdout]   |                             ^^^^^^^^^^^^^
[INFO] [stdout]   |
[INFO] [stdout]   = note: `#[warn(unused_imports)]` (part of `#[warn(unused)]`) on by default
[INFO] [stdout] 
[INFO] [stdout] 
[INFO] [stdout] warning: unused import: `async_trait::async_trait`
[INFO] [stdout]  --> src/bsi/monitor.rs:3:5
[INFO] [stdout]   |
[INFO] [stdout] 3 | use async_trait::async_trait;
[INFO] [stdout]   |     ^^^^^^^^^^^^^^^^^^^^^^^^
[INFO] [stdout] 
[INFO] [stdout] 
[INFO] [stdout] warning: unused import: `async_trait::async_trait`
[INFO] [stdout]  --> src/client.rs:3:5
[INFO] [stdout]   |
[INFO] [stdout] 3 | use async_trait::async_trait;
[INFO] [stdout]   |     ^^^^^^^^^^^^^^^^^^^^^^^^
[INFO] [stdout] 
[INFO] [stdout] 
[INFO] [stdout] warning: unused import: `transaction::Transaction`
[INFO] [stdout]   --> src/client.rs:10:5
[INFO] [stdout]    |
[INFO] [stdout] 10 |     transaction::Transaction,
[INFO] [stdout]    |     ^^^^^^^^^^^^^^^^^^^^^^^^
[INFO] [stdout] 
[INFO] [stdout] 
[INFO] [stdout] warning: unused import: `TimeBucket`
[INFO] [stdout]  --> src/market/settlement.rs:5:26
[INFO] [stdout]   |
[INFO] [stdout] 5 |     position::{Position, TimeBucket},
[INFO] [stdout]   |                          ^^^^^^^^^^
[INFO] [stdout] 
[INFO] [stdout] 
[INFO] [stdout] warning: unused variable: `market_address`
[INFO] [stdout]   --> src/market/mod.rs:78:48
[INFO] [stdout]    |
[INFO] [stdout] 78 |     pub async fn get_belief_state_index(&self, market_address: &Pubkey) -> Result<BeliefStateIndex> {
[INFO] [stdout]    |                                                ^^^^^^^^^^^^^^ help: if this is intentional, prefix it with an underscore: `_market_address`
[INFO] [stdout]    |
[INFO] [stdout]    = note: `#[warn(unused_variables)]` (part of `#[warn(unused)]`) on by default
[INFO] [stdout] 
[INFO] [stdout] 
[INFO] [stdout] warning: unused variable: `market_address`
[INFO] [stdout]    --> src/market/mod.rs:112:9
[INFO] [stdout]     |
[INFO] [stdout] 112 |         market_address: &Pubkey,
[INFO] [stdout]     |         ^^^^^^^^^^^^^^ help: if this is intentional, prefix it with an underscore: `_market_address`
[INFO] [stdout] 
[INFO] [stdout] 
[INFO] [stdout] warning: unused variable: `user`
[INFO] [stdout]    --> src/market/mod.rs:113:9
[INFO] [stdout]     |
[INFO] [stdout] 113 |         user: &Pubkey,
[INFO] [stdout]     |         ^^^^ help: if this is intentional, prefix it with an underscore: `_user`
[INFO] [stdout] 
[INFO] [stdout] 
[INFO] [stdout] warning: unused variable: `market_address`
[INFO] [stdout]    --> src/market/mod.rs:122:9
[INFO] [stdout]     |
[INFO] [stdout] 122 |         market_address: &Pubkey,
[INFO] [stdout]     |         ^^^^^^^^^^^^^^ help: if this is intentional, prefix it with an underscore: `_market_address`
[INFO] [stdout] 
[INFO] [stdout] 
[INFO] [stdout] warning: unused variable: `time_bucket`
[INFO] [stdout]    --> src/market/mod.rs:123:9
[INFO] [stdout]     |
[INFO] [stdout] 123 |         time_bucket: TimeBucket,
[INFO] [stdout]     |         ^^^^^^^^^^^ help: if this is intentional, prefix it with an underscore: `_time_bucket`
[INFO] [stdout] 
[INFO] [stdout] 
[INFO] [stdout] warning: unused variable: `market_address`
[INFO] [stdout]    --> src/market/mod.rs:132:9
[INFO] [stdout]     |
[INFO] [stdout] 132 |         market_address: &Pubkey,
[INFO] [stdout]     |         ^^^^^^^^^^^^^^ help: if this is intentional, prefix it with an underscore: `_market_address`
[INFO] [stdout] 
[INFO] [stdout] 
[INFO] [stdout] warning: unused variable: `user`
[INFO] [stdout]    --> src/market/mod.rs:141:9
[INFO] [stdout]     |
[INFO] [stdout] 141 |         user: &Keypair,
[INFO] [stdout]     |         ^^^^ help: if this is intentional, prefix it with an underscore: `_user`
[INFO] [stdout] 
[INFO] [stdout] 
[INFO] [stdout] warning: unused variable: `position_address`
[INFO] [stdout]    --> src/market/mod.rs:142:9
[INFO] [stdout]     |
[INFO] [stdout] 142 |         position_address: &Pubkey,
[INFO] [stdout]     |         ^^^^^^^^^^^^^^^^ help: if this is intentional, prefix it with an underscore: `_position_address`
[INFO] [stdout] 
[INFO] [stdout] 
[INFO] [stdout] warning: unused variable: `user`
[INFO] [stdout]    --> src/market/mod.rs:151:9
[INFO] [stdout]     |
[INFO] [stdout] 151 |         user: &Keypair,
[INFO] [stdout]     |         ^^^^ help: if this is intentional, prefix it with an underscore: `_user`
[INFO] [stdout] 
[INFO] [stdout] 
[INFO] [stdout] warning: unused variable: `position_address`
[INFO] [stdout]    --> src/market/mod.rs:152:9
[INFO] [stdout]     |
[INFO] [stdout] 152 |         position_address: &Pubkey,
[INFO] [stdout]     |         ^^^^^^^^^^^^^^^^ help: if this is intentional, prefix it with an underscore: `_position_address`
[INFO] [stdout] 
[INFO] [stdout] 
[INFO] [stdout] warning: unused variable: `inflection`
[INFO] [stdout]   --> src/market/lifecycle.rs:20:51
[INFO] [stdout]    |
[INFO] [stdout] 20 |     pub fn handle_inflection(market: &mut Market, inflection: BeliefInflection) -> Result<()> {
[INFO] [stdout]    |                                                   ^^^^^^^^^^ help: if this is intentional, prefix it with an underscore: `_inflection`
[INFO] [stdout] 
[INFO] [stdout] 
[INFO] [stdout] warning: fields `rpc_client` and `program_id` are never read
[INFO] [stdout]   --> src/market/mod.rs:22:5
[INFO] [stdout]    |
[INFO] [stdout] 21 | pub struct MarketManager {
[INFO] [stdout]    |            ------------- fields in this struct
[INFO] [stdout] 22 |     rpc_client: Arc<RpcClient>,
[INFO] [stdout]    |     ^^^^^^^^^^
[INFO] [stdout] 23 |     program_id: Pubkey,
[INFO] [stdout]    |     ^^^^^^^^^^
[INFO] [stdout]    |
[INFO] [stdout]    = note: `#[warn(dead_code)]` (part of `#[warn(unused)]`) on by default
[INFO] [stdout] 
[INFO] [stdout] 
[INFO] [stdout] warning: field `rpc_client` is never read
[INFO] [stdout]   --> src/oracle/mod.rs:17:5
[INFO] [stdout]    |
[INFO] [stdout] 16 | pub struct OracleClient {
[INFO] [stdout]    |            ------------ field in this struct
[INFO] [stdout] 17 |     rpc_client: Arc<RpcClient>,
[INFO] [stdout]    |     ^^^^^^^^^^
[INFO] [stdout] 
[INFO] [stdout] 
[INFO] [stdout] warning: unused import: `SignalWeights`
[INFO] [stdout]  --> src/bsi/calculator.rs:4:29
[INFO] [stdout]   |
[INFO] [stdout] 4 | use crate::bsi::{BsiConfig, SignalWeights};
[INFO] [stdout]   |                             ^^^^^^^^^^^^^
[INFO] [stdout]   |
[INFO] [stdout]   = note: `#[warn(unused_imports)]` (part of `#[warn(unused)]`) on by default
[INFO] [stdout] 
[INFO] [stdout] 
[INFO] [stdout] warning: unused import: `async_trait::async_trait`
[INFO] [stdout]  --> src/bsi/monitor.rs:3:5
[INFO] [stdout]   |
[INFO] [stdout] 3 | use async_trait::async_trait;
[INFO] [stdout]   |     ^^^^^^^^^^^^^^^^^^^^^^^^
[INFO] [stdout] 
[INFO] [stdout] 
[INFO] [stdout] warning: unused import: `async_trait::async_trait`
[INFO] [stdout]  --> src/client.rs:3:5
[INFO] [stdout]   |
[INFO] [stdout] 3 | use async_trait::async_trait;
[INFO] [stdout]   |     ^^^^^^^^^^^^^^^^^^^^^^^^
[INFO] [stdout] 
[INFO] [stdout] 
[INFO] [stdout] warning: unused import: `transaction::Transaction`
[INFO] [stdout]   --> src/client.rs:10:5
[INFO] [stdout]    |
[INFO] [stdout] 10 |     transaction::Transaction,
[INFO] [stdout]    |     ^^^^^^^^^^^^^^^^^^^^^^^^
[INFO] [stdout] 
[INFO] [stdout] 
[INFO] [stdout] warning: unused import: `TimeBucket`
[INFO] [stdout]  --> src/market/settlement.rs:5:26
[INFO] [stdout]   |
[INFO] [stdout] 5 |     position::{Position, TimeBucket},
[INFO] [stdout]   |                          ^^^^^^^^^^
[INFO] [stdout] 
[INFO] [stdout] 
[INFO] [stdout] warning: unused import: `crate::types::belief::InflectionType`
[INFO] [stdout]    --> src/market/settlement.rs:103:9
[INFO] [stdout]     |
[INFO] [stdout] 103 |     use crate::types::belief::InflectionType;
[INFO] [stdout]     |         ^^^^^^^^^^^^^^^^^^^^^^^^^^^^^^^^^^^^
[INFO] [stdout] 
[INFO] [stdout] 
[INFO] [stdout] warning: unused import: `solana_sdk::pubkey::Pubkey`
[INFO] [stdout]    --> src/market/settlement.rs:104:9
[INFO] [stdout]     |
[INFO] [stdout] 104 |     use solana_sdk::pubkey::Pubkey;
[INFO] [stdout]     |         ^^^^^^^^^^^^^^^^^^^^^^^^^^
[INFO] [stdout] 
[INFO] [stdout] 
[INFO] [stdout] warning: unused variable: `market_address`
[INFO] [stdout]   --> src/market/mod.rs:78:48
[INFO] [stdout]    |
[INFO] [stdout] 78 |     pub async fn get_belief_state_index(&self, market_address: &Pubkey) -> Result<BeliefStateIndex> {
[INFO] [stdout]    |                                                ^^^^^^^^^^^^^^ help: if this is intentional, prefix it with an underscore: `_market_address`
[INFO] [stdout]    |
[INFO] [stdout]    = note: `#[warn(unused_variables)]` (part of `#[warn(unused)]`) on by default
[INFO] [stdout] 
[INFO] [stdout] 
[INFO] [stdout] warning: unused variable: `market_address`
[INFO] [stdout]    --> src/market/mod.rs:112:9
[INFO] [stdout]     |
[INFO] [stdout] 112 |         market_address: &Pubkey,
[INFO] [stdout]     |         ^^^^^^^^^^^^^^ help: if this is intentional, prefix it with an underscore: `_market_address`
[INFO] [stdout] 
[INFO] [stdout] 
[INFO] [stdout] warning: unused variable: `user`
[INFO] [stdout]    --> src/market/mod.rs:113:9
[INFO] [stdout]     |
[INFO] [stdout] 113 |         user: &Pubkey,
[INFO] [stdout]     |         ^^^^ help: if this is intentional, prefix it with an underscore: `_user`
[INFO] [stdout] 
[INFO] [stdout] 
[INFO] [stdout] warning: unused variable: `market_address`
[INFO] [stdout]    --> src/market/mod.rs:122:9
[INFO] [stdout]     |
[INFO] [stdout] 122 |         market_address: &Pubkey,
[INFO] [stdout]     |         ^^^^^^^^^^^^^^ help: if this is intentional, prefix it with an underscore: `_market_address`
[INFO] [stdout] 
[INFO] [stdout] 
[INFO] [stdout] warning: unused variable: `time_bucket`
[INFO] [stdout]    --> src/market/mod.rs:123:9
[INFO] [stdout]     |
[INFO] [stdout] 123 |         time_bucket: TimeBucket,
[INFO] [stdout]     |         ^^^^^^^^^^^ help: if this is intentional, prefix it with an underscore: `_time_bucket`
[INFO] [stdout] 
[INFO] [stdout] 
[INFO] [stdout] warning: unused variable: `market_address`
[INFO] [stdout]    --> src/market/mod.rs:132:9
[INFO] [stdout]     |
[INFO] [stdout] 132 |         market_address: &Pubkey,
[INFO] [stdout]     |         ^^^^^^^^^^^^^^ help: if this is intentional, prefix it with an underscore: `_market_address`
[INFO] [stdout] 
[INFO] [stdout] 
[INFO] [stdout] warning: unused variable: `user`
[INFO] [stdout]    --> src/market/mod.rs:141:9
[INFO] [stdout]     |
[INFO] [stdout] 141 |         user: &Keypair,
[INFO] [stdout]     |         ^^^^ help: if this is intentional, prefix it with an underscore: `_user`
[INFO] [stdout] 
[INFO] [stdout] 
[INFO] [stdout] warning: unused variable: `position_address`
[INFO] [stdout]    --> src/market/mod.rs:142:9
[INFO] [stdout]     |
[INFO] [stdout] 142 |         position_address: &Pubkey,
[INFO] [stdout]     |         ^^^^^^^^^^^^^^^^ help: if this is intentional, prefix it with an underscore: `_position_address`
[INFO] [stdout] 
[INFO] [stdout] 
[INFO] [stdout] warning: unused variable: `user`
[INFO] [stdout]    --> src/market/mod.rs:151:9
[INFO] [stdout]     |
[INFO] [stdout] 151 |         user: &Keypair,
[INFO] [stdout]     |         ^^^^ help: if this is intentional, prefix it with an underscore: `_user`
[INFO] [stdout] 
[INFO] [stdout] 
[INFO] [stdout] warning: unused variable: `position_address`
[INFO] [stdout]    --> src/market/mod.rs:152:9
[INFO] [stdout]     |
[INFO] [stdout] 152 |         position_address: &Pubkey,
[INFO] [stdout]     |         ^^^^^^^^^^^^^^^^ help: if this is intentional, prefix it with an underscore: `_position_address`
[INFO] [stdout] 
[INFO] [stdout] 
[INFO] [stdout] warning: unused variable: `inflection`
[INFO] [stdout]   --> src/market/lifecycle.rs:20:51
[INFO] [stdout]    |
[INFO] [stdout] 20 |     pub fn handle_inflection(market: &mut Market, inflection: BeliefInflection) -> Result<()> {
[INFO] [stdout]    |                                                   ^^^^^^^^^^ help: if this is intentional, prefix it with an underscore: `_inflection`
[INFO] [stdout] 
[INFO] [stdout] 
[INFO] [stdout] warning: fields `rpc_client` and `program_id` are never read
[INFO] [stdout]   --> src/market/mod.rs:22:5
[INFO] [stdout]    |
[INFO] [stdout] 21 | pub struct MarketManager {
[INFO] [stdout]    |            ------------- fields in this struct
[INFO] [stdout] 22 |     rpc_client: Arc<RpcClient>,
[INFO] [stdout]    |     ^^^^^^^^^^
[INFO] [stdout] 23 |     program_id: Pubkey,
[INFO] [stdout]    |     ^^^^^^^^^^
[INFO] [stdout]    |
[INFO] [stdout]    = note: `#[warn(dead_code)]` (part of `#[warn(unused)]`) on by default
[INFO] [stdout] 
[INFO] [stdout] 
[INFO] [stdout] warning: field `rpc_client` is never read
[INFO] [stdout]   --> src/oracle/mod.rs:17:5
[INFO] [stdout]    |
[INFO] [stdout] 16 | pub struct OracleClient {
[INFO] [stdout]    |            ------------ field in this struct
[INFO] [stdout] 17 |     rpc_client: Arc<RpcClient>,
[INFO] [stdout]    |     ^^^^^^^^^^
[INFO] [stdout] 
[INFO] [stdout] 
[INFO] [stderr]     Finished `test` profile [unoptimized + debuginfo] target(s) in 6m 28s
[INFO] [stderr] warning: the following packages contain code that will be rejected by a future version of Rust: solana-client v1.18.26
[INFO] [stderr] note: to see what the problems were, use the option `--future-incompat-report`, or run `cargo report future-incompatibilities --id 2`
[INFO] running `Command { std: "docker" "inspect" "da7757cf7b7240a6c79e80acd787876d2234cc57c4f0fd2af686c6295be3214e", kill_on_drop: false }`
[INFO] running `Command { std: "docker" "exec" "-e" "SOURCE_DIR=/opt/rustwide/workdir" "-e" "CARGO_HOME=/opt/rustwide/cargo-home" "-e" "RUSTUP_HOME=/opt/rustwide/rustup-home" "-e" "CARGO_TARGET_DIR=/opt/rustwide/target" "-e" "CARGO_INCREMENTAL=0" "-e" "RUST_BACKTRACE=full" "-e" "RUSTFLAGS=--cap-lints=warn" "-e" "RUSTDOCFLAGS=--cap-lints=warn" "-w" "/opt/rustwide/workdir" "--user" "0:0" "da7757cf7b7240a6c79e80acd787876d2234cc57c4f0fd2af686c6295be3214e" "/opt/rustwide/cargo-home/bin/cargo" "+1.99.0-beta.8" "test" "--frozen", kill_on_drop: false }`
[INFO] [stderr] warning: unused import: `SignalWeights`
[INFO] [stderr]  --> src/bsi/calculator.rs:4:29
[INFO] [stderr]   |
[INFO] [stderr] 4 | use crate::bsi::{BsiConfig, SignalWeights};
[INFO] [stderr]   |                             ^^^^^^^^^^^^^
[INFO] [stderr]   |
[INFO] [stderr]   = note: `#[warn(unused_imports)]` (part of `#[warn(unused)]`) on by default
[INFO] [stderr] 
[INFO] [stderr] warning: unused import: `async_trait::async_trait`
[INFO] [stderr]  --> src/bsi/monitor.rs:3:5
[INFO] [stderr]   |
[INFO] [stderr] 3 | use async_trait::async_trait;
[INFO] [stderr]   |     ^^^^^^^^^^^^^^^^^^^^^^^^
[INFO] [stderr] 
[INFO] [stderr] warning: unused import: `async_trait::async_trait`
[INFO] [stderr]  --> src/client.rs:3:5
[INFO] [stderr]   |
[INFO] [stderr] 3 | use async_trait::async_trait;
[INFO] [stderr]   |     ^^^^^^^^^^^^^^^^^^^^^^^^
[INFO] [stderr] 
[INFO] [stderr] warning: unused import: `transaction::Transaction`
[INFO] [stderr]   --> src/client.rs:10:5
[INFO] [stderr]    |
[INFO] [stderr] 10 |     transaction::Transaction,
[INFO] [stderr]    |     ^^^^^^^^^^^^^^^^^^^^^^^^
[INFO] [stderr] 
[INFO] [stderr] warning: unused import: `TimeBucket`
[INFO] [stderr]  --> src/market/settlement.rs:5:26
[INFO] [stderr]   |
[INFO] [stderr] 5 |     position::{Position, TimeBucket},
[INFO] [stderr]   |                          ^^^^^^^^^^
[INFO] [stderr] 
[INFO] [stderr] warning: unused variable: `market_address`
[INFO] [stderr]   --> src/market/mod.rs:78:48
[INFO] [stderr]    |
[INFO] [stderr] 78 |     pub async fn get_belief_state_index(&self, market_address: &Pubkey) -> Result<BeliefStateIndex> {
[INFO] [stderr]    |                                                ^^^^^^^^^^^^^^ help: if this is intentional, prefix it with an underscore: `_market_address`
[INFO] [stderr]    |
[INFO] [stderr]    = note: `#[warn(unused_variables)]` (part of `#[warn(unused)]`) on by default
[INFO] [stderr] 
[INFO] [stderr] warning: unused variable: `market_address`
[INFO] [stderr]    --> src/market/mod.rs:112:9
[INFO] [stderr]     |
[INFO] [stderr] 112 |         market_address: &Pubkey,
[INFO] [stderr]     |         ^^^^^^^^^^^^^^ help: if this is intentional, prefix it with an underscore: `_market_address`
[INFO] [stderr] 
[INFO] [stderr] warning: unused variable: `user`
[INFO] [stderr]    --> src/market/mod.rs:113:9
[INFO] [stderr]     |
[INFO] [stderr] 113 |         user: &Pubkey,
[INFO] [stderr]     |         ^^^^ help: if this is intentional, prefix it with an underscore: `_user`
[INFO] [stderr] 
[INFO] [stderr] warning: unused variable: `market_address`
[INFO] [stderr]    --> src/market/mod.rs:122:9
[INFO] [stderr]     |
[INFO] [stderr] 122 |         market_address: &Pubkey,
[INFO] [stderr]     |         ^^^^^^^^^^^^^^ help: if this is intentional, prefix it with an underscore: `_market_address`
[INFO] [stderr] 
[INFO] [stderr] warning: unused variable: `time_bucket`
[INFO] [stderr]    --> src/market/mod.rs:123:9
[INFO] [stderr]     |
[INFO] [stderr] 123 |         time_bucket: TimeBucket,
[INFO] [stderr]     |         ^^^^^^^^^^^ help: if this is intentional, prefix it with an underscore: `_time_bucket`
[INFO] [stderr] 
[INFO] [stderr] warning: unused variable: `market_address`
[INFO] [stderr]    --> src/market/mod.rs:132:9
[INFO] [stderr]     |
[INFO] [stderr] 132 |         market_address: &Pubkey,
[INFO] [stderr]     |         ^^^^^^^^^^^^^^ help: if this is intentional, prefix it with an underscore: `_market_address`
[INFO] [stderr] 
[INFO] [stderr] warning: unused variable: `user`
[INFO] [stderr]    --> src/market/mod.rs:141:9
[INFO] [stderr]     |
[INFO] [stderr] 141 |         user: &Keypair,
[INFO] [stderr]     |         ^^^^ help: if this is intentional, prefix it with an underscore: `_user`
[INFO] [stderr] 
[INFO] [stderr] warning: unused variable: `position_address`
[INFO] [stderr]    --> src/market/mod.rs:142:9
[INFO] [stderr]     |
[INFO] [stderr] 142 |         position_address: &Pubkey,
[INFO] [stderr]     |         ^^^^^^^^^^^^^^^^ help: if this is intentional, prefix it with an underscore: `_position_address`
[INFO] [stderr] 
[INFO] [stderr] warning: unused variable: `user`
[INFO] [stderr]    --> src/market/mod.rs:151:9
[INFO] [stderr]     |
[INFO] [stderr] 151 |         user: &Keypair,
[INFO] [stderr]     |         ^^^^ help: if this is intentional, prefix it with an underscore: `_user`
[INFO] [stderr] 
[INFO] [stderr] warning: unused variable: `position_address`
[INFO] [stderr]    --> src/market/mod.rs:152:9
[INFO] [stderr]     |
[INFO] [stderr] 152 |         position_address: &Pubkey,
[INFO] [stderr]     |         ^^^^^^^^^^^^^^^^ help: if this is intentional, prefix it with an underscore: `_position_address`
[INFO] [stderr] 
[INFO] [stderr] warning: unused variable: `inflection`
[INFO] [stderr]   --> src/market/lifecycle.rs:20:51
[INFO] [stderr]    |
[INFO] [stderr] 20 |     pub fn handle_inflection(market: &mut Market, inflection: BeliefInflection) -> Result<()> {
[INFO] [stderr]    |                                                   ^^^^^^^^^^ help: if this is intentional, prefix it with an underscore: `_inflection`
[INFO] [stderr] 
[INFO] [stderr] warning: fields `rpc_client` and `program_id` are never read
[INFO] [stderr]   --> src/market/mod.rs:22:5
[INFO] [stderr]    |
[INFO] [stderr] 21 | pub struct MarketManager {
[INFO] [stderr]    |            ------------- fields in this struct
[INFO] [stderr] 22 |     rpc_client: Arc<RpcClient>,
[INFO] [stderr]    |     ^^^^^^^^^^
[INFO] [stderr] 23 |     program_id: Pubkey,
[INFO] [stderr]    |     ^^^^^^^^^^
[INFO] [stderr]    |
[INFO] [stderr]    = note: `#[warn(dead_code)]` (part of `#[warn(unused)]`) on by default
[INFO] [stderr] 
[INFO] [stderr] warning: field `rpc_client` is never read
[INFO] [stderr]   --> src/oracle/mod.rs:17:5
[INFO] [stderr]    |
[INFO] [stderr] 16 | pub struct OracleClient {
[INFO] [stderr]    |            ------------ field in this struct
[INFO] [stderr] 17 |     rpc_client: Arc<RpcClient>,
[INFO] [stderr]    |     ^^^^^^^^^^
[INFO] [stderr] 
[INFO] [stderr] warning: `preda-sdk` (lib) generated 18 warnings (run `cargo fix --lib -p preda-sdk` to apply 16 suggestions)
[INFO] [stderr] warning: unused import: `crate::types::belief::InflectionType`
[INFO] [stderr]    --> src/market/settlement.rs:103:9
[INFO] [stderr]     |
[INFO] [stderr] 103 |     use crate::types::belief::InflectionType;
[INFO] [stderr]     |         ^^^^^^^^^^^^^^^^^^^^^^^^^^^^^^^^^^^^
[INFO] [stderr] 
[INFO] [stderr] warning: unused import: `solana_sdk::pubkey::Pubkey`
[INFO] [stderr]    --> src/market/settlement.rs:104:9
[INFO] [stderr]     |
[INFO] [stderr] 104 |     use solana_sdk::pubkey::Pubkey;
[INFO] [stderr]     |         ^^^^^^^^^^^^^^^^^^^^^^^^^^
[INFO] [stderr] 
[INFO] [stderr] warning: `preda-sdk` (lib test) generated 20 warnings (18 duplicates) (run `cargo fix --lib -p preda-sdk --tests` to apply 2 suggestions)
[INFO] [stderr]     Finished `test` profile [unoptimized + debuginfo] target(s) in 0.70s
[INFO] [stderr] warning: the following packages contain code that will be rejected by a future version of Rust: solana-client v1.18.26
[INFO] [stderr] note: to see what the problems were, use the option `--future-incompat-report`, or run `cargo report future-incompatibilities --id 2`
[INFO] [stderr]      Running unittests src/lib.rs (/opt/rustwide/target/debug/deps/preda_sdk-09f77a12d2d2a5fd)
[INFO] [stdout] 
[INFO] [stdout] running 25 tests
[INFO] [stdout] test bsi::aggregator::tests::test_signal_aggregation ... ok
[INFO] [stdout] test bsi::aggregator::tests::test_signal_filtering ... ok
[INFO] [stdout] test bsi::calculator::tests::test_bsi_calculation ... ok
[INFO] [stdout] test bsi::calculator::tests::test_velocity_calculation ... ok
[INFO] [stdout] test bsi::aggregator::tests::test_statistics ... ok
[INFO] [stdout] test market::settlement::tests::test_gaussian_payout ... ok
[INFO] [stdout] test oracle::sentiment::tests::test_sentiment_oracle_creation ... ok
[INFO] [stdout] test tests::test_constants ... ok
[INFO] [stdout] test tests::test_version ... ok
[INFO] [stdout] test types::belief::tests::test_belief_condition_validation ... ok
[INFO] [stdout] test types::market::tests::test_fee_calculation ... ok
[INFO] [stdout] test types::belief::tests::test_bsi_sentiment_detection ... ok
[INFO] [stdout] test oracle::sentiment::tests::test_parse_sentiment ... ok
[INFO] [stdout] test types::position::tests::test_implied_probability ... ok
[INFO] [stdout] test types::market::tests::test_market_config_validation ... ok
[INFO] [stdout] test types::market::tests::test_market_state_checks ... ok
[INFO] [stdout] test bsi::monitor::tests::test_belief_monitor ... ok
[INFO] [stdout] test types::position::tests::test_time_bucket_contains ... ok
[INFO] [stdout] test types::position::tests::test_position_roi ... ok
[INFO] [stdout] test types::position::tests::test_time_bucket_creation ... ok
[INFO] [stdout] test types::position::tests::test_time_bucket_distance ... ok
[INFO] [stdout] test client::tests::test_client_creation ... ok
[INFO] [stdout] test bsi::calculator::tests::test_outlier_filtering ... FAILED
[INFO] [stdout] test market::settlement::tests::test_linear_payout ... FAILED
[INFO] [stdout] test bsi::monitor::tests::test_threshold_crossing_detection ... FAILED
[INFO] [stdout] 
[INFO] [stdout] failures:
[INFO] [stdout] 
[INFO] [stdout] ---- bsi::calculator::tests::test_outlier_filtering stdout ----
[INFO] [stdout] 
[INFO] [stdout] thread 'bsi::calculator::tests::test_outlier_filtering' (8059) panicked at src/bsi/calculator.rs:250:9:
[INFO] [stdout] assertion `left == right` failed
[INFO] [stdout]   left: 3
[INFO] [stdout]  right: 2
[INFO] [stdout] stack backtrace:
[INFO] [stdout]    0:     0x5c0f869d8211 - std[70759c8f55707aa4]::backtrace_rs::backtrace::libunwind::trace
[INFO] [stdout]                                at /rustc/dfb0accb7f508ae8be965d8629557221c889dd98/library/std/src/../../backtrace/src/backtrace/libunwind.rs:117:9
[INFO] [stdout]    1:     0x5c0f869d8211 - std[70759c8f55707aa4]::backtrace_rs::backtrace::trace_unsynchronized::<std[70759c8f55707aa4]::sys::backtrace::_print_fmt::{closure#1}>
[INFO] [stdout]                                at /rustc/dfb0accb7f508ae8be965d8629557221c889dd98/library/std/src/../../backtrace/src/backtrace/mod.rs:66:14
[INFO] [stdout]    2:     0x5c0f869d8211 - std[70759c8f55707aa4]::sys::backtrace::_print_fmt
[INFO] [stdout]                                at /rustc/dfb0accb7f508ae8be965d8629557221c889dd98/library/std/src/sys/backtrace.rs:74:9
[INFO] [stdout]    3:     0x5c0f869d8211 - <<std[70759c8f55707aa4]::sys::backtrace::BacktraceLock>::print::DisplayBacktrace as core[df12db4294e9bfd3]::fmt::Display>::fmt
[INFO] [stdout]                                at /rustc/dfb0accb7f508ae8be965d8629557221c889dd98/library/std/src/sys/backtrace.rs:44:26
[INFO] [stdout]    4:     0x5c0f869eefba - <core[df12db4294e9bfd3]::fmt::rt::Argument>::fmt
[INFO] [stdout]                                at /rustc/dfb0accb7f508ae8be965d8629557221c889dd98/library/core/src/fmt/rt.rs:152:76
[INFO] [stdout]    5:     0x5c0f869eefba - core[df12db4294e9bfd3]::fmt::write
[INFO] [stdout]    6:     0x5c0f869dcd9c - core[df12db4294e9bfd3]::io::write::default_write_fmt::<alloc[2182bb758b4b3781]::vec::Vec<u8>>
[INFO] [stdout]                                at /rustc/dfb0accb7f508ae8be965d8629557221c889dd98/library/core/src/io/write.rs:402:11
[INFO] [stdout]    7:     0x5c0f869dcd9c - <alloc[2182bb758b4b3781]::vec::Vec<u8> as core[df12db4294e9bfd3]::io::write::Write>::write_fmt
[INFO] [stdout]                                at /rustc/dfb0accb7f508ae8be965d8629557221c889dd98/library/core/src/io/write.rs:335:13
[INFO] [stdout]    8:     0x5c0f869b3576 - <std[70759c8f55707aa4]::sys::backtrace::BacktraceLock>::print
[INFO] [stdout]                                at /rustc/dfb0accb7f508ae8be965d8629557221c889dd98/library/std/src/sys/backtrace.rs:47:9
[INFO] [stdout]    9:     0x5c0f869b3576 - std[70759c8f55707aa4]::panicking::default_hook::{closure#0}
[INFO] [stdout]                                at /rustc/dfb0accb7f508ae8be965d8629557221c889dd98/library/std/src/panicking.rs:292:27
[INFO] [stdout]   10:     0x5c0f869d0239 - std[70759c8f55707aa4]::panicking::default_hook
[INFO] [stdout]                                at /rustc/dfb0accb7f508ae8be965d8629557221c889dd98/library/std/src/panicking.rs:316:9
[INFO] [stdout]   11:     0x5c0f86288f40 - <alloc[2182bb758b4b3781]::boxed::Box<dyn for<'a, 'b> core[df12db4294e9bfd3]::ops::function::Fn<(&'a std[70759c8f55707aa4]::panic::PanicHookInfo<'b>,), Output = ()> + core[df12db4294e9bfd3]::marker::Send + core[df12db4294e9bfd3]::marker::Sync> as core[df12db4294e9bfd3]::ops::function::Fn<(&std[70759c8f55707aa4]::panic::PanicHookInfo,)>>::call
[INFO] [stdout]                                at /rustc/dfb0accb7f508ae8be965d8629557221c889dd98/library/alloc/src/boxed.rs:2334:9
[INFO] [stdout]   12:     0x5c0f86288f40 - test[9d35eded1c95d3be]::test_main_inner::<test[9d35eded1c95d3be]::test_main_static::{closure#0}>::{closure#0}
[INFO] [stdout]                                at /rustc/dfb0accb7f508ae8be965d8629557221c889dd98/library/test/src/lib.rs:155:21
[INFO] [stdout]   13:     0x5c0f869d0562 - <alloc[2182bb758b4b3781]::boxed::Box<dyn for<'a, 'b> core[df12db4294e9bfd3]::ops::function::Fn<(&'a std[70759c8f55707aa4]::panic::PanicHookInfo<'b>,), Output = ()> + core[df12db4294e9bfd3]::marker::Send + core[df12db4294e9bfd3]::marker::Sync> as core[df12db4294e9bfd3]::ops::function::Fn<(&std[70759c8f55707aa4]::panic::PanicHookInfo,)>>::call
[INFO] [stdout]                                at /rustc/dfb0accb7f508ae8be965d8629557221c889dd98/library/alloc/src/boxed.rs:2334:9
[INFO] [stdout]   14:     0x5c0f869d0562 - std[70759c8f55707aa4]::panicking::panic_with_hook
[INFO] [stdout]                                at /rustc/dfb0accb7f508ae8be965d8629557221c889dd98/library/std/src/panicking.rs:823:13
[INFO] [stdout]   15:     0x5c0f869b3622 - std[70759c8f55707aa4]::panicking::panic_handler::{closure#0}
[INFO] [stdout]                                at /rustc/dfb0accb7f508ae8be965d8629557221c889dd98/library/std/src/panicking.rs:688:13
[INFO] [stdout]   16:     0x5c0f869ac2c9 - std[70759c8f55707aa4]::sys::backtrace::__rust_end_short_backtrace::<std[70759c8f55707aa4]::panicking::panic_handler::{closure#0}, !>
[INFO] [stdout]                                at /rustc/dfb0accb7f508ae8be965d8629557221c889dd98/library/std/src/sys/backtrace.rs:182:18
[INFO] [stdout]   17:     0x5c0f869b440d - __rustc[8fa7c3cbc660c2b3]::rust_begin_unwind
[INFO] [stdout]                                at /rustc/dfb0accb7f508ae8be965d8629557221c889dd98/library/std/src/panicking.rs:679:5
[INFO] [stdout]   18:     0x5c0f869ef80c - core[df12db4294e9bfd3]::panicking::panic_fmt
[INFO] [stdout]                                at /rustc/dfb0accb7f508ae8be965d8629557221c889dd98/library/core/src/panicking.rs:80:14
[INFO] [stdout]   19:     0x5c0f869ef673 - core[df12db4294e9bfd3]::panicking::assert_failed_inner
[INFO] [stdout]                                at /rustc/dfb0accb7f508ae8be965d8629557221c889dd98/library/core/src/panicking.rs:452:17
[INFO] [stdout]   20:     0x5c0f869ea51d - core[df12db4294e9bfd3]::panicking::assert_failed::<usize, usize>
[INFO] [stdout]                                at /rustc/dfb0accb7f508ae8be965d8629557221c889dd98/library/core/src/panicking.rs:407:5
[INFO] [stdout]   21:     0x5c0f86266cbe - preda_sdk[d98cfa80a5ce6297]::bsi::calculator::tests::test_outlier_filtering
[INFO] [stdout]                                at /opt/rustwide/workdir/src/bsi/calculator.rs:250:9
[INFO] [stdout]   22:     0x5c0f86263d37 - preda_sdk[d98cfa80a5ce6297]::bsi::calculator::tests::test_outlier_filtering::{closure#0}
[INFO] [stdout]                                at /opt/rustwide/workdir/src/bsi/calculator.rs:239:32
[INFO] [stdout]   23:     0x5c0f86271536 - <preda_sdk[d98cfa80a5ce6297]::bsi::calculator::tests::test_outlier_filtering::{closure#0} as core[df12db4294e9bfd3]::ops::function::FnOnce<()>>::call_once
[INFO] [stdout]                                at /rustc/dfb0accb7f508ae8be965d8629557221c889dd98/library/core/src/ops/function.rs:250:5
[INFO] [stdout]   24:     0x5c0f8627c22b - <fn() -> core[df12db4294e9bfd3]::result::Result<(), alloc[2182bb758b4b3781]::string::String> as core[df12db4294e9bfd3]::ops::function::FnOnce<()>>::call_once
[INFO] [stdout]                                at /rustc/dfb0accb7f508ae8be965d8629557221c889dd98/library/core/src/ops/function.rs:250:5
[INFO] [stdout]   25:     0x5c0f8627c22b - test[9d35eded1c95d3be]::__rust_begin_short_backtrace::<core[df12db4294e9bfd3]::result::Result<(), alloc[2182bb758b4b3781]::string::String>, fn() -> core[df12db4294e9bfd3]::result::Result<(), alloc[2182bb758b4b3781]::string::String>>
[INFO] [stdout]                                at /rustc/dfb0accb7f508ae8be965d8629557221c889dd98/library/test/src/lib.rs:733:18
[INFO] [stdout]   26:     0x5c0f86289895 - test[9d35eded1c95d3be]::run_test_in_process::{closure#0}
[INFO] [stdout]                                at /rustc/dfb0accb7f508ae8be965d8629557221c889dd98/library/test/src/lib.rs:756:74
[INFO] [stdout]   27:     0x5c0f86289895 - <core[df12db4294e9bfd3]::panic::unwind_safe::AssertUnwindSafe<test[9d35eded1c95d3be]::run_test_in_process::{closure#0}> as core[df12db4294e9bfd3]::ops::function::FnOnce<()>>::call_once
[INFO] [stdout]                                at /rustc/dfb0accb7f508ae8be965d8629557221c889dd98/library/core/src/panic/unwind_safe.rs:275:9
[INFO] [stdout]   28:     0x5c0f86289895 - std[70759c8f55707aa4]::panicking::catch_unwind::do_call::<core[df12db4294e9bfd3]::panic::unwind_safe::AssertUnwindSafe<test[9d35eded1c95d3be]::run_test_in_process::{closure#0}>, core[df12db4294e9bfd3]::result::Result<(), alloc[2182bb758b4b3781]::string::String>>
[INFO] [stdout]                                at /rustc/dfb0accb7f508ae8be965d8629557221c889dd98/library/std/src/panicking.rs:576:43
[INFO] [stdout]   29:     0x5c0f86289895 - std[70759c8f55707aa4]::panicking::catch_unwind::<core[df12db4294e9bfd3]::result::Result<(), alloc[2182bb758b4b3781]::string::String>, core[df12db4294e9bfd3]::panic::unwind_safe::AssertUnwindSafe<test[9d35eded1c95d3be]::run_test_in_process::{closure#0}>>
[INFO] [stdout]                                at /rustc/dfb0accb7f508ae8be965d8629557221c889dd98/library/std/src/panicking.rs:544:19
[INFO] [stdout]   30:     0x5c0f86289895 - std[70759c8f55707aa4]::panic::catch_unwind::<core[df12db4294e9bfd3]::panic::unwind_safe::AssertUnwindSafe<test[9d35eded1c95d3be]::run_test_in_process::{closure#0}>, core[df12db4294e9bfd3]::result::Result<(), alloc[2182bb758b4b3781]::string::String>>
[INFO] [stdout]                                at /rustc/dfb0accb7f508ae8be965d8629557221c889dd98/library/std/src/panic.rs:359:14
[INFO] [stdout]   31:     0x5c0f86289895 - test[9d35eded1c95d3be]::run_test_in_process
[INFO] [stdout]                                at /rustc/dfb0accb7f508ae8be965d8629557221c889dd98/library/test/src/lib.rs:756:27
[INFO] [stdout]   32:     0x5c0f86289895 - test[9d35eded1c95d3be]::run_test::{closure#0}
[INFO] [stdout]                                at /rustc/dfb0accb7f508ae8be965d8629557221c889dd98/library/test/src/lib.rs:677:43
[INFO] [stdout]   33:     0x5c0f86283154 - test[9d35eded1c95d3be]::run_test::{closure#1}
[INFO] [stdout]                                at /rustc/dfb0accb7f508ae8be965d8629557221c889dd98/library/test/src/lib.rs:707:41
[INFO] [stdout]   34:     0x5c0f86283154 - std[70759c8f55707aa4]::sys::backtrace::__rust_begin_short_backtrace::<test[9d35eded1c95d3be]::run_test::{closure#1}, ()>
[INFO] [stdout]                                at /rustc/dfb0accb7f508ae8be965d8629557221c889dd98/library/std/src/sys/backtrace.rs:166:18
[INFO] [stdout]   35:     0x5c0f8628c9f2 - std[70759c8f55707aa4]::thread::lifecycle::spawn_unchecked::<test[9d35eded1c95d3be]::run_test::{closure#1}, ()>::{closure#1}::{closure#0}
[INFO] [stdout]                                at /rustc/dfb0accb7f508ae8be965d8629557221c889dd98/library/std/src/thread/lifecycle.rs:70:13
[INFO] [stdout]   36:     0x5c0f8628c9f2 - <core[df12db4294e9bfd3]::panic::unwind_safe::AssertUnwindSafe<std[70759c8f55707aa4]::thread::lifecycle::spawn_unchecked<test[9d35eded1c95d3be]::run_test::{closure#1}, ()>::{closure#1}::{closure#0}> as core[df12db4294e9bfd3]::ops::function::FnOnce<()>>::call_once
[INFO] [stdout]                                at /rustc/dfb0accb7f508ae8be965d8629557221c889dd98/library/core/src/panic/unwind_safe.rs:275:9
[INFO] [stdout]   37:     0x5c0f8628c9f2 - std[70759c8f55707aa4]::panicking::catch_unwind::do_call::<core[df12db4294e9bfd3]::panic::unwind_safe::AssertUnwindSafe<std[70759c8f55707aa4]::thread::lifecycle::spawn_unchecked<test[9d35eded1c95d3be]::run_test::{closure#1}, ()>::{closure#1}::{closure#0}>, ()>
[INFO] [stdout]                                at /rustc/dfb0accb7f508ae8be965d8629557221c889dd98/library/std/src/panicking.rs:576:43
[INFO] [stdout]   38:     0x5c0f8628c9f2 - std[70759c8f55707aa4]::panicking::catch_unwind::<(), core[df12db4294e9bfd3]::panic::unwind_safe::AssertUnwindSafe<std[70759c8f55707aa4]::thread::lifecycle::spawn_unchecked<test[9d35eded1c95d3be]::run_test::{closure#1}, ()>::{closure#1}::{closure#0}>>
[INFO] [stdout]                                at /rustc/dfb0accb7f508ae8be965d8629557221c889dd98/library/std/src/panicking.rs:544:19
[INFO] [stdout]   39:     0x5c0f8628c9f2 - std[70759c8f55707aa4]::panic::catch_unwind::<core[df12db4294e9bfd3]::panic::unwind_safe::AssertUnwindSafe<std[70759c8f55707aa4]::thread::lifecycle::spawn_unchecked<test[9d35eded1c95d3be]::run_test::{closure#1}, ()>::{closure#1}::{closure#0}>, ()>
[INFO] [stdout]                                at /rustc/dfb0accb7f508ae8be965d8629557221c889dd98/library/std/src/panic.rs:359:14
[INFO] [stdout]   40:     0x5c0f8628c9f2 - std[70759c8f55707aa4]::thread::lifecycle::spawn_unchecked::<test[9d35eded1c95d3be]::run_test::{closure#1}, ()>::{closure#1}
[INFO] [stdout]                                at /rustc/dfb0accb7f508ae8be965d8629557221c889dd98/library/std/src/thread/lifecycle.rs:68:26
[INFO] [stdout]   41:     0x5c0f8628c9f2 - <std[70759c8f55707aa4]::thread::lifecycle::spawn_unchecked<test[9d35eded1c95d3be]::run_test::{closure#1}, ()>::{closure#1} as core[df12db4294e9bfd3]::ops::function::FnOnce<()>>::call_once::{shim:vtable#0}
[INFO] [stdout]                                at /rustc/dfb0accb7f508ae8be965d8629557221c889dd98/library/core/src/ops/function.rs:250:5
[INFO] [stdout]   42:     0x5c0f869d7739 - <alloc[2182bb758b4b3781]::boxed::Box<dyn core[df12db4294e9bfd3]::ops::function::FnOnce<(), Output = ()> + core[df12db4294e9bfd3]::marker::Send> as core[df12db4294e9bfd3]::ops::function::FnOnce<()>>::call_once
[INFO] [stdout]                                at /rustc/dfb0accb7f508ae8be965d8629557221c889dd98/library/alloc/src/boxed.rs:2320:9
[INFO] [stdout]   43:     0x5c0f869d7739 - <std[70759c8f55707aa4]::sys::thread::unix::Thread>::new::thread_start
[INFO] [stdout]                                at /rustc/dfb0accb7f508ae8be965d8629557221c889dd98/library/std/src/sys/thread/unix.rs:123:17
[INFO] [stdout]   44:     0x7e74208f8dfa - <unknown>
[INFO] [stdout]   45:     0x7e742098c3d4 - clone
[INFO] [stdout]   46:                0x0 - <unknown>
[INFO] [stdout] 
[INFO] [stdout] ---- market::settlement::tests::test_linear_payout stdout ----
[INFO] [stdout] 
[INFO] [stdout] thread 'market::settlement::tests::test_linear_payout' (8065) panicked at src/market/settlement.rs:109:9:
[INFO] [stdout] assertion failed: payout_exact > 2.0
[INFO] [stdout] stack backtrace:
[INFO] [stdout]    0:     0x5c0f869d8211 - std[70759c8f55707aa4]::backtrace_rs::backtrace::libunwind::trace
[INFO] [stdout]                                at /rustc/dfb0accb7f508ae8be965d8629557221c889dd98/library/std/src/../../backtrace/src/backtrace/libunwind.rs:117:9
[INFO] [stdout]    1:     0x5c0f869d8211 - std[70759c8f55707aa4]::backtrace_rs::backtrace::trace_unsynchronized::<std[70759c8f55707aa4]::sys::backtrace::_print_fmt::{closure#1}>
[INFO] [stdout]                                at /rustc/dfb0accb7f508ae8be965d8629557221c889dd98/library/std/src/../../backtrace/src/backtrace/mod.rs:66:14
[INFO] [stdout]    2:     0x5c0f869d8211 - std[70759c8f55707aa4]::sys::backtrace::_print_fmt
[INFO] [stdout]                                at /rustc/dfb0accb7f508ae8be965d8629557221c889dd98/library/std/src/sys/backtrace.rs:74:9
[INFO] [stdout]    3:     0x5c0f869d8211 - <<std[70759c8f55707aa4]::sys::backtrace::BacktraceLock>::print::DisplayBacktrace as core[df12db4294e9bfd3]::fmt::Display>::fmt
[INFO] [stdout]                                at /rustc/dfb0accb7f508ae8be965d8629557221c889dd98/library/std/src/sys/backtrace.rs:44:26
[INFO] [stdout]    4:     0x5c0f869eefba - <core[df12db4294e9bfd3]::fmt::rt::Argument>::fmt
[INFO] [stdout]                                at /rustc/dfb0accb7f508ae8be965d8629557221c889dd98/library/core/src/fmt/rt.rs:152:76
[INFO] [stdout]    5:     0x5c0f869eefba - core[df12db4294e9bfd3]::fmt::write
[INFO] [stdout]    6:     0x5c0f869dcd9c - core[df12db4294e9bfd3]::io::write::default_write_fmt::<alloc[2182bb758b4b3781]::vec::Vec<u8>>
[INFO] [stdout]                                at /rustc/dfb0accb7f508ae8be965d8629557221c889dd98/library/core/src/io/write.rs:402:11
[INFO] [stdout]    7:     0x5c0f869dcd9c - <alloc[2182bb758b4b3781]::vec::Vec<u8> as core[df12db4294e9bfd3]::io::write::Write>::write_fmt
[INFO] [stdout]                                at /rustc/dfb0accb7f508ae8be965d8629557221c889dd98/library/core/src/io/write.rs:335:13
[INFO] [stdout]    8:     0x5c0f869b3576 - <std[70759c8f55707aa4]::sys::backtrace::BacktraceLock>::print
[INFO] [stdout]                                at /rustc/dfb0accb7f508ae8be965d8629557221c889dd98/library/std/src/sys/backtrace.rs:47:9
[INFO] [stdout]    9:     0x5c0f869b3576 - std[70759c8f55707aa4]::panicking::default_hook::{closure#0}
[INFO] [stdout]                                at /rustc/dfb0accb7f508ae8be965d8629557221c889dd98/library/std/src/panicking.rs:292:27
[INFO] [stdout]   10:     0x5c0f869d0239 - std[70759c8f55707aa4]::panicking::default_hook
[INFO] [stdout]                                at /rustc/dfb0accb7f508ae8be965d8629557221c889dd98/library/std/src/panicking.rs:316:9
[INFO] [stdout]   11:     0x5c0f86288f40 - <alloc[2182bb758b4b3781]::boxed::Box<dyn for<'a, 'b> core[df12db4294e9bfd3]::ops::function::Fn<(&'a std[70759c8f55707aa4]::panic::PanicHookInfo<'b>,), Output = ()> + core[df12db4294e9bfd3]::marker::Send + core[df12db4294e9bfd3]::marker::Sync> as core[df12db4294e9bfd3]::ops::function::Fn<(&std[70759c8f55707aa4]::panic::PanicHookInfo,)>>::call
[INFO] [stdout]                                at /rustc/dfb0accb7f508ae8be965d8629557221c889dd98/library/alloc/src/boxed.rs:2334:9
[INFO] [stdout]   12:     0x5c0f86288f40 - test[9d35eded1c95d3be]::test_main_inner::<test[9d35eded1c95d3be]::test_main_static::{closure#0}>::{closure#0}
[INFO] [stdout]                                at /rustc/dfb0accb7f508ae8be965d8629557221c889dd98/library/test/src/lib.rs:155:21
[INFO] [stdout]   13:     0x5c0f869d0562 - <alloc[2182bb758b4b3781]::boxed::Box<dyn for<'a, 'b> core[df12db4294e9bfd3]::ops::function::Fn<(&'a std[70759c8f55707aa4]::panic::PanicHookInfo<'b>,), Output = ()> + core[df12db4294e9bfd3]::marker::Send + core[df12db4294e9bfd3]::marker::Sync> as core[df12db4294e9bfd3]::ops::function::Fn<(&std[70759c8f55707aa4]::panic::PanicHookInfo,)>>::call
[INFO] [stdout]                                at /rustc/dfb0accb7f508ae8be965d8629557221c889dd98/library/alloc/src/boxed.rs:2334:9
[INFO] [stdout]   14:     0x5c0f869d0562 - std[70759c8f55707aa4]::panicking::panic_with_hook
[INFO] [stdout]                                at /rustc/dfb0accb7f508ae8be965d8629557221c889dd98/library/std/src/panicking.rs:823:13
[INFO] [stdout]   15:     0x5c0f869b3654 - std[70759c8f55707aa4]::panicking::panic_handler::{closure#0}
[INFO] [stdout]                                at /rustc/dfb0accb7f508ae8be965d8629557221c889dd98/library/std/src/panicking.rs:681:13
[INFO] [stdout]   16:     0x5c0f869ac2c9 - std[70759c8f55707aa4]::sys::backtrace::__rust_end_short_backtrace::<std[70759c8f55707aa4]::panicking::panic_handler::{closure#0}, !>
[INFO] [stdout]                                at /rustc/dfb0accb7f508ae8be965d8629557221c889dd98/library/std/src/sys/backtrace.rs:182:18
[INFO] [stdout]   17:     0x5c0f869b440d - __rustc[8fa7c3cbc660c2b3]::rust_begin_unwind
[INFO] [stdout]                                at /rustc/dfb0accb7f508ae8be965d8629557221c889dd98/library/std/src/panicking.rs:679:5
[INFO] [stdout]   18:     0x5c0f869ef80c - core[df12db4294e9bfd3]::panicking::panic_fmt
[INFO] [stdout]                                at /rustc/dfb0accb7f508ae8be965d8629557221c889dd98/library/core/src/panicking.rs:80:14
[INFO] [stdout]   19:     0x5c0f869ef7d2 - core[df12db4294e9bfd3]::panicking::panic
[INFO] [stdout]                                at /rustc/dfb0accb7f508ae8be965d8629557221c889dd98/library/core/src/panicking.rs:150:5
[INFO] [stdout]   20:     0x5c0f8625dcd7 - preda_sdk[d98cfa80a5ce6297]::market::settlement::tests::test_linear_payout
[INFO] [stdout]                                at /opt/rustwide/workdir/src/market/settlement.rs:109:9
[INFO] [stdout]   21:     0x5c0f8625b277 - preda_sdk[d98cfa80a5ce6297]::market::settlement::tests::test_linear_payout::{closure#0}
[INFO] [stdout]                                at /opt/rustwide/workdir/src/market/settlement.rs:107:28
[INFO] [stdout]   22:     0x5c0f862716f6 - <preda_sdk[d98cfa80a5ce6297]::market::settlement::tests::test_linear_payout::{closure#0} as core[df12db4294e9bfd3]::ops::function::FnOnce<()>>::call_once
[INFO] [stdout]                                at /rustc/dfb0accb7f508ae8be965d8629557221c889dd98/library/core/src/ops/function.rs:250:5
[INFO] [stdout]   23:     0x5c0f8627c22b - <fn() -> core[df12db4294e9bfd3]::result::Result<(), alloc[2182bb758b4b3781]::string::String> as core[df12db4294e9bfd3]::ops::function::FnOnce<()>>::call_once
[INFO] [stdout]                                at /rustc/dfb0accb7f508ae8be965d8629557221c889dd98/library/core/src/ops/function.rs:250:5
[INFO] [stdout]   24:     0x5c0f8627c22b - test[9d35eded1c95d3be]::__rust_begin_short_backtrace::<core[df12db4294e9bfd3]::result::Result<(), alloc[2182bb758b4b3781]::string::String>, fn() -> core[df12db4294e9bfd3]::result::Result<(), alloc[2182bb758b4b3781]::string::String>>
[INFO] [stdout]                                at /rustc/dfb0accb7f508ae8be965d8629557221c889dd98/library/test/src/lib.rs:733:18
[INFO] [stdout]   25:     0x5c0f86289895 - test[9d35eded1c95d3be]::run_test_in_process::{closure#0}
[INFO] [stdout]                                at /rustc/dfb0accb7f508ae8be965d8629557221c889dd98/library/test/src/lib.rs:756:74
[INFO] [stdout]   26:     0x5c0f86289895 - <core[df12db4294e9bfd3]::panic::unwind_safe::AssertUnwindSafe<test[9d35eded1c95d3be]::run_test_in_process::{closure#0}> as core[df12db4294e9bfd3]::ops::function::FnOnce<()>>::call_once
[INFO] [stdout]                                at /rustc/dfb0accb7f508ae8be965d8629557221c889dd98/library/core/src/panic/unwind_safe.rs:275:9
[INFO] [stdout]   27:     0x5c0f86289895 - std[70759c8f55707aa4]::panicking::catch_unwind::do_call::<core[df12db4294e9bfd3]::panic::unwind_safe::AssertUnwindSafe<test[9d35eded1c95d3be]::run_test_in_process::{closure#0}>, core[df12db4294e9bfd3]::result::Result<(), alloc[2182bb758b4b3781]::string::String>>
[INFO] [stdout]                                at /rustc/dfb0accb7f508ae8be965d8629557221c889dd98/library/std/src/panicking.rs:576:43
[INFO] [stdout]   28:     0x5c0f86289895 - std[70759c8f55707aa4]::panicking::catch_unwind::<core[df12db4294e9bfd3]::result::Result<(), alloc[2182bb758b4b3781]::string::String>, core[df12db4294e9bfd3]::panic::unwind_safe::AssertUnwindSafe<test[9d35eded1c95d3be]::run_test_in_process::{closure#0}>>
[INFO] [stdout]                                at /rustc/dfb0accb7f508ae8be965d8629557221c889dd98/library/std/src/panicking.rs:544:19
[INFO] [stdout]   29:     0x5c0f86289895 - std[70759c8f55707aa4]::panic::catch_unwind::<core[df12db4294e9bfd3]::panic::unwind_safe::AssertUnwindSafe<test[9d35eded1c95d3be]::run_test_in_process::{closure#0}>, core[df12db4294e9bfd3]::result::Result<(), alloc[2182bb758b4b3781]::string::String>>
[INFO] [stdout]                                at /rustc/dfb0accb7f508ae8be965d8629557221c889dd98/library/std/src/panic.rs:359:14
[INFO] [stdout]   30:     0x5c0f86289895 - test[9d35eded1c95d3be]::run_test_in_process
[INFO] [stdout]                                at /rustc/dfb0accb7f508ae8be965d8629557221c889dd98/library/test/src/lib.rs:756:27
[INFO] [stdout]   31:     0x5c0f86289895 - test[9d35eded1c95d3be]::run_test::{closure#0}
[INFO] [stdout]                                at /rustc/dfb0accb7f508ae8be965d8629557221c889dd98/library/test/src/lib.rs:677:43
[INFO] [stdout]   32:     0x5c0f86283154 - test[9d35eded1c95d3be]::run_test::{closure#1}
[INFO] [stdout]                                at /rustc/dfb0accb7f508ae8be965d8629557221c889dd98/library/test/src/lib.rs:707:41
[INFO] [stdout]   33:     0x5c0f86283154 - std[70759c8f55707aa4]::sys::backtrace::__rust_begin_short_backtrace::<test[9d35eded1c95d3be]::run_test::{closure#1}, ()>
[INFO] [stdout]                                at /rustc/dfb0accb7f508ae8be965d8629557221c889dd98/library/std/src/sys/backtrace.rs:166:18
[INFO] [stdout]   34:     0x5c0f8628c9f2 - std[70759c8f55707aa4]::thread::lifecycle::spawn_unchecked::<test[9d35eded1c95d3be]::run_test::{closure#1}, ()>::{closure#1}::{closure#0}
[INFO] [stdout]                                at /rustc/dfb0accb7f508ae8be965d8629557221c889dd98/library/std/src/thread/lifecycle.rs:70:13
[INFO] [stdout]   35:     0x5c0f8628c9f2 - <core[df12db4294e9bfd3]::panic::unwind_safe::AssertUnwindSafe<std[70759c8f55707aa4]::thread::lifecycle::spawn_unchecked<test[9d35eded1c95d3be]::run_test::{closure#1}, ()>::{closure#1}::{closure#0}> as core[df12db4294e9bfd3]::ops::function::FnOnce<()>>::call_once
[INFO] [stdout]                                at /rustc/dfb0accb7f508ae8be965d8629557221c889dd98/library/core/src/panic/unwind_safe.rs:275:9
[INFO] [stdout]   36:     0x5c0f8628c9f2 - std[70759c8f55707aa4]::panicking::catch_unwind::do_call::<core[df12db4294e9bfd3]::panic::unwind_safe::AssertUnwindSafe<std[70759c8f55707aa4]::thread::lifecycle::spawn_unchecked<test[9d35eded1c95d3be]::run_test::{closure#1}, ()>::{closure#1}::{closure#0}>, ()>
[INFO] [stdout]                                at /rustc/dfb0accb7f508ae8be965d8629557221c889dd98/library/std/src/panicking.rs:576:43
[INFO] [stdout]   37:     0x5c0f8628c9f2 - std[70759c8f55707aa4]::panicking::catch_unwind::<(), core[df12db4294e9bfd3]::panic::unwind_safe::AssertUnwindSafe<std[70759c8f55707aa4]::thread::lifecycle::spawn_unchecked<test[9d35eded1c95d3be]::run_test::{closure#1}, ()>::{closure#1}::{closure#0}>>
[INFO] [stdout]                                at /rustc/dfb0accb7f508ae8be965d8629557221c889dd98/library/std/src/panicking.rs:544:19
[INFO] [stdout]   38:     0x5c0f8628c9f2 - std[70759c8f55707aa4]::panic::catch_unwind::<core[df12db4294e9bfd3]::panic::unwind_safe::AssertUnwindSafe<std[70759c8f55707aa4]::thread::lifecycle::spawn_unchecked<test[9d35eded1c95d3be]::run_test::{closure#1}, ()>::{closure#1}::{closure#0}>, ()>
[INFO] [stdout]                                at /rustc/dfb0accb7f508ae8be965d8629557221c889dd98/library/std/src/panic.rs:359:14
[INFO] [stdout]   39:     0x5c0f8628c9f2 - std[70759c8f55707aa4]::thread::lifecycle::spawn_unchecked::<test[9d35eded1c95d3be]::run_test::{closure#1}, ()>::{closure#1}
[INFO] [stdout]                                at /rustc/dfb0accb7f508ae8be965d8629557221c889dd98/library/std/src/thread/lifecycle.rs:68:26
[INFO] [stdout]   40:     0x5c0f8628c9f2 - <std[70759c8f55707aa4]::thread::lifecycle::spawn_unchecked<test[9d35eded1c95d3be]::run_test::{closure#1}, ()>::{closure#1} as core[df12db4294e9bfd3]::ops::function::FnOnce<()>>::call_once::{shim:vtable#0}
[INFO] [stdout]                                at /rustc/dfb0accb7f508ae8be965d8629557221c889dd98/library/core/src/ops/function.rs:250:5
[INFO] [stdout]   41:     0x5c0f869d7739 - <alloc[2182bb758b4b3781]::boxed::Box<dyn core[df12db4294e9bfd3]::ops::function::FnOnce<(), Output = ()> + core[df12db4294e9bfd3]::marker::Send> as core[df12db4294e9bfd3]::ops::function::FnOnce<()>>::call_once
[INFO] [stdout]                                at /rustc/dfb0accb7f508ae8be965d8629557221c889dd98/library/alloc/src/boxed.rs:2320:9
[INFO] [stdout]   42:     0x5c0f869d7739 - <std[70759c8f55707aa4]::sys::thread::unix::Thread>::new::thread_start
[INFO] [stdout]                                at /rustc/dfb0accb7f508ae8be965d8629557221c889dd98/library/std/src/sys/thread/unix.rs:123:17
[INFO] [stdout]   43:     0x7e74208f8dfa - <unknown>
[INFO] [stdout]   44:     0x7e742098c3d4 - clone
[INFO] [stdout]   45:                0x0 - <unknown>
[INFO] [stdout] 
[INFO] [stdout] ---- bsi::monitor::tests::test_threshold_crossing_detection stdout ----
[INFO] [stdout] 
[INFO] [stdout] thread 'bsi::monitor::tests::test_threshold_crossing_detection' (8062) panicked at src/bsi/monitor.rs:294:9:
[INFO] [stdout] assertion failed: result.is_some()
[INFO] [stdout] stack backtrace:
[INFO] [stdout]    0:     0x5c0f869d8211 - std[70759c8f55707aa4]::backtrace_rs::backtrace::libunwind::trace
[INFO] [stdout]                                at /rustc/dfb0accb7f508ae8be965d8629557221c889dd98/library/std/src/../../backtrace/src/backtrace/libunwind.rs:117:9
[INFO] [stdout]    1:     0x5c0f869d8211 - std[70759c8f55707aa4]::backtrace_rs::backtrace::trace_unsynchronized::<std[70759c8f55707aa4]::sys::backtrace::_print_fmt::{closure#1}>
[INFO] [stdout]                                at /rustc/dfb0accb7f508ae8be965d8629557221c889dd98/library/std/src/../../backtrace/src/backtrace/mod.rs:66:14
[INFO] [stdout]    2:     0x5c0f869d8211 - std[70759c8f55707aa4]::sys::backtrace::_print_fmt
[INFO] [stdout]                                at /rustc/dfb0accb7f508ae8be965d8629557221c889dd98/library/std/src/sys/backtrace.rs:74:9
[INFO] [stdout]    3:     0x5c0f869d8211 - <<std[70759c8f55707aa4]::sys::backtrace::BacktraceLock>::print::DisplayBacktrace as core[df12db4294e9bfd3]::fmt::Display>::fmt
[INFO] [stdout]                                at /rustc/dfb0accb7f508ae8be965d8629557221c889dd98/library/std/src/sys/backtrace.rs:44:26
[INFO] [stdout]    4:     0x5c0f869eefba - <core[df12db4294e9bfd3]::fmt::rt::Argument>::fmt
[INFO] [stdout]                                at /rustc/dfb0accb7f508ae8be965d8629557221c889dd98/library/core/src/fmt/rt.rs:152:76
[INFO] [stdout]    5:     0x5c0f869eefba - core[df12db4294e9bfd3]::fmt::write
[INFO] [stdout]    6:     0x5c0f869dcd9c - core[df12db4294e9bfd3]::io::write::default_write_fmt::<alloc[2182bb758b4b3781]::vec::Vec<u8>>
[INFO] [stdout]                                at /rustc/dfb0accb7f508ae8be965d8629557221c889dd98/library/core/src/io/write.rs:402:11
[INFO] [stdout]    7:     0x5c0f869dcd9c - <alloc[2182bb758b4b3781]::vec::Vec<u8> as core[df12db4294e9bfd3]::io::write::Write>::write_fmt
[INFO] [stdout]                                at /rustc/dfb0accb7f508ae8be965d8629557221c889dd98/library/core/src/io/write.rs:335:13
[INFO] [stdout]    8:     0x5c0f869b3576 - <std[70759c8f55707aa4]::sys::backtrace::BacktraceLock>::print
[INFO] [stdout]                                at /rustc/dfb0accb7f508ae8be965d8629557221c889dd98/library/std/src/sys/backtrace.rs:47:9
[INFO] [stdout]    9:     0x5c0f869b3576 - std[70759c8f55707aa4]::panicking::default_hook::{closure#0}
[INFO] [stdout]                                at /rustc/dfb0accb7f508ae8be965d8629557221c889dd98/library/std/src/panicking.rs:292:27
[INFO] [stdout]   10:     0x5c0f869d0239 - std[70759c8f55707aa4]::panicking::default_hook
[INFO] [stdout]                                at /rustc/dfb0accb7f508ae8be965d8629557221c889dd98/library/std/src/panicking.rs:316:9
[INFO] [stdout]   11:     0x5c0f86288f40 - <alloc[2182bb758b4b3781]::boxed::Box<dyn for<'a, 'b> core[df12db4294e9bfd3]::ops::function::Fn<(&'a std[70759c8f55707aa4]::panic::PanicHookInfo<'b>,), Output = ()> + core[df12db4294e9bfd3]::marker::Send + core[df12db4294e9bfd3]::marker::Sync> as core[df12db4294e9bfd3]::ops::function::Fn<(&std[70759c8f55707aa4]::panic::PanicHookInfo,)>>::call
[INFO] [stdout]                                at /rustc/dfb0accb7f508ae8be965d8629557221c889dd98/library/alloc/src/boxed.rs:2334:9
[INFO] [stdout]   12:     0x5c0f86288f40 - test[9d35eded1c95d3be]::test_main_inner::<test[9d35eded1c95d3be]::test_main_static::{closure#0}>::{closure#0}
[INFO] [stdout]                                at /rustc/dfb0accb7f508ae8be965d8629557221c889dd98/library/test/src/lib.rs:155:21
[INFO] [stdout]   13:     0x5c0f869d0562 - <alloc[2182bb758b4b3781]::boxed::Box<dyn for<'a, 'b> core[df12db4294e9bfd3]::ops::function::Fn<(&'a std[70759c8f55707aa4]::panic::PanicHookInfo<'b>,), Output = ()> + core[df12db4294e9bfd3]::marker::Send + core[df12db4294e9bfd3]::marker::Sync> as core[df12db4294e9bfd3]::ops::function::Fn<(&std[70759c8f55707aa4]::panic::PanicHookInfo,)>>::call
[INFO] [stdout]                                at /rustc/dfb0accb7f508ae8be965d8629557221c889dd98/library/alloc/src/boxed.rs:2334:9
[INFO] [stdout]   14:     0x5c0f869d0562 - std[70759c8f55707aa4]::panicking::panic_with_hook
[INFO] [stdout]                                at /rustc/dfb0accb7f508ae8be965d8629557221c889dd98/library/std/src/panicking.rs:823:13
[INFO] [stdout]   15:     0x5c0f869b3654 - std[70759c8f55707aa4]::panicking::panic_handler::{closure#0}
[INFO] [stdout]                                at /rustc/dfb0accb7f508ae8be965d8629557221c889dd98/library/std/src/panicking.rs:681:13
[INFO] [stdout]   16:     0x5c0f869ac2c9 - std[70759c8f55707aa4]::sys::backtrace::__rust_end_short_backtrace::<std[70759c8f55707aa4]::panicking::panic_handler::{closure#0}, !>
[INFO] [stdout]                                at /rustc/dfb0accb7f508ae8be965d8629557221c889dd98/library/std/src/sys/backtrace.rs:182:18
[INFO] [stdout]   17:     0x5c0f869b440d - __rustc[8fa7c3cbc660c2b3]::rust_begin_unwind
[INFO] [stdout]                                at /rustc/dfb0accb7f508ae8be965d8629557221c889dd98/library/std/src/panicking.rs:679:5
[INFO] [stdout]   18:     0x5c0f869ef80c - core[df12db4294e9bfd3]::panicking::panic_fmt
[INFO] [stdout]                                at /rustc/dfb0accb7f508ae8be965d8629557221c889dd98/library/core/src/panicking.rs:80:14
[INFO] [stdout]   19:     0x5c0f869ef7d2 - core[df12db4294e9bfd3]::panicking::panic
[INFO] [stdout]                                at /rustc/dfb0accb7f508ae8be965d8629557221c889dd98/library/core/src/panicking.rs:150:5
[INFO] [stdout]   20:     0x5c0f8626c263 - preda_sdk[d98cfa80a5ce6297]::bsi::monitor::tests::test_threshold_crossing_detection::{closure#0}
[INFO] [stdout]                                at /opt/rustwide/workdir/src/bsi/monitor.rs:294:9
[INFO] [stdout]   21:     0x5c0f86268362 - <core[df12db4294e9bfd3]::pin::Pin<&mut dyn core[df12db4294e9bfd3]::future::future::Future<Output = ()>> as core[df12db4294e9bfd3]::future::future::Future>::poll
[INFO] [stdout]                                at /rustc/dfb0accb7f508ae8be965d8629557221c889dd98/library/core/src/future/future.rs:133:9
[INFO] [stdout]   22:     0x5c0f862683dd - <core[df12db4294e9bfd3]::pin::Pin<&mut core[df12db4294e9bfd3]::pin::Pin<&mut dyn core[df12db4294e9bfd3]::future::future::Future<Output = ()>>> as core[df12db4294e9bfd3]::future::future::Future>::poll
[INFO] [stdout]                                at /rustc/dfb0accb7f508ae8be965d8629557221c889dd98/library/core/src/future/future.rs:133:9
[INFO] [stdout]   23:     0x5c0f86276b2d - <tokio[6b1d86c21f13b4ed]::runtime::scheduler::current_thread::CoreGuard>::block_on::<core[df12db4294e9bfd3]::pin::Pin<&mut core[df12db4294e9bfd3]::pin::Pin<&mut dyn core[df12db4294e9bfd3]::future::future::Future<Output = ()>>>>::{closure#0}::{closure#0}::{closure#0}
[INFO] [stdout]                                at /opt/rustwide/cargo-home/registry/src/index.crates.io-1949cf8c6b5b557f/tokio-1.48.0/src/runtime/scheduler/current_thread/mod.rs:742:70
[INFO] [stdout]   24:     0x5c0f86276a55 - tokio[6b1d86c21f13b4ed]::task::coop::with_budget::<core[df12db4294e9bfd3]::task::poll::Poll<()>, <tokio[6b1d86c21f13b4ed]::runtime::scheduler::current_thread::CoreGuard>::block_on<core[df12db4294e9bfd3]::pin::Pin<&mut core[df12db4294e9bfd3]::pin::Pin<&mut dyn core[df12db4294e9bfd3]::future::future::Future<Output = ()>>>>::{closure#0}::{closure#0}::{closure#0}>
[INFO] [stdout]                                at /opt/rustwide/cargo-home/registry/src/index.crates.io-1949cf8c6b5b557f/tokio-1.48.0/src/task/coop/mod.rs:167:5
[INFO] [stdout]   25:     0x5c0f86276a55 - tokio[6b1d86c21f13b4ed]::task::coop::budget::<core[df12db4294e9bfd3]::task::poll::Poll<()>, <tokio[6b1d86c21f13b4ed]::runtime::scheduler::current_thread::CoreGuard>::block_on<core[df12db4294e9bfd3]::pin::Pin<&mut core[df12db4294e9bfd3]::pin::Pin<&mut dyn core[df12db4294e9bfd3]::future::future::Future<Output = ()>>>>::{closure#0}::{closure#0}::{closure#0}>
[INFO] [stdout]                                at /opt/rustwide/cargo-home/registry/src/index.crates.io-1949cf8c6b5b557f/tokio-1.48.0/src/task/coop/mod.rs:133:5
[INFO] [stdout]   26:     0x5c0f86276a55 - <tokio[6b1d86c21f13b4ed]::runtime::scheduler::current_thread::CoreGuard>::block_on::<core[df12db4294e9bfd3]::pin::Pin<&mut core[df12db4294e9bfd3]::pin::Pin<&mut dyn core[df12db4294e9bfd3]::future::future::Future<Output = ()>>>>::{closure#0}::{closure#0}
[INFO] [stdout]                                at /opt/rustwide/cargo-home/registry/src/index.crates.io-1949cf8c6b5b557f/tokio-1.48.0/src/runtime/scheduler/current_thread/mod.rs:742:25
[INFO] [stdout]   27:     0x5c0f86271df2 - <tokio[6b1d86c21f13b4ed]::runtime::scheduler::current_thread::Context>::enter::<core[df12db4294e9bfd3]::task::poll::Poll<()>, <tokio[6b1d86c21f13b4ed]::runtime::scheduler::current_thread::CoreGuard>::block_on<core[df12db4294e9bfd3]::pin::Pin<&mut core[df12db4294e9bfd3]::pin::Pin<&mut dyn core[df12db4294e9bfd3]::future::future::Future<Output = ()>>>>::{closure#0}::{closure#0}>
[INFO] [stdout]                                at /opt/rustwide/cargo-home/registry/src/index.crates.io-1949cf8c6b5b557f/tokio-1.48.0/src/runtime/scheduler/current_thread/mod.rs:432:19
[INFO] [stdout]   28:     0x5c0f86275f4d - <tokio[6b1d86c21f13b4ed]::runtime::scheduler::current_thread::CoreGuard>::block_on::<core[df12db4294e9bfd3]::pin::Pin<&mut core[df12db4294e9bfd3]::pin::Pin<&mut dyn core[df12db4294e9bfd3]::future::future::Future<Output = ()>>>>::{closure#0}
[INFO] [stdout]                                at /opt/rustwide/cargo-home/registry/src/index.crates.io-1949cf8c6b5b557f/tokio-1.48.0/src/runtime/scheduler/current_thread/mod.rs:741:44
[INFO] [stdout]   29:     0x5c0f86275234 - <tokio[6b1d86c21f13b4ed]::runtime::scheduler::current_thread::CoreGuard>::enter::<<tokio[6b1d86c21f13b4ed]::runtime::scheduler::current_thread::CoreGuard>::block_on<core[df12db4294e9bfd3]::pin::Pin<&mut core[df12db4294e9bfd3]::pin::Pin<&mut dyn core[df12db4294e9bfd3]::future::future::Future<Output = ()>>>>::{closure#0}, core[df12db4294e9bfd3]::option::Option<()>>::{closure#0}
[INFO] [stdout]                                at /opt/rustwide/cargo-home/registry/src/index.crates.io-1949cf8c6b5b557f/tokio-1.48.0/src/runtime/scheduler/current_thread/mod.rs:829:68
[INFO] [stdout]   30:     0x5c0f8625ea5b - <tokio[6b1d86c21f13b4ed]::runtime::context::scoped::Scoped<tokio[6b1d86c21f13b4ed]::runtime::scheduler::Context>>::set::<<tokio[6b1d86c21f13b4ed]::runtime::scheduler::current_thread::CoreGuard>::enter<<tokio[6b1d86c21f13b4ed]::runtime::scheduler::current_thread::CoreGuard>::block_on<core[df12db4294e9bfd3]::pin::Pin<&mut core[df12db4294e9bfd3]::pin::Pin<&mut dyn core[df12db4294e9bfd3]::future::future::Future<Output = ()>>>>::{closure#0}, core[df12db4294e9bfd3]::option::Option<()>>::{closure#0}, (alloc[2182bb758b4b3781]::boxed::Box<tokio[6b1d86c21f13b4ed]::runtime::scheduler::current_thread::Core>, core[df12db4294e9bfd3]::option::Option<()>)>
[INFO] [stdout]                                at /opt/rustwide/cargo-home/registry/src/index.crates.io-1949cf8c6b5b557f/tokio-1.48.0/src/runtime/context/scoped.rs:40:9
[INFO] [stdout]   31:     0x5c0f86259d09 - tokio[6b1d86c21f13b4ed]::runtime::context::set_scheduler::<(alloc[2182bb758b4b3781]::boxed::Box<tokio[6b1d86c21f13b4ed]::runtime::scheduler::current_thread::Core>, core[df12db4294e9bfd3]::option::Option<()>), <tokio[6b1d86c21f13b4ed]::runtime::scheduler::current_thread::CoreGuard>::enter<<tokio[6b1d86c21f13b4ed]::runtime::scheduler::current_thread::CoreGuard>::block_on<core[df12db4294e9bfd3]::pin::Pin<&mut core[df12db4294e9bfd3]::pin::Pin<&mut dyn core[df12db4294e9bfd3]::future::future::Future<Output = ()>>>>::{closure#0}, core[df12db4294e9bfd3]::option::Option<()>>::{closure#0}>::{closure#0}
[INFO] [stdout]                                at /opt/rustwide/cargo-home/registry/src/index.crates.io-1949cf8c6b5b557f/tokio-1.48.0/src/runtime/context.rs:176:38
[INFO] [stdout]   32:     0x5c0f86255ebf - <std[70759c8f55707aa4]::thread::local::LocalKey<tokio[6b1d86c21f13b4ed]::runtime::context::Context>>::try_with::<tokio[6b1d86c21f13b4ed]::runtime::context::set_scheduler<(alloc[2182bb758b4b3781]::boxed::Box<tokio[6b1d86c21f13b4ed]::runtime::scheduler::current_thread::Core>, core[df12db4294e9bfd3]::option::Option<()>), <tokio[6b1d86c21f13b4ed]::runtime::scheduler::current_thread::CoreGuard>::enter<<tokio[6b1d86c21f13b4ed]::runtime::scheduler::current_thread::CoreGuard>::block_on<core[df12db4294e9bfd3]::pin::Pin<&mut core[df12db4294e9bfd3]::pin::Pin<&mut dyn core[df12db4294e9bfd3]::future::future::Future<Output = ()>>>>::{closure#0}, core[df12db4294e9bfd3]::option::Option<()>>::{closure#0}>::{closure#0}, (alloc[2182bb758b4b3781]::boxed::Box<tokio[6b1d86c21f13b4ed]::runtime::scheduler::current_thread::Core>, core[df12db4294e9bfd3]::option::Option<()>)>
[INFO] [stdout]                                at /rustc/dfb0accb7f508ae8be965d8629557221c889dd98/library/std/src/thread/local.rs:463:12
[INFO] [stdout]   33:     0x5c0f86255a6e - <std[70759c8f55707aa4]::thread::local::LocalKey<tokio[6b1d86c21f13b4ed]::runtime::context::Context>>::with::<tokio[6b1d86c21f13b4ed]::runtime::context::set_scheduler<(alloc[2182bb758b4b3781]::boxed::Box<tokio[6b1d86c21f13b4ed]::runtime::scheduler::current_thread::Core>, core[df12db4294e9bfd3]::option::Option<()>), <tokio[6b1d86c21f13b4ed]::runtime::scheduler::current_thread::CoreGuard>::enter<<tokio[6b1d86c21f13b4ed]::runtime::scheduler::current_thread::CoreGuard>::block_on<core[df12db4294e9bfd3]::pin::Pin<&mut core[df12db4294e9bfd3]::pin::Pin<&mut dyn core[df12db4294e9bfd3]::future::future::Future<Output = ()>>>>::{closure#0}, core[df12db4294e9bfd3]::option::Option<()>>::{closure#0}>::{closure#0}, (alloc[2182bb758b4b3781]::boxed::Box<tokio[6b1d86c21f13b4ed]::runtime::scheduler::current_thread::Core>, core[df12db4294e9bfd3]::option::Option<()>)>
[INFO] [stdout]                                at /rustc/dfb0accb7f508ae8be965d8629557221c889dd98/library/std/src/thread/local.rs:427:20
[INFO] [stdout]   34:     0x5c0f862569cd - tokio[6b1d86c21f13b4ed]::runtime::context::set_scheduler::<(alloc[2182bb758b4b3781]::boxed::Box<tokio[6b1d86c21f13b4ed]::runtime::scheduler::current_thread::Core>, core[df12db4294e9bfd3]::option::Option<()>), <tokio[6b1d86c21f13b4ed]::runtime::scheduler::current_thread::CoreGuard>::enter<<tokio[6b1d86c21f13b4ed]::runtime::scheduler::current_thread::CoreGuard>::block_on<core[df12db4294e9bfd3]::pin::Pin<&mut core[df12db4294e9bfd3]::pin::Pin<&mut dyn core[df12db4294e9bfd3]::future::future::Future<Output = ()>>>>::{closure#0}, core[df12db4294e9bfd3]::option::Option<()>>::{closure#0}>
[INFO] [stdout]                                at /opt/rustwide/cargo-home/registry/src/index.crates.io-1949cf8c6b5b557f/tokio-1.48.0/src/runtime/context.rs:176:17
[INFO] [stdout]   35:     0x5c0f86272e60 - <tokio[6b1d86c21f13b4ed]::runtime::scheduler::current_thread::CoreGuard>::enter::<<tokio[6b1d86c21f13b4ed]::runtime::scheduler::current_thread::CoreGuard>::block_on<core[df12db4294e9bfd3]::pin::Pin<&mut core[df12db4294e9bfd3]::pin::Pin<&mut dyn core[df12db4294e9bfd3]::future::future::Future<Output = ()>>>>::{closure#0}, core[df12db4294e9bfd3]::option::Option<()>>
[INFO] [stdout]                                at /opt/rustwide/cargo-home/registry/src/index.crates.io-1949cf8c6b5b557f/tokio-1.48.0/src/runtime/scheduler/current_thread/mod.rs:829:27
[INFO] [stdout]   36:     0x5c0f86273156 - <tokio[6b1d86c21f13b4ed]::runtime::scheduler::current_thread::CoreGuard>::block_on::<core[df12db4294e9bfd3]::pin::Pin<&mut core[df12db4294e9bfd3]::pin::Pin<&mut dyn core[df12db4294e9bfd3]::future::future::Future<Output = ()>>>>
[INFO] [stdout]                                at /opt/rustwide/cargo-home/registry/src/index.crates.io-1949cf8c6b5b557f/tokio-1.48.0/src/runtime/scheduler/current_thread/mod.rs:729:24
[INFO] [stdout]   37:     0x5c0f86274e40 - <tokio[6b1d86c21f13b4ed]::runtime::scheduler::current_thread::CurrentThread>::block_on::<core[df12db4294e9bfd3]::pin::Pin<&mut dyn core[df12db4294e9bfd3]::future::future::Future<Output = ()>>>::{closure#0}
[INFO] [stdout]                                at /opt/rustwide/cargo-home/registry/src/index.crates.io-1949cf8c6b5b557f/tokio-1.48.0/src/runtime/scheduler/current_thread/mod.rs:200:33
[INFO] [stdout]   38:     0x5c0f8625fe28 - tokio[6b1d86c21f13b4ed]::runtime::context::runtime::enter_runtime::<<tokio[6b1d86c21f13b4ed]::runtime::scheduler::current_thread::CurrentThread>::block_on<core[df12db4294e9bfd3]::pin::Pin<&mut dyn core[df12db4294e9bfd3]::future::future::Future<Output = ()>>>::{closure#0}, ()>
[INFO] [stdout]                                at /opt/rustwide/cargo-home/registry/src/index.crates.io-1949cf8c6b5b557f/tokio-1.48.0/src/runtime/context/runtime.rs:65:16
[INFO] [stdout]   39:     0x5c0f862719b4 - <tokio[6b1d86c21f13b4ed]::runtime::scheduler::current_thread::CurrentThread>::block_on::<core[df12db4294e9bfd3]::pin::Pin<&mut dyn core[df12db4294e9bfd3]::future::future::Future<Output = ()>>>
[INFO] [stdout]                                at /opt/rustwide/cargo-home/registry/src/index.crates.io-1949cf8c6b5b557f/tokio-1.48.0/src/runtime/scheduler/current_thread/mod.rs:188:9
[INFO] [stdout]   40:     0x5c0f862551bf - <tokio[6b1d86c21f13b4ed]::runtime::runtime::Runtime>::block_on_inner::<core[df12db4294e9bfd3]::pin::Pin<&mut dyn core[df12db4294e9bfd3]::future::future::Future<Output = ()>>>
[INFO] [stdout]                                at /opt/rustwide/cargo-home/registry/src/index.crates.io-1949cf8c6b5b557f/tokio-1.48.0/src/runtime/runtime.rs:368:52
[INFO] [stdout]   41:     0x5c0f8625530b - <tokio[6b1d86c21f13b4ed]::runtime::runtime::Runtime>::block_on::<core[df12db4294e9bfd3]::pin::Pin<&mut dyn core[df12db4294e9bfd3]::future::future::Future<Output = ()>>>
[INFO] [stdout]                                at /opt/rustwide/cargo-home/registry/src/index.crates.io-1949cf8c6b5b557f/tokio-1.48.0/src/runtime/runtime.rs:342:18
[INFO] [stdout]   42:     0x5c0f8626d914 - preda_sdk[d98cfa80a5ce6297]::bsi::monitor::tests::test_threshold_crossing_detection
[INFO] [stdout]                                at /opt/rustwide/workdir/src/bsi/monitor.rs:296:42
[INFO] [stdout]   43:     0x5c0f8626b767 - preda_sdk[d98cfa80a5ce6297]::bsi::monitor::tests::test_threshold_crossing_detection::{closure#0}
[INFO] [stdout]                                at /opt/rustwide/workdir/src/bsi/monitor.rs:268:49
[INFO] [stdout]   44:     0x5c0f86271596 - <preda_sdk[d98cfa80a5ce6297]::bsi::monitor::tests::test_threshold_crossing_detection::{closure#0} as core[df12db4294e9bfd3]::ops::function::FnOnce<()>>::call_once
[INFO] [stdout]                                at /rustc/dfb0accb7f508ae8be965d8629557221c889dd98/library/core/src/ops/function.rs:250:5
[INFO] [stdout]   45:     0x5c0f8627c22b - <fn() -> core[df12db4294e9bfd3]::result::Result<(), alloc[2182bb758b4b3781]::string::String> as core[df12db4294e9bfd3]::ops::function::FnOnce<()>>::call_once
[INFO] [stdout]                                at /rustc/dfb0accb7f508ae8be965d8629557221c889dd98/library/core/src/ops/function.rs:250:5
[INFO] [stdout]   46:     0x5c0f8627c22b - test[9d35eded1c95d3be]::__rust_begin_short_backtrace::<core[df12db4294e9bfd3]::result::Result<(), alloc[2182bb758b4b3781]::string::String>, fn() -> core[df12db4294e9bfd3]::result::Result<(), alloc[2182bb758b4b3781]::string::String>>
[INFO] [stdout]                                at /rustc/dfb0accb7f508ae8be965d8629557221c889dd98/library/test/src/lib.rs:733:18
[INFO] [stdout]   47:     0x5c0f86289895 - test[9d35eded1c95d3be]::run_test_in_process::{closure#0}
[INFO] [stdout]                                at /rustc/dfb0accb7f508ae8be965d8629557221c889dd98/library/test/src/lib.rs:756:74
[INFO] [stdout]   48:     0x5c0f86289895 - <core[df12db4294e9bfd3]::panic::unwind_safe::AssertUnwindSafe<test[9d35eded1c95d3be]::run_test_in_process::{closure#0}> as core[df12db4294e9bfd3]::ops::function::FnOnce<()>>::call_once
[INFO] [stdout]                                at /rustc/dfb0accb7f508ae8be965d8629557221c889dd98/library/core/src/panic/unwind_safe.rs:275:9
[INFO] [stdout]   49:     0x5c0f86289895 - std[70759c8f55707aa4]::panicking::catch_unwind::do_call::<core[df12db4294e9bfd3]::panic::unwind_safe::AssertUnwindSafe<test[9d35eded1c95d3be]::run_test_in_process::{closure#0}>, core[df12db4294e9bfd3]::result::Result<(), alloc[2182bb758b4b3781]::string::String>>
[INFO] [stdout]                                at /rustc/dfb0accb7f508ae8be965d8629557221c889dd98/library/std/src/panicking.rs:576:43
[INFO] [stdout]   50:     0x5c0f86289895 - std[70759c8f55707aa4]::panicking::catch_unwind::<core[df12db4294e9bfd3]::result::Result<(), alloc[2182bb758b4b3781]::string::String>, core[df12db4294e9bfd3]::panic::unwind_safe::AssertUnwindSafe<test[9d35eded1c95d3be]::run_test_in_process::{closure#0}>>
[INFO] [stdout]                                at /rustc/dfb0accb7f508ae8be965d8629557221c889dd98/library/std/src/panicking.rs:544:19
[INFO] [stdout]   51:     0x5c0f86289895 - std[70759c8f55707aa4]::panic::catch_unwind::<core[df12db4294e9bfd3]::panic::unwind_safe::AssertUnwindSafe<test[9d35eded1c95d3be]::run_test_in_process::{closure#0}>, core[df12db4294e9bfd3]::result::Result<(), alloc[2182bb758b4b3781]::string::String>>
[INFO] [stdout]                                at /rustc/dfb0accb7f508ae8be965d8629557221c889dd98/library/std/src/panic.rs:359:14
[INFO] [stdout]   52:     0x5c0f86289895 - test[9d35eded1c95d3be]::run_test_in_process
[INFO] [stdout]                                at /rustc/dfb0accb7f508ae8be965d8629557221c889dd98/library/test/src/lib.rs:756:27
[INFO] [stdout]   53:     0x5c0f86289895 - test[9d35eded1c95d3be]::run_test::{closure#0}
[INFO] [stdout]                                at /rustc/dfb0accb7f508ae8be965d8629557221c889dd98/library/test/src/lib.rs:677:43
[INFO] [stdout]   54:     0x5c0f86283154 - test[9d35eded1c95d3be]::run_test::{closure#1}
[INFO] [stdout]                                at /rustc/dfb0accb7f508ae8be965d8629557221c889dd98/library/test/src/lib.rs:707:41
[INFO] [stdout]   55:     0x5c0f86283154 - std[70759c8f55707aa4]::sys::backtrace::__rust_begin_short_backtrace::<test[9d35eded1c95d3be]::run_test::{closure#1}, ()>
[INFO] [stdout]                                at /rustc/dfb0accb7f508ae8be965d8629557221c889dd98/library/std/src/sys/backtrace.rs:166:18
[INFO] [stdout]   56:     0x5c0f8628c9f2 - std[70759c8f55707aa4]::thread::lifecycle::spawn_unchecked::<test[9d35eded1c95d3be]::run_test::{closure#1}, ()>::{closure#1}::{closure#0}
[INFO] [stdout]                                at /rustc/dfb0accb7f508ae8be965d8629557221c889dd98/library/std/src/thread/lifecycle.rs:70:13
[INFO] [stdout]   57:     0x5c0f8628c9f2 - <core[df12db4294e9bfd3]::panic::unwind_safe::AssertUnwindSafe<std[70759c8f55707aa4]::thread::lifecycle::spawn_unchecked<test[9d35eded1c95d3be]::run_test::{closure#1}, ()>::{closure#1}::{closure#0}> as core[df12db4294e9bfd3]::ops::function::FnOnce<()>>::call_once
[INFO] [stdout]                                at /rustc/dfb0accb7f508ae8be965d8629557221c889dd98/library/core/src/panic/unwind_safe.rs:275:9
[INFO] [stdout]   58:     0x5c0f8628c9f2 - std[70759c8f55707aa4]::panicking::catch_unwind::do_call::<core[df12db4294e9bfd3]::panic::unwind_safe::AssertUnwindSafe<std[70759c8f55707aa4]::thread::lifecycle::spawn_unchecked<test[9d35eded1c95d3be]::run_test::{closure#1}, ()>::{closure#1}::{closure#0}>, ()>
[INFO] [stdout]                                at /rustc/dfb0accb7f508ae8be965d8629557221c889dd98/library/std/src/panicking.rs:576:43
[INFO] [stdout]   59:     0x5c0f8628c9f2 - std[70759c8f55707aa4]::panicking::catch_unwind::<(), core[df12db4294e9bfd3]::panic::unwind_safe::AssertUnwindSafe<std[70759c8f55707aa4]::thread::lifecycle::spawn_unchecked<test[9d35eded1c95d3be]::run_test::{closure#1}, ()>::{closure#1}::{closure#0}>>
[INFO] [stdout]                                at /rustc/dfb0accb7f508ae8be965d8629557221c889dd98/library/std/src/panicking.rs:544:19
[INFO] [stdout]   60:     0x5c0f8628c9f2 - std[70759c8f55707aa4]::panic::catch_unwind::<core[df12db4294e9bfd3]::panic::unwind_safe::AssertUnwindSafe<std[70759c8f55707aa4]::thread::lifecycle::spawn_unchecked<test[9d35eded1c95d3be]::run_test::{closure#1}, ()>::{closure#1}::{closure#0}>, ()>
[INFO] [stdout]                                at /rustc/dfb0accb7f508ae8be965d8629557221c889dd98/library/std/src/panic.rs:359:14
[INFO] [stdout]   61:     0x5c0f8628c9f2 - std[70759c8f55707aa4]::thread::lifecycle::spawn_unchecked::<test[9d35eded1c95d3be]::run_test::{closure#1}, ()>::{closure#1}
[INFO] [stdout]                                at /rustc/dfb0accb7f508ae8be965d8629557221c889dd98/library/std/src/thread/lifecycle.rs:68:26
[INFO] [stdout]   62:     0x5c0f8628c9f2 - <std[70759c8f55707aa4]::thread::lifecycle::spawn_unchecked<test[9d35eded1c95d3be]::run_test::{closure#1}, ()>::{closure#1} as core[df12db4294e9bfd3]::ops::function::FnOnce<()>>::call_once::{shim:vtable#0}
[INFO] [stdout]                                at /rustc/dfb0accb7f508ae8be965d8629557221c889dd98/library/core/src/ops/function.rs:250:5
[INFO] [stdout]   63:     0x5c0f869d7739 - <alloc[2182bb758b4b3781]::boxed::Box<dyn core[df12db4294e9bfd3]::ops::function::FnOnce<(), Output = ()> + core[df12db4294e9bfd3]::marker::Send> as core[df12db4294e9bfd3]::ops::function::FnOnce<()>>::call_once
[INFO] [stdout]                                at /rustc/dfb0accb7f508ae8be965d8629557221c889dd98/library/alloc/src/boxed.rs:2320:9
[INFO] [stdout]   64:     0x5c0f869d7739 - <std[70759c8f55707aa4]::sys::thread::unix::Thread>::new::thread_start
[INFO] [stdout]                                at /rustc/dfb0accb7f508ae8be965d8629557221c889dd98/library/std/src/sys/thread/unix.rs:123:17
[INFO] [stdout]   65:     0x7e74208f8dfa - <unknown>
[INFO] [stdout]   66:     0x7e742098c3d4 - clone
[INFO] [stdout]   67:                0x0 - <unknown>
[INFO] [stdout] 
[INFO] [stdout] 
[INFO] [stdout] failures:
[INFO] [stdout]     bsi::calculator::tests::test_outlier_filtering
[INFO] [stdout]     bsi::monitor::tests::test_threshold_crossing_detection
[INFO] [stdout]     market::settlement::tests::test_linear_payout
[INFO] [stdout] 
[INFO] [stdout] test result: FAILED. 22 passed; 3 failed; 0 ignored; 0 measured; 0 filtered out; finished in 0.64s
[INFO] [stdout] 
[INFO] [stderr] error: test failed, to rerun pass `--lib`
[INFO] running `Command { std: "docker" "inspect" "da7757cf7b7240a6c79e80acd787876d2234cc57c4f0fd2af686c6295be3214e", kill_on_drop: false }`
[INFO] running `Command { std: "docker" "rm" "-f" "da7757cf7b7240a6c79e80acd787876d2234cc57c4f0fd2af686c6295be3214e", kill_on_drop: false }`
[INFO] [stdout] da7757cf7b7240a6c79e80acd787876d2234cc57c4f0fd2af686c6295be3214e
