[INFO] cloning repository https://github.com/paolobettelini/ldap-bulk-csv-rs
[INFO] running `Command { std: "git" "-c" "credential.helper=" "-c" "credential.helper=/workspace/cargo-home/bin/git-credential-null" "clone" "--bare" "https://github.com/paolobettelini/ldap-bulk-csv-rs" "/workspace/cache/git-repos/https%3A%2F%2Fgithub.com%2Fpaolobettelini%2Fldap-bulk-csv-rs", kill_on_drop: false }`
[INFO] [stderr] Cloning into bare repository '/workspace/cache/git-repos/https%3A%2F%2Fgithub.com%2Fpaolobettelini%2Fldap-bulk-csv-rs'...
[INFO] running `Command { std: "git" "rev-parse" "HEAD", kill_on_drop: false }`
[INFO] [stdout] dbcca39881508ae37dfabd63353c573e48dd93ec
[INFO] testing paolobettelini/ldap-bulk-csv-rs against 1.100.0-beta.1 for beta-1.100-2
[INFO] running `Command { std: "git" "clone" "/workspace/cache/git-repos/https%3A%2F%2Fgithub.com%2Fpaolobettelini%2Fldap-bulk-csv-rs" "/workspace/builds/worker-3-tc2/source", kill_on_drop: false }`
[INFO] [stderr] Cloning into '/workspace/builds/worker-3-tc2/source'...
[INFO] [stderr] done.
[INFO] started tweaking git repo https://github.com/paolobettelini/ldap-bulk-csv-rs
[INFO] finished tweaking git repo https://github.com/paolobettelini/ldap-bulk-csv-rs
[INFO] tweaked toml for git repo https://github.com/paolobettelini/ldap-bulk-csv-rs written to /workspace/builds/worker-3-tc2/source/Cargo.toml
[INFO] validating manifest of git repo https://github.com/paolobettelini/ldap-bulk-csv-rs on toolchain 1.100.0-beta.1
[INFO] running `Command { std: CARGO_HOME="/workspace/cargo-home" RUSTUP_HOME="/workspace/rustup-home" "/workspace/cargo-home/bin/cargo" "+1.100.0-beta.1" "metadata" "--manifest-path" "Cargo.toml" "--no-deps", kill_on_drop: false }`
[INFO] crate git repo https://github.com/paolobettelini/ldap-bulk-csv-rs already has a lockfile, it will not be regenerated
[INFO] running `Command { std: CARGO_HOME="/workspace/cargo-home" RUSTUP_HOME="/workspace/rustup-home" "/workspace/cargo-home/bin/cargo" "+1.100.0-beta.1" "fetch" "--manifest-path" "Cargo.toml", kill_on_drop: false }`
[INFO] running `Command { std: "docker" "create" "-v" "/var/lib/crater-agent-workspace/builds/worker-3-tc2/source:/opt/rustwide/workdir:ro,Z" "-v" "/var/lib/crater-agent-workspace/builds/worker-3-tc2/target:/opt/rustwide/target:rw,Z" "-v" "/var/lib/crater-agent-workspace/cargo-home:/opt/rustwide/cargo-home:ro,Z" "-v" "/var/lib/crater-agent-workspace/rustup-home:/opt/rustwide/rustup-home:ro,Z" "-m" "1610612736" "--network" "none" "ghcr.io/rust-lang/crates-build-env/linux@sha256:3111399a4047eeb3a02b7a90e478d715f38a8c6669b5c4b49d30a17385265909" "sleep" "infinity", kill_on_drop: false }`
[INFO] [stdout] 5ad43d27f5e2d75aa2f89c163ae08041efeb63c4787f662c59dc39f88add6ec3
[INFO] running `Command { std: "docker" "start" "5ad43d27f5e2d75aa2f89c163ae08041efeb63c4787f662c59dc39f88add6ec3", kill_on_drop: false }`
[INFO] running `Command { std: "docker" "inspect" "5ad43d27f5e2d75aa2f89c163ae08041efeb63c4787f662c59dc39f88add6ec3", kill_on_drop: false }`
[INFO] running `Command { std: "docker" "exec" "-e" "SOURCE_DIR=/opt/rustwide/workdir" "-e" "CARGO_HOME=/opt/rustwide/cargo-home" "-e" "RUSTUP_HOME=/opt/rustwide/rustup-home" "-e" "CARGO_TARGET_DIR=/opt/rustwide/target" "-w" "/opt/rustwide/workdir" "--user" "0:0" "5ad43d27f5e2d75aa2f89c163ae08041efeb63c4787f662c59dc39f88add6ec3" "/opt/rustwide/cargo-home/bin/cargo" "+1.100.0-beta.1" "metadata" "--no-deps" "--format-version=1", kill_on_drop: false }`
[INFO] running `Command { std: "docker" "inspect" "5ad43d27f5e2d75aa2f89c163ae08041efeb63c4787f662c59dc39f88add6ec3", kill_on_drop: false }`
[INFO] running `Command { std: "docker" "exec" "-e" "SOURCE_DIR=/opt/rustwide/workdir" "-e" "CARGO_HOME=/opt/rustwide/cargo-home" "-e" "RUSTUP_HOME=/opt/rustwide/rustup-home" "-e" "CARGO_TARGET_DIR=/opt/rustwide/target" "-e" "CARGO_INCREMENTAL=0" "-e" "RUST_BACKTRACE=full" "-e" "RUSTFLAGS=--cap-lints=warn" "-e" "RUSTDOCFLAGS=--cap-lints=warn" "-w" "/opt/rustwide/workdir" "--user" "0:0" "5ad43d27f5e2d75aa2f89c163ae08041efeb63c4787f662c59dc39f88add6ec3" "/opt/rustwide/cargo-home/bin/cargo" "+1.100.0-beta.1" "build" "--frozen" "--message-format=json", kill_on_drop: false }`
[INFO] [stderr]    Compiling proc-macro2 v1.0.47
[INFO] [stderr]    Compiling unicode-ident v1.0.5
[INFO] [stderr]    Compiling quote v1.0.21
[INFO] [stderr]    Compiling syn v1.0.105
[INFO] [stderr]    Compiling autocfg v1.1.0
[INFO] [stderr]    Compiling libc v0.2.137
[INFO] [stderr]    Compiling memchr v2.5.0
[INFO] [stderr]    Compiling futures-core v0.3.25
[INFO] [stderr]    Compiling pkg-config v0.3.26
[INFO] [stderr]    Compiling log v0.4.17
[INFO] [stderr]    Compiling cc v1.0.77
[INFO] [stderr]    Compiling pin-project-lite v0.2.9
[INFO] [stderr]    Compiling once_cell v1.16.0
[INFO] [stderr]    Compiling version_check v0.9.4
[INFO] [stderr]    Compiling serde_derive v1.0.148
[INFO] [stderr]    Compiling slab v0.4.7
[INFO] [stderr]    Compiling tokio v1.22.0
[INFO] [stderr]    Compiling futures-task v0.3.25
[INFO] [stderr]    Compiling bytes v1.3.0
[INFO] [stderr]    Compiling serde v1.0.148
[INFO] [stderr]    Compiling futures-channel v0.3.25
[INFO] [stderr]    Compiling futures-sink v0.3.25
[INFO] [stderr]    Compiling proc-macro-error-attr v1.0.4
[INFO] [stderr]    Compiling openssl v0.10.43
[INFO] [stderr]    Compiling futures-util v0.3.25
[INFO] [stderr]    Compiling io-lifetimes v1.0.3
[INFO] [stderr]    Compiling tinyvec v1.6.0
[INFO] [stderr]    Compiling mio v0.8.5
[INFO] [stderr]    Compiling socket2 v0.4.7
[INFO] [stderr]    Compiling openssl-sys v0.9.78
[INFO] [stderr]    Compiling proc-macro-error v1.0.4
[INFO] [stderr]    Compiling native-tls v0.2.11
[INFO] [stderr]    Compiling rustix v0.36.5
[INFO] [stderr]    Compiling futures-io v0.3.25
[INFO] [stderr]    Compiling unicode-normalization v0.1.22
[INFO] [stderr]    Compiling tracing-core v0.1.30
[INFO] [stderr]    Compiling async-trait v0.1.59
[INFO] [stderr]    Compiling linux-raw-sys v0.1.3
[INFO] [stderr]    Compiling percent-encoding v2.2.0
[INFO] [stderr]    Compiling thiserror v1.0.37
[INFO] [stderr]    Compiling unicode-bidi v0.3.8
[INFO] [stderr]    Compiling form_urlencoded v1.1.0
[INFO] [stderr]    Compiling tracing v0.1.37
[INFO] [stderr]    Compiling os_str_bytes v6.4.1
[INFO] [stderr]    Compiling byteorder v1.4.3
[INFO] [stderr]    Compiling idna v0.3.0
[INFO] [stderr]    Compiling regex-automata v0.1.10
[INFO] [stderr]    Compiling heck v0.4.0
[INFO] [stderr]    Compiling nom v2.2.1
[INFO] [stderr]    Compiling clap_lex v0.3.0
[INFO] [stderr]    Compiling csv-core v0.1.10
[INFO] [stderr]    Compiling ryu v1.0.11
[INFO] [stderr]    Compiling strsim v0.10.0
[INFO] [stderr]    Compiling termcolor v1.1.3
[INFO] [stderr]    Compiling url v2.3.1
[INFO] [stderr]    Compiling lber v0.3.0
[INFO] [stderr]    Compiling is-terminal v0.4.1
[INFO] [stderr]    Compiling tokio-macros v1.8.2
[INFO] [stderr]    Compiling openssl-macros v0.1.0
[INFO] [stderr]    Compiling futures-macro v0.3.25
[INFO] [stderr]    Compiling thiserror-impl v1.0.37
[INFO] [stderr]    Compiling clap_derive v4.0.21
[INFO] [stderr]    Compiling clap v4.0.29
[INFO] [stderr]    Compiling futures-executor v0.3.25
[INFO] [stderr]    Compiling futures v0.3.25
[INFO] [stderr]    Compiling tokio-util v0.7.4
[INFO] [stderr]    Compiling tokio-native-tls v0.3.0
[INFO] [stderr]    Compiling tokio-stream v0.1.11
[INFO] [stderr]    Compiling ldap3 v0.10.5
[INFO] [stderr]    Compiling bstr v0.2.17
[INFO] [stderr]    Compiling serde_bytes v0.11.7
[INFO] [stderr]    Compiling celes v2.4.0
[INFO] [stdout] error[E0277]: the trait bound `!: Deserialize<'de>` is not satisfied
[INFO] [stdout]     --> /opt/rustwide/cargo-home/registry/src/index.crates.io-1949cf8c6b5b557f/celes-2.4.0/src/tables.rs:66:33
[INFO] [stdout]      |
[INFO] [stdout]    9 | macro_rules! lookup {
[INFO] [stdout] ...
[INFO] [stdout]   66 |                             seq.next_element()?.ok_or_else(|| DError::invalid_length(i, &self))?;
[INFO] [stdout]      |                                 ^^^^^^^^^^^^ the trait `Deserialize<'de>` is not implemented for `!`
[INFO] [stdout] ...
[INFO] [stdout]  201 | lookup!(SamoaTable, Samoa, "American Samoa", 1, "Samoa" => "samoa");
[INFO] [stdout]      | ------------------------------------------------------------------- in this macro invocation
[INFO] [stdout]      |
[INFO] [stdout]      = help: the following other types implement trait `Deserialize<'de>`:
[INFO] [stdout]                &'a [u8]
[INFO] [stdout]                &'a std::path::Path
[INFO] [stdout]                &'a str
[INFO] [stdout]                ()
[INFO] [stdout]                (T0, T1)
[INFO] [stdout]                (T0, T1, T2)
[INFO] [stdout]                (T0, T1, T2, T3)
[INFO] [stdout]                (T0, T1, T2, T3, T4)
[INFO] [stdout]              and 179 others
[INFO] [stdout]      = note: this error might have been caused by changes to Rust's type-inference algorithm (see issue #148922 <https://github.com/rust-lang/rust/issues/148922> for more information)
[INFO] [stdout]      = help: you might have intended to use the type `()` here instead
[INFO] [stdout] note: required by a bound in `next_element`
[INFO] [stdout]     --> /opt/rustwide/cargo-home/registry/src/index.crates.io-1949cf8c6b5b557f/serde-1.0.148/src/de/mod.rs:1730:12
[INFO] [stdout]      |
[INFO] [stdout] 1708 | pub trait SeqAccess<'de> {
[INFO] [stdout] ...
[INFO] [stdout] 1728 |     fn next_element<T>(&mut self) -> Result<Option<T>, Self::Error>
[INFO] [stdout] 1729 |     where
[INFO] [stdout] 1730 |         T: Deserialize<'de>,
[INFO] [stdout]      |            ^^^^^^^^^^^^^^^^ required by this bound in `SeqAccess::next_element`
[INFO] [stdout] 
[INFO] [stdout] 
[INFO] [stdout] error[E0277]: the trait bound `!: Deserialize<'de>` is not satisfied
[INFO] [stdout]     --> /opt/rustwide/cargo-home/registry/src/index.crates.io-1949cf8c6b5b557f/celes-2.4.0/src/tables.rs:66:33
[INFO] [stdout]      |
[INFO] [stdout]    9 | macro_rules! lookup {
[INFO] [stdout] ...
[INFO] [stdout]   66 |                             seq.next_element()?.ok_or_else(|| DError::invalid_length(i, &self))?;
[INFO] [stdout]      |                                 ^^^^^^^^^^^^ the trait `Deserialize<'de>` is not implemented for `!`
[INFO] [stdout] ...
[INFO] [stdout]  202 | lookup!(SaintHelenaTable, SaintHelena, "Ascension And Tristan Da Cunha Saint Helena", 2, "StHelena" => "sthelena", "SaintHelena" => "sainthelena");
[INFO] [stdout]      | -------------------------------------------------------------------------------------------------------------------------------------------------- in this macro invocation
[INFO] [stdout]      |
[INFO] [stdout]      = help: the following other types implement trait `Deserialize<'de>`:
[INFO] [stdout]                &'a [u8]
[INFO] [stdout]                &'a std::path::Path
[INFO] [stdout]                &'a str
[INFO] [stdout]                ()
[INFO] [stdout]                (T0, T1)
[INFO] [stdout]                (T0, T1, T2)
[INFO] [stdout]                (T0, T1, T2, T3)
[INFO] [stdout]                (T0, T1, T2, T3, T4)
[INFO] [stdout]              and 179 others
[INFO] [stdout]      = note: this error might have been caused by changes to Rust's type-inference algorithm (see issue #148922 <https://github.com/rust-lang/rust/issues/148922> for more information)
[INFO] [stdout]      = help: you might have intended to use the type `()` here instead
[INFO] [stdout] note: required by a bound in `next_element`
[INFO] [stdout]     --> /opt/rustwide/cargo-home/registry/src/index.crates.io-1949cf8c6b5b557f/serde-1.0.148/src/de/mod.rs:1730:12
[INFO] [stdout]      |
[INFO] [stdout] 1708 | pub trait SeqAccess<'de> {
[INFO] [stdout] ...
[INFO] [stdout] 1728 |     fn next_element<T>(&mut self) -> Result<Option<T>, Self::Error>
[INFO] [stdout] 1729 |     where
[INFO] [stdout] 1730 |         T: Deserialize<'de>,
[INFO] [stdout]      |            ^^^^^^^^^^^^^^^^ required by this bound in `SeqAccess::next_element`
[INFO] [stdout] 
[INFO] [stdout] 
[INFO] [stdout] error[E0277]: the trait bound `!: Deserialize<'de>` is not satisfied
[INFO] [stdout]     --> /opt/rustwide/cargo-home/registry/src/index.crates.io-1949cf8c6b5b557f/celes-2.4.0/src/tables.rs:66:33
[INFO] [stdout]      |
[INFO] [stdout]    9 | macro_rules! lookup {
[INFO] [stdout] ...
[INFO] [stdout]   66 |                             seq.next_element()?.ok_or_else(|| DError::invalid_length(i, &self))?;
[INFO] [stdout]      |                                 ^^^^^^^^^^^^ the trait `Deserialize<'de>` is not implemented for `!`
[INFO] [stdout] ...
[INFO] [stdout]  203 | lookup!(VenezuelaTable, Venezuela, "Bolivarian Republic Of Venezuela", 1, "Venezuela" => "venezuela");
[INFO] [stdout]      | ----------------------------------------------------------------------------------------------------- in this macro invocation
[INFO] [stdout]      |
[INFO] [stdout]      = help: the following other types implement trait `Deserialize<'de>`:
[INFO] [stdout]                &'a [u8]
[INFO] [stdout]                &'a std::path::Path
[INFO] [stdout]                &'a str
[INFO] [stdout]                ()
[INFO] [stdout]                (T0, T1)
[INFO] [stdout]                (T0, T1, T2)
[INFO] [stdout]                (T0, T1, T2, T3)
[INFO] [stdout]                (T0, T1, T2, T3, T4)
[INFO] [stdout]              and 179 others
[INFO] [stdout]      = note: this error might have been caused by changes to Rust's type-inference algorithm (see issue #148922 <https://github.com/rust-lang/rust/issues/148922> for more information)
[INFO] [stdout]      = help: you might have intended to use the type `()` here instead
[INFO] [stdout] note: required by a bound in `next_element`
[INFO] [stdout]     --> /opt/rustwide/cargo-home/registry/src/index.crates.io-1949cf8c6b5b557f/serde-1.0.148/src/de/mod.rs:1730:12
[INFO] [stdout]      |
[INFO] [stdout] 1708 | pub trait SeqAccess<'de> {
[INFO] [stdout] ...
[INFO] [stdout] 1728 |     fn next_element<T>(&mut self) -> Result<Option<T>, Self::Error>
[INFO] [stdout] 1729 |     where
[INFO] [stdout] 1730 |         T: Deserialize<'de>,
[INFO] [stdout]      |            ^^^^^^^^^^^^^^^^ required by this bound in `SeqAccess::next_element`
[INFO] [stdout] 
[INFO] [stdout] 
[INFO] [stdout] error[E0277]: the trait bound `!: Deserialize<'de>` is not satisfied
[INFO] [stdout]     --> /opt/rustwide/cargo-home/registry/src/index.crates.io-1949cf8c6b5b557f/celes-2.4.0/src/tables.rs:66:33
[INFO] [stdout]      |
[INFO] [stdout]    9 | macro_rules! lookup {
[INFO] [stdout] ...
[INFO] [stdout]   66 |                             seq.next_element()?.ok_or_else(|| DError::invalid_length(i, &self))?;
[INFO] [stdout]      |                                 ^^^^^^^^^^^^ the trait `Deserialize<'de>` is not implemented for `!`
[INFO] [stdout] ...
[INFO] [stdout]  204 | lookup!(BosniaTable, Bosnia, "Bosnia And Herzegovina", 2, "Bosnia" => "bosnia", "Herzegovina" => "herzegovina");
[INFO] [stdout]      | --------------------------------------------------------------------------------------------------------------- in this macro invocation
[INFO] [stdout]      |
[INFO] [stdout]      = help: the following other types implement trait `Deserialize<'de>`:
[INFO] [stdout]                &'a [u8]
[INFO] [stdout]                &'a std::path::Path
[INFO] [stdout]                &'a str
[INFO] [stdout]                ()
[INFO] [stdout]                (T0, T1)
[INFO] [stdout]                (T0, T1, T2)
[INFO] [stdout]                (T0, T1, T2, T3)
[INFO] [stdout]                (T0, T1, T2, T3, T4)
[INFO] [stdout]              and 179 others
[INFO] [stdout]      = note: this error might have been caused by changes to Rust's type-inference algorithm (see issue #148922 <https://github.com/rust-lang/rust/issues/148922> for more information)
[INFO] [stdout]      = help: you might have intended to use the type `()` here instead
[INFO] [stdout] note: required by a bound in `next_element`
[INFO] [stdout]     --> /opt/rustwide/cargo-home/registry/src/index.crates.io-1949cf8c6b5b557f/serde-1.0.148/src/de/mod.rs:1730:12
[INFO] [stdout]      |
[INFO] [stdout] 1708 | pub trait SeqAccess<'de> {
[INFO] [stdout] ...
[INFO] [stdout] 1728 |     fn next_element<T>(&mut self) -> Result<Option<T>, Self::Error>
[INFO] [stdout] 1729 |     where
[INFO] [stdout] 1730 |         T: Deserialize<'de>,
[INFO] [stdout]      |            ^^^^^^^^^^^^^^^^ required by this bound in `SeqAccess::next_element`
[INFO] [stdout] 
[INFO] [stdout] 
[INFO] [stdout] error[E0277]: the trait bound `!: Deserialize<'de>` is not satisfied
[INFO] [stdout]     --> /opt/rustwide/cargo-home/registry/src/index.crates.io-1949cf8c6b5b557f/celes-2.4.0/src/tables.rs:66:33
[INFO] [stdout]      |
[INFO] [stdout]    9 | macro_rules! lookup {
[INFO] [stdout] ...
[INFO] [stdout]   66 |                             seq.next_element()?.ok_or_else(|| DError::invalid_length(i, &self))?;
[INFO] [stdout]      |                                 ^^^^^^^^^^^^ the trait `Deserialize<'de>` is not implemented for `!`
[INFO] [stdout] ...
[INFO] [stdout]  205 | lookup!(BruneiTable, Brunei, "Brunei Darussalam", 1, "Brunei" => "brunei");
[INFO] [stdout]      | -------------------------------------------------------------------------- in this macro invocation
[INFO] [stdout]      |
[INFO] [stdout]      = help: the following other types implement trait `Deserialize<'de>`:
[INFO] [stdout]                &'a [u8]
[INFO] [stdout]                &'a std::path::Path
[INFO] [stdout]                &'a str
[INFO] [stdout]                ()
[INFO] [stdout]                (T0, T1)
[INFO] [stdout]                (T0, T1, T2)
[INFO] [stdout]                (T0, T1, T2, T3)
[INFO] [stdout]                (T0, T1, T2, T3, T4)
[INFO] [stdout]              and 179 others
[INFO] [stdout]      = note: this error might have been caused by changes to Rust's type-inference algorithm (see issue #148922 <https://github.com/rust-lang/rust/issues/148922> for more information)
[INFO] [stdout]      = help: you might have intended to use the type `()` here instead
[INFO] [stdout] note: required by a bound in `next_element`
[INFO] [stdout]     --> /opt/rustwide/cargo-home/registry/src/index.crates.io-1949cf8c6b5b557f/serde-1.0.148/src/de/mod.rs:1730:12
[INFO] [stdout]      |
[INFO] [stdout] 1708 | pub trait SeqAccess<'de> {
[INFO] [stdout] ...
[INFO] [stdout] 1728 |     fn next_element<T>(&mut self) -> Result<Option<T>, Self::Error>
[INFO] [stdout] 1729 |     where
[INFO] [stdout] 1730 |         T: Deserialize<'de>,
[INFO] [stdout]      |            ^^^^^^^^^^^^^^^^ required by this bound in `SeqAccess::next_element`
[INFO] [stdout] 
[INFO] [stdout] 
[INFO] [stdout] error[E0277]: the trait bound `!: Deserialize<'de>` is not satisfied
[INFO] [stdout]     --> /opt/rustwide/cargo-home/registry/src/index.crates.io-1949cf8c6b5b557f/celes-2.4.0/src/tables.rs:66:33
[INFO] [stdout]      |
[INFO] [stdout]    9 | macro_rules! lookup {
[INFO] [stdout] ...
[INFO] [stdout]   66 |                             seq.next_element()?.ok_or_else(|| DError::invalid_length(i, &self))?;
[INFO] [stdout]      |                                 ^^^^^^^^^^^^ the trait `Deserialize<'de>` is not implemented for `!`
[INFO] [stdout] ...
[INFO] [stdout]  206 | lookup!(BurkinaTable, Burkina, "Burkina Faso", 1, "Burkina" => "burkina");
[INFO] [stdout]      | ------------------------------------------------------------------------- in this macro invocation
[INFO] [stdout]      |
[INFO] [stdout]      = help: the following other types implement trait `Deserialize<'de>`:
[INFO] [stdout]                &'a [u8]
[INFO] [stdout]                &'a std::path::Path
[INFO] [stdout]                &'a str
[INFO] [stdout]                ()
[INFO] [stdout]                (T0, T1)
[INFO] [stdout]                (T0, T1, T2)
[INFO] [stdout]                (T0, T1, T2, T3)
[INFO] [stdout]                (T0, T1, T2, T3, T4)
[INFO] [stdout]              and 179 others
[INFO] [stdout]      = note: this error might have been caused by changes to Rust's type-inference algorithm (see issue #148922 <https://github.com/rust-lang/rust/issues/148922> for more information)
[INFO] [stdout]      = help: you might have intended to use the type `()` here instead
[INFO] [stdout] note: required by a bound in `next_element`
[INFO] [stdout]     --> /opt/rustwide/cargo-home/registry/src/index.crates.io-1949cf8c6b5b557f/serde-1.0.148/src/de/mod.rs:1730:12
[INFO] [stdout]      |
[INFO] [stdout] 1708 | pub trait SeqAccess<'de> {
[INFO] [stdout] ...
[INFO] [stdout] 1728 |     fn next_element<T>(&mut self) -> Result<Option<T>, Self::Error>
[INFO] [stdout] 1729 |     where
[INFO] [stdout] 1730 |         T: Deserialize<'de>,
[INFO] [stdout]      |            ^^^^^^^^^^^^^^^^ required by this bound in `SeqAccess::next_element`
[INFO] [stdout] 
[INFO] [stdout] 
[INFO] [stdout] error[E0277]: the trait bound `!: Deserialize<'de>` is not satisfied
[INFO] [stdout]     --> /opt/rustwide/cargo-home/registry/src/index.crates.io-1949cf8c6b5b557f/celes-2.4.0/src/tables.rs:66:33
[INFO] [stdout]      |
[INFO] [stdout]    9 | macro_rules! lookup {
[INFO] [stdout] ...
[INFO] [stdout]   66 |                             seq.next_element()?.ok_or_else(|| DError::invalid_length(i, &self))?;
[INFO] [stdout]      |                                 ^^^^^^^^^^^^ the trait `Deserialize<'de>` is not implemented for `!`
[INFO] [stdout] ...
[INFO] [stdout]  207 | lookup!(StMaartenTable, StMaarten, "Dutch Part Sint Maarten", 2, "StMaarten" => "stmaarten", "SaintMaarten" => "saintmaarten");
[INFO] [stdout]      | ------------------------------------------------------------------------------------------------------------------------------ in this macro invocation
[INFO] [stdout]      |
[INFO] [stdout]      = help: the following other types implement trait `Deserialize<'de>`:
[INFO] [stdout]                &'a [u8]
[INFO] [stdout]                &'a std::path::Path
[INFO] [stdout]                &'a str
[INFO] [stdout]                ()
[INFO] [stdout]                (T0, T1)
[INFO] [stdout]                (T0, T1, T2)
[INFO] [stdout]                (T0, T1, T2, T3)
[INFO] [stdout]                (T0, T1, T2, T3, T4)
[INFO] [stdout]              and 179 others
[INFO] [stdout]      = note: this error might have been caused by changes to Rust's type-inference algorithm (see issue #148922 <https://github.com/rust-lang/rust/issues/148922> for more information)
[INFO] [stdout]      = help: you might have intended to use the type `()` here instead
[INFO] [stdout] note: required by a bound in `next_element`
[INFO] [stdout]     --> /opt/rustwide/cargo-home/registry/src/index.crates.io-1949cf8c6b5b557f/serde-1.0.148/src/de/mod.rs:1730:12
[INFO] [stdout]      |
[INFO] [stdout] 1708 | pub trait SeqAccess<'de> {
[INFO] [stdout] ...
[INFO] [stdout] 1728 |     fn next_element<T>(&mut self) -> Result<Option<T>, Self::Error>
[INFO] [stdout] 1729 |     where
[INFO] [stdout] 1730 |         T: Deserialize<'de>,
[INFO] [stdout]      |            ^^^^^^^^^^^^^^^^ required by this bound in `SeqAccess::next_element`
[INFO] [stdout] 
[INFO] [stdout] 
[INFO] [stdout] error[E0277]: the trait bound `!: Deserialize<'de>` is not satisfied
[INFO] [stdout]     --> /opt/rustwide/cargo-home/registry/src/index.crates.io-1949cf8c6b5b557f/celes-2.4.0/src/tables.rs:66:33
[INFO] [stdout]      |
[INFO] [stdout]    9 | macro_rules! lookup {
[INFO] [stdout] ...
[INFO] [stdout]   66 |                             seq.next_element()?.ok_or_else(|| DError::invalid_length(i, &self))?;
[INFO] [stdout]      |                                 ^^^^^^^^^^^^ the trait `Deserialize<'de>` is not implemented for `!`
[INFO] [stdout] ...
[INFO] [stdout]  208 | lookup!(MicronesiaTable, Micronesia, "Federated States Of Micronesia", 1, "Micronesia" => "micronesia");
[INFO] [stdout]      | ------------------------------------------------------------------------------------------------------- in this macro invocation
[INFO] [stdout]      |
[INFO] [stdout]      = help: the following other types implement trait `Deserialize<'de>`:
[INFO] [stdout]                &'a [u8]
[INFO] [stdout]                &'a std::path::Path
[INFO] [stdout]                &'a str
[INFO] [stdout]                ()
[INFO] [stdout]                (T0, T1)
[INFO] [stdout]                (T0, T1, T2)
[INFO] [stdout]                (T0, T1, T2, T3)
[INFO] [stdout]                (T0, T1, T2, T3, T4)
[INFO] [stdout]              and 179 others
[INFO] [stdout]      = note: this error might have been caused by changes to Rust's type-inference algorithm (see issue #148922 <https://github.com/rust-lang/rust/issues/148922> for more information)
[INFO] [stdout]      = help: you might have intended to use the type `()` here instead
[INFO] [stdout] note: required by a bound in `next_element`
[INFO] [stdout]     --> /opt/rustwide/cargo-home/registry/src/index.crates.io-1949cf8c6b5b557f/serde-1.0.148/src/de/mod.rs:1730:12
[INFO] [stdout]      |
[INFO] [stdout] 1708 | pub trait SeqAccess<'de> {
[INFO] [stdout] ...
[INFO] [stdout] 1728 |     fn next_element<T>(&mut self) -> Result<Option<T>, Self::Error>
[INFO] [stdout] 1729 |     where
[INFO] [stdout] 1730 |         T: Deserialize<'de>,
[INFO] [stdout]      |            ^^^^^^^^^^^^^^^^ required by this bound in `SeqAccess::next_element`
[INFO] [stdout] 
[INFO] [stdout] 
[INFO] [stdout] error[E0277]: the trait bound `!: Deserialize<'de>` is not satisfied
[INFO] [stdout]     --> /opt/rustwide/cargo-home/registry/src/index.crates.io-1949cf8c6b5b557f/celes-2.4.0/src/tables.rs:66:33
[INFO] [stdout]      |
[INFO] [stdout]    9 | macro_rules! lookup {
[INFO] [stdout] ...
[INFO] [stdout]   66 |                             seq.next_element()?.ok_or_else(|| DError::invalid_length(i, &self))?;
[INFO] [stdout]      |                                 ^^^^^^^^^^^^ the trait `Deserialize<'de>` is not implemented for `!`
[INFO] [stdout] ...
[INFO] [stdout]  209 | lookup!(StMartinTable, StMartin, "French Part Saint Martin", 2, "StMartin" => "stmartin", "SaintMartin" => "saintmartin");
[INFO] [stdout]      | ------------------------------------------------------------------------------------------------------------------------- in this macro invocation
[INFO] [stdout]      |
[INFO] [stdout]      = help: the following other types implement trait `Deserialize<'de>`:
[INFO] [stdout]                &'a [u8]
[INFO] [stdout]                &'a std::path::Path
[INFO] [stdout]                &'a str
[INFO] [stdout]                ()
[INFO] [stdout]                (T0, T1)
[INFO] [stdout]                (T0, T1, T2)
[INFO] [stdout]                (T0, T1, T2, T3)
[INFO] [stdout]                (T0, T1, T2, T3, T4)
[INFO] [stdout]              and 179 others
[INFO] [stdout]      = note: this error might have been caused by changes to Rust's type-inference algorithm (see issue #148922 <https://github.com/rust-lang/rust/issues/148922> for more information)
[INFO] [stdout]      = help: you might have intended to use the type `()` here instead
[INFO] [stdout] note: required by a bound in `next_element`
[INFO] [stdout]     --> /opt/rustwide/cargo-home/registry/src/index.crates.io-1949cf8c6b5b557f/serde-1.0.148/src/de/mod.rs:1730:12
[INFO] [stdout]      |
[INFO] [stdout] 1708 | pub trait SeqAccess<'de> {
[INFO] [stdout] ...
[INFO] [stdout] 1728 |     fn next_element<T>(&mut self) -> Result<Option<T>, Self::Error>
[INFO] [stdout] 1729 |     where
[INFO] [stdout] 1730 |         T: Deserialize<'de>,
[INFO] [stdout]      |            ^^^^^^^^^^^^^^^^ required by this bound in `SeqAccess::next_element`
[INFO] [stdout] 
[INFO] [stdout] 
[INFO] [stdout] error[E0277]: the trait bound `!: Deserialize<'de>` is not satisfied
[INFO] [stdout]     --> /opt/rustwide/cargo-home/registry/src/index.crates.io-1949cf8c6b5b557f/celes-2.4.0/src/tables.rs:66:33
[INFO] [stdout]      |
[INFO] [stdout]    9 | macro_rules! lookup {
[INFO] [stdout] ...
[INFO] [stdout]   66 |                             seq.next_element()?.ok_or_else(|| DError::invalid_length(i, &self))?;
[INFO] [stdout]      |                                 ^^^^^^^^^^^^ the trait `Deserialize<'de>` is not implemented for `!`
[INFO] [stdout] ...
[INFO] [stdout]  210 | lookup!(HeardIslandTable, HeardIsland, "Heard Island And Mc Donald Islands", 2, "HeardIsland" => "heardisland", "McDonaldIslands" => "mcDonaldislands");
[INFO] [stdout]      | ------------------------------------------------------------------------------------------------------------------------------------------------------- in this macro invocation
[INFO] [stdout]      |
[INFO] [stdout]      = help: the following other types implement trait `Deserialize<'de>`:
[INFO] [stdout]                &'a [u8]
[INFO] [stdout]                &'a std::path::Path
[INFO] [stdout]                &'a str
[INFO] [stdout]                ()
[INFO] [stdout]                (T0, T1)
[INFO] [stdout]                (T0, T1, T2)
[INFO] [stdout]                (T0, T1, T2, T3)
[INFO] [stdout]                (T0, T1, T2, T3, T4)
[INFO] [stdout]              and 179 others
[INFO] [stdout]      = note: this error might have been caused by changes to Rust's type-inference algorithm (see issue #148922 <https://github.com/rust-lang/rust/issues/148922> for more information)
[INFO] [stdout]      = help: you might have intended to use the type `()` here instead
[INFO] [stdout] note: required by a bound in `next_element`
[INFO] [stdout]     --> /opt/rustwide/cargo-home/registry/src/index.crates.io-1949cf8c6b5b557f/serde-1.0.148/src/de/mod.rs:1730:12
[INFO] [stdout]      |
[INFO] [stdout] 1708 | pub trait SeqAccess<'de> {
[INFO] [stdout] ...
[INFO] [stdout] 1728 |     fn next_element<T>(&mut self) -> Result<Option<T>, Self::Error>
[INFO] [stdout] 1729 |     where
[INFO] [stdout] 1730 |         T: Deserialize<'de>,
[INFO] [stdout]      |            ^^^^^^^^^^^^^^^^ required by this bound in `SeqAccess::next_element`
[INFO] [stdout] 
[INFO] [stdout] 
[INFO] [stdout] error[E0277]: the trait bound `!: Deserialize<'de>` is not satisfied
[INFO] [stdout]     --> /opt/rustwide/cargo-home/registry/src/index.crates.io-1949cf8c6b5b557f/celes-2.4.0/src/tables.rs:66:33
[INFO] [stdout]      |
[INFO] [stdout]    9 | macro_rules! lookup {
[INFO] [stdout] ...
[INFO] [stdout]   66 |                             seq.next_element()?.ok_or_else(|| DError::invalid_length(i, &self))?;
[INFO] [stdout]      |                                 ^^^^^^^^^^^^ the trait `Deserialize<'de>` is not implemented for `!`
[INFO] [stdout] ...
[INFO] [stdout]  211 | lookup!(IranTable, Iran, "Islamic Republic Of Iran", 1, "Iran" => "iran");
[INFO] [stdout]      | ------------------------------------------------------------------------- in this macro invocation
[INFO] [stdout]      |
[INFO] [stdout]      = help: the following other types implement trait `Deserialize<'de>`:
[INFO] [stdout]                &'a [u8]
[INFO] [stdout]                &'a std::path::Path
[INFO] [stdout]                &'a str
[INFO] [stdout]                ()
[INFO] [stdout]                (T0, T1)
[INFO] [stdout]                (T0, T1, T2)
[INFO] [stdout]                (T0, T1, T2, T3)
[INFO] [stdout]                (T0, T1, T2, T3, T4)
[INFO] [stdout]              and 179 others
[INFO] [stdout]      = note: this error might have been caused by changes to Rust's type-inference algorithm (see issue #148922 <https://github.com/rust-lang/rust/issues/148922> for more information)
[INFO] [stdout]      = help: you might have intended to use the type `()` here instead
[INFO] [stdout] note: required by a bound in `next_element`
[INFO] [stdout]     --> /opt/rustwide/cargo-home/registry/src/index.crates.io-1949cf8c6b5b557f/serde-1.0.148/src/de/mod.rs:1730:12
[INFO] [stdout]      |
[INFO] [stdout] 1708 | pub trait SeqAccess<'de> {
[INFO] [stdout] ...
[INFO] [stdout] 1728 |     fn next_element<T>(&mut self) -> Result<Option<T>, Self::Error>
[INFO] [stdout] 1729 |     where
[INFO] [stdout] 1730 |         T: Deserialize<'de>,
[INFO] [stdout]      |            ^^^^^^^^^^^^^^^^ required by this bound in `SeqAccess::next_element`
[INFO] [stdout] 
[INFO] [stdout] 
[INFO] [stdout] error[E0277]: the trait bound `!: Deserialize<'de>` is not satisfied
[INFO] [stdout]     --> /opt/rustwide/cargo-home/registry/src/index.crates.io-1949cf8c6b5b557f/celes-2.4.0/src/tables.rs:66:33
[INFO] [stdout]      |
[INFO] [stdout]    9 | macro_rules! lookup {
[INFO] [stdout] ...
[INFO] [stdout]   66 |                             seq.next_element()?.ok_or_else(|| DError::invalid_length(i, &self))?;
[INFO] [stdout]      |                                 ^^^^^^^^^^^^ the trait `Deserialize<'de>` is not implemented for `!`
[INFO] [stdout] ...
[INFO] [stdout]  212 | lookup!(MacedoniaTable, Macedonia, "Republic Of North Macedonia", 1, "Macedonia" => "macedonia");
[INFO] [stdout]      | ------------------------------------------------------------------------------------------------ in this macro invocation
[INFO] [stdout]      |
[INFO] [stdout]      = help: the following other types implement trait `Deserialize<'de>`:
[INFO] [stdout]                &'a [u8]
[INFO] [stdout]                &'a std::path::Path
[INFO] [stdout]                &'a str
[INFO] [stdout]                ()
[INFO] [stdout]                (T0, T1)
[INFO] [stdout]                (T0, T1, T2)
[INFO] [stdout]                (T0, T1, T2, T3)
[INFO] [stdout]                (T0, T1, T2, T3, T4)
[INFO] [stdout]              and 179 others
[INFO] [stdout]      = note: this error might have been caused by changes to Rust's type-inference algorithm (see issue #148922 <https://github.com/rust-lang/rust/issues/148922> for more information)
[INFO] [stdout]      = help: you might have intended to use the type `()` here instead
[INFO] [stdout] note: required by a bound in `next_element`
[INFO] [stdout]     --> /opt/rustwide/cargo-home/registry/src/index.crates.io-1949cf8c6b5b557f/serde-1.0.148/src/de/mod.rs:1730:12
[INFO] [stdout]      |
[INFO] [stdout] 1708 | pub trait SeqAccess<'de> {
[INFO] [stdout] ...
[INFO] [stdout] 1728 |     fn next_element<T>(&mut self) -> Result<Option<T>, Self::Error>
[INFO] [stdout] 1729 |     where
[INFO] [stdout] 1730 |         T: Deserialize<'de>,
[INFO] [stdout]      |            ^^^^^^^^^^^^^^^^ required by this bound in `SeqAccess::next_element`
[INFO] [stdout] 
[INFO] [stdout] 
[INFO] [stdout] error[E0277]: the trait bound `!: Deserialize<'de>` is not satisfied
[INFO] [stdout]     --> /opt/rustwide/cargo-home/registry/src/index.crates.io-1949cf8c6b5b557f/celes-2.4.0/src/tables.rs:66:33
[INFO] [stdout]      |
[INFO] [stdout]    9 | macro_rules! lookup {
[INFO] [stdout] ...
[INFO] [stdout]   66 |                             seq.next_element()?.ok_or_else(|| DError::invalid_length(i, &self))?;
[INFO] [stdout]      |                                 ^^^^^^^^^^^^ the trait `Deserialize<'de>` is not implemented for `!`
[INFO] [stdout] ...
[INFO] [stdout]  213 | lookup!(StBarthelemyTable, StBarthelemy, "Saint Barthelemy", 1, "StBarthelemy" => "stbarthelemy");
[INFO] [stdout]      | ------------------------------------------------------------------------------------------------- in this macro invocation
[INFO] [stdout]      |
[INFO] [stdout]      = help: the following other types implement trait `Deserialize<'de>`:
[INFO] [stdout]                &'a [u8]
[INFO] [stdout]                &'a std::path::Path
[INFO] [stdout]                &'a str
[INFO] [stdout]                ()
[INFO] [stdout]                (T0, T1)
[INFO] [stdout]                (T0, T1, T2)
[INFO] [stdout]                (T0, T1, T2, T3)
[INFO] [stdout]                (T0, T1, T2, T3, T4)
[INFO] [stdout]              and 179 others
[INFO] [stdout]      = note: this error might have been caused by changes to Rust's type-inference algorithm (see issue #148922 <https://github.com/rust-lang/rust/issues/148922> for more information)
[INFO] [stdout]      = help: you might have intended to use the type `()` here instead
[INFO] [stdout] note: required by a bound in `next_element`
[INFO] [stdout]     --> /opt/rustwide/cargo-home/registry/src/index.crates.io-1949cf8c6b5b557f/serde-1.0.148/src/de/mod.rs:1730:12
[INFO] [stdout]      |
[INFO] [stdout] 1708 | pub trait SeqAccess<'de> {
[INFO] [stdout] ...
[INFO] [stdout] 1728 |     fn next_element<T>(&mut self) -> Result<Option<T>, Self::Error>
[INFO] [stdout] 1729 |     where
[INFO] [stdout] 1730 |         T: Deserialize<'de>,
[INFO] [stdout]      |            ^^^^^^^^^^^^^^^^ required by this bound in `SeqAccess::next_element`
[INFO] [stdout] 
[INFO] [stdout] 
[INFO] [stdout] error[E0277]: the trait bound `!: Deserialize<'de>` is not satisfied
[INFO] [stdout]     --> /opt/rustwide/cargo-home/registry/src/index.crates.io-1949cf8c6b5b557f/celes-2.4.0/src/tables.rs:66:33
[INFO] [stdout]      |
[INFO] [stdout]    9 | macro_rules! lookup {
[INFO] [stdout] ...
[INFO] [stdout]   66 |                             seq.next_element()?.ok_or_else(|| DError::invalid_length(i, &self))?;
[INFO] [stdout]      |                                 ^^^^^^^^^^^^ the trait `Deserialize<'de>` is not implemented for `!`
[INFO] [stdout] ...
[INFO] [stdout]  214 | lookup!(StKittsTable, StKitts, "Saint Kitts And Nevis", 1, "StKitts" => "stkitts");
[INFO] [stdout]      | ---------------------------------------------------------------------------------- in this macro invocation
[INFO] [stdout]      |
[INFO] [stdout]      = help: the following other types implement trait `Deserialize<'de>`:
[INFO] [stdout]                &'a [u8]
[INFO] [stdout]                &'a std::path::Path
[INFO] [stdout]                &'a str
[INFO] [stdout]                ()
[INFO] [stdout]                (T0, T1)
[INFO] [stdout]                (T0, T1, T2)
[INFO] [stdout]                (T0, T1, T2, T3)
[INFO] [stdout]                (T0, T1, T2, T3, T4)
[INFO] [stdout]              and 179 others
[INFO] [stdout]      = note: this error might have been caused by changes to Rust's type-inference algorithm (see issue #148922 <https://github.com/rust-lang/rust/issues/148922> for more information)
[INFO] [stdout]      = help: you might have intended to use the type `()` here instead
[INFO] [stdout] note: required by a bound in `next_element`
[INFO] [stdout]     --> /opt/rustwide/cargo-home/registry/src/index.crates.io-1949cf8c6b5b557f/serde-1.0.148/src/de/mod.rs:1730:12
[INFO] [stdout]      |
[INFO] [stdout] 1708 | pub trait SeqAccess<'de> {
[INFO] [stdout] ...
[INFO] [stdout] 1728 |     fn next_element<T>(&mut self) -> Result<Option<T>, Self::Error>
[INFO] [stdout] 1729 |     where
[INFO] [stdout] 1730 |         T: Deserialize<'de>,
[INFO] [stdout]      |            ^^^^^^^^^^^^^^^^ required by this bound in `SeqAccess::next_element`
[INFO] [stdout] 
[INFO] [stdout] 
[INFO] [stdout] error[E0277]: the trait bound `!: Deserialize<'de>` is not satisfied
[INFO] [stdout]     --> /opt/rustwide/cargo-home/registry/src/index.crates.io-1949cf8c6b5b557f/celes-2.4.0/src/tables.rs:66:33
[INFO] [stdout]      |
[INFO] [stdout]    9 | macro_rules! lookup {
[INFO] [stdout] ...
[INFO] [stdout]   66 |                             seq.next_element()?.ok_or_else(|| DError::invalid_length(i, &self))?;
[INFO] [stdout]      |                                 ^^^^^^^^^^^^ the trait `Deserialize<'de>` is not implemented for `!`
[INFO] [stdout] ...
[INFO] [stdout]  215 | lookup!(StLuciaTable, StLucia, "Saint Lucia", 1, "StLucia" => "stlucia");
[INFO] [stdout]      | ------------------------------------------------------------------------ in this macro invocation
[INFO] [stdout]      |
[INFO] [stdout]      = help: the following other types implement trait `Deserialize<'de>`:
[INFO] [stdout]                &'a [u8]
[INFO] [stdout]                &'a std::path::Path
[INFO] [stdout]                &'a str
[INFO] [stdout]                ()
[INFO] [stdout]                (T0, T1)
[INFO] [stdout]                (T0, T1, T2)
[INFO] [stdout]                (T0, T1, T2, T3)
[INFO] [stdout]                (T0, T1, T2, T3, T4)
[INFO] [stdout]              and 179 others
[INFO] [stdout]      = note: this error might have been caused by changes to Rust's type-inference algorithm (see issue #148922 <https://github.com/rust-lang/rust/issues/148922> for more information)
[INFO] [stdout]      = help: you might have intended to use the type `()` here instead
[INFO] [stdout] note: required by a bound in `next_element`
[INFO] [stdout]     --> /opt/rustwide/cargo-home/registry/src/index.crates.io-1949cf8c6b5b557f/serde-1.0.148/src/de/mod.rs:1730:12
[INFO] [stdout]      |
[INFO] [stdout] 1708 | pub trait SeqAccess<'de> {
[INFO] [stdout] ...
[INFO] [stdout] 1728 |     fn next_element<T>(&mut self) -> Result<Option<T>, Self::Error>
[INFO] [stdout] 1729 |     where
[INFO] [stdout] 1730 |         T: Deserialize<'de>,
[INFO] [stdout]      |            ^^^^^^^^^^^^^^^^ required by this bound in `SeqAccess::next_element`
[INFO] [stdout] 
[INFO] [stdout] 
[INFO] [stdout] error[E0277]: the trait bound `!: Deserialize<'de>` is not satisfied
[INFO] [stdout]     --> /opt/rustwide/cargo-home/registry/src/index.crates.io-1949cf8c6b5b557f/celes-2.4.0/src/tables.rs:66:33
[INFO] [stdout]      |
[INFO] [stdout]    9 | macro_rules! lookup {
[INFO] [stdout] ...
[INFO] [stdout]   66 |                             seq.next_element()?.ok_or_else(|| DError::invalid_length(i, &self))?;
[INFO] [stdout]      |                                 ^^^^^^^^^^^^ the trait `Deserialize<'de>` is not implemented for `!`
[INFO] [stdout] ...
[INFO] [stdout]  216 | lookup!(StPierreTable, StPierre, "Saint Pierre And Miquelon", 2, "StPierre" => "stpierre", "SaintPierre" => "saintpierre");
[INFO] [stdout]      | -------------------------------------------------------------------------------------------------------------------------- in this macro invocation
[INFO] [stdout]      |
[INFO] [stdout]      = help: the following other types implement trait `Deserialize<'de>`:
[INFO] [stdout]                &'a [u8]
[INFO] [stdout]                &'a std::path::Path
[INFO] [stdout]                &'a str
[INFO] [stdout]                ()
[INFO] [stdout]                (T0, T1)
[INFO] [stdout]                (T0, T1, T2)
[INFO] [stdout]                (T0, T1, T2, T3)
[INFO] [stdout]                (T0, T1, T2, T3, T4)
[INFO] [stdout]              and 179 others
[INFO] [stdout]      = note: this error might have been caused by changes to Rust's type-inference algorithm (see issue #148922 <https://github.com/rust-lang/rust/issues/148922> for more information)
[INFO] [stdout]      = help: you might have intended to use the type `()` here instead
[INFO] [stdout] note: required by a bound in `next_element`
[INFO] [stdout]     --> /opt/rustwide/cargo-home/registry/src/index.crates.io-1949cf8c6b5b557f/serde-1.0.148/src/de/mod.rs:1730:12
[INFO] [stdout]      |
[INFO] [stdout] 1708 | pub trait SeqAccess<'de> {
[INFO] [stdout] ...
[INFO] [stdout] 1728 |     fn next_element<T>(&mut self) -> Result<Option<T>, Self::Error>
[INFO] [stdout] 1729 |     where
[INFO] [stdout] 1730 |         T: Deserialize<'de>,
[INFO] [stdout]      |            ^^^^^^^^^^^^^^^^ required by this bound in `SeqAccess::next_element`
[INFO] [stdout] 
[INFO] [stdout] 
[INFO] [stdout] error[E0277]: the trait bound `!: Deserialize<'de>` is not satisfied
[INFO] [stdout]     --> /opt/rustwide/cargo-home/registry/src/index.crates.io-1949cf8c6b5b557f/celes-2.4.0/src/tables.rs:66:33
[INFO] [stdout]      |
[INFO] [stdout]    9 | macro_rules! lookup {
[INFO] [stdout] ...
[INFO] [stdout]   66 |                             seq.next_element()?.ok_or_else(|| DError::invalid_length(i, &self))?;
[INFO] [stdout]      |                                 ^^^^^^^^^^^^ the trait `Deserialize<'de>` is not implemented for `!`
[INFO] [stdout] ...
[INFO] [stdout]  217 | lookup!(StVincentTable, StVincent, "Saint Vincent And The Grenadines", 2, "StVincent" => "stvincent", "SaintVincent" => "saintvincent");
[INFO] [stdout]      | --------------------------------------------------------------------------------------------------------------------------------------- in this macro invocation
[INFO] [stdout]      |
[INFO] [stdout]      = help: the following other types implement trait `Deserialize<'de>`:
[INFO] [stdout]                &'a [u8]
[INFO] [stdout]                &'a std::path::Path
[INFO] [stdout]                &'a str
[INFO] [stdout]                ()
[INFO] [stdout]                (T0, T1)
[INFO] [stdout]                (T0, T1, T2)
[INFO] [stdout]                (T0, T1, T2, T3)
[INFO] [stdout]                (T0, T1, T2, T3, T4)
[INFO] [stdout]              and 179 others
[INFO] [stdout]      = note: this error might have been caused by changes to Rust's type-inference algorithm (see issue #148922 <https://github.com/rust-lang/rust/issues/148922> for more information)
[INFO] [stdout]      = help: you might have intended to use the type `()` here instead
[INFO] [stdout] note: required by a bound in `next_element`
[INFO] [stdout]     --> /opt/rustwide/cargo-home/registry/src/index.crates.io-1949cf8c6b5b557f/serde-1.0.148/src/de/mod.rs:1730:12
[INFO] [stdout]      |
[INFO] [stdout] 1708 | pub trait SeqAccess<'de> {
[INFO] [stdout] ...
[INFO] [stdout] 1728 |     fn next_element<T>(&mut self) -> Result<Option<T>, Self::Error>
[INFO] [stdout] 1729 |     where
[INFO] [stdout] 1730 |         T: Deserialize<'de>,
[INFO] [stdout]      |            ^^^^^^^^^^^^^^^^ required by this bound in `SeqAccess::next_element`
[INFO] [stdout] 
[INFO] [stdout] 
[INFO] [stdout] error[E0277]: the trait bound `!: Deserialize<'de>` is not satisfied
[INFO] [stdout]     --> /opt/rustwide/cargo-home/registry/src/index.crates.io-1949cf8c6b5b557f/celes-2.4.0/src/tables.rs:66:33
[INFO] [stdout]      |
[INFO] [stdout]    9 | macro_rules! lookup {
[INFO] [stdout] ...
[INFO] [stdout]   66 |                             seq.next_element()?.ok_or_else(|| DError::invalid_length(i, &self))?;
[INFO] [stdout]      |                                 ^^^^^^^^^^^^ the trait `Deserialize<'de>` is not implemented for `!`
[INFO] [stdout] ...
[INFO] [stdout]  218 | lookup!(SaoTomeTable, SaoTome, "Sao Tome And Principe", 1, "SaoTome" => "saotome");
[INFO] [stdout]      | ---------------------------------------------------------------------------------- in this macro invocation
[INFO] [stdout]      |
[INFO] [stdout]      = help: the following other types implement trait `Deserialize<'de>`:
[INFO] [stdout]                &'a [u8]
[INFO] [stdout]                &'a std::path::Path
[INFO] [stdout]                &'a str
[INFO] [stdout]                ()
[INFO] [stdout]                (T0, T1)
[INFO] [stdout]                (T0, T1, T2)
[INFO] [stdout]                (T0, T1, T2, T3)
[INFO] [stdout]                (T0, T1, T2, T3, T4)
[INFO] [stdout]              and 179 others
[INFO] [stdout]      = note: this error might have been caused by changes to Rust's type-inference algorithm (see issue #148922 <https://github.com/rust-lang/rust/issues/148922> for more information)
[INFO] [stdout]      = help: you might have intended to use the type `()` here instead
[INFO] [stdout] note: required by a bound in `next_element`
[INFO] [stdout]     --> /opt/rustwide/cargo-home/registry/src/index.crates.io-1949cf8c6b5b557f/serde-1.0.148/src/de/mod.rs:1730:12
[INFO] [stdout]      |
[INFO] [stdout] 1708 | pub trait SeqAccess<'de> {
[INFO] [stdout] ...
[INFO] [stdout] 1728 |     fn next_element<T>(&mut self) -> Result<Option<T>, Self::Error>
[INFO] [stdout] 1729 |     where
[INFO] [stdout] 1730 |         T: Deserialize<'de>,
[INFO] [stdout]      |            ^^^^^^^^^^^^^^^^ required by this bound in `SeqAccess::next_element`
[INFO] [stdout] 
[INFO] [stdout] 
[INFO] [stdout] error[E0277]: the trait bound `!: Deserialize<'de>` is not satisfied
[INFO] [stdout]     --> /opt/rustwide/cargo-home/registry/src/index.crates.io-1949cf8c6b5b557f/celes-2.4.0/src/tables.rs:66:33
[INFO] [stdout]      |
[INFO] [stdout]    9 | macro_rules! lookup {
[INFO] [stdout] ...
[INFO] [stdout]   66 |                             seq.next_element()?.ok_or_else(|| DError::invalid_length(i, &self))?;
[INFO] [stdout]      |                                 ^^^^^^^^^^^^ the trait `Deserialize<'de>` is not implemented for `!`
[INFO] [stdout] ...
[INFO] [stdout]  219 | lookup!(SouthGeorgiaTable, SouthGeorgia, "South Georgia And The South Sandwich Islands", 2, "SouthGeorgia" => "southgeorgia", "SouthSandwichIslands" => "southsandwichislands");
[INFO] [stdout]      | ------------------------------------------------------------------------------------------------------------------------------------------------------------------------------- in this macro invocation
[INFO] [stdout]      |
[INFO] [stdout]      = help: the following other types implement trait `Deserialize<'de>`:
[INFO] [stdout]                &'a [u8]
[INFO] [stdout]                &'a std::path::Path
[INFO] [stdout]                &'a str
[INFO] [stdout]                ()
[INFO] [stdout]                (T0, T1)
[INFO] [stdout]                (T0, T1, T2)
[INFO] [stdout]                (T0, T1, T2, T3)
[INFO] [stdout]                (T0, T1, T2, T3, T4)
[INFO] [stdout]              and 179 others
[INFO] [stdout]      = note: this error might have been caused by changes to Rust's type-inference algorithm (see issue #148922 <https://github.com/rust-lang/rust/issues/148922> for more information)
[INFO] [stdout]      = help: you might have intended to use the type `()` here instead
[INFO] [stdout] note: required by a bound in `next_element`
[INFO] [stdout]     --> /opt/rustwide/cargo-home/registry/src/index.crates.io-1949cf8c6b5b557f/serde-1.0.148/src/de/mod.rs:1730:12
[INFO] [stdout]      |
[INFO] [stdout] 1708 | pub trait SeqAccess<'de> {
[INFO] [stdout] ...
[INFO] [stdout] 1728 |     fn next_element<T>(&mut self) -> Result<Option<T>, Self::Error>
[INFO] [stdout] 1729 |     where
[INFO] [stdout] 1730 |         T: Deserialize<'de>,
[INFO] [stdout]      |            ^^^^^^^^^^^^^^^^ required by this bound in `SeqAccess::next_element`
[INFO] [stdout] 
[INFO] [stdout] 
[INFO] [stdout] error[E0277]: the trait bound `!: Deserialize<'de>` is not satisfied
[INFO] [stdout]     --> /opt/rustwide/cargo-home/registry/src/index.crates.io-1949cf8c6b5b557f/celes-2.4.0/src/tables.rs:66:33
[INFO] [stdout]      |
[INFO] [stdout]    9 | macro_rules! lookup {
[INFO] [stdout] ...
[INFO] [stdout]   66 |                             seq.next_element()?.ok_or_else(|| DError::invalid_length(i, &self))?;
[INFO] [stdout]      |                                 ^^^^^^^^^^^^ the trait `Deserialize<'de>` is not implemented for `!`
[INFO] [stdout] ...
[INFO] [stdout]  220 | lookup!(PalestineTable, Palestine, "State Of Palestine", 1, "Palestine" => "palestine");
[INFO] [stdout]      | --------------------------------------------------------------------------------------- in this macro invocation
[INFO] [stdout]      |
[INFO] [stdout]      = help: the following other types implement trait `Deserialize<'de>`:
[INFO] [stdout]                &'a [u8]
[INFO] [stdout]                &'a std::path::Path
[INFO] [stdout]                &'a str
[INFO] [stdout]                ()
[INFO] [stdout]                (T0, T1)
[INFO] [stdout]                (T0, T1, T2)
[INFO] [stdout]                (T0, T1, T2, T3)
[INFO] [stdout]                (T0, T1, T2, T3, T4)
[INFO] [stdout]              and 179 others
[INFO] [stdout]      = note: this error might have been caused by changes to Rust's type-inference algorithm (see issue #148922 <https://github.com/rust-lang/rust/issues/148922> for more information)
[INFO] [stdout]      = help: you might have intended to use the type `()` here instead
[INFO] [stdout] note: required by a bound in `next_element`
[INFO] [stdout]     --> /opt/rustwide/cargo-home/registry/src/index.crates.io-1949cf8c6b5b557f/serde-1.0.148/src/de/mod.rs:1730:12
[INFO] [stdout]      |
[INFO] [stdout] 1708 | pub trait SeqAccess<'de> {
[INFO] [stdout] ...
[INFO] [stdout] 1728 |     fn next_element<T>(&mut self) -> Result<Option<T>, Self::Error>
[INFO] [stdout] 1729 |     where
[INFO] [stdout] 1730 |         T: Deserialize<'de>,
[INFO] [stdout]      |            ^^^^^^^^^^^^^^^^ required by this bound in `SeqAccess::next_element`
[INFO] [stdout] 
[INFO] [stdout] 
[INFO] [stdout] error[E0277]: the trait bound `!: Deserialize<'de>` is not satisfied
[INFO] [stdout]     --> /opt/rustwide/cargo-home/registry/src/index.crates.io-1949cf8c6b5b557f/celes-2.4.0/src/tables.rs:66:33
[INFO] [stdout]      |
[INFO] [stdout]    9 | macro_rules! lookup {
[INFO] [stdout] ...
[INFO] [stdout]   66 |                             seq.next_element()?.ok_or_else(|| DError::invalid_length(i, &self))?;
[INFO] [stdout]      |                                 ^^^^^^^^^^^^ the trait `Deserialize<'de>` is not implemented for `!`
[INFO] [stdout] ...
[INFO] [stdout]  221 | lookup!(TaiwanTable, Taiwan, "Taiwan Province Of China", 1, "Taiwan" => "taiwan");
[INFO] [stdout]      | --------------------------------------------------------------------------------- in this macro invocation
[INFO] [stdout]      |
[INFO] [stdout]      = help: the following other types implement trait `Deserialize<'de>`:
[INFO] [stdout]                &'a [u8]
[INFO] [stdout]                &'a std::path::Path
[INFO] [stdout]                &'a str
[INFO] [stdout]                ()
[INFO] [stdout]                (T0, T1)
[INFO] [stdout]                (T0, T1, T2)
[INFO] [stdout]                (T0, T1, T2, T3)
[INFO] [stdout]                (T0, T1, T2, T3, T4)
[INFO] [stdout]              and 179 others
[INFO] [stdout]      = note: this error might have been caused by changes to Rust's type-inference algorithm (see issue #148922 <https://github.com/rust-lang/rust/issues/148922> for more information)
[INFO] [stdout]      = help: you might have intended to use the type `()` here instead
[INFO] [stdout] note: required by a bound in `next_element`
[INFO] [stdout]     --> /opt/rustwide/cargo-home/registry/src/index.crates.io-1949cf8c6b5b557f/serde-1.0.148/src/de/mod.rs:1730:12
[INFO] [stdout]      |
[INFO] [stdout] 1708 | pub trait SeqAccess<'de> {
[INFO] [stdout] ...
[INFO] [stdout] 1728 |     fn next_element<T>(&mut self) -> Result<Option<T>, Self::Error>
[INFO] [stdout] 1729 |     where
[INFO] [stdout] 1730 |         T: Deserialize<'de>,
[INFO] [stdout]      |            ^^^^^^^^^^^^^^^^ required by this bound in `SeqAccess::next_element`
[INFO] [stdout] 
[INFO] [stdout] 
[INFO] [stdout] error[E0277]: the trait bound `!: Deserialize<'de>` is not satisfied
[INFO] [stdout]     --> /opt/rustwide/cargo-home/registry/src/index.crates.io-1949cf8c6b5b557f/celes-2.4.0/src/tables.rs:66:33
[INFO] [stdout]      |
[INFO] [stdout]    9 | macro_rules! lookup {
[INFO] [stdout] ...
[INFO] [stdout]   66 |                             seq.next_element()?.ok_or_else(|| DError::invalid_length(i, &self))?;
[INFO] [stdout]      |                                 ^^^^^^^^^^^^ the trait `Deserialize<'de>` is not implemented for `!`
[INFO] [stdout] ...
[INFO] [stdout]  222 | lookup!(BahamasTable, Bahamas, "The Bahamas", 1, "Bahamas" => "bahamas");
[INFO] [stdout]      | ------------------------------------------------------------------------ in this macro invocation
[INFO] [stdout]      |
[INFO] [stdout]      = help: the following other types implement trait `Deserialize<'de>`:
[INFO] [stdout]                &'a [u8]
[INFO] [stdout]                &'a std::path::Path
[INFO] [stdout]                &'a str
[INFO] [stdout]                ()
[INFO] [stdout]                (T0, T1)
[INFO] [stdout]                (T0, T1, T2)
[INFO] [stdout]                (T0, T1, T2, T3)
[INFO] [stdout]                (T0, T1, T2, T3, T4)
[INFO] [stdout]              and 179 others
[INFO] [stdout]      = note: this error might have been caused by changes to Rust's type-inference algorithm (see issue #148922 <https://github.com/rust-lang/rust/issues/148922> for more information)
[INFO] [stdout]      = help: you might have intended to use the type `()` here instead
[INFO] [stdout] note: required by a bound in `next_element`
[INFO] [stdout]     --> /opt/rustwide/cargo-home/registry/src/index.crates.io-1949cf8c6b5b557f/serde-1.0.148/src/de/mod.rs:1730:12
[INFO] [stdout]      |
[INFO] [stdout] 1708 | pub trait SeqAccess<'de> {
[INFO] [stdout] ...
[INFO] [stdout] 1728 |     fn next_element<T>(&mut self) -> Result<Option<T>, Self::Error>
[INFO] [stdout] 1729 |     where
[INFO] [stdout] 1730 |         T: Deserialize<'de>,
[INFO] [stdout]      |            ^^^^^^^^^^^^^^^^ required by this bound in `SeqAccess::next_element`
[INFO] [stdout] 
[INFO] [stdout] 
[INFO] [stdout] error[E0277]: the trait bound `!: Deserialize<'de>` is not satisfied
[INFO] [stdout]     --> /opt/rustwide/cargo-home/registry/src/index.crates.io-1949cf8c6b5b557f/celes-2.4.0/src/tables.rs:66:33
[INFO] [stdout]      |
[INFO] [stdout]    9 | macro_rules! lookup {
[INFO] [stdout] ...
[INFO] [stdout]   66 |                             seq.next_element()?.ok_or_else(|| DError::invalid_length(i, &self))?;
[INFO] [stdout]      |                                 ^^^^^^^^^^^^ the trait `Deserialize<'de>` is not implemented for `!`
[INFO] [stdout] ...
[INFO] [stdout]  223 | lookup!(CaymanIslandsTable, CaymanIslands, "The Cayman Islands", 1, "CaymanIslands" => "caymanislands");
[INFO] [stdout]      | ------------------------------------------------------------------------------------------------------- in this macro invocation
[INFO] [stdout]      |
[INFO] [stdout]      = help: the following other types implement trait `Deserialize<'de>`:
[INFO] [stdout]                &'a [u8]
[INFO] [stdout]                &'a std::path::Path
[INFO] [stdout]                &'a str
[INFO] [stdout]                ()
[INFO] [stdout]                (T0, T1)
[INFO] [stdout]                (T0, T1, T2)
[INFO] [stdout]                (T0, T1, T2, T3)
[INFO] [stdout]                (T0, T1, T2, T3, T4)
[INFO] [stdout]              and 179 others
[INFO] [stdout]      = note: this error might have been caused by changes to Rust's type-inference algorithm (see issue #148922 <https://github.com/rust-lang/rust/issues/148922> for more information)
[INFO] [stdout]      = help: you might have intended to use the type `()` here instead
[INFO] [stdout] note: required by a bound in `next_element`
[INFO] [stdout]     --> /opt/rustwide/cargo-home/registry/src/index.crates.io-1949cf8c6b5b557f/serde-1.0.148/src/de/mod.rs:1730:12
[INFO] [stdout]      |
[INFO] [stdout] 1708 | pub trait SeqAccess<'de> {
[INFO] [stdout] ...
[INFO] [stdout] 1728 |     fn next_element<T>(&mut self) -> Result<Option<T>, Self::Error>
[INFO] [stdout] 1729 |     where
[INFO] [stdout] 1730 |         T: Deserialize<'de>,
[INFO] [stdout]      |            ^^^^^^^^^^^^^^^^ required by this bound in `SeqAccess::next_element`
[INFO] [stdout] 
[INFO] [stdout] 
[INFO] [stdout] error[E0277]: the trait bound `!: Deserialize<'de>` is not satisfied
[INFO] [stdout]     --> /opt/rustwide/cargo-home/registry/src/index.crates.io-1949cf8c6b5b557f/celes-2.4.0/src/tables.rs:66:33
[INFO] [stdout]      |
[INFO] [stdout]    9 | macro_rules! lookup {
[INFO] [stdout] ...
[INFO] [stdout]   66 |                             seq.next_element()?.ok_or_else(|| DError::invalid_length(i, &self))?;
[INFO] [stdout]      |                                 ^^^^^^^^^^^^ the trait `Deserialize<'de>` is not implemented for `!`
[INFO] [stdout] ...
[INFO] [stdout]  224 | lookup!(CentralAfricanRepublicTable, CentralAfricanRepublic, "The Central African Republic", 1, "CentralAfricanRepublic" => "centralafricanrepublic");
[INFO] [stdout]      | ----------------------------------------------------------------------------------------------------------------------------------------------------- in this macro invocation
[INFO] [stdout]      |
[INFO] [stdout]      = help: the following other types implement trait `Deserialize<'de>`:
[INFO] [stdout]                &'a [u8]
[INFO] [stdout]                &'a std::path::Path
[INFO] [stdout]                &'a str
[INFO] [stdout]                ()
[INFO] [stdout]                (T0, T1)
[INFO] [stdout]                (T0, T1, T2)
[INFO] [stdout]                (T0, T1, T2, T3)
[INFO] [stdout]                (T0, T1, T2, T3, T4)
[INFO] [stdout]              and 179 others
[INFO] [stdout]      = note: this error might have been caused by changes to Rust's type-inference algorithm (see issue #148922 <https://github.com/rust-lang/rust/issues/148922> for more information)
[INFO] [stdout]      = help: you might have intended to use the type `()` here instead
[INFO] [stdout] note: required by a bound in `next_element`
[INFO] [stdout]     --> /opt/rustwide/cargo-home/registry/src/index.crates.io-1949cf8c6b5b557f/serde-1.0.148/src/de/mod.rs:1730:12
[INFO] [stdout]      |
[INFO] [stdout] 1708 | pub trait SeqAccess<'de> {
[INFO] [stdout] ...
[INFO] [stdout] 1728 |     fn next_element<T>(&mut self) -> Result<Option<T>, Self::Error>
[INFO] [stdout] 1729 |     where
[INFO] [stdout] 1730 |         T: Deserialize<'de>,
[INFO] [stdout]      |            ^^^^^^^^^^^^^^^^ required by this bound in `SeqAccess::next_element`
[INFO] [stdout] 
[INFO] [stdout] 
[INFO] [stdout] error[E0277]: the trait bound `!: Deserialize<'de>` is not satisfied
[INFO] [stdout]     --> /opt/rustwide/cargo-home/registry/src/index.crates.io-1949cf8c6b5b557f/celes-2.4.0/src/tables.rs:66:33
[INFO] [stdout]      |
[INFO] [stdout]    9 | macro_rules! lookup {
[INFO] [stdout] ...
[INFO] [stdout]   66 |                             seq.next_element()?.ok_or_else(|| DError::invalid_length(i, &self))?;
[INFO] [stdout]      |                                 ^^^^^^^^^^^^ the trait `Deserialize<'de>` is not implemented for `!`
[INFO] [stdout] ...
[INFO] [stdout]  225 | lookup!(CocosIslandsTable, CocosIslands, "The Cocos Keeling Islands", 2, "CocosIslands" => "cocosislands", "KeelingIslands" => "keelingislands");
[INFO] [stdout]      | ------------------------------------------------------------------------------------------------------------------------------------------------ in this macro invocation
[INFO] [stdout]      |
[INFO] [stdout]      = help: the following other types implement trait `Deserialize<'de>`:
[INFO] [stdout]                &'a [u8]
[INFO] [stdout]                &'a std::path::Path
[INFO] [stdout]                &'a str
[INFO] [stdout]                ()
[INFO] [stdout]                (T0, T1)
[INFO] [stdout]                (T0, T1, T2)
[INFO] [stdout]                (T0, T1, T2, T3)
[INFO] [stdout]                (T0, T1, T2, T3, T4)
[INFO] [stdout]              and 179 others
[INFO] [stdout]      = note: this error might have been caused by changes to Rust's type-inference algorithm (see issue #148922 <https://github.com/rust-lang/rust/issues/148922> for more information)
[INFO] [stdout]      = help: you might have intended to use the type `()` here instead
[INFO] [stdout] note: required by a bound in `next_element`
[INFO] [stdout]     --> /opt/rustwide/cargo-home/registry/src/index.crates.io-1949cf8c6b5b557f/serde-1.0.148/src/de/mod.rs:1730:12
[INFO] [stdout]      |
[INFO] [stdout] 1708 | pub trait SeqAccess<'de> {
[INFO] [stdout] ...
[INFO] [stdout] 1728 |     fn next_element<T>(&mut self) -> Result<Option<T>, Self::Error>
[INFO] [stdout] 1729 |     where
[INFO] [stdout] 1730 |         T: Deserialize<'de>,
[INFO] [stdout]      |            ^^^^^^^^^^^^^^^^ required by this bound in `SeqAccess::next_element`
[INFO] [stdout] 
[INFO] [stdout] 
[INFO] [stdout] error[E0277]: the trait bound `!: Deserialize<'de>` is not satisfied
[INFO] [stdout]     --> /opt/rustwide/cargo-home/registry/src/index.crates.io-1949cf8c6b5b557f/celes-2.4.0/src/tables.rs:66:33
[INFO] [stdout]      |
[INFO] [stdout]    9 | macro_rules! lookup {
[INFO] [stdout] ...
[INFO] [stdout]   66 |                             seq.next_element()?.ok_or_else(|| DError::invalid_length(i, &self))?;
[INFO] [stdout]      |                                 ^^^^^^^^^^^^ the trait `Deserialize<'de>` is not implemented for `!`
[INFO] [stdout] ...
[INFO] [stdout]  226 | lookup!(ComorosTable, Comoros, "The Comoros", 1, "Comoros" => "comoros");
[INFO] [stdout]      | ------------------------------------------------------------------------ in this macro invocation
[INFO] [stdout]      |
[INFO] [stdout]      = help: the following other types implement trait `Deserialize<'de>`:
[INFO] [stdout]                &'a [u8]
[INFO] [stdout]                &'a std::path::Path
[INFO] [stdout]                &'a str
[INFO] [stdout]                ()
[INFO] [stdout]                (T0, T1)
[INFO] [stdout]                (T0, T1, T2)
[INFO] [stdout]                (T0, T1, T2, T3)
[INFO] [stdout]                (T0, T1, T2, T3, T4)
[INFO] [stdout]              and 179 others
[INFO] [stdout]      = note: this error might have been caused by changes to Rust's type-inference algorithm (see issue #148922 <https://github.com/rust-lang/rust/issues/148922> for more information)
[INFO] [stdout]      = help: you might have intended to use the type `()` here instead
[INFO] [stdout] note: required by a bound in `next_element`
[INFO] [stdout]     --> /opt/rustwide/cargo-home/registry/src/index.crates.io-1949cf8c6b5b557f/serde-1.0.148/src/de/mod.rs:1730:12
[INFO] [stdout]      |
[INFO] [stdout] 1708 | pub trait SeqAccess<'de> {
[INFO] [stdout] ...
[INFO] [stdout] 1728 |     fn next_element<T>(&mut self) -> Result<Option<T>, Self::Error>
[INFO] [stdout] 1729 |     where
[INFO] [stdout] 1730 |         T: Deserialize<'de>,
[INFO] [stdout]      |            ^^^^^^^^^^^^^^^^ required by this bound in `SeqAccess::next_element`
[INFO] [stdout] 
[INFO] [stdout] 
[INFO] [stdout] error[E0277]: the trait bound `!: Deserialize<'de>` is not satisfied
[INFO] [stdout]     --> /opt/rustwide/cargo-home/registry/src/index.crates.io-1949cf8c6b5b557f/celes-2.4.0/src/tables.rs:66:33
[INFO] [stdout]      |
[INFO] [stdout]    9 | macro_rules! lookup {
[INFO] [stdout] ...
[INFO] [stdout]   66 |                             seq.next_element()?.ok_or_else(|| DError::invalid_length(i, &self))?;
[INFO] [stdout]      |                                 ^^^^^^^^^^^^ the trait `Deserialize<'de>` is not implemented for `!`
[INFO] [stdout] ...
[INFO] [stdout]  227 | lookup!(CongoTable, Congo, "The Congo", 1, "Congo" => "congo");
[INFO] [stdout]      | -------------------------------------------------------------- in this macro invocation
[INFO] [stdout]      |
[INFO] [stdout]      = help: the following other types implement trait `Deserialize<'de>`:
[INFO] [stdout]                &'a [u8]
[INFO] [stdout]                &'a std::path::Path
[INFO] [stdout]                &'a str
[INFO] [stdout]                ()
[INFO] [stdout]                (T0, T1)
[INFO] [stdout]                (T0, T1, T2)
[INFO] [stdout]                (T0, T1, T2, T3)
[INFO] [stdout]                (T0, T1, T2, T3, T4)
[INFO] [stdout]              and 179 others
[INFO] [stdout]      = note: this error might have been caused by changes to Rust's type-inference algorithm (see issue #148922 <https://github.com/rust-lang/rust/issues/148922> for more information)
[INFO] [stdout]      = help: you might have intended to use the type `()` here instead
[INFO] [stdout] note: required by a bound in `next_element`
[INFO] [stdout]     --> /opt/rustwide/cargo-home/registry/src/index.crates.io-1949cf8c6b5b557f/serde-1.0.148/src/de/mod.rs:1730:12
[INFO] [stdout]      |
[INFO] [stdout] 1708 | pub trait SeqAccess<'de> {
[INFO] [stdout] ...
[INFO] [stdout] 1728 |     fn next_element<T>(&mut self) -> Result<Option<T>, Self::Error>
[INFO] [stdout] 1729 |     where
[INFO] [stdout] 1730 |         T: Deserialize<'de>,
[INFO] [stdout]      |            ^^^^^^^^^^^^^^^^ required by this bound in `SeqAccess::next_element`
[INFO] [stdout] 
[INFO] [stdout] 
[INFO] [stdout] error[E0277]: the trait bound `!: Deserialize<'de>` is not satisfied
[INFO] [stdout]     --> /opt/rustwide/cargo-home/registry/src/index.crates.io-1949cf8c6b5b557f/celes-2.4.0/src/tables.rs:66:33
[INFO] [stdout]      |
[INFO] [stdout]    9 | macro_rules! lookup {
[INFO] [stdout] ...
[INFO] [stdout]   66 |                             seq.next_element()?.ok_or_else(|| DError::invalid_length(i, &self))?;
[INFO] [stdout]      |                                 ^^^^^^^^^^^^ the trait `Deserialize<'de>` is not implemented for `!`
[INFO] [stdout] ...
[INFO] [stdout]  228 | lookup!(CookIslandsTable, CookIslands, "The Cook Islands", 1, "CookIslands" => "cookislands");
[INFO] [stdout]      | --------------------------------------------------------------------------------------------- in this macro invocation
[INFO] [stdout]      |
[INFO] [stdout]      = help: the following other types implement trait `Deserialize<'de>`:
[INFO] [stdout]                &'a [u8]
[INFO] [stdout]                &'a std::path::Path
[INFO] [stdout]                &'a str
[INFO] [stdout]                ()
[INFO] [stdout]                (T0, T1)
[INFO] [stdout]                (T0, T1, T2)
[INFO] [stdout]                (T0, T1, T2, T3)
[INFO] [stdout]                (T0, T1, T2, T3, T4)
[INFO] [stdout]              and 179 others
[INFO] [stdout]      = note: this error might have been caused by changes to Rust's type-inference algorithm (see issue #148922 <https://github.com/rust-lang/rust/issues/148922> for more information)
[INFO] [stdout]      = help: you might have intended to use the type `()` here instead
[INFO] [stdout] note: required by a bound in `next_element`
[INFO] [stdout]     --> /opt/rustwide/cargo-home/registry/src/index.crates.io-1949cf8c6b5b557f/serde-1.0.148/src/de/mod.rs:1730:12
[INFO] [stdout]      |
[INFO] [stdout] 1708 | pub trait SeqAccess<'de> {
[INFO] [stdout] ...
[INFO] [stdout] 1728 |     fn next_element<T>(&mut self) -> Result<Option<T>, Self::Error>
[INFO] [stdout] 1729 |     where
[INFO] [stdout] 1730 |         T: Deserialize<'de>,
[INFO] [stdout]      |            ^^^^^^^^^^^^^^^^ required by this bound in `SeqAccess::next_element`
[INFO] [stdout] 
[INFO] [stdout] 
[INFO] [stdout] error[E0277]: the trait bound `!: Deserialize<'de>` is not satisfied
[INFO] [stdout]     --> /opt/rustwide/cargo-home/registry/src/index.crates.io-1949cf8c6b5b557f/celes-2.4.0/src/tables.rs:66:33
[INFO] [stdout]      |
[INFO] [stdout]    9 | macro_rules! lookup {
[INFO] [stdout] ...
[INFO] [stdout]   66 |                             seq.next_element()?.ok_or_else(|| DError::invalid_length(i, &self))?;
[INFO] [stdout]      |                                 ^^^^^^^^^^^^ the trait `Deserialize<'de>` is not implemented for `!`
[INFO] [stdout] ...
[INFO] [stdout]  229 | lookup!(NorthKoreaTable, NorthKorea, "The Democratic Peoples Republic Of Korea", 2, "NorthKorea" => "northkorea", "DemocraticPeoplesRepublicOfKorea" => "democraticpeoplesrepublicofkorea");
[INFO] [stdout]      | ------------------------------------------------------------------------------------------------------------------------------------------------------------------------------------------- in this macro invocation
[INFO] [stdout]      |
[INFO] [stdout]      = help: the following other types implement trait `Deserialize<'de>`:
[INFO] [stdout]                &'a [u8]
[INFO] [stdout]                &'a std::path::Path
[INFO] [stdout]                &'a str
[INFO] [stdout]                ()
[INFO] [stdout]                (T0, T1)
[INFO] [stdout]                (T0, T1, T2)
[INFO] [stdout]                (T0, T1, T2, T3)
[INFO] [stdout]                (T0, T1, T2, T3, T4)
[INFO] [stdout]              and 179 others
[INFO] [stdout]      = note: this error might have been caused by changes to Rust's type-inference algorithm (see issue #148922 <https://github.com/rust-lang/rust/issues/148922> for more information)
[INFO] [stdout]      = help: you might have intended to use the type `()` here instead
[INFO] [stdout] note: required by a bound in `next_element`
[INFO] [stdout]     --> /opt/rustwide/cargo-home/registry/src/index.crates.io-1949cf8c6b5b557f/serde-1.0.148/src/de/mod.rs:1730:12
[INFO] [stdout]      |
[INFO] [stdout] 1708 | pub trait SeqAccess<'de> {
[INFO] [stdout] ...
[INFO] [stdout] 1728 |     fn next_element<T>(&mut self) -> Result<Option<T>, Self::Error>
[INFO] [stdout] 1729 |     where
[INFO] [stdout] 1730 |         T: Deserialize<'de>,
[INFO] [stdout]      |            ^^^^^^^^^^^^^^^^ required by this bound in `SeqAccess::next_element`
[INFO] [stdout] 
[INFO] [stdout] 
[INFO] [stdout] error[E0277]: the trait bound `!: Deserialize<'de>` is not satisfied
[INFO] [stdout]     --> /opt/rustwide/cargo-home/registry/src/index.crates.io-1949cf8c6b5b557f/celes-2.4.0/src/tables.rs:66:33
[INFO] [stdout]      |
[INFO] [stdout]    9 | macro_rules! lookup {
[INFO] [stdout] ...
[INFO] [stdout]   66 |                             seq.next_element()?.ok_or_else(|| DError::invalid_length(i, &self))?;
[INFO] [stdout]      |                                 ^^^^^^^^^^^^ the trait `Deserialize<'de>` is not implemented for `!`
[INFO] [stdout] ...
[INFO] [stdout]  230 | lookup!(DemocraticRepublicOfTheCongoTable, DemocraticRepublicOfTheCongo, "The Democratic Republic Of The Congo", 1, "DemocraticRepublicOfTheCongo" => "democraticrepublicofthecongo");
[INFO] [stdout]      | ------------------------------------------------------------------------------------------------------------------------------------------------------------------------------------- in this macro invocation
[INFO] [stdout]      |
[INFO] [stdout]      = help: the following other types implement trait `Deserialize<'de>`:
[INFO] [stdout]                &'a [u8]
[INFO] [stdout]                &'a std::path::Path
[INFO] [stdout]                &'a str
[INFO] [stdout]                ()
[INFO] [stdout]                (T0, T1)
[INFO] [stdout]                (T0, T1, T2)
[INFO] [stdout]                (T0, T1, T2, T3)
[INFO] [stdout]                (T0, T1, T2, T3, T4)
[INFO] [stdout]              and 179 others
[INFO] [stdout]      = note: this error might have been caused by changes to Rust's type-inference algorithm (see issue #148922 <https://github.com/rust-lang/rust/issues/148922> for more information)
[INFO] [stdout]      = help: you might have intended to use the type `()` here instead
[INFO] [stdout] note: required by a bound in `next_element`
[INFO] [stdout]     --> /opt/rustwide/cargo-home/registry/src/index.crates.io-1949cf8c6b5b557f/serde-1.0.148/src/de/mod.rs:1730:12
[INFO] [stdout]      |
[INFO] [stdout] 1708 | pub trait SeqAccess<'de> {
[INFO] [stdout] ...
[INFO] [stdout] 1728 |     fn next_element<T>(&mut self) -> Result<Option<T>, Self::Error>
[INFO] [stdout] 1729 |     where
[INFO] [stdout] 1730 |         T: Deserialize<'de>,
[INFO] [stdout]      |            ^^^^^^^^^^^^^^^^ required by this bound in `SeqAccess::next_element`
[INFO] [stdout] 
[INFO] [stdout] 
[INFO] [stdout] error[E0277]: the trait bound `!: Deserialize<'de>` is not satisfied
[INFO] [stdout]     --> /opt/rustwide/cargo-home/registry/src/index.crates.io-1949cf8c6b5b557f/celes-2.4.0/src/tables.rs:66:33
[INFO] [stdout]      |
[INFO] [stdout]    9 | macro_rules! lookup {
[INFO] [stdout] ...
[INFO] [stdout]   66 |                             seq.next_element()?.ok_or_else(|| DError::invalid_length(i, &self))?;
[INFO] [stdout]      |                                 ^^^^^^^^^^^^ the trait `Deserialize<'de>` is not implemented for `!`
[INFO] [stdout] ...
[INFO] [stdout]  231 | lookup!(DominicanRepublicTable, DominicanRepublic, "The Dominican Republic", 1, "DominicanRepublic" => "dominicanrepublic");
[INFO] [stdout]      | --------------------------------------------------------------------------------------------------------------------------- in this macro invocation
[INFO] [stdout]      |
[INFO] [stdout]      = help: the following other types implement trait `Deserialize<'de>`:
[INFO] [stdout]                &'a [u8]
[INFO] [stdout]                &'a std::path::Path
[INFO] [stdout]                &'a str
[INFO] [stdout]                ()
[INFO] [stdout]                (T0, T1)
[INFO] [stdout]                (T0, T1, T2)
[INFO] [stdout]                (T0, T1, T2, T3)
[INFO] [stdout]                (T0, T1, T2, T3, T4)
[INFO] [stdout]              and 179 others
[INFO] [stdout]      = note: this error might have been caused by changes to Rust's type-inference algorithm (see issue #148922 <https://github.com/rust-lang/rust/issues/148922> for more information)
[INFO] [stdout]      = help: you might have intended to use the type `()` here instead
[INFO] [stdout] note: required by a bound in `next_element`
[INFO] [stdout]     --> /opt/rustwide/cargo-home/registry/src/index.crates.io-1949cf8c6b5b557f/serde-1.0.148/src/de/mod.rs:1730:12
[INFO] [stdout]      |
[INFO] [stdout] 1708 | pub trait SeqAccess<'de> {
[INFO] [stdout] ...
[INFO] [stdout] 1728 |     fn next_element<T>(&mut self) -> Result<Option<T>, Self::Error>
[INFO] [stdout] 1729 |     where
[INFO] [stdout] 1730 |         T: Deserialize<'de>,
[INFO] [stdout]      |            ^^^^^^^^^^^^^^^^ required by this bound in `SeqAccess::next_element`
[INFO] [stdout] 
[INFO] [stdout] 
[INFO] [stdout] error[E0277]: the trait bound `!: Deserialize<'de>` is not satisfied
[INFO] [stdout]     --> /opt/rustwide/cargo-home/registry/src/index.crates.io-1949cf8c6b5b557f/celes-2.4.0/src/tables.rs:66:33
[INFO] [stdout]      |
[INFO] [stdout]    9 | macro_rules! lookup {
[INFO] [stdout] ...
[INFO] [stdout]   66 |                             seq.next_element()?.ok_or_else(|| DError::invalid_length(i, &self))?;
[INFO] [stdout]      |                                 ^^^^^^^^^^^^ the trait `Deserialize<'de>` is not implemented for `!`
[INFO] [stdout] ...
[INFO] [stdout]  232 | lookup!(MalvinasTable, Malvinas, "The Falkland Islands Malvinas", 2, "Malvinas" => "malvinas", "FalklandIslands" => "falklandislands");
[INFO] [stdout]      | -------------------------------------------------------------------------------------------------------------------------------------- in this macro invocation
[INFO] [stdout]      |
[INFO] [stdout]      = help: the following other types implement trait `Deserialize<'de>`:
[INFO] [stdout]                &'a [u8]
[INFO] [stdout]                &'a std::path::Path
[INFO] [stdout]                &'a str
[INFO] [stdout]                ()
[INFO] [stdout]                (T0, T1)
[INFO] [stdout]                (T0, T1, T2)
[INFO] [stdout]                (T0, T1, T2, T3)
[INFO] [stdout]                (T0, T1, T2, T3, T4)
[INFO] [stdout]              and 179 others
[INFO] [stdout]      = note: this error might have been caused by changes to Rust's type-inference algorithm (see issue #148922 <https://github.com/rust-lang/rust/issues/148922> for more information)
[INFO] [stdout]      = help: you might have intended to use the type `()` here instead
[INFO] [stdout] note: required by a bound in `next_element`
[INFO] [stdout]     --> /opt/rustwide/cargo-home/registry/src/index.crates.io-1949cf8c6b5b557f/serde-1.0.148/src/de/mod.rs:1730:12
[INFO] [stdout]      |
[INFO] [stdout] 1708 | pub trait SeqAccess<'de> {
[INFO] [stdout] ...
[INFO] [stdout] 1728 |     fn next_element<T>(&mut self) -> Result<Option<T>, Self::Error>
[INFO] [stdout] 1729 |     where
[INFO] [stdout] 1730 |         T: Deserialize<'de>,
[INFO] [stdout]      |            ^^^^^^^^^^^^^^^^ required by this bound in `SeqAccess::next_element`
[INFO] [stdout] 
[INFO] [stdout] 
[INFO] [stdout] error[E0277]: the trait bound `!: Deserialize<'de>` is not satisfied
[INFO] [stdout]     --> /opt/rustwide/cargo-home/registry/src/index.crates.io-1949cf8c6b5b557f/celes-2.4.0/src/tables.rs:66:33
[INFO] [stdout]      |
[INFO] [stdout]    9 | macro_rules! lookup {
[INFO] [stdout] ...
[INFO] [stdout]   66 |                             seq.next_element()?.ok_or_else(|| DError::invalid_length(i, &self))?;
[INFO] [stdout]      |                                 ^^^^^^^^^^^^ the trait `Deserialize<'de>` is not implemented for `!`
[INFO] [stdout] ...
[INFO] [stdout]  233 | lookup!(FaroeIslandsTable, FaroeIslands, "The Faroe Islands", 1, "FaroeIslands" => "faroeislands");
[INFO] [stdout]      | -------------------------------------------------------------------------------------------------- in this macro invocation
[INFO] [stdout]      |
[INFO] [stdout]      = help: the following other types implement trait `Deserialize<'de>`:
[INFO] [stdout]                &'a [u8]
[INFO] [stdout]                &'a std::path::Path
[INFO] [stdout]                &'a str
[INFO] [stdout]                ()
[INFO] [stdout]                (T0, T1)
[INFO] [stdout]                (T0, T1, T2)
[INFO] [stdout]                (T0, T1, T2, T3)
[INFO] [stdout]                (T0, T1, T2, T3, T4)
[INFO] [stdout]              and 179 others
[INFO] [stdout]      = note: this error might have been caused by changes to Rust's type-inference algorithm (see issue #148922 <https://github.com/rust-lang/rust/issues/148922> for more information)
[INFO] [stdout]      = help: you might have intended to use the type `()` here instead
[INFO] [stdout] note: required by a bound in `next_element`
[INFO] [stdout]     --> /opt/rustwide/cargo-home/registry/src/index.crates.io-1949cf8c6b5b557f/serde-1.0.148/src/de/mod.rs:1730:12
[INFO] [stdout]      |
[INFO] [stdout] 1708 | pub trait SeqAccess<'de> {
[INFO] [stdout] ...
[INFO] [stdout] 1728 |     fn next_element<T>(&mut self) -> Result<Option<T>, Self::Error>
[INFO] [stdout] 1729 |     where
[INFO] [stdout] 1730 |         T: Deserialize<'de>,
[INFO] [stdout]      |            ^^^^^^^^^^^^^^^^ required by this bound in `SeqAccess::next_element`
[INFO] [stdout] 
[INFO] [stdout] 
[INFO] [stdout] error[E0277]: the trait bound `!: Deserialize<'de>` is not satisfied
[INFO] [stdout]     --> /opt/rustwide/cargo-home/registry/src/index.crates.io-1949cf8c6b5b557f/celes-2.4.0/src/tables.rs:66:33
[INFO] [stdout]      |
[INFO] [stdout]    9 | macro_rules! lookup {
[INFO] [stdout] ...
[INFO] [stdout]   66 |                             seq.next_element()?.ok_or_else(|| DError::invalid_length(i, &self))?;
[INFO] [stdout]      |                                 ^^^^^^^^^^^^ the trait `Deserialize<'de>` is not implemented for `!`
[INFO] [stdout] ...
[INFO] [stdout]  234 | lookup!(FrenchSouthernTerritoriesTable, FrenchSouthernTerritories, "The French Southern Territories", 1, "FrenchSouthernTerritories" => "frenchsouthernterritories");
[INFO] [stdout]      | -------------------------------------------------------------------------------------------------------------------------------------------------------------------- in this macro invocation
[INFO] [stdout]      |
[INFO] [stdout]      = help: the following other types implement trait `Deserialize<'de>`:
[INFO] [stdout]                &'a [u8]
[INFO] [stdout]                &'a std::path::Path
[INFO] [stdout]                &'a str
[INFO] [stdout]                ()
[INFO] [stdout]                (T0, T1)
[INFO] [stdout]                (T0, T1, T2)
[INFO] [stdout]                (T0, T1, T2, T3)
[INFO] [stdout]                (T0, T1, T2, T3, T4)
[INFO] [stdout]              and 179 others
[INFO] [stdout]      = note: this error might have been caused by changes to Rust's type-inference algorithm (see issue #148922 <https://github.com/rust-lang/rust/issues/148922> for more information)
[INFO] [stdout]      = help: you might have intended to use the type `()` here instead
[INFO] [stdout] note: required by a bound in `next_element`
[INFO] [stdout]     --> /opt/rustwide/cargo-home/registry/src/index.crates.io-1949cf8c6b5b557f/serde-1.0.148/src/de/mod.rs:1730:12
[INFO] [stdout]      |
[INFO] [stdout] 1708 | pub trait SeqAccess<'de> {
[INFO] [stdout] ...
[INFO] [stdout] 1728 |     fn next_element<T>(&mut self) -> Result<Option<T>, Self::Error>
[INFO] [stdout] 1729 |     where
[INFO] [stdout] 1730 |         T: Deserialize<'de>,
[INFO] [stdout]      |            ^^^^^^^^^^^^^^^^ required by this bound in `SeqAccess::next_element`
[INFO] [stdout] 
[INFO] [stdout] 
[INFO] [stdout] error[E0277]: the trait bound `!: Deserialize<'de>` is not satisfied
[INFO] [stdout]     --> /opt/rustwide/cargo-home/registry/src/index.crates.io-1949cf8c6b5b557f/celes-2.4.0/src/tables.rs:66:33
[INFO] [stdout]      |
[INFO] [stdout]    9 | macro_rules! lookup {
[INFO] [stdout] ...
[INFO] [stdout]   66 |                             seq.next_element()?.ok_or_else(|| DError::invalid_length(i, &self))?;
[INFO] [stdout]      |                                 ^^^^^^^^^^^^ the trait `Deserialize<'de>` is not implemented for `!`
[INFO] [stdout] ...
[INFO] [stdout]  235 | lookup!(GabmiaTable, Gabmia, "The Gabmia", 1, "Gabmia" => "gabmia");
[INFO] [stdout]      | ------------------------------------------------------------------- in this macro invocation
[INFO] [stdout]      |
[INFO] [stdout]      = help: the following other types implement trait `Deserialize<'de>`:
[INFO] [stdout]                &'a [u8]
[INFO] [stdout]                &'a std::path::Path
[INFO] [stdout]                &'a str
[INFO] [stdout]                ()
[INFO] [stdout]                (T0, T1)
[INFO] [stdout]                (T0, T1, T2)
[INFO] [stdout]                (T0, T1, T2, T3)
[INFO] [stdout]                (T0, T1, T2, T3, T4)
[INFO] [stdout]              and 179 others
[INFO] [stdout]      = note: this error might have been caused by changes to Rust's type-inference algorithm (see issue #148922 <https://github.com/rust-lang/rust/issues/148922> for more information)
[INFO] [stdout]      = help: you might have intended to use the type `()` here instead
[INFO] [stdout] note: required by a bound in `next_element`
[INFO] [stdout]     --> /opt/rustwide/cargo-home/registry/src/index.crates.io-1949cf8c6b5b557f/serde-1.0.148/src/de/mod.rs:1730:12
[INFO] [stdout]      |
[INFO] [stdout] 1708 | pub trait SeqAccess<'de> {
[INFO] [stdout] ...
[INFO] [stdout] 1728 |     fn next_element<T>(&mut self) -> Result<Option<T>, Self::Error>
[INFO] [stdout] 1729 |     where
[INFO] [stdout] 1730 |         T: Deserialize<'de>,
[INFO] [stdout]      |            ^^^^^^^^^^^^^^^^ required by this bound in `SeqAccess::next_element`
[INFO] [stdout] 
[INFO] [stdout] 
[INFO] [stdout] error[E0277]: the trait bound `!: Deserialize<'de>` is not satisfied
[INFO] [stdout]     --> /opt/rustwide/cargo-home/registry/src/index.crates.io-1949cf8c6b5b557f/celes-2.4.0/src/tables.rs:66:33
[INFO] [stdout]      |
[INFO] [stdout]    9 | macro_rules! lookup {
[INFO] [stdout] ...
[INFO] [stdout]   66 |                             seq.next_element()?.ok_or_else(|| DError::invalid_length(i, &self))?;
[INFO] [stdout]      |                                 ^^^^^^^^^^^^ the trait `Deserialize<'de>` is not implemented for `!`
[INFO] [stdout] ...
[INFO] [stdout]  236 | lookup!(HolySeeTable, HolySee, "The Holy See", 1, "HolySee" => "holysee");
[INFO] [stdout]      | ------------------------------------------------------------------------- in this macro invocation
[INFO] [stdout]      |
[INFO] [stdout]      = help: the following other types implement trait `Deserialize<'de>`:
[INFO] [stdout]                &'a [u8]
[INFO] [stdout]                &'a std::path::Path
[INFO] [stdout]                &'a str
[INFO] [stdout]                ()
[INFO] [stdout]                (T0, T1)
[INFO] [stdout]                (T0, T1, T2)
[INFO] [stdout]                (T0, T1, T2, T3)
[INFO] [stdout]                (T0, T1, T2, T3, T4)
[INFO] [stdout]              and 179 others
[INFO] [stdout]      = note: this error might have been caused by changes to Rust's type-inference algorithm (see issue #148922 <https://github.com/rust-lang/rust/issues/148922> for more information)
[INFO] [stdout]      = help: you might have intended to use the type `()` here instead
[INFO] [stdout] note: required by a bound in `next_element`
[INFO] [stdout]     --> /opt/rustwide/cargo-home/registry/src/index.crates.io-1949cf8c6b5b557f/serde-1.0.148/src/de/mod.rs:1730:12
[INFO] [stdout]      |
[INFO] [stdout] 1708 | pub trait SeqAccess<'de> {
[INFO] [stdout] ...
[INFO] [stdout] 1728 |     fn next_element<T>(&mut self) -> Result<Option<T>, Self::Error>
[INFO] [stdout] 1729 |     where
[INFO] [stdout] 1730 |         T: Deserialize<'de>,
[INFO] [stdout]      |            ^^^^^^^^^^^^^^^^ required by this bound in `SeqAccess::next_element`
[INFO] [stdout] 
[INFO] [stdout] 
[INFO] [stdout] error[E0277]: the trait bound `!: Deserialize<'de>` is not satisfied
[INFO] [stdout]     --> /opt/rustwide/cargo-home/registry/src/index.crates.io-1949cf8c6b5b557f/celes-2.4.0/src/tables.rs:66:33
[INFO] [stdout]      |
[INFO] [stdout]    9 | macro_rules! lookup {
[INFO] [stdout] ...
[INFO] [stdout]   66 |                             seq.next_element()?.ok_or_else(|| DError::invalid_length(i, &self))?;
[INFO] [stdout]      |                                 ^^^^^^^^^^^^ the trait `Deserialize<'de>` is not implemented for `!`
[INFO] [stdout] ...
[INFO] [stdout]  237 | lookup!(LaoPeoplesDemocraticRepublicTable, LaoPeoplesDemocraticRepublic, "The Lao Peoples Democratic Republic", 1, "LaoPeoplesDemocraticRepublic" => "laopeoplesdemocraticrepublic");
[INFO] [stdout]      | ------------------------------------------------------------------------------------------------------------------------------------------------------------------------------------ in this macro invocation
[INFO] [stdout]      |
[INFO] [stdout]      = help: the following other types implement trait `Deserialize<'de>`:
[INFO] [stdout]                &'a [u8]
[INFO] [stdout]                &'a std::path::Path
[INFO] [stdout]                &'a str
[INFO] [stdout]                ()
[INFO] [stdout]                (T0, T1)
[INFO] [stdout]                (T0, T1, T2)
[INFO] [stdout]                (T0, T1, T2, T3)
[INFO] [stdout]                (T0, T1, T2, T3, T4)
[INFO] [stdout]              and 179 others
[INFO] [stdout]      = note: this error might have been caused by changes to Rust's type-inference algorithm (see issue #148922 <https://github.com/rust-lang/rust/issues/148922> for more information)
[INFO] [stdout]      = help: you might have intended to use the type `()` here instead
[INFO] [stdout] note: required by a bound in `next_element`
[INFO] [stdout]     --> /opt/rustwide/cargo-home/registry/src/index.crates.io-1949cf8c6b5b557f/serde-1.0.148/src/de/mod.rs:1730:12
[INFO] [stdout]      |
[INFO] [stdout] 1708 | pub trait SeqAccess<'de> {
[INFO] [stdout] ...
[INFO] [stdout] 1728 |     fn next_element<T>(&mut self) -> Result<Option<T>, Self::Error>
[INFO] [stdout] 1729 |     where
[INFO] [stdout] 1730 |         T: Deserialize<'de>,
[INFO] [stdout]      |            ^^^^^^^^^^^^^^^^ required by this bound in `SeqAccess::next_element`
[INFO] [stdout] 
[INFO] [stdout] 
[INFO] [stdout] error[E0277]: the trait bound `!: Deserialize<'de>` is not satisfied
[INFO] [stdout]     --> /opt/rustwide/cargo-home/registry/src/index.crates.io-1949cf8c6b5b557f/celes-2.4.0/src/tables.rs:66:33
[INFO] [stdout]      |
[INFO] [stdout]    9 | macro_rules! lookup {
[INFO] [stdout] ...
[INFO] [stdout]   66 |                             seq.next_element()?.ok_or_else(|| DError::invalid_length(i, &self))?;
[INFO] [stdout]      |                                 ^^^^^^^^^^^^ the trait `Deserialize<'de>` is not implemented for `!`
[INFO] [stdout] ...
[INFO] [stdout]  238 | lookup!(MarshallIslandsTable, MarshallIslands, "The Marshall Islands", 1, "MarshallIslands" => "marshallislands");
[INFO] [stdout]      | ----------------------------------------------------------------------------------------------------------------- in this macro invocation
[INFO] [stdout]      |
[INFO] [stdout]      = help: the following other types implement trait `Deserialize<'de>`:
[INFO] [stdout]                &'a [u8]
[INFO] [stdout]                &'a std::path::Path
[INFO] [stdout]                &'a str
[INFO] [stdout]                ()
[INFO] [stdout]                (T0, T1)
[INFO] [stdout]                (T0, T1, T2)
[INFO] [stdout]                (T0, T1, T2, T3)
[INFO] [stdout]                (T0, T1, T2, T3, T4)
[INFO] [stdout]              and 179 others
[INFO] [stdout]      = note: this error might have been caused by changes to Rust's type-inference algorithm (see issue #148922 <https://github.com/rust-lang/rust/issues/148922> for more information)
[INFO] [stdout]      = help: you might have intended to use the type `()` here instead
[INFO] [stdout] note: required by a bound in `next_element`
[INFO] [stdout]     --> /opt/rustwide/cargo-home/registry/src/index.crates.io-1949cf8c6b5b557f/serde-1.0.148/src/de/mod.rs:1730:12
[INFO] [stdout]      |
[INFO] [stdout] 1708 | pub trait SeqAccess<'de> {
[INFO] [stdout] ...
[INFO] [stdout] 1728 |     fn next_element<T>(&mut self) -> Result<Option<T>, Self::Error>
[INFO] [stdout] 1729 |     where
[INFO] [stdout] 1730 |         T: Deserialize<'de>,
[INFO] [stdout]      |            ^^^^^^^^^^^^^^^^ required by this bound in `SeqAccess::next_element`
[INFO] [stdout] 
[INFO] [stdout] 
[INFO] [stdout] error[E0277]: the trait bound `!: Deserialize<'de>` is not satisfied
[INFO] [stdout]     --> /opt/rustwide/cargo-home/registry/src/index.crates.io-1949cf8c6b5b557f/celes-2.4.0/src/tables.rs:66:33
[INFO] [stdout]      |
[INFO] [stdout]    9 | macro_rules! lookup {
[INFO] [stdout] ...
[INFO] [stdout]   66 |                             seq.next_element()?.ok_or_else(|| DError::invalid_length(i, &self))?;
[INFO] [stdout]      |                                 ^^^^^^^^^^^^ the trait `Deserialize<'de>` is not implemented for `!`
[INFO] [stdout] ...
[INFO] [stdout]  239 | lookup!(NetherlandsTable, Netherlands, "The Netherlands", 2, "Netherlands" => "netherlands", "Holland" => "holland");
[INFO] [stdout]      | -------------------------------------------------------------------------------------------------------------------- in this macro invocation
[INFO] [stdout]      |
[INFO] [stdout]      = help: the following other types implement trait `Deserialize<'de>`:
[INFO] [stdout]                &'a [u8]
[INFO] [stdout]                &'a std::path::Path
[INFO] [stdout]                &'a str
[INFO] [stdout]                ()
[INFO] [stdout]                (T0, T1)
[INFO] [stdout]                (T0, T1, T2)
[INFO] [stdout]                (T0, T1, T2, T3)
[INFO] [stdout]                (T0, T1, T2, T3, T4)
[INFO] [stdout]              and 179 others
[INFO] [stdout]      = note: this error might have been caused by changes to Rust's type-inference algorithm (see issue #148922 <https://github.com/rust-lang/rust/issues/148922> for more information)
[INFO] [stdout]      = help: you might have intended to use the type `()` here instead
[INFO] [stdout] note: required by a bound in `next_element`
[INFO] [stdout]     --> /opt/rustwide/cargo-home/registry/src/index.crates.io-1949cf8c6b5b557f/serde-1.0.148/src/de/mod.rs:1730:12
[INFO] [stdout]      |
[INFO] [stdout] 1708 | pub trait SeqAccess<'de> {
[INFO] [stdout] ...
[INFO] [stdout] 1728 |     fn next_element<T>(&mut self) -> Result<Option<T>, Self::Error>
[INFO] [stdout] 1729 |     where
[INFO] [stdout] 1730 |         T: Deserialize<'de>,
[INFO] [stdout]      |            ^^^^^^^^^^^^^^^^ required by this bound in `SeqAccess::next_element`
[INFO] [stdout] 
[INFO] [stdout] 
[INFO] [stdout] error[E0277]: the trait bound `!: Deserialize<'de>` is not satisfied
[INFO] [stdout]     --> /opt/rustwide/cargo-home/registry/src/index.crates.io-1949cf8c6b5b557f/celes-2.4.0/src/tables.rs:66:33
[INFO] [stdout]      |
[INFO] [stdout]    9 | macro_rules! lookup {
[INFO] [stdout] ...
[INFO] [stdout]   66 |                             seq.next_element()?.ok_or_else(|| DError::invalid_length(i, &self))?;
[INFO] [stdout]      |                                 ^^^^^^^^^^^^ the trait `Deserialize<'de>` is not implemented for `!`
[INFO] [stdout] ...
[INFO] [stdout]  240 | lookup!(NigerTable, Niger, "The Niger", 1, "Niger" => "niger");
[INFO] [stdout]      | -------------------------------------------------------------- in this macro invocation
[INFO] [stdout]      |
[INFO] [stdout]      = help: the following other types implement trait `Deserialize<'de>`:
[INFO] [stdout]                &'a [u8]
[INFO] [stdout]                &'a std::path::Path
[INFO] [stdout]                &'a str
[INFO] [stdout]                ()
[INFO] [stdout]                (T0, T1)
[INFO] [stdout]                (T0, T1, T2)
[INFO] [stdout]                (T0, T1, T2, T3)
[INFO] [stdout]                (T0, T1, T2, T3, T4)
[INFO] [stdout]              and 179 others
[INFO] [stdout]      = note: this error might have been caused by changes to Rust's type-inference algorithm (see issue #148922 <https://github.com/rust-lang/rust/issues/148922> for more information)
[INFO] [stdout]      = help: you might have intended to use the type `()` here instead
[INFO] [stdout] note: required by a bound in `next_element`
[INFO] [stdout]     --> /opt/rustwide/cargo-home/registry/src/index.crates.io-1949cf8c6b5b557f/serde-1.0.148/src/de/mod.rs:1730:12
[INFO] [stdout]      |
[INFO] [stdout] 1708 | pub trait SeqAccess<'de> {
[INFO] [stdout] ...
[INFO] [stdout] 1728 |     fn next_element<T>(&mut self) -> Result<Option<T>, Self::Error>
[INFO] [stdout] 1729 |     where
[INFO] [stdout] 1730 |         T: Deserialize<'de>,
[INFO] [stdout]      |            ^^^^^^^^^^^^^^^^ required by this bound in `SeqAccess::next_element`
[INFO] [stdout] 
[INFO] [stdout] 
[INFO] [stdout] error[E0277]: the trait bound `!: Deserialize<'de>` is not satisfied
[INFO] [stdout]     --> /opt/rustwide/cargo-home/registry/src/index.crates.io-1949cf8c6b5b557f/celes-2.4.0/src/tables.rs:66:33
[INFO] [stdout]      |
[INFO] [stdout]    9 | macro_rules! lookup {
[INFO] [stdout] ...
[INFO] [stdout]   66 |                             seq.next_element()?.ok_or_else(|| DError::invalid_length(i, &self))?;
[INFO] [stdout]      |                                 ^^^^^^^^^^^^ the trait `Deserialize<'de>` is not implemented for `!`
[INFO] [stdout] ...
[INFO] [stdout]  241 | lookup!(NorthernMarianaIslandsTable, NorthernMarianaIslands, "The Northern Mariana Islands", 1, "NorthernMarianaIslands" => "northernmarianaislands");
[INFO] [stdout]      | ----------------------------------------------------------------------------------------------------------------------------------------------------- in this macro invocation
[INFO] [stdout]      |
[INFO] [stdout]      = help: the following other types implement trait `Deserialize<'de>`:
[INFO] [stdout]                &'a [u8]
[INFO] [stdout]                &'a std::path::Path
[INFO] [stdout]                &'a str
[INFO] [stdout]                ()
[INFO] [stdout]                (T0, T1)
[INFO] [stdout]                (T0, T1, T2)
[INFO] [stdout]                (T0, T1, T2, T3)
[INFO] [stdout]                (T0, T1, T2, T3, T4)
[INFO] [stdout]              and 179 others
[INFO] [stdout]      = note: this error might have been caused by changes to Rust's type-inference algorithm (see issue #148922 <https://github.com/rust-lang/rust/issues/148922> for more information)
[INFO] [stdout]      = help: you might have intended to use the type `()` here instead
[INFO] [stdout] note: required by a bound in `next_element`
[INFO] [stdout]     --> /opt/rustwide/cargo-home/registry/src/index.crates.io-1949cf8c6b5b557f/serde-1.0.148/src/de/mod.rs:1730:12
[INFO] [stdout]      |
[INFO] [stdout] 1708 | pub trait SeqAccess<'de> {
[INFO] [stdout] ...
[INFO] [stdout] 1728 |     fn next_element<T>(&mut self) -> Result<Option<T>, Self::Error>
[INFO] [stdout] 1729 |     where
[INFO] [stdout] 1730 |         T: Deserialize<'de>,
[INFO] [stdout]      |            ^^^^^^^^^^^^^^^^ required by this bound in `SeqAccess::next_element`
[INFO] [stdout] 
[INFO] [stdout] 
[INFO] [stdout] error[E0277]: the trait bound `!: Deserialize<'de>` is not satisfied
[INFO] [stdout]     --> /opt/rustwide/cargo-home/registry/src/index.crates.io-1949cf8c6b5b557f/celes-2.4.0/src/tables.rs:66:33
[INFO] [stdout]      |
[INFO] [stdout]    9 | macro_rules! lookup {
[INFO] [stdout] ...
[INFO] [stdout]   66 |                             seq.next_element()?.ok_or_else(|| DError::invalid_length(i, &self))?;
[INFO] [stdout]      |                                 ^^^^^^^^^^^^ the trait `Deserialize<'de>` is not implemented for `!`
[INFO] [stdout] ...
[INFO] [stdout]  242 | lookup!(PhilippinesTable, Philippines, "The Philippines", 1, "Philippines" => "philippines");
[INFO] [stdout]      | -------------------------------------------------------------------------------------------- in this macro invocation
[INFO] [stdout]      |
[INFO] [stdout]      = help: the following other types implement trait `Deserialize<'de>`:
[INFO] [stdout]                &'a [u8]
[INFO] [stdout]                &'a std::path::Path
[INFO] [stdout]                &'a str
[INFO] [stdout]                ()
[INFO] [stdout]                (T0, T1)
[INFO] [stdout]                (T0, T1, T2)
[INFO] [stdout]                (T0, T1, T2, T3)
[INFO] [stdout]                (T0, T1, T2, T3, T4)
[INFO] [stdout]              and 179 others
[INFO] [stdout]      = note: this error might have been caused by changes to Rust's type-inference algorithm (see issue #148922 <https://github.com/rust-lang/rust/issues/148922> for more information)
[INFO] [stdout]      = help: you might have intended to use the type `()` here instead
[INFO] [stdout] note: required by a bound in `next_element`
[INFO] [stdout]     --> /opt/rustwide/cargo-home/registry/src/index.crates.io-1949cf8c6b5b557f/serde-1.0.148/src/de/mod.rs:1730:12
[INFO] [stdout]      |
[INFO] [stdout] 1708 | pub trait SeqAccess<'de> {
[INFO] [stdout] ...
[INFO] [stdout] 1728 |     fn next_element<T>(&mut self) -> Result<Option<T>, Self::Error>
[INFO] [stdout] 1729 |     where
[INFO] [stdout] 1730 |         T: Deserialize<'de>,
[INFO] [stdout]      |            ^^^^^^^^^^^^^^^^ required by this bound in `SeqAccess::next_element`
[INFO] [stdout] 
[INFO] [stdout] 
[INFO] [stdout] error[E0277]: the trait bound `!: Deserialize<'de>` is not satisfied
[INFO] [stdout]     --> /opt/rustwide/cargo-home/registry/src/index.crates.io-1949cf8c6b5b557f/celes-2.4.0/src/tables.rs:66:33
[INFO] [stdout]      |
[INFO] [stdout]    9 | macro_rules! lookup {
[INFO] [stdout] ...
[INFO] [stdout]   66 |                             seq.next_element()?.ok_or_else(|| DError::invalid_length(i, &self))?;
[INFO] [stdout]      |                                 ^^^^^^^^^^^^ the trait `Deserialize<'de>` is not implemented for `!`
[INFO] [stdout] ...
[INFO] [stdout]  243 | lookup!(SouthKoreaTable, SouthKorea, "The Republic Of Korea", 2, "SouthKorea" => "southkorea", "RepublicOfKorea" => "republicofkorea");
[INFO] [stdout]      | -------------------------------------------------------------------------------------------------------------------------------------- in this macro invocation
[INFO] [stdout]      |
[INFO] [stdout]      = help: the following other types implement trait `Deserialize<'de>`:
[INFO] [stdout]                &'a [u8]
[INFO] [stdout]                &'a std::path::Path
[INFO] [stdout]                &'a str
[INFO] [stdout]                ()
[INFO] [stdout]                (T0, T1)
[INFO] [stdout]                (T0, T1, T2)
[INFO] [stdout]                (T0, T1, T2, T3)
[INFO] [stdout]                (T0, T1, T2, T3, T4)
[INFO] [stdout]              and 179 others
[INFO] [stdout]      = note: this error might have been caused by changes to Rust's type-inference algorithm (see issue #148922 <https://github.com/rust-lang/rust/issues/148922> for more information)
[INFO] [stdout]      = help: you might have intended to use the type `()` here instead
[INFO] [stdout] note: required by a bound in `next_element`
[INFO] [stdout]     --> /opt/rustwide/cargo-home/registry/src/index.crates.io-1949cf8c6b5b557f/serde-1.0.148/src/de/mod.rs:1730:12
[INFO] [stdout]      |
[INFO] [stdout] 1708 | pub trait SeqAccess<'de> {
[INFO] [stdout] ...
[INFO] [stdout] 1728 |     fn next_element<T>(&mut self) -> Result<Option<T>, Self::Error>
[INFO] [stdout] 1729 |     where
[INFO] [stdout] 1730 |         T: Deserialize<'de>,
[INFO] [stdout]      |            ^^^^^^^^^^^^^^^^ required by this bound in `SeqAccess::next_element`
[INFO] [stdout] 
[INFO] [stdout] 
[INFO] [stdout] error[E0277]: the trait bound `!: Deserialize<'de>` is not satisfied
[INFO] [stdout]     --> /opt/rustwide/cargo-home/registry/src/index.crates.io-1949cf8c6b5b557f/celes-2.4.0/src/tables.rs:66:33
[INFO] [stdout]      |
[INFO] [stdout]    9 | macro_rules! lookup {
[INFO] [stdout] ...
[INFO] [stdout]   66 |                             seq.next_element()?.ok_or_else(|| DError::invalid_length(i, &self))?;
[INFO] [stdout]      |                                 ^^^^^^^^^^^^ the trait `Deserialize<'de>` is not implemented for `!`
[INFO] [stdout] ...
[INFO] [stdout]  244 | lookup!(MoldovaTable, Moldova, "The Republic Of Moldova", 2, "Moldova" => "moldova", "RepublicOfMoldova" => "republicofmoldova");
[INFO] [stdout]      | -------------------------------------------------------------------------------------------------------------------------------- in this macro invocation
[INFO] [stdout]      |
[INFO] [stdout]      = help: the following other types implement trait `Deserialize<'de>`:
[INFO] [stdout]                &'a [u8]
[INFO] [stdout]                &'a std::path::Path
[INFO] [stdout]                &'a str
[INFO] [stdout]                ()
[INFO] [stdout]                (T0, T1)
[INFO] [stdout]                (T0, T1, T2)
[INFO] [stdout]                (T0, T1, T2, T3)
[INFO] [stdout]                (T0, T1, T2, T3, T4)
[INFO] [stdout]              and 179 others
[INFO] [stdout]      = note: this error might have been caused by changes to Rust's type-inference algorithm (see issue #148922 <https://github.com/rust-lang/rust/issues/148922> for more information)
[INFO] [stdout]      = help: you might have intended to use the type `()` here instead
[INFO] [stdout] note: required by a bound in `next_element`
[INFO] [stdout]     --> /opt/rustwide/cargo-home/registry/src/index.crates.io-1949cf8c6b5b557f/serde-1.0.148/src/de/mod.rs:1730:12
[INFO] [stdout]      |
[INFO] [stdout] 1708 | pub trait SeqAccess<'de> {
[INFO] [stdout] ...
[INFO] [stdout] 1728 |     fn next_element<T>(&mut self) -> Result<Option<T>, Self::Error>
[INFO] [stdout] 1729 |     where
[INFO] [stdout] 1730 |         T: Deserialize<'de>,
[INFO] [stdout]      |            ^^^^^^^^^^^^^^^^ required by this bound in `SeqAccess::next_element`
[INFO] [stdout] 
[INFO] [stdout] 
[INFO] [stdout] error[E0277]: the trait bound `!: Deserialize<'de>` is not satisfied
[INFO] [stdout]     --> /opt/rustwide/cargo-home/registry/src/index.crates.io-1949cf8c6b5b557f/celes-2.4.0/src/tables.rs:66:33
[INFO] [stdout]      |
[INFO] [stdout]    9 | macro_rules! lookup {
[INFO] [stdout] ...
[INFO] [stdout]   66 |                             seq.next_element()?.ok_or_else(|| DError::invalid_length(i, &self))?;
[INFO] [stdout]      |                                 ^^^^^^^^^^^^ the trait `Deserialize<'de>` is not implemented for `!`
[INFO] [stdout] ...
[INFO] [stdout]  245 | lookup!(RussiaTable, Russia, "The Russian Federation", 2, "Russia" => "russia", "RussianFederation" => "russianfederation");
[INFO] [stdout]      | --------------------------------------------------------------------------------------------------------------------------- in this macro invocation
[INFO] [stdout]      |
[INFO] [stdout]      = help: the following other types implement trait `Deserialize<'de>`:
[INFO] [stdout]                &'a [u8]
[INFO] [stdout]                &'a std::path::Path
[INFO] [stdout]                &'a str
[INFO] [stdout]                ()
[INFO] [stdout]                (T0, T1)
[INFO] [stdout]                (T0, T1, T2)
[INFO] [stdout]                (T0, T1, T2, T3)
[INFO] [stdout]                (T0, T1, T2, T3, T4)
[INFO] [stdout]              and 179 others
[INFO] [stdout]      = note: this error might have been caused by changes to Rust's type-inference algorithm (see issue #148922 <https://github.com/rust-lang/rust/issues/148922> for more information)
[INFO] [stdout]      = help: you might have intended to use the type `()` here instead
[INFO] [stdout] note: required by a bound in `next_element`
[INFO] [stdout]     --> /opt/rustwide/cargo-home/registry/src/index.crates.io-1949cf8c6b5b557f/serde-1.0.148/src/de/mod.rs:1730:12
[INFO] [stdout]      |
[INFO] [stdout] 1708 | pub trait SeqAccess<'de> {
[INFO] [stdout] ...
[INFO] [stdout] 1728 |     fn next_element<T>(&mut self) -> Result<Option<T>, Self::Error>
[INFO] [stdout] 1729 |     where
[INFO] [stdout] 1730 |         T: Deserialize<'de>,
[INFO] [stdout]      |            ^^^^^^^^^^^^^^^^ required by this bound in `SeqAccess::next_element`
[INFO] [stdout] 
[INFO] [stdout] 
[INFO] [stdout] error[E0277]: the trait bound `!: Deserialize<'de>` is not satisfied
[INFO] [stdout]     --> /opt/rustwide/cargo-home/registry/src/index.crates.io-1949cf8c6b5b557f/celes-2.4.0/src/tables.rs:66:33
[INFO] [stdout]      |
[INFO] [stdout]    9 | macro_rules! lookup {
[INFO] [stdout] ...
[INFO] [stdout]   66 |                             seq.next_element()?.ok_or_else(|| DError::invalid_length(i, &self))?;
[INFO] [stdout]      |                                 ^^^^^^^^^^^^ the trait `Deserialize<'de>` is not implemented for `!`
[INFO] [stdout] ...
[INFO] [stdout]  246 | lookup!(SudanTable, Sudan, "The Sudan", 1, "Sudan" => "sudan");
[INFO] [stdout]      | -------------------------------------------------------------- in this macro invocation
[INFO] [stdout]      |
[INFO] [stdout]      = help: the following other types implement trait `Deserialize<'de>`:
[INFO] [stdout]                &'a [u8]
[INFO] [stdout]                &'a std::path::Path
[INFO] [stdout]                &'a str
[INFO] [stdout]                ()
[INFO] [stdout]                (T0, T1)
[INFO] [stdout]                (T0, T1, T2)
[INFO] [stdout]                (T0, T1, T2, T3)
[INFO] [stdout]                (T0, T1, T2, T3, T4)
[INFO] [stdout]              and 179 others
[INFO] [stdout]      = note: this error might have been caused by changes to Rust's type-inference algorithm (see issue #148922 <https://github.com/rust-lang/rust/issues/148922> for more information)
[INFO] [stdout]      = help: you might have intended to use the type `()` here instead
[INFO] [stdout] note: required by a bound in `next_element`
[INFO] [stdout]     --> /opt/rustwide/cargo-home/registry/src/index.crates.io-1949cf8c6b5b557f/serde-1.0.148/src/de/mod.rs:1730:12
[INFO] [stdout]      |
[INFO] [stdout] 1708 | pub trait SeqAccess<'de> {
[INFO] [stdout] ...
[INFO] [stdout] 1728 |     fn next_element<T>(&mut self) -> Result<Option<T>, Self::Error>
[INFO] [stdout] 1729 |     where
[INFO] [stdout] 1730 |         T: Deserialize<'de>,
[INFO] [stdout]      |            ^^^^^^^^^^^^^^^^ required by this bound in `SeqAccess::next_element`
[INFO] [stdout] 
[INFO] [stdout] 
[INFO] [stdout] error[E0277]: the trait bound `!: Deserialize<'de>` is not satisfied
[INFO] [stdout]     --> /opt/rustwide/cargo-home/registry/src/index.crates.io-1949cf8c6b5b557f/celes-2.4.0/src/tables.rs:66:33
[INFO] [stdout]      |
[INFO] [stdout]    9 | macro_rules! lookup {
[INFO] [stdout] ...
[INFO] [stdout]   66 |                             seq.next_element()?.ok_or_else(|| DError::invalid_length(i, &self))?;
[INFO] [stdout]      |                                 ^^^^^^^^^^^^ the trait `Deserialize<'de>` is not implemented for `!`
[INFO] [stdout] ...
[INFO] [stdout]  247 | lookup!(TurksAndCaicosIslandsTable, TurksAndCaicosIslands, "The Turks And Caicos Islands", 1, "TurksAndCaicosIslands" => "turksandcaicosislands");
[INFO] [stdout]      | ------------------------------------------------------------------------------------------------------------------------------------------------- in this macro invocation
[INFO] [stdout]      |
[INFO] [stdout]      = help: the following other types implement trait `Deserialize<'de>`:
[INFO] [stdout]                &'a [u8]
[INFO] [stdout]                &'a std::path::Path
[INFO] [stdout]                &'a str
[INFO] [stdout]                ()
[INFO] [stdout]                (T0, T1)
[INFO] [stdout]                (T0, T1, T2)
[INFO] [stdout]                (T0, T1, T2, T3)
[INFO] [stdout]                (T0, T1, T2, T3, T4)
[INFO] [stdout]              and 179 others
[INFO] [stdout]      = note: this error might have been caused by changes to Rust's type-inference algorithm (see issue #148922 <https://github.com/rust-lang/rust/issues/148922> for more information)
[INFO] [stdout]      = help: you might have intended to use the type `()` here instead
[INFO] [stdout] note: required by a bound in `next_element`
[INFO] [stdout]     --> /opt/rustwide/cargo-home/registry/src/index.crates.io-1949cf8c6b5b557f/serde-1.0.148/src/de/mod.rs:1730:12
[INFO] [stdout]      |
[INFO] [stdout] 1708 | pub trait SeqAccess<'de> {
[INFO] [stdout] ...
[INFO] [stdout] 1728 |     fn next_element<T>(&mut self) -> Result<Option<T>, Self::Error>
[INFO] [stdout] 1729 |     where
[INFO] [stdout] 1730 |         T: Deserialize<'de>,
[INFO] [stdout]      |            ^^^^^^^^^^^^^^^^ required by this bound in `SeqAccess::next_element`
[INFO] [stdout] 
[INFO] [stdout] 
[INFO] [stderr]    Compiling csv v1.1.6
[INFO] [stdout] error[E0277]: the trait bound `!: Deserialize<'de>` is not satisfied
[INFO] [stdout]     --> /opt/rustwide/cargo-home/registry/src/index.crates.io-1949cf8c6b5b557f/celes-2.4.0/src/tables.rs:66:33
[INFO] [stdout]      |
[INFO] [stdout]    9 | macro_rules! lookup {
[INFO] [stdout] ...
[INFO] [stdout]   66 |                             seq.next_element()?.ok_or_else(|| DError::invalid_length(i, &self))?;
[INFO] [stdout]      |                                 ^^^^^^^^^^^^ the trait `Deserialize<'de>` is not implemented for `!`
[INFO] [stdout] ...
[INFO] [stdout]  248 | lookup!(UnitedArabEmiratesTable, UnitedArabEmirates, "The United Arab Emirates", 1, "UnitedArabEmirates" => "unitedarabemirates");
[INFO] [stdout]      | --------------------------------------------------------------------------------------------------------------------------------- in this macro invocation
[INFO] [stdout]      |
[INFO] [stdout]      = help: the following other types implement trait `Deserialize<'de>`:
[INFO] [stdout]                &'a [u8]
[INFO] [stdout]                &'a std::path::Path
[INFO] [stdout]                &'a str
[INFO] [stdout]                ()
[INFO] [stdout]                (T0, T1)
[INFO] [stdout]                (T0, T1, T2)
[INFO] [stdout]                (T0, T1, T2, T3)
[INFO] [stdout]                (T0, T1, T2, T3, T4)
[INFO] [stdout]              and 179 others
[INFO] [stdout]      = note: this error might have been caused by changes to Rust's type-inference algorithm (see issue #148922 <https://github.com/rust-lang/rust/issues/148922> for more information)
[INFO] [stdout]      = help: you might have intended to use the type `()` here instead
[INFO] [stdout] note: required by a bound in `next_element`
[INFO] [stdout]     --> /opt/rustwide/cargo-home/registry/src/index.crates.io-1949cf8c6b5b557f/serde-1.0.148/src/de/mod.rs:1730:12
[INFO] [stdout]      |
[INFO] [stdout] 1708 | pub trait SeqAccess<'de> {
[INFO] [stdout] ...
[INFO] [stdout] 1728 |     fn next_element<T>(&mut self) -> Result<Option<T>, Self::Error>
[INFO] [stdout] 1729 |     where
[INFO] [stdout] 1730 |         T: Deserialize<'de>,
[INFO] [stdout]      |            ^^^^^^^^^^^^^^^^ required by this bound in `SeqAccess::next_element`
[INFO] [stdout] 
[INFO] [stdout] 
[INFO] [stdout] error[E0277]: the trait bound `!: Deserialize<'de>` is not satisfied
[INFO] [stdout]     --> /opt/rustwide/cargo-home/registry/src/index.crates.io-1949cf8c6b5b557f/celes-2.4.0/src/tables.rs:66:33
[INFO] [stdout]      |
[INFO] [stdout]    9 |   macro_rules! lookup {
[INFO] [stdout] ...
[INFO] [stdout]   66 |                               seq.next_element()?.ok_or_else(|| DError::invalid_length(i, &self))?;
[INFO] [stdout]      |                                   ^^^^^^^^^^^^ the trait `Deserialize<'de>` is not implemented for `!`
[INFO] [stdout] ...
[INFO] [stdout]  249 | / lookup!(EnglandTable, England, "The United Kingdom Of Great Britain And Northern Ireland", 7, "England" => "england",
[INFO] [stdout]  250 | |         "Scotland" => "scotland",
[INFO] [stdout]  251 | |         "GreatBritain" => "greatbritain",
[INFO] [stdout]  252 | |         "UnitedKingdom" => "unitedkingdom",
[INFO] [stdout]  253 | |         "NorthernIreland" => "northernireland",
[INFO] [stdout]  254 | |         "UnitedKingdomOfGreatBritain" => "unitedkingdomofgreatbritain",
[INFO] [stdout]  255 | |         "UnitedKingdomOfGreatBritainAndNorthernIreland" => "unitedkingdomofgreatbritainandnorthernireland");
[INFO] [stdout]      | |___________________________________________________________________________________________________________- in this macro invocation
[INFO] [stdout]      |
[INFO] [stdout]      = help: the following other types implement trait `Deserialize<'de>`:
[INFO] [stdout]                &'a [u8]
[INFO] [stdout]                &'a std::path::Path
[INFO] [stdout]                &'a str
[INFO] [stdout]                ()
[INFO] [stdout]                (T0, T1)
[INFO] [stdout]                (T0, T1, T2)
[INFO] [stdout]                (T0, T1, T2, T3)
[INFO] [stdout]                (T0, T1, T2, T3, T4)
[INFO] [stdout]              and 179 others
[INFO] [stdout]      = note: this error might have been caused by changes to Rust's type-inference algorithm (see issue #148922 <https://github.com/rust-lang/rust/issues/148922> for more information)
[INFO] [stdout]      = help: you might have intended to use the type `()` here instead
[INFO] [stdout] note: required by a bound in `next_element`
[INFO] [stdout]     --> /opt/rustwide/cargo-home/registry/src/index.crates.io-1949cf8c6b5b557f/serde-1.0.148/src/de/mod.rs:1730:12
[INFO] [stdout]      |
[INFO] [stdout] 1708 | pub trait SeqAccess<'de> {
[INFO] [stdout] ...
[INFO] [stdout] 1728 |     fn next_element<T>(&mut self) -> Result<Option<T>, Self::Error>
[INFO] [stdout] 1729 |     where
[INFO] [stdout] 1730 |         T: Deserialize<'de>,
[INFO] [stdout]      |            ^^^^^^^^^^^^^^^^ required by this bound in `SeqAccess::next_element`
[INFO] [stdout] 
[INFO] [stdout] 
[INFO] [stdout] error[E0277]: the trait bound `!: Deserialize<'de>` is not satisfied
[INFO] [stdout]     --> /opt/rustwide/cargo-home/registry/src/index.crates.io-1949cf8c6b5b557f/celes-2.4.0/src/tables.rs:66:33
[INFO] [stdout]      |
[INFO] [stdout]    9 | macro_rules! lookup {
[INFO] [stdout] ...
[INFO] [stdout]   66 |                             seq.next_element()?.ok_or_else(|| DError::invalid_length(i, &self))?;
[INFO] [stdout]      |                                 ^^^^^^^^^^^^ the trait `Deserialize<'de>` is not implemented for `!`
[INFO] [stdout] ...
[INFO] [stdout]  256 | lookup!(UnitedStatesMinorOutlyingIslandsTable, UnitedStatesMinorOutlyingIslands, "The United States Minor Outlying Islands", 1, "UnitedStatesMinorOutlyingIslands" => "unitedstatesminoroutlyingislands");
[INFO] [stdout]      | --------------------------------------------------------------------------------------------------------------------------------------------------------------------------------------------------------- in this macro invocation
[INFO] [stdout]      |
[INFO] [stdout]      = help: the following other types implement trait `Deserialize<'de>`:
[INFO] [stdout]                &'a [u8]
[INFO] [stdout]                &'a std::path::Path
[INFO] [stdout]                &'a str
[INFO] [stdout]                ()
[INFO] [stdout]                (T0, T1)
[INFO] [stdout]                (T0, T1, T2)
[INFO] [stdout]                (T0, T1, T2, T3)
[INFO] [stdout]                (T0, T1, T2, T3, T4)
[INFO] [stdout]              and 179 others
[INFO] [stdout]      = note: this error might have been caused by changes to Rust's type-inference algorithm (see issue #148922 <https://github.com/rust-lang/rust/issues/148922> for more information)
[INFO] [stdout]      = help: you might have intended to use the type `()` here instead
[INFO] [stdout] note: required by a bound in `next_element`
[INFO] [stdout]     --> /opt/rustwide/cargo-home/registry/src/index.crates.io-1949cf8c6b5b557f/serde-1.0.148/src/de/mod.rs:1730:12
[INFO] [stdout]      |
[INFO] [stdout] 1708 | pub trait SeqAccess<'de> {
[INFO] [stdout] ...
[INFO] [stdout] 1728 |     fn next_element<T>(&mut self) -> Result<Option<T>, Self::Error>
[INFO] [stdout] 1729 |     where
[INFO] [stdout] 1730 |         T: Deserialize<'de>,
[INFO] [stdout]      |            ^^^^^^^^^^^^^^^^ required by this bound in `SeqAccess::next_element`
[INFO] [stdout] 
[INFO] [stdout] 
[INFO] [stdout] error[E0277]: the trait bound `!: Deserialize<'de>` is not satisfied
[INFO] [stdout]     --> /opt/rustwide/cargo-home/registry/src/index.crates.io-1949cf8c6b5b557f/celes-2.4.0/src/tables.rs:66:33
[INFO] [stdout]      |
[INFO] [stdout]    9 | macro_rules! lookup {
[INFO] [stdout] ...
[INFO] [stdout]   66 |                             seq.next_element()?.ok_or_else(|| DError::invalid_length(i, &self))?;
[INFO] [stdout]      |                                 ^^^^^^^^^^^^ the trait `Deserialize<'de>` is not implemented for `!`
[INFO] [stdout] ...
[INFO] [stdout]  257 | lookup!(AmericaTable, America, "The United States Of America", 3, "America" => "america", "UnitedStates" => "unitedstates", "UnitedStatesOfAmerica" => "unitedstatesofamerica");
[INFO] [stdout]      | ------------------------------------------------------------------------------------------------------------------------------------------------------------------------------- in this macro invocation
[INFO] [stdout]      |
[INFO] [stdout]      = help: the following other types implement trait `Deserialize<'de>`:
[INFO] [stdout]                &'a [u8]
[INFO] [stdout]                &'a std::path::Path
[INFO] [stdout]                &'a str
[INFO] [stdout]                ()
[INFO] [stdout]                (T0, T1)
[INFO] [stdout]                (T0, T1, T2)
[INFO] [stdout]                (T0, T1, T2, T3)
[INFO] [stdout]                (T0, T1, T2, T3, T4)
[INFO] [stdout]              and 179 others
[INFO] [stdout]      = note: this error might have been caused by changes to Rust's type-inference algorithm (see issue #148922 <https://github.com/rust-lang/rust/issues/148922> for more information)
[INFO] [stdout]      = help: you might have intended to use the type `()` here instead
[INFO] [stdout] note: required by a bound in `next_element`
[INFO] [stdout]     --> /opt/rustwide/cargo-home/registry/src/index.crates.io-1949cf8c6b5b557f/serde-1.0.148/src/de/mod.rs:1730:12
[INFO] [stdout]      |
[INFO] [stdout] 1708 | pub trait SeqAccess<'de> {
[INFO] [stdout] ...
[INFO] [stdout] 1728 |     fn next_element<T>(&mut self) -> Result<Option<T>, Self::Error>
[INFO] [stdout] 1729 |     where
[INFO] [stdout] 1730 |         T: Deserialize<'de>,
[INFO] [stdout]      |            ^^^^^^^^^^^^^^^^ required by this bound in `SeqAccess::next_element`
[INFO] [stdout] 
[INFO] [stdout] 
[INFO] [stdout] error[E0277]: the trait bound `!: Deserialize<'de>` is not satisfied
[INFO] [stdout]     --> /opt/rustwide/cargo-home/registry/src/index.crates.io-1949cf8c6b5b557f/celes-2.4.0/src/tables.rs:66:33
[INFO] [stdout]      |
[INFO] [stdout]    9 | macro_rules! lookup {
[INFO] [stdout] ...
[INFO] [stdout]   66 |                             seq.next_element()?.ok_or_else(|| DError::invalid_length(i, &self))?;
[INFO] [stdout]      |                                 ^^^^^^^^^^^^ the trait `Deserialize<'de>` is not implemented for `!`
[INFO] [stdout] ...
[INFO] [stdout]  258 | lookup!(TrinidadTable, Trinidad, "Trinidad And Tobago", 2, "Trinidad" => "trinidad", "Tobago" => "tobago");
[INFO] [stdout]      | ---------------------------------------------------------------------------------------------------------- in this macro invocation
[INFO] [stdout]      |
[INFO] [stdout]      = help: the following other types implement trait `Deserialize<'de>`:
[INFO] [stdout]                &'a [u8]
[INFO] [stdout]                &'a std::path::Path
[INFO] [stdout]                &'a str
[INFO] [stdout]                ()
[INFO] [stdout]                (T0, T1)
[INFO] [stdout]                (T0, T1, T2)
[INFO] [stdout]                (T0, T1, T2, T3)
[INFO] [stdout]                (T0, T1, T2, T3, T4)
[INFO] [stdout]              and 179 others
[INFO] [stdout]      = note: this error might have been caused by changes to Rust's type-inference algorithm (see issue #148922 <https://github.com/rust-lang/rust/issues/148922> for more information)
[INFO] [stdout]      = help: you might have intended to use the type `()` here instead
[INFO] [stdout] note: required by a bound in `next_element`
[INFO] [stdout]     --> /opt/rustwide/cargo-home/registry/src/index.crates.io-1949cf8c6b5b557f/serde-1.0.148/src/de/mod.rs:1730:12
[INFO] [stdout]      |
[INFO] [stdout] 1708 | pub trait SeqAccess<'de> {
[INFO] [stdout] ...
[INFO] [stdout] 1728 |     fn next_element<T>(&mut self) -> Result<Option<T>, Self::Error>
[INFO] [stdout] 1729 |     where
[INFO] [stdout] 1730 |         T: Deserialize<'de>,
[INFO] [stdout]      |            ^^^^^^^^^^^^^^^^ required by this bound in `SeqAccess::next_element`
[INFO] [stdout] 
[INFO] [stdout] 
[INFO] [stdout] error[E0277]: the trait bound `!: Deserialize<'de>` is not satisfied
[INFO] [stdout]     --> /opt/rustwide/cargo-home/registry/src/index.crates.io-1949cf8c6b5b557f/celes-2.4.0/src/tables.rs:66:33
[INFO] [stdout]      |
[INFO] [stdout]    9 | macro_rules! lookup {
[INFO] [stdout] ...
[INFO] [stdout]   66 |                             seq.next_element()?.ok_or_else(|| DError::invalid_length(i, &self))?;
[INFO] [stdout]      |                                 ^^^^^^^^^^^^ the trait `Deserialize<'de>` is not implemented for `!`
[INFO] [stdout] ...
[INFO] [stdout]  259 | lookup!(TanzaniaTable, Tanzania, "United Republic Of Tanzania", 1, "Tanzania" => "tanzania");
[INFO] [stdout]      | -------------------------------------------------------------------------------------------- in this macro invocation
[INFO] [stdout]      |
[INFO] [stdout]      = help: the following other types implement trait `Deserialize<'de>`:
[INFO] [stdout]                &'a [u8]
[INFO] [stdout]                &'a std::path::Path
[INFO] [stdout]                &'a str
[INFO] [stdout]                ()
[INFO] [stdout]                (T0, T1)
[INFO] [stdout]                (T0, T1, T2)
[INFO] [stdout]                (T0, T1, T2, T3)
[INFO] [stdout]                (T0, T1, T2, T3, T4)
[INFO] [stdout]              and 179 others
[INFO] [stdout]      = note: this error might have been caused by changes to Rust's type-inference algorithm (see issue #148922 <https://github.com/rust-lang/rust/issues/148922> for more information)
[INFO] [stdout]      = help: you might have intended to use the type `()` here instead
[INFO] [stdout] note: required by a bound in `next_element`
[INFO] [stdout]     --> /opt/rustwide/cargo-home/registry/src/index.crates.io-1949cf8c6b5b557f/serde-1.0.148/src/de/mod.rs:1730:12
[INFO] [stdout]      |
[INFO] [stdout] 1708 | pub trait SeqAccess<'de> {
[INFO] [stdout] ...
[INFO] [stdout] 1728 |     fn next_element<T>(&mut self) -> Result<Option<T>, Self::Error>
[INFO] [stdout] 1729 |     where
[INFO] [stdout] 1730 |         T: Deserialize<'de>,
[INFO] [stdout]      |            ^^^^^^^^^^^^^^^^ required by this bound in `SeqAccess::next_element`
[INFO] [stdout] 
[INFO] [stdout] 
[INFO] [stdout] For more information about this error, try `rustc --explain E0277`.
[INFO] [stdout] 
[INFO] [stderr] error: could not compile `celes` (lib) due to 53 previous errors
[INFO] [stderr] warning: build failed, waiting for other jobs to finish...
[INFO] running `Command { std: "docker" "inspect" "5ad43d27f5e2d75aa2f89c163ae08041efeb63c4787f662c59dc39f88add6ec3", kill_on_drop: false }`
[INFO] running `Command { std: "docker" "rm" "-f" "5ad43d27f5e2d75aa2f89c163ae08041efeb63c4787f662c59dc39f88add6ec3", kill_on_drop: false }`
[INFO] [stdout] 5ad43d27f5e2d75aa2f89c163ae08041efeb63c4787f662c59dc39f88add6ec3
