[INFO] cloning repository https://github.com/ojhermann-org/deon
[INFO] running `Command { std: "git" "-c" "credential.helper=" "-c" "credential.helper=/workspace/cargo-home/bin/git-credential-null" "clone" "--bare" "https://github.com/ojhermann-org/deon" "/workspace/cache/git-repos/https%3A%2F%2Fgithub.com%2Fojhermann-org%2Fdeon", kill_on_drop: false }`
[INFO] [stderr] Cloning into bare repository '/workspace/cache/git-repos/https%3A%2F%2Fgithub.com%2Fojhermann-org%2Fdeon'...
[INFO] running `Command { std: "git" "rev-parse" "HEAD", kill_on_drop: false }`
[INFO] [stdout] 2b84bd519c0fb2005cb5a3098fc612d33881df7f
[INFO] testing ojhermann-org/deon against 1.100.0-beta.1 for beta-1.100-2
[INFO] running `Command { std: "git" "clone" "/workspace/cache/git-repos/https%3A%2F%2Fgithub.com%2Fojhermann-org%2Fdeon" "/workspace/builds/worker-5-tc2/source", kill_on_drop: false }`
[INFO] [stderr] Cloning into '/workspace/builds/worker-5-tc2/source'...
[INFO] [stderr] done.
[INFO] started tweaking git repo https://github.com/ojhermann-org/deon
[INFO] finished tweaking git repo https://github.com/ojhermann-org/deon
[INFO] tweaked toml for git repo https://github.com/ojhermann-org/deon written to /workspace/builds/worker-5-tc2/source/Cargo.toml
[INFO] validating manifest of git repo https://github.com/ojhermann-org/deon on toolchain 1.100.0-beta.1
[INFO] running `Command { std: CARGO_HOME="/workspace/cargo-home" RUSTUP_HOME="/workspace/rustup-home" "/workspace/cargo-home/bin/cargo" "+1.100.0-beta.1" "metadata" "--manifest-path" "Cargo.toml" "--no-deps", kill_on_drop: false }`
[INFO] crate git repo https://github.com/ojhermann-org/deon already has a lockfile, it will not be regenerated
[INFO] running `Command { std: CARGO_HOME="/workspace/cargo-home" RUSTUP_HOME="/workspace/rustup-home" "/workspace/cargo-home/bin/cargo" "+1.100.0-beta.1" "fetch" "--manifest-path" "Cargo.toml", kill_on_drop: false }`
[INFO] running `Command { std: "docker" "create" "-v" "/var/lib/crater-agent-workspace/builds/worker-5-tc2/source:/opt/rustwide/workdir:ro,Z" "-v" "/var/lib/crater-agent-workspace/builds/worker-5-tc2/target:/opt/rustwide/target:rw,Z" "-v" "/var/lib/crater-agent-workspace/cargo-home:/opt/rustwide/cargo-home:ro,Z" "-v" "/var/lib/crater-agent-workspace/rustup-home:/opt/rustwide/rustup-home:ro,Z" "-m" "1610612736" "--network" "none" "ghcr.io/rust-lang/crates-build-env/linux@sha256:3111399a4047eeb3a02b7a90e478d715f38a8c6669b5c4b49d30a17385265909" "sleep" "infinity", kill_on_drop: false }`
[INFO] [stdout] 6d3e74a00fc7bb14bfb684ee19a7b5b7b2fe005d2a8afb99d1dc98039a26a489
[INFO] running `Command { std: "docker" "start" "6d3e74a00fc7bb14bfb684ee19a7b5b7b2fe005d2a8afb99d1dc98039a26a489", kill_on_drop: false }`
[INFO] running `Command { std: "docker" "inspect" "6d3e74a00fc7bb14bfb684ee19a7b5b7b2fe005d2a8afb99d1dc98039a26a489", kill_on_drop: false }`
[INFO] running `Command { std: "docker" "exec" "-e" "SOURCE_DIR=/opt/rustwide/workdir" "-e" "CARGO_HOME=/opt/rustwide/cargo-home" "-e" "RUSTUP_HOME=/opt/rustwide/rustup-home" "-e" "CARGO_TARGET_DIR=/opt/rustwide/target" "-w" "/opt/rustwide/workdir" "--user" "0:0" "6d3e74a00fc7bb14bfb684ee19a7b5b7b2fe005d2a8afb99d1dc98039a26a489" "/opt/rustwide/cargo-home/bin/cargo" "+1.100.0-beta.1" "metadata" "--no-deps" "--format-version=1", kill_on_drop: false }`
[INFO] running `Command { std: "docker" "inspect" "6d3e74a00fc7bb14bfb684ee19a7b5b7b2fe005d2a8afb99d1dc98039a26a489", kill_on_drop: false }`
[INFO] running `Command { std: "docker" "exec" "-e" "SOURCE_DIR=/opt/rustwide/workdir" "-e" "CARGO_HOME=/opt/rustwide/cargo-home" "-e" "RUSTUP_HOME=/opt/rustwide/rustup-home" "-e" "CARGO_TARGET_DIR=/opt/rustwide/target" "-e" "CARGO_INCREMENTAL=0" "-e" "RUST_BACKTRACE=full" "-e" "RUSTFLAGS=--cap-lints=warn" "-e" "RUSTDOCFLAGS=--cap-lints=warn" "-w" "/opt/rustwide/workdir" "--user" "0:0" "6d3e74a00fc7bb14bfb684ee19a7b5b7b2fe005d2a8afb99d1dc98039a26a489" "/opt/rustwide/cargo-home/bin/cargo" "+1.100.0-beta.1" "build" "--frozen" "--message-format=json", kill_on_drop: false }`
[INFO] [stderr]    Compiling serde v1.0.229
[INFO] [stderr]    Compiling unsafe-libyaml v0.2.11
[INFO] [stderr]    Compiling serde_yaml v0.9.34+deprecated
[INFO] [stderr]    Compiling okf-graph v0.6.0 (/opt/rustwide/workdir/crates/okf-graph)
[INFO] [stderr]    Compiling deon-check v0.6.0 (/opt/rustwide/workdir/crates/deon)
[INFO] [stderr]    Compiling okf-normative v0.6.0 (/opt/rustwide/workdir/crates/okf-normative)
[INFO] [stderr] warning: unused dependency `okf-graph`
[INFO] [stderr]   --> crates/okf-normative/Cargo.toml:13:1
[INFO] [stderr]    |
[INFO] [stderr] 13 | okf-graph = { workspace = true }
[INFO] [stderr]    | ^^^^^^^^^^^^^^^^^^^^^^^^^^^^^^^^
[INFO] [stderr]    |
[INFO] [stderr]    = note: `cargo::unused_dependencies` is set to `warn` by default
[INFO] [stderr] help: consider removing the dependency on `okf-graph`
[INFO] [stderr] warning: `okf-normative` (manifest) generated 1 warning
[INFO] [stderr]     Finished `dev` profile [unoptimized + debuginfo] target(s) in 5.17s
[INFO] running `Command { std: "docker" "inspect" "6d3e74a00fc7bb14bfb684ee19a7b5b7b2fe005d2a8afb99d1dc98039a26a489", kill_on_drop: false }`
[INFO] running `Command { std: "docker" "exec" "-e" "SOURCE_DIR=/opt/rustwide/workdir" "-e" "CARGO_HOME=/opt/rustwide/cargo-home" "-e" "RUSTUP_HOME=/opt/rustwide/rustup-home" "-e" "CARGO_TARGET_DIR=/opt/rustwide/target" "-e" "CARGO_INCREMENTAL=0" "-e" "RUST_BACKTRACE=full" "-e" "RUSTFLAGS=--cap-lints=warn" "-e" "RUSTDOCFLAGS=--cap-lints=warn" "-w" "/opt/rustwide/workdir" "--user" "0:0" "6d3e74a00fc7bb14bfb684ee19a7b5b7b2fe005d2a8afb99d1dc98039a26a489" "/opt/rustwide/cargo-home/bin/cargo" "+1.100.0-beta.1" "test" "--frozen" "--no-run" "--message-format=json", kill_on_drop: false }`
[INFO] [stderr]    Compiling deon-check v0.6.0 (/opt/rustwide/workdir/crates/deon)
[INFO] [stderr]    Compiling okf-graph v0.6.0 (/opt/rustwide/workdir/crates/okf-graph)
[INFO] [stderr]    Compiling okf-normative v0.6.0 (/opt/rustwide/workdir/crates/okf-normative)
[INFO] [stderr] warning: unused dependency `okf-graph`
[INFO] [stderr]   --> crates/okf-normative/Cargo.toml:13:1
[INFO] [stderr]    |
[INFO] [stderr] 13 | okf-graph = { workspace = true }
[INFO] [stderr]    | ^^^^^^^^^^^^^^^^^^^^^^^^^^^^^^^^
[INFO] [stderr]    |
[INFO] [stderr]    = note: `cargo::unused_dependencies` is set to `warn` by default
[INFO] [stderr] help: consider removing the dependency on `okf-graph`
[INFO] [stderr] warning: `okf-normative` (manifest) generated 1 warning
[INFO] [stderr]     Finished `test` profile [unoptimized + debuginfo] target(s) in 3.36s
[INFO] running `Command { std: "docker" "inspect" "6d3e74a00fc7bb14bfb684ee19a7b5b7b2fe005d2a8afb99d1dc98039a26a489", kill_on_drop: false }`
[INFO] running `Command { std: "docker" "exec" "-e" "SOURCE_DIR=/opt/rustwide/workdir" "-e" "CARGO_HOME=/opt/rustwide/cargo-home" "-e" "RUSTUP_HOME=/opt/rustwide/rustup-home" "-e" "CARGO_TARGET_DIR=/opt/rustwide/target" "-e" "CARGO_INCREMENTAL=0" "-e" "RUST_BACKTRACE=full" "-e" "RUSTFLAGS=--cap-lints=warn" "-e" "RUSTDOCFLAGS=--cap-lints=warn" "-w" "/opt/rustwide/workdir" "--user" "0:0" "6d3e74a00fc7bb14bfb684ee19a7b5b7b2fe005d2a8afb99d1dc98039a26a489" "/opt/rustwide/cargo-home/bin/cargo" "+1.100.0-beta.1" "test" "--frozen", kill_on_drop: false }`
[INFO] [stderr] warning: unused dependency `okf-graph`
[INFO] [stderr]   --> crates/okf-normative/Cargo.toml:13:1
[INFO] [stderr]    |
[INFO] [stderr] 13 | okf-graph = { workspace = true }
[INFO] [stderr]    | ^^^^^^^^^^^^^^^^^^^^^^^^^^^^^^^^
[INFO] [stderr]    |
[INFO] [stderr]    = note: `cargo::unused_dependencies` is set to `warn` by default
[INFO] [stderr] help: consider removing the dependency on `okf-graph`
[INFO] [stderr] warning: `okf-normative` (manifest) generated 1 warning
[INFO] [stderr]     Finished `test` profile [unoptimized + debuginfo] target(s) in 0.05s
[INFO] [stderr]      Running unittests src/lib.rs (/opt/rustwide/target/debug/build/deon-check/6f4c2bf42ec97f73/out/deon_check-6f4c2bf42ec97f73)
[INFO] [stdout] 
[INFO] [stdout] running 0 tests
[INFO] [stdout] 
[INFO] [stdout] test result: ok. 0 passed; 0 failed; 0 ignored; 0 measured; 0 filtered out; finished in 0.00s
[INFO] [stdout] 
[INFO] [stderr]      Running unittests src/main.rs (/opt/rustwide/target/debug/build/deon-check/62a4794a1c1e79a0/out/deon_check-62a4794a1c1e79a0)
[INFO] [stdout] 
[INFO] [stdout] running 0 tests
[INFO] [stdout] 
[INFO] [stdout] test result: ok. 0 passed; 0 failed; 0 ignored; 0 measured; 0 filtered out; finished in 0.00s
[INFO] [stdout] 
[INFO] [stderr]      Running tests/conflict.rs (/opt/rustwide/target/debug/build/deon-check/001513aeef2a3e0d/out/conflict-001513aeef2a3e0d)
[INFO] [stdout] 
[INFO] [stdout] running 5 tests
[INFO] [stdout] test claim_shapes_are_recognized_not_skipped ... ok
[INFO] [stdout] test an_underdetermined_conflict_is_a_report_not_a_defect ... ok
[INFO] [stdout] test conflicting_fixture_trips_each_rule_once ... ok
[INFO] [stdout] test conflict_collides_against_a_middle_case ... ok
[INFO] [stdout] test seed_defeat_edges_are_conflict_free ... ok
[INFO] [stdout] 
[INFO] [stderr]      Running tests/coverage.rs (/opt/rustwide/target/debug/build/deon-check/0e811c2c7f4e3b04/out/coverage-0e811c2c7f4e3b04)
[INFO] [stdout] test result: ok. 5 passed; 0 failed; 0 ignored; 0 measured; 0 filtered out; finished in 0.01s
[INFO] [stdout] 
[INFO] [stdout] 
[INFO] [stdout] running 7 tests
[INFO] [stdout] test bundle_state_declarations_are_grounded ... ok
[INFO] [stdout] test claim_shapes_are_recognized_not_skipped ... ok
[INFO] [stdout] test uncovered_fixture_trips_both_rules ... ok
[INFO] [stdout] test unreadable_state_spaces_are_flagged ... ok
[INFO] [stdout] test state_space_bundle_grounds_itself ... ok
[INFO] [stdout] test seed_gap_is_flagged_as_expected ... ok
[INFO] [stdout] test coverage_is_silent_without_a_bundle ... ok
[INFO] [stdout] 
[INFO] [stdout] test result: ok. 7 passed; 0 failed; 0 ignored; 0 measured; 0 filtered out; finished in 0.01s
[INFO] [stdout] 
[INFO] [stderr]      Running tests/grounding.rs (/opt/rustwide/target/debug/build/deon-check/62b7f3c097185022/out/grounding-62b7f3c097185022)
[INFO] [stdout] 
[INFO] [stdout] running 4 tests
[INFO] [stdout] test judgment_input_is_grounded_by_source ... ok
[INFO] [stdout] test dangling_anchor_trips_only_under_okf ... ok
[INFO] [stdout] test ungrounded_fixture_trips_structural_rules ... ok
[INFO] [stderr]      Running tests/leaks.rs (/opt/rustwide/target/debug/build/deon-check/38211ea04f615465/out/leaks-38211ea04f615465)
[INFO] [stdout] test seed_norms_are_grounded ... ok
[INFO] [stdout] 
[INFO] [stdout] test result: ok. 4 passed; 0 failed; 0 ignored; 0 measured; 0 filtered out; finished in 0.01s
[INFO] [stdout] 
[INFO] [stdout] 
[INFO] [stdout] running 5 tests
[INFO] [stdout] test missing_frontmatter_is_an_error ... ok
[INFO] [stdout] test near_miss_forms_are_caught ... ok
[INFO] [stdout] test leaky_fixture_trips_each_rule_once ... ok
[INFO] [stdout] test seed_norms_are_clean ... ok
[INFO] [stdout] test removing_a_citation_cannot_silence_a_rule ... ok
[INFO] [stdout] 
[INFO] [stdout] test result: ok. 5 passed; 0 failed; 0 ignored; 0 measured; 0 filtered out; finished in 0.01s
[INFO] [stdout] 
[INFO] [stderr]      Running tests/regime.rs (/opt/rustwide/target/debug/build/deon-check/2002defbea16c75c/out/regime-2002defbea16c75c)
[INFO] [stdout] 
[INFO] [stdout] running 2 tests
[INFO] [stdout] test seed_norms_are_regime_coherent ... ok
[INFO] [stderr]      Running tests/termination.rs (/opt/rustwide/target/debug/build/deon-check/f96d180e79317992/out/termination-f96d180e79317992)
[INFO] [stdout] test wrong_regime_fixture_trips_both_rules ... ok
[INFO] [stdout] 
[INFO] [stdout] test result: ok. 2 passed; 0 failed; 0 ignored; 0 measured; 0 filtered out; finished in 0.01s
[INFO] [stdout] 
[INFO] [stdout] 
[INFO] [stdout] running 4 tests
[INFO] [stdout] test mixed_branch_forms_are_flagged ... ok
[INFO] [stdout] test unterminated_fixture_trips_seam_rules ... ok
[INFO] [stdout] test cases_form_terminates_and_is_reached ... ok
[INFO] [stdout] test seed_norms_terminate ... ok
[INFO] [stdout] 
[INFO] [stdout] test result: ok. 4 passed; 0 failed; 0 ignored; 0 measured; 0 filtered out; finished in 0.02s
[INFO] [stdout] 
[INFO] [stderr]      Running unittests src/lib.rs (/opt/rustwide/target/debug/build/okf-graph/2fc85bd10384c0b2/out/okf_graph-2fc85bd10384c0b2)
[INFO] [stdout] 
[INFO] [stdout] running 52 tests
[INFO] [stdout] test bundle::tests::resolution_normalises_absolute_and_relative_targets ... ok
[INFO] [stdout] test bundle::tests::a_non_concept_target_resolves_to_nothing ... ok
[INFO] [stdout] test check::tests::a_duplicate_code_is_rejected_rather_than_resolved ... ok
[INFO] [stdout] test bundle::tests::a_duplicate_concept_id_is_reported_and_the_first_file_wins ... ok
[INFO] [stdout] test check::tests::an_okf_code_cannot_be_reused ... ok
[INFO] [stdout] test finding::tests::every_rule_has_a_unique_code_and_a_title ... ok
[INFO] [stdout] test finding::tests::every_rule_round_trips_through_its_code ... ok
[INFO] [stdout] test finding::tests::display_locates_the_file_then_names_the_rule ... ok
[INFO] [stdout] test links::tests::a_fragment_on_a_path_stays_with_the_target ... ok
[INFO] [stdout] test links::tests::extracts_and_classifies_the_link_forms ... ok
[INFO] [stdout] test check::tests::a_check_registers_under_its_code ... ok
[INFO] [stdout] test links::tests::links_inside_a_fenced_code_block_are_ignored ... ok
[INFO] [stdout] test check::tests::the_default_level_is_defect ... ok
[INFO] [stdout] test links::tests::a_link_inside_an_inline_code_span_is_ignored ... ok
[INFO] [stdout] test links::tests::a_protocol_relative_target_is_external ... ok
[INFO] [stdout] test links::tests::resolves_the_reference_link_forms ... ok
[INFO] [stdout] test log::tests::a_date_inside_a_fence_is_not_a_heading ... ok
[INFO] [stdout] test log::tests::a_non_iso_heading_is_flagged ... ok
[INFO] [stdout] test policy::tests::the_default_level_is_the_severity ... ok
[INFO] [stdout] test log::tests::ascending_dates_are_out_of_order ... ok
[INFO] [stdout] test paths::tests::a_spaced_value_is_a_scope_descriptor_only_where_allowed ... ok
[INFO] [stdout] test log::tests::a_newest_first_iso_log_is_clean ... ok
[INFO] [stdout] test policy::tests::the_last_setting_wins ... ok
[INFO] [stdout] test provenance::tests::a_cycle_off_an_acyclic_prefix_is_found ... ok
[INFO] [stdout] test finding::tests::severity_splits_the_tolerated_report_from_the_defects ... ok
[INFO] [stdout] test finding::tests::a_code_reads_in_any_case_and_an_unknown_one_is_none ... ok
[INFO] [stdout] test links::tests::an_empty_target_and_an_unterminated_one_are_skipped ... ok
[INFO] [stdout] test provenance::tests::an_acyclic_graph_has_no_cycles ... ok
[INFO] [stdout] test provenance::tests::ancestors_terminate_through_a_cycle ... ok
[INFO] [stdout] test paths::tests::classifies_the_path_forms ... ok
[INFO] [stdout] test links::tests::a_definition_line_is_not_scanned_as_a_link ... ok
[INFO] [stdout] test links::tests::a_title_and_angle_brackets_are_stripped_from_the_target ... ok
[INFO] [stdout] test policy::tests::an_unset_rule_runs_at_its_default ... ok
[INFO] [stdout] test provenance::tests::a_two_cycle_and_a_self_loop_are_each_found_once ... ok
[INFO] [stdout] test paths::tests::resolves_bundle_and_relative_targets_keeping_the_extension ... ok
[INFO] [stdout] test policy::tests::a_set_rule_moves_and_its_neighbours_do_not ... ok
[INFO] [stdout] test provenance::tests::a_shared_ancestor_is_listed_once ... ok
[INFO] [stdout] test links::tests::an_undefined_reference_and_a_footnote_are_not_links ... ok
[INFO] [stdout] test provenance::tests::ancestors_follow_a_chain_transitively ... ok
[INFO] [stdout] test timestamp::tests::a_fraction_is_read_to_nanoseconds_and_truncated_there ... ok
[INFO] [stdout] test timestamp::tests::a_leap_second_parses_and_lands_on_the_following_minute ... ok
[INFO] [stdout] test timestamp::tests::a_week_date_is_rejected_rather_than_ordered_wrongly ... ok
[INFO] [stdout] test timestamp::tests::an_offset_is_normalized_away_so_one_instant_has_one_value ... ok
[INFO] [stdout] test timestamp::tests::display_is_utc_with_a_trimmed_fraction ... ok
[INFO] [stdout] test timestamp::tests::the_forms_rfc_3339_excludes_are_rejected ... ok
[INFO] [stdout] test timestamp::tests::ordering_follows_the_instant_not_the_text ... ok
[INFO] [stdout] test timestamp::tests::display_lands_where_date_puts_the_day ... ok
[INFO] [stdout] test timestamp::tests::the_case_insensitive_literals_parse ... ok
[INFO] [stdout] test timestamp::tests::a_date_that_no_calendar_has_is_rejected ... ok
[INFO] [stdout] test timestamp::tests::the_epoch_and_two_later_instants_land_where_date_puts_them ... ok
[INFO] [stdout] test timestamp::tests::now_is_this_century ... ok
[INFO] [stderr]      Running unittests src/main.rs (/opt/rustwide/target/debug/build/okf-graph/a178039d915b01b6/out/okf_graph-a178039d915b01b6)
[INFO] [stdout] test timestamp::tests::display_and_parse_invert_each_other ... ok
[INFO] [stdout] 
[INFO] [stdout] test result: ok. 52 passed; 0 failed; 0 ignored; 0 measured; 0 filtered out; finished in 0.47s
[INFO] [stdout] 
[INFO] [stderr]      Running tests/bundle.rs (/opt/rustwide/target/debug/build/okf-graph/d355f63847584d91/out/bundle-d355f63847584d91)
[INFO] [stdout] 
[INFO] [stdout] running 0 tests
[INFO] [stdout] 
[INFO] [stdout] test result: ok. 0 passed; 0 failed; 0 ignored; 0 measured; 0 filtered out; finished in 0.00s
[INFO] [stdout] 
[INFO] [stdout] 
[INFO] [stdout] running 45 tests
[INFO] [stdout] test a_date_without_a_time_is_malformed_and_says_so ... ok
[INFO] [stdout] test a_dangling_log_entry_is_a_report ... ok
[INFO] [stdout] test a_dangling_path_valued_field_is_a_report ... ok
[INFO] [stdout] test a_derivation_cycle_is_reported ... ok
[INFO] [stdout] test a_dangling_link_is_reported_as_a_report_not_a_defect ... ok
[INFO] [stdout] test a_loaded_concept_keeps_its_frontmatter_and_body ... ok
[INFO] [stdout] test a_malformed_actor_is_reported ... ok
[INFO] [stdout] test a_directory_symlink_cycle_does_not_multiply_the_bundle ... ok
[INFO] [stdout] test a_malformed_date_is_a_defect_in_stale_after_and_a_report_in_a_signal ... ok
[INFO] [stdout] test a_malformed_parameter_is_reported ... ok
[INFO] [stdout] test a_non_iso_log_date_is_a_defect ... ok
[INFO] [stdout] test a_derivation_chain_builds_edges_and_propagates ... ok
[INFO] [stdout] test a_valid_attested_computation_reports_nothing ... ok
[INFO] [stdout] test a_path_field_naming_a_symlink_still_resolves ... ok
[INFO] [stdout] test a_non_rfc_3339_timestamp_is_reported ... ok
[INFO] [stdout] test a_clean_bundle_reports_nothing ... ok
[INFO] [stdout] test a_reference_style_link_becomes_an_edge ... ok
[INFO] [stdout] test allowing_a_rule_hides_it_from_findings_at_only ... ok
[INFO] [stdout] test a_dangling_index_entry_is_a_report ... ok
[INFO] [stdout] test an_attested_computation_with_neither_source_is_reported ... ok
[INFO] [stdout] test an_attested_computation_with_both_sources_is_reported ... ok
[INFO] [stdout] test a_source_without_resource_is_reported ... ok
[INFO] [stdout] test a_valid_index_reports_nothing ... ok
[INFO] [stdout] test a_concept_past_its_stale_after_is_reported_as_of_that_instant ... ok
[INFO] [stdout] test an_attested_computation_without_runtime_is_reported ... ok
[INFO] [stdout] test a_valid_log_reports_nothing ... ok
[INFO] [stdout] test a_symlinked_markdown_file_is_not_a_second_concept ... ok
[INFO] [stdout] test an_empty_computation_section_is_a_defect ... ok
[INFO] [stdout] test an_incomplete_attestation_is_reported ... ok
[INFO] [stdout] test a_typeless_concept_is_loaded_but_reported ... ok
[INFO] [stdout] test an_index_with_illegal_frontmatter_is_a_defect ... ok
[INFO] [stdout] test an_out_of_order_log_is_a_report ... ok
[INFO] [stdout] test an_unparseable_file_is_not_a_concept_and_is_reported ... ok
[INFO] [stdout] test children_attach_to_their_nearest_concept_ancestor ... ok
[INFO] [stdout] test denying_a_rule_fails_the_run_without_touching_the_spec_severity ... ok
[INFO] [stdout] test an_unreadable_stale_after_is_a_defect_not_a_staleness_verdict ... ok
[INFO] [stdout] test an_invalid_status_is_reported ... ok
[INFO] [stdout] test warning_a_defect_down_keeps_it_visible_and_passes ... ok
[INFO] [stdout] test parent_is_the_nearest_concept_ancestor ... ok
[INFO] [stdout] test the_default_policy_is_the_spec_verdict ... ok
[INFO] [stdout] test the_stale_after_instant_is_itself_stale_and_the_second_before_is_not ... ok
[INFO] [stdout] test resolved_body_links_become_edges ... ok
[INFO] [stdout] test generated_without_by_is_reported ... ok
[INFO] [stdout] test loads_concepts_by_id_and_excludes_reserved_files ... ok
[INFO] [stdout] test resolving_path_valued_fields_report_nothing ... ok
[INFO] [stdout] 
[INFO] [stdout] test result: ok. 45 passed; 0 failed; 0 ignored; 0 measured; 0 filtered out; finished in 0.02s
[INFO] [stdout] 
[INFO] [stderr]      Running tests/check.rs (/opt/rustwide/target/debug/build/okf-graph/0a93916110127882/out/check-0a93916110127882)
[INFO] [stdout] 
[INFO] [stdout] running 9 tests
[INFO] [stdout] test no_concepts_means_no_caller_findings ... ok
[INFO] [stdout] test unmatched_reports_codes_no_check_registers ... ok
[INFO] [stdout] test a_caller_finding_has_no_severity_but_does_have_a_level ... ok
[INFO] [stdout] test a_caller_rule_fires_on_a_bundle_the_spec_calls_clean ... ok
[INFO] [stdout] test the_two_kinds_of_finding_print_differently ... ok
[INFO] [stdout] test a_caller_rule_can_be_denied_warned_or_allowed ... ok
[INFO] [stdout] test a_checks_default_level_seeds_the_policy ... ok
[INFO] [stdout] test a_code_collision_is_refused_at_registration ... ok
[INFO] [stdout] test an_unseeded_caller_rule_defaults_to_defect ... ok
[INFO] [stdout] 
[INFO] [stdout] test result: ok. 9 passed; 0 failed; 0 ignored; 0 measured; 0 filtered out; finished in 0.00s
[INFO] [stdout] 
[INFO] [stderr]      Running tests/cli.rs (/opt/rustwide/target/debug/build/okf-graph/b552c9334bc67570/out/cli-b552c9334bc67570)
[INFO] [stdout] 
[INFO] [stdout] running 24 tests
[INFO] [stdout] test allowing_a_rule_silences_it_and_the_summary_says_so ... ok
[INFO] [stdout] test a_bundle_with_defects_exits_one_and_prints_findings ... ok
[INFO] [stdout] test a_code_reads_in_any_case_and_the_last_setting_wins ... ok
[INFO] [stdout] test a_clean_bundle_exits_zero ... ok
[INFO] [stdout] test a_rule_code_with_an_interior_dash_still_works ... ok
[INFO] [stdout] test an_empty_bundle_path_is_rejected_and_says_why ... ok
[INFO] [stdout] test a_bundle_with_no_concepts_exits_two ... ok
[INFO] [stdout] test no_arguments_exits_two ... ok
[INFO] [stdout] test denying_staleness_fails_the_run ... ok
[INFO] [stdout] test quiet_suppresses_the_version_too ... ok
[INFO] [stdout] test denying_a_report_turns_a_passing_run_into_a_failing_one ... ok
[INFO] [stdout] test a_missing_path_exits_two ... ok
[INFO] [stdout] test allow_empty_accepts_a_bundle_with_no_concepts ... ok
[INFO] [stdout] test a_flag_argument_that_looks_like_an_option_is_rejected ... ok
[INFO] [stdout] test reserved_files_alone_are_still_an_empty_bundle ... ok
[INFO] [stdout] test a_malformed_as_of_exits_two ... ok
[INFO] [stdout] test as_of_pins_the_instant_staleness_is_read_against ... ok
[INFO] [stdout] test an_unknown_rule_code_exits_two ... ok
[INFO] [stdout] test the_end_of_options_marker_is_declined_by_name ... ok
[INFO] [stdout] test an_unrecognised_flag_is_rejected_rather_than_read_as_a_path ... ok
[INFO] [stdout] test warning_a_defect_down_prints_it_and_exits_zero ... ok
[INFO] [stdout] test a_path_starting_with_a_dash_is_reachable_through_dot_slash ... ok
[INFO] [stdout] test the_summary_names_the_version_that_produced_it ... ok
[INFO] [stdout] test version_prints_the_crate_version_and_exits_zero ... ok
[INFO] [stdout] 
[INFO] [stdout] test result: ok. 24 passed; 0 failed; 0 ignored; 0 measured; 0 filtered out; finished in 0.03s
[INFO] [stdout] 
[INFO] [stderr]      Running tests/concept.rs (/opt/rustwide/target/debug/build/okf-graph/8a14916630cdde37/out/concept-8a14916630cdde37)
[INFO] [stdout] 
[INFO] [stdout] running 32 tests
[INFO] [stdout] test a_file_with_no_frontmatter_is_rejected ... ok
[INFO] [stdout] test a_document_missing_the_required_type_still_parses ... ok
[INFO] [stdout] test absent_lifecycle_fields_are_none ... ok
[INFO] [stdout] test an_empty_computation_section_is_detected ... ok
[INFO] [stdout] test a_numeric_at_reads_back_as_written ... ok
[INFO] [stdout] test a_v0_1_timestamp_still_reads ... ok
[INFO] [stdout] test an_unclosed_fence_is_rejected ... ok
[INFO] [stdout] test a_malformed_executor_receipt_is_reachable_from_outside ... ok
[INFO] [stdout] test a_horizontal_rule_in_the_body_is_body ... ok
[INFO] [stdout] test a_bare_verified_mapping_counts_as_one ... ok
[INFO] [stdout] test an_absent_field_is_absent ... ok
[INFO] [stdout] test an_empty_frontmatter_block_declares_nothing ... ok
[INFO] [stdout] test a_field_of_the_wrong_shape_reads_as_absent ... ok
[INFO] [stdout] test declares_tells_absent_from_present_but_unreadable ... ok
[INFO] [stdout] test detects_the_computation_section_fenced_or_indented ... ok
[INFO] [stdout] test reads_sources_and_the_shared_usage_window ... ok
[INFO] [stdout] test a_tag_list_with_a_non_string_reads_as_absent ... ok
[INFO] [stdout] test a_collection_has_no_scalar_and_declares_is_what_finds_it ... ok
[INFO] [stdout] test a_document_with_no_body_has_an_empty_body ... ok
[INFO] [stdout] test an_explicit_null_reads_as_an_empty_scalar ... ok
[INFO] [stdout] test an_unrecognised_status_reads_as_none ... ok
[INFO] [stdout] test scalar_separates_an_unmodelled_stage_from_an_unreadable_value ... ok
[INFO] [stdout] test crlf_line_endings_split_the_same_way ... ok
[INFO] [stdout] test an_unread_family_survives_in_the_block ... ok
[INFO] [stdout] test the_body_is_everything_after_the_closing_fence ... ok
[INFO] [stdout] test reads_the_attested_computation_contract ... ok
[INFO] [stdout] test unparseable_frontmatter_is_rejected ... ok
[INFO] [stdout] test extension_keys_are_preserved ... ok
[INFO] [stdout] test frontmatter_that_is_not_a_mapping_is_rejected ... ok
[INFO] [stdout] test reads_every_field_the_spec_names ... ok
[INFO] [stdout] test reads_generated_and_a_verified_list ... ok
[INFO] [stdout] test reads_lifecycle_status_and_stale_after ... ok
[INFO] [stdout] 
[INFO] [stdout] test result: ok. 32 passed; 0 failed; 0 ignored; 0 measured; 0 filtered out; finished in 0.01s
[INFO] [stdout] 
[INFO] [stderr]      Running tests/sealed.rs (/opt/rustwide/target/debug/build/okf-graph/623b4c81aa01c6af/out/sealed-623b4c81aa01c6af)
[INFO] [stdout] 
[INFO] [stdout] running 4 tests
[INFO] [stdout] test a_wildcard_match_and_field_reads_compile ... FAILED
[INFO] [stdout] test building_a_family_with_a_struct_literal_is_rejected_downstream ... FAILED
[INFO] [stdout] test matching_both_severities_still_compiles_downstream ... FAILED
[INFO] [stdout] test matching_every_rule_variant_is_rejected_downstream ... FAILED
[INFO] [stdout] 
[INFO] [stdout] failures:
[INFO] [stdout] 
[INFO] [stdout] ---- a_wildcard_match_and_field_reads_compile stdout ----
[INFO] [stdout] 
[INFO] [stdout] thread 'a_wildcard_match_and_field_reads_compile' (934) panicked at crates/okf-graph/tests/sealed.rs:98:17:
[INFO] [stdout] okf-graph was built before its tests
[INFO] [stdout] stack backtrace:
[INFO] [stdout]    0:     0x62089c730941 - std[617be2ca0a6fd877]::backtrace_rs::backtrace::libunwind::trace
[INFO] [stdout]                                at /rustc/e3feeb59cd1bdd011a2bfcc0747b55125d9b8527/library/std/src/../../backtrace/src/backtrace/libunwind.rs:117:9
[INFO] [stdout]    1:     0x62089c730941 - std[617be2ca0a6fd877]::backtrace_rs::backtrace::trace_unsynchronized::<std[617be2ca0a6fd877]::sys::backtrace::_print_fmt::{closure#1}>
[INFO] [stdout]                                at /rustc/e3feeb59cd1bdd011a2bfcc0747b55125d9b8527/library/std/src/../../backtrace/src/backtrace/mod.rs:66:14
[INFO] [stdout]    2:     0x62089c730941 - std[617be2ca0a6fd877]::sys::backtrace::_print_fmt
[INFO] [stdout]                                at /rustc/e3feeb59cd1bdd011a2bfcc0747b55125d9b8527/library/std/src/sys/backtrace.rs:74:9
[INFO] [stdout]    3:     0x62089c730941 - <<std[617be2ca0a6fd877]::sys::backtrace::BacktraceLock>::print::DisplayBacktrace as core[a373ad73a504971]::fmt::Display>::fmt
[INFO] [stdout]                                at /rustc/e3feeb59cd1bdd011a2bfcc0747b55125d9b8527/library/std/src/sys/backtrace.rs:44:26
[INFO] [stdout]    4:     0x62089c744baa - <core[a373ad73a504971]::fmt::rt::Argument>::fmt
[INFO] [stdout]                                at /rustc/e3feeb59cd1bdd011a2bfcc0747b55125d9b8527/library/core/src/fmt/rt.rs:152:76
[INFO] [stdout]    5:     0x62089c744baa - core[a373ad73a504971]::fmt::write
[INFO] [stdout]    6:     0x62089c734e4c - core[a373ad73a504971]::io::write::default_write_fmt::<alloc[2e1b2a31b91974c5]::vec::Vec<u8>>
[INFO] [stdout]                                at /rustc/e3feeb59cd1bdd011a2bfcc0747b55125d9b8527/library/core/src/io/write.rs:402:11
[INFO] [stdout]    7:     0x62089c734e4c - <alloc[2e1b2a31b91974c5]::vec::Vec<u8> as core[a373ad73a504971]::io::write::Write>::write_fmt
[INFO] [stdout]                                at /rustc/e3feeb59cd1bdd011a2bfcc0747b55125d9b8527/library/core/src/io/write.rs:335:13
[INFO] [stdout]    8:     0x62089c70c0f6 - <std[617be2ca0a6fd877]::sys::backtrace::BacktraceLock>::print
[INFO] [stdout]                                at /rustc/e3feeb59cd1bdd011a2bfcc0747b55125d9b8527/library/std/src/sys/backtrace.rs:47:9
[INFO] [stdout]    9:     0x62089c70c0f6 - std[617be2ca0a6fd877]::panicking::default_hook::{closure#0}
[INFO] [stdout]                                at /rustc/e3feeb59cd1bdd011a2bfcc0747b55125d9b8527/library/std/src/panicking.rs:289:27
[INFO] [stdout]   10:     0x62089c728be9 - std[617be2ca0a6fd877]::panicking::default_hook
[INFO] [stdout]                                at /rustc/e3feeb59cd1bdd011a2bfcc0747b55125d9b8527/library/std/src/panicking.rs:313:9
[INFO] [stdout]   11:     0x62089c6c48d0 - <alloc[2e1b2a31b91974c5]::boxed::Box<dyn for<'a, 'b> core[a373ad73a504971]::ops::function::Fn<(&'a std[617be2ca0a6fd877]::panic::PanicHookInfo<'b>,), Output = ()> + core[a373ad73a504971]::marker::Sync + core[a373ad73a504971]::marker::Send> as core[a373ad73a504971]::ops::function::Fn<(&std[617be2ca0a6fd877]::panic::PanicHookInfo,)>>::call
[INFO] [stdout]                                at /rustc/e3feeb59cd1bdd011a2bfcc0747b55125d9b8527/library/alloc/src/boxed.rs:2328:9
[INFO] [stdout]   12:     0x62089c6c48d0 - test[aada8e7e76ba119b]::test_main_inner::{closure#0}
[INFO] [stdout]                                at /rustc/e3feeb59cd1bdd011a2bfcc0747b55125d9b8527/library/test/src/lib.rs:137:21
[INFO] [stdout]   13:     0x62089c728da2 - <alloc[2e1b2a31b91974c5]::boxed::Box<dyn for<'a, 'b> core[a373ad73a504971]::ops::function::Fn<(&'a std[617be2ca0a6fd877]::panic::PanicHookInfo<'b>,), Output = ()> + core[a373ad73a504971]::marker::Sync + core[a373ad73a504971]::marker::Send> as core[a373ad73a504971]::ops::function::Fn<(&std[617be2ca0a6fd877]::panic::PanicHookInfo,)>>::call
[INFO] [stdout]                                at /rustc/e3feeb59cd1bdd011a2bfcc0747b55125d9b8527/library/alloc/src/boxed.rs:2328:9
[INFO] [stdout]   14:     0x62089c728da2 - std[617be2ca0a6fd877]::panicking::panic_with_hook
[INFO] [stdout]                                at /rustc/e3feeb59cd1bdd011a2bfcc0747b55125d9b8527/library/std/src/panicking.rs:819:13
[INFO] [stdout]   15:     0x62089c70c1a2 - std[617be2ca0a6fd877]::panicking::panic_handler::{closure#0}
[INFO] [stdout]                                at /rustc/e3feeb59cd1bdd011a2bfcc0747b55125d9b8527/library/std/src/panicking.rs:685:13
[INFO] [stdout]   16:     0x62089c704e19 - std[617be2ca0a6fd877]::sys::backtrace::__rust_end_short_backtrace::<std[617be2ca0a6fd877]::panicking::panic_handler::{closure#0}, !>
[INFO] [stdout]                                at /rustc/e3feeb59cd1bdd011a2bfcc0747b55125d9b8527/library/std/src/sys/backtrace.rs:182:18
[INFO] [stdout]   17:     0x62089c70cdad - __rustc[ea4f61d10b84890b]::rust_begin_unwind
[INFO] [stdout]                                at /rustc/e3feeb59cd1bdd011a2bfcc0747b55125d9b8527/library/std/src/panicking.rs:676:5
[INFO] [stdout]   18:     0x62089c7452dc - core[a373ad73a504971]::panicking::panic_fmt
[INFO] [stdout]                                at /rustc/e3feeb59cd1bdd011a2bfcc0747b55125d9b8527/library/core/src/panicking.rs:80:14
[INFO] [stdout]   19:     0x62089c745034 - core[a373ad73a504971]::panicking::panic_display::<&str>
[INFO] [stdout]                                at /rustc/e3feeb59cd1bdd011a2bfcc0747b55125d9b8527/library/core/src/panicking.rs:259:5
[INFO] [stdout]   20:     0x62089c745034 - core[a373ad73a504971]::option::expect_failed
[INFO] [stdout]                                at /rustc/e3feeb59cd1bdd011a2bfcc0747b55125d9b8527/library/core/src/option.rs:2262:5
[INFO] [stdout]   21:     0x62089c6abc87 - <core[a373ad73a504971]::option::Option<(std[617be2ca0a6fd877]::time::SystemTime, std[617be2ca0a6fd877]::path::PathBuf)>>::expect
[INFO] [stdout]                                at /rustc/e3feeb59cd1bdd011a2bfcc0747b55125d9b8527/library/core/src/option.rs:971:21
[INFO] [stdout]   22:     0x62089c6b2ad1 - sealed[d5426f4d14b47a40]::rlib
[INFO] [stdout]                                at /opt/rustwide/workdir/crates/okf-graph/tests/sealed.rs:98:17
[INFO] [stdout]   23:     0x62089c6b3046 - sealed[d5426f4d14b47a40]::compile
[INFO] [stdout]                                at /opt/rustwide/workdir/crates/okf-graph/tests/sealed.rs:66:38
[INFO] [stdout]   24:     0x62089c6b351a - sealed[d5426f4d14b47a40]::a_wildcard_match_and_field_reads_compile
[INFO] [stdout]                                at /opt/rustwide/workdir/crates/okf-graph/tests/sealed.rs:105:18
[INFO] [stdout]   25:     0x62089c6b2357 - sealed[d5426f4d14b47a40]::a_wildcard_match_and_field_reads_compile::{closure#0}
[INFO] [stdout]                                at /opt/rustwide/workdir/crates/okf-graph/tests/sealed.rs:104:46
[INFO] [stdout]   26:     0x62089c6b7b66 - <sealed[d5426f4d14b47a40]::a_wildcard_match_and_field_reads_compile::{closure#0} as core[a373ad73a504971]::ops::function::FnOnce<()>>::call_once
[INFO] [stdout]                                at /rustc/e3feeb59cd1bdd011a2bfcc0747b55125d9b8527/library/core/src/ops/function.rs:250:5
[INFO] [stdout]   27:     0x62089c6b7d1b - <fn() -> core[a373ad73a504971]::result::Result<(), alloc[2e1b2a31b91974c5]::string::String> as core[a373ad73a504971]::ops::function::FnOnce<()>>::call_once
[INFO] [stdout]                                at /rustc/e3feeb59cd1bdd011a2bfcc0747b55125d9b8527/library/core/src/ops/function.rs:250:5
[INFO] [stdout]   28:     0x62089c6b7d1b - test[aada8e7e76ba119b]::__rust_begin_short_backtrace::<core[a373ad73a504971]::result::Result<(), alloc[2e1b2a31b91974c5]::string::String>, fn() -> core[a373ad73a504971]::result::Result<(), alloc[2e1b2a31b91974c5]::string::String>>
[INFO] [stdout]                                at /rustc/e3feeb59cd1bdd011a2bfcc0747b55125d9b8527/library/test/src/lib.rs:701:18
[INFO] [stdout]   29:     0x62089c6c4ef5 - test[aada8e7e76ba119b]::run_test_in_process::{closure#0}
[INFO] [stdout]                                at /rustc/e3feeb59cd1bdd011a2bfcc0747b55125d9b8527/library/test/src/lib.rs:724:74
[INFO] [stdout]   30:     0x62089c6c4ef5 - <core[a373ad73a504971]::panic::unwind_safe::AssertUnwindSafe<test[aada8e7e76ba119b]::run_test_in_process::{closure#0}> as core[a373ad73a504971]::ops::function::FnOnce<()>>::call_once
[INFO] [stdout]                                at /rustc/e3feeb59cd1bdd011a2bfcc0747b55125d9b8527/library/core/src/panic/unwind_safe.rs:275:9
[INFO] [stdout]   31:     0x62089c6c4ef5 - std[617be2ca0a6fd877]::panicking::catch_unwind::do_call::<core[a373ad73a504971]::panic::unwind_safe::AssertUnwindSafe<test[aada8e7e76ba119b]::run_test_in_process::{closure#0}>, core[a373ad73a504971]::result::Result<(), alloc[2e1b2a31b91974c5]::string::String>>
[INFO] [stdout]                                at /rustc/e3feeb59cd1bdd011a2bfcc0747b55125d9b8527/library/std/src/panicking.rs:573:43
[INFO] [stdout]   32:     0x62089c6c4ef5 - std[617be2ca0a6fd877]::panicking::catch_unwind::<core[a373ad73a504971]::result::Result<(), alloc[2e1b2a31b91974c5]::string::String>, core[a373ad73a504971]::panic::unwind_safe::AssertUnwindSafe<test[aada8e7e76ba119b]::run_test_in_process::{closure#0}>>
[INFO] [stdout]                                at /rustc/e3feeb59cd1bdd011a2bfcc0747b55125d9b8527/library/std/src/panicking.rs:541:19
[INFO] [stdout]   33:     0x62089c6c4ef5 - std[617be2ca0a6fd877]::panic::catch_unwind::<core[a373ad73a504971]::panic::unwind_safe::AssertUnwindSafe<test[aada8e7e76ba119b]::run_test_in_process::{closure#0}>, core[a373ad73a504971]::result::Result<(), alloc[2e1b2a31b91974c5]::string::String>>
[INFO] [stdout]                                at /rustc/e3feeb59cd1bdd011a2bfcc0747b55125d9b8527/library/std/src/panic.rs:359:14
[INFO] [stdout]   34:     0x62089c6c4ef5 - test[aada8e7e76ba119b]::run_test_in_process
[INFO] [stdout]                                at /rustc/e3feeb59cd1bdd011a2bfcc0747b55125d9b8527/library/test/src/lib.rs:724:27
[INFO] [stdout]   35:     0x62089c6c4ef5 - test[aada8e7e76ba119b]::run_test::{closure#0}
[INFO] [stdout]                                at /rustc/e3feeb59cd1bdd011a2bfcc0747b55125d9b8527/library/test/src/lib.rs:645:43
[INFO] [stdout]   36:     0x62089c6be7e4 - test[aada8e7e76ba119b]::run_test::{closure#1}
[INFO] [stdout]                                at /rustc/e3feeb59cd1bdd011a2bfcc0747b55125d9b8527/library/test/src/lib.rs:675:41
[INFO] [stdout]   37:     0x62089c6be7e4 - std[617be2ca0a6fd877]::sys::backtrace::__rust_begin_short_backtrace::<test[aada8e7e76ba119b]::run_test::{closure#1}, ()>
[INFO] [stdout]                                at /rustc/e3feeb59cd1bdd011a2bfcc0747b55125d9b8527/library/std/src/sys/backtrace.rs:166:18
[INFO] [stdout]   38:     0x62089c6c7f82 - std[617be2ca0a6fd877]::thread::lifecycle::spawn_unchecked::<test[aada8e7e76ba119b]::run_test::{closure#1}, ()>::{closure#1}::{closure#0}
[INFO] [stdout]                                at /rustc/e3feeb59cd1bdd011a2bfcc0747b55125d9b8527/library/std/src/thread/lifecycle.rs:70:13
[INFO] [stdout]   39:     0x62089c6c7f82 - <core[a373ad73a504971]::panic::unwind_safe::AssertUnwindSafe<std[617be2ca0a6fd877]::thread::lifecycle::spawn_unchecked<test[aada8e7e76ba119b]::run_test::{closure#1}, ()>::{closure#1}::{closure#0}> as core[a373ad73a504971]::ops::function::FnOnce<()>>::call_once
[INFO] [stdout]                                at /rustc/e3feeb59cd1bdd011a2bfcc0747b55125d9b8527/library/core/src/panic/unwind_safe.rs:275:9
[INFO] [stdout]   40:     0x62089c6c7f82 - std[617be2ca0a6fd877]::panicking::catch_unwind::do_call::<core[a373ad73a504971]::panic::unwind_safe::AssertUnwindSafe<std[617be2ca0a6fd877]::thread::lifecycle::spawn_unchecked<test[aada8e7e76ba119b]::run_test::{closure#1}, ()>::{closure#1}::{closure#0}>, ()>
[INFO] [stdout]                                at /rustc/e3feeb59cd1bdd011a2bfcc0747b55125d9b8527/library/std/src/panicking.rs:573:43
[INFO] [stdout]   41:     0x62089c6c7f82 - std[617be2ca0a6fd877]::panicking::catch_unwind::<(), core[a373ad73a504971]::panic::unwind_safe::AssertUnwindSafe<std[617be2ca0a6fd877]::thread::lifecycle::spawn_unchecked<test[aada8e7e76ba119b]::run_test::{closure#1}, ()>::{closure#1}::{closure#0}>>
[INFO] [stdout]                                at /rustc/e3feeb59cd1bdd011a2bfcc0747b55125d9b8527/library/std/src/panicking.rs:541:19
[INFO] [stdout]   42:     0x62089c6c7f82 - std[617be2ca0a6fd877]::panic::catch_unwind::<core[a373ad73a504971]::panic::unwind_safe::AssertUnwindSafe<std[617be2ca0a6fd877]::thread::lifecycle::spawn_unchecked<test[aada8e7e76ba119b]::run_test::{closure#1}, ()>::{closure#1}::{closure#0}>, ()>
[INFO] [stdout]                                at /rustc/e3feeb59cd1bdd011a2bfcc0747b55125d9b8527/library/std/src/panic.rs:359:14
[INFO] [stdout]   43:     0x62089c6c7f82 - std[617be2ca0a6fd877]::thread::lifecycle::spawn_unchecked::<test[aada8e7e76ba119b]::run_test::{closure#1}, ()>::{closure#1}
[INFO] [stdout]                                at /rustc/e3feeb59cd1bdd011a2bfcc0747b55125d9b8527/library/std/src/thread/lifecycle.rs:68:26
[INFO] [stdout]   44:     0x62089c6c7f82 - <std[617be2ca0a6fd877]::thread::lifecycle::spawn_unchecked<test[aada8e7e76ba119b]::run_test::{closure#1}, ()>::{closure#1} as core[a373ad73a504971]::ops::function::FnOnce<()>>::call_once::{shim:vtable#0}
[INFO] [stdout]                                at /rustc/e3feeb59cd1bdd011a2bfcc0747b55125d9b8527/library/core/src/ops/function.rs:250:5
[INFO] [stdout]   45:     0x62089c72ffbf - <alloc[2e1b2a31b91974c5]::boxed::Box<dyn core[a373ad73a504971]::ops::function::FnOnce<(), Output = ()> + core[a373ad73a504971]::marker::Send> as core[a373ad73a504971]::ops::function::FnOnce<()>>::call_once
[INFO] [stdout]                                at /rustc/e3feeb59cd1bdd011a2bfcc0747b55125d9b8527/library/alloc/src/boxed.rs:2314:9
[INFO] [stdout]   46:     0x62089c72ffbf - <std[617be2ca0a6fd877]::sys::thread::unix::Thread>::new::thread_start
[INFO] [stdout]                                at /rustc/e3feeb59cd1bdd011a2bfcc0747b55125d9b8527/library/std/src/sys/thread/unix.rs:127:17
[INFO] [stdout]   47:     0x7e3eaee80dfa - <unknown>
[INFO] [stdout]   48:     0x7e3eaef143d4 - clone
[INFO] [stdout]   49:                0x0 - <unknown>
[INFO] [stdout] 
[INFO] [stdout] ---- building_a_family_with_a_struct_literal_is_rejected_downstream stdout ----
[INFO] [stdout] 
[INFO] [stdout] thread 'building_a_family_with_a_struct_literal_is_rejected_downstream' (935) panicked at crates/okf-graph/tests/sealed.rs:98:17:
[INFO] [stdout] okf-graph was built before its tests
[INFO] [stdout] stack backtrace:
[INFO] [stdout]    0:     0x62089c730941 - std[617be2ca0a6fd877]::backtrace_rs::backtrace::libunwind::trace
[INFO] [stdout]                                at /rustc/e3feeb59cd1bdd011a2bfcc0747b55125d9b8527/library/std/src/../../backtrace/src/backtrace/libunwind.rs:117:9
[INFO] [stdout]    1:     0x62089c730941 - std[617be2ca0a6fd877]::backtrace_rs::backtrace::trace_unsynchronized::<std[617be2ca0a6fd877]::sys::backtrace::_print_fmt::{closure#1}>
[INFO] [stdout]                                at /rustc/e3feeb59cd1bdd011a2bfcc0747b55125d9b8527/library/std/src/../../backtrace/src/backtrace/mod.rs:66:14
[INFO] [stdout]    2:     0x62089c730941 - std[617be2ca0a6fd877]::sys::backtrace::_print_fmt
[INFO] [stdout]                                at /rustc/e3feeb59cd1bdd011a2bfcc0747b55125d9b8527/library/std/src/sys/backtrace.rs:74:9
[INFO] [stdout]    3:     0x62089c730941 - <<std[617be2ca0a6fd877]::sys::backtrace::BacktraceLock>::print::DisplayBacktrace as core[a373ad73a504971]::fmt::Display>::fmt
[INFO] [stdout]                                at /rustc/e3feeb59cd1bdd011a2bfcc0747b55125d9b8527/library/std/src/sys/backtrace.rs:44:26
[INFO] [stdout]    4:     0x62089c744baa - <core[a373ad73a504971]::fmt::rt::Argument>::fmt
[INFO] [stdout]                                at /rustc/e3feeb59cd1bdd011a2bfcc0747b55125d9b8527/library/core/src/fmt/rt.rs:152:76
[INFO] [stdout]    5:     0x62089c744baa - core[a373ad73a504971]::fmt::write
[INFO] [stdout]    6:     0x62089c734e4c - core[a373ad73a504971]::io::write::default_write_fmt::<alloc[2e1b2a31b91974c5]::vec::Vec<u8>>
[INFO] [stdout]                                at /rustc/e3feeb59cd1bdd011a2bfcc0747b55125d9b8527/library/core/src/io/write.rs:402:11
[INFO] [stdout]    7:     0x62089c734e4c - <alloc[2e1b2a31b91974c5]::vec::Vec<u8> as core[a373ad73a504971]::io::write::Write>::write_fmt
[INFO] [stdout]                                at /rustc/e3feeb59cd1bdd011a2bfcc0747b55125d9b8527/library/core/src/io/write.rs:335:13
[INFO] [stdout]    8:     0x62089c70c0f6 - <std[617be2ca0a6fd877]::sys::backtrace::BacktraceLock>::print
[INFO] [stdout]                                at /rustc/e3feeb59cd1bdd011a2bfcc0747b55125d9b8527/library/std/src/sys/backtrace.rs:47:9
[INFO] [stdout]    9:     0x62089c70c0f6 - std[617be2ca0a6fd877]::panicking::default_hook::{closure#0}
[INFO] [stdout]                                at /rustc/e3feeb59cd1bdd011a2bfcc0747b55125d9b8527/library/std/src/panicking.rs:289:27
[INFO] [stdout]   10:     0x62089c728be9 - std[617be2ca0a6fd877]::panicking::default_hook
[INFO] [stdout]                                at /rustc/e3feeb59cd1bdd011a2bfcc0747b55125d9b8527/library/std/src/panicking.rs:313:9
[INFO] [stdout]   11:     0x62089c6c48d0 - <alloc[2e1b2a31b91974c5]::boxed::Box<dyn for<'a, 'b> core[a373ad73a504971]::ops::function::Fn<(&'a std[617be2ca0a6fd877]::panic::PanicHookInfo<'b>,), Output = ()> + core[a373ad73a504971]::marker::Sync + core[a373ad73a504971]::marker::Send> as core[a373ad73a504971]::ops::function::Fn<(&std[617be2ca0a6fd877]::panic::PanicHookInfo,)>>::call
[INFO] [stdout]                                at /rustc/e3feeb59cd1bdd011a2bfcc0747b55125d9b8527/library/alloc/src/boxed.rs:2328:9
[INFO] [stdout]   12:     0x62089c6c48d0 - test[aada8e7e76ba119b]::test_main_inner::{closure#0}
[INFO] [stdout]                                at /rustc/e3feeb59cd1bdd011a2bfcc0747b55125d9b8527/library/test/src/lib.rs:137:21
[INFO] [stdout]   13:     0x62089c728da2 - <alloc[2e1b2a31b91974c5]::boxed::Box<dyn for<'a, 'b> core[a373ad73a504971]::ops::function::Fn<(&'a std[617be2ca0a6fd877]::panic::PanicHookInfo<'b>,), Output = ()> + core[a373ad73a504971]::marker::Sync + core[a373ad73a504971]::marker::Send> as core[a373ad73a504971]::ops::function::Fn<(&std[617be2ca0a6fd877]::panic::PanicHookInfo,)>>::call
[INFO] [stdout]                                at /rustc/e3feeb59cd1bdd011a2bfcc0747b55125d9b8527/library/alloc/src/boxed.rs:2328:9
[INFO] [stdout]   14:     0x62089c728da2 - std[617be2ca0a6fd877]::panicking::panic_with_hook
[INFO] [stdout]                                at /rustc/e3feeb59cd1bdd011a2bfcc0747b55125d9b8527/library/std/src/panicking.rs:819:13
[INFO] [stdout]   15:     0x62089c70c1a2 - std[617be2ca0a6fd877]::panicking::panic_handler::{closure#0}
[INFO] [stdout]                                at /rustc/e3feeb59cd1bdd011a2bfcc0747b55125d9b8527/library/std/src/panicking.rs:685:13
[INFO] [stdout]   16:     0x62089c704e19 - std[617be2ca0a6fd877]::sys::backtrace::__rust_end_short_backtrace::<std[617be2ca0a6fd877]::panicking::panic_handler::{closure#0}, !>
[INFO] [stdout]                                at /rustc/e3feeb59cd1bdd011a2bfcc0747b55125d9b8527/library/std/src/sys/backtrace.rs:182:18
[INFO] [stdout]   17:     0x62089c70cdad - __rustc[ea4f61d10b84890b]::rust_begin_unwind
[INFO] [stdout]                                at /rustc/e3feeb59cd1bdd011a2bfcc0747b55125d9b8527/library/std/src/panicking.rs:676:5
[INFO] [stdout]   18:     0x62089c7452dc - core[a373ad73a504971]::panicking::panic_fmt
[INFO] [stdout]                                at /rustc/e3feeb59cd1bdd011a2bfcc0747b55125d9b8527/library/core/src/panicking.rs:80:14
[INFO] [stdout]   19:     0x62089c745034 - core[a373ad73a504971]::panicking::panic_display::<&str>
[INFO] [stdout]                                at /rustc/e3feeb59cd1bdd011a2bfcc0747b55125d9b8527/library/core/src/panicking.rs:259:5
[INFO] [stdout]   20:     0x62089c745034 - core[a373ad73a504971]::option::expect_failed
[INFO] [stdout]                                at /rustc/e3feeb59cd1bdd011a2bfcc0747b55125d9b8527/library/core/src/option.rs:2262:5
[INFO] [stdout]   21:     0x62089c6abc87 - <core[a373ad73a504971]::option::Option<(std[617be2ca0a6fd877]::time::SystemTime, std[617be2ca0a6fd877]::path::PathBuf)>>::expect
[INFO] [stdout]                                at /rustc/e3feeb59cd1bdd011a2bfcc0747b55125d9b8527/library/core/src/option.rs:971:21
[INFO] [stdout]   22:     0x62089c6b2ad1 - sealed[d5426f4d14b47a40]::rlib
[INFO] [stdout]                                at /opt/rustwide/workdir/crates/okf-graph/tests/sealed.rs:98:17
[INFO] [stdout]   23:     0x62089c6b3046 - sealed[d5426f4d14b47a40]::compile
[INFO] [stdout]                                at /opt/rustwide/workdir/crates/okf-graph/tests/sealed.rs:66:38
[INFO] [stdout]   24:     0x62089c6b3b4a - sealed[d5426f4d14b47a40]::building_a_family_with_a_struct_literal_is_rejected_downstream
[INFO] [stdout]                                at /opt/rustwide/workdir/crates/okf-graph/tests/sealed.rs:157:18
[INFO] [stdout]   25:     0x62089c6b27f7 - sealed[d5426f4d14b47a40]::building_a_family_with_a_struct_literal_is_rejected_downstream::{closure#0}
[INFO] [stdout]                                at /opt/rustwide/workdir/crates/okf-graph/tests/sealed.rs:156:68
[INFO] [stdout]   26:     0x62089c6b7bc6 - <sealed[d5426f4d14b47a40]::building_a_family_with_a_struct_literal_is_rejected_downstream::{closure#0} as core[a373ad73a504971]::ops::function::FnOnce<()>>::call_once
[INFO] [stdout]                                at /rustc/e3feeb59cd1bdd011a2bfcc0747b55125d9b8527/library/core/src/ops/function.rs:250:5
[INFO] [stdout]   27:     0x62089c6b7d1b - <fn() -> core[a373ad73a504971]::result::Result<(), alloc[2e1b2a31b91974c5]::string::String> as core[a373ad73a504971]::ops::function::FnOnce<()>>::call_once
[INFO] [stdout]                                at /rustc/e3feeb59cd1bdd011a2bfcc0747b55125d9b8527/library/core/src/ops/function.rs:250:5
[INFO] [stdout]   28:     0x62089c6b7d1b - test[aada8e7e76ba119b]::__rust_begin_short_backtrace::<core[a373ad73a504971]::result::Result<(), alloc[2e1b2a31b91974c5]::string::String>, fn() -> core[a373ad73a504971]::result::Result<(), alloc[2e1b2a31b91974c5]::string::String>>
[INFO] [stdout]                                at /rustc/e3feeb59cd1bdd011a2bfcc0747b55125d9b8527/library/test/src/lib.rs:701:18
[INFO] [stdout]   29:     0x62089c6c4ef5 - test[aada8e7e76ba119b]::run_test_in_process::{closure#0}
[INFO] [stdout]                                at /rustc/e3feeb59cd1bdd011a2bfcc0747b55125d9b8527/library/test/src/lib.rs:724:74
[INFO] [stdout]   30:     0x62089c6c4ef5 - <core[a373ad73a504971]::panic::unwind_safe::AssertUnwindSafe<test[aada8e7e76ba119b]::run_test_in_process::{closure#0}> as core[a373ad73a504971]::ops::function::FnOnce<()>>::call_once
[INFO] [stdout]                                at /rustc/e3feeb59cd1bdd011a2bfcc0747b55125d9b8527/library/core/src/panic/unwind_safe.rs:275:9
[INFO] [stdout]   31:     0x62089c6c4ef5 - std[617be2ca0a6fd877]::panicking::catch_unwind::do_call::<core[a373ad73a504971]::panic::unwind_safe::AssertUnwindSafe<test[aada8e7e76ba119b]::run_test_in_process::{closure#0}>, core[a373ad73a504971]::result::Result<(), alloc[2e1b2a31b91974c5]::string::String>>
[INFO] [stdout]                                at /rustc/e3feeb59cd1bdd011a2bfcc0747b55125d9b8527/library/std/src/panicking.rs:573:43
[INFO] [stdout]   32:     0x62089c6c4ef5 - std[617be2ca0a6fd877]::panicking::catch_unwind::<core[a373ad73a504971]::result::Result<(), alloc[2e1b2a31b91974c5]::string::String>, core[a373ad73a504971]::panic::unwind_safe::AssertUnwindSafe<test[aada8e7e76ba119b]::run_test_in_process::{closure#0}>>
[INFO] [stdout]                                at /rustc/e3feeb59cd1bdd011a2bfcc0747b55125d9b8527/library/std/src/panicking.rs:541:19
[INFO] [stdout]   33:     0x62089c6c4ef5 - std[617be2ca0a6fd877]::panic::catch_unwind::<core[a373ad73a504971]::panic::unwind_safe::AssertUnwindSafe<test[aada8e7e76ba119b]::run_test_in_process::{closure#0}>, core[a373ad73a504971]::result::Result<(), alloc[2e1b2a31b91974c5]::string::String>>
[INFO] [stdout]                                at /rustc/e3feeb59cd1bdd011a2bfcc0747b55125d9b8527/library/std/src/panic.rs:359:14
[INFO] [stdout]   34:     0x62089c6c4ef5 - test[aada8e7e76ba119b]::run_test_in_process
[INFO] [stdout]                                at /rustc/e3feeb59cd1bdd011a2bfcc0747b55125d9b8527/library/test/src/lib.rs:724:27
[INFO] [stdout]   35:     0x62089c6c4ef5 - test[aada8e7e76ba119b]::run_test::{closure#0}
[INFO] [stdout]                                at /rustc/e3feeb59cd1bdd011a2bfcc0747b55125d9b8527/library/test/src/lib.rs:645:43
[INFO] [stdout]   36:     0x62089c6be7e4 - test[aada8e7e76ba119b]::run_test::{closure#1}
[INFO] [stdout]                                at /rustc/e3feeb59cd1bdd011a2bfcc0747b55125d9b8527/library/test/src/lib.rs:675:41
[INFO] [stdout]   37:     0x62089c6be7e4 - std[617be2ca0a6fd877]::sys::backtrace::__rust_begin_short_backtrace::<test[aada8e7e76ba119b]::run_test::{closure#1}, ()>
[INFO] [stdout]                                at /rustc/e3feeb59cd1bdd011a2bfcc0747b55125d9b8527/library/std/src/sys/backtrace.rs:166:18
[INFO] [stdout]   38:     0x62089c6c7f82 - std[617be2ca0a6fd877]::thread::lifecycle::spawn_unchecked::<test[aada8e7e76ba119b]::run_test::{closure#1}, ()>::{closure#1}::{closure#0}
[INFO] [stdout]                                at /rustc/e3feeb59cd1bdd011a2bfcc0747b55125d9b8527/library/std/src/thread/lifecycle.rs:70:13
[INFO] [stdout]   39:     0x62089c6c7f82 - <core[a373ad73a504971]::panic::unwind_safe::AssertUnwindSafe<std[617be2ca0a6fd877]::thread::lifecycle::spawn_unchecked<test[aada8e7e76ba119b]::run_test::{closure#1}, ()>::{closure#1}::{closure#0}> as core[a373ad73a504971]::ops::function::FnOnce<()>>::call_once
[INFO] [stdout]                                at /rustc/e3feeb59cd1bdd011a2bfcc0747b55125d9b8527/library/core/src/panic/unwind_safe.rs:275:9
[INFO] [stdout]   40:     0x62089c6c7f82 - std[617be2ca0a6fd877]::panicking::catch_unwind::do_call::<core[a373ad73a504971]::panic::unwind_safe::AssertUnwindSafe<std[617be2ca0a6fd877]::thread::lifecycle::spawn_unchecked<test[aada8e7e76ba119b]::run_test::{closure#1}, ()>::{closure#1}::{closure#0}>, ()>
[INFO] [stdout]                                at /rustc/e3feeb59cd1bdd011a2bfcc0747b55125d9b8527/library/std/src/panicking.rs:573:43
[INFO] [stdout]   41:     0x62089c6c7f82 - std[617be2ca0a6fd877]::panicking::catch_unwind::<(), core[a373ad73a504971]::panic::unwind_safe::AssertUnwindSafe<std[617be2ca0a6fd877]::thread::lifecycle::spawn_unchecked<test[aada8e7e76ba119b]::run_test::{closure#1}, ()>::{closure#1}::{closure#0}>>
[INFO] [stdout]                                at /rustc/e3feeb59cd1bdd011a2bfcc0747b55125d9b8527/library/std/src/panicking.rs:541:19
[INFO] [stdout]   42:     0x62089c6c7f82 - std[617be2ca0a6fd877]::panic::catch_unwind::<core[a373ad73a504971]::panic::unwind_safe::AssertUnwindSafe<std[617be2ca0a6fd877]::thread::lifecycle::spawn_unchecked<test[aada8e7e76ba119b]::run_test::{closure#1}, ()>::{closure#1}::{closure#0}>, ()>
[INFO] [stdout]                                at /rustc/e3feeb59cd1bdd011a2bfcc0747b55125d9b8527/library/std/src/panic.rs:359:14
[INFO] [stdout]   43:     0x62089c6c7f82 - std[617be2ca0a6fd877]::thread::lifecycle::spawn_unchecked::<test[aada8e7e76ba119b]::run_test::{closure#1}, ()>::{closure#1}
[INFO] [stdout]                                at /rustc/e3feeb59cd1bdd011a2bfcc0747b55125d9b8527/library/std/src/thread/lifecycle.rs:68:26
[INFO] [stdout]   44:     0x62089c6c7f82 - <std[617be2ca0a6fd877]::thread::lifecycle::spawn_unchecked<test[aada8e7e76ba119b]::run_test::{closure#1}, ()>::{closure#1} as core[a373ad73a504971]::ops::function::FnOnce<()>>::call_once::{shim:vtable#0}
[INFO] [stdout]                                at /rustc/e3feeb59cd1bdd011a2bfcc0747b55125d9b8527/library/core/src/ops/function.rs:250:5
[INFO] [stdout]   45:     0x62089c72ffbf - <alloc[2e1b2a31b91974c5]::boxed::Box<dyn core[a373ad73a504971]::ops::function::FnOnce<(), Output = ()> + core[a373ad73a504971]::marker::Send> as core[a373ad73a504971]::ops::function::FnOnce<()>>::call_once
[INFO] [stdout]                                at /rustc/e3feeb59cd1bdd011a2bfcc0747b55125d9b8527/library/alloc/src/boxed.rs:2314:9
[INFO] [stdout]   46:     0x62089c72ffbf - <std[617be2ca0a6fd877]::sys::thread::unix::Thread>::new::thread_start
[INFO] [stdout]                                at /rustc/e3feeb59cd1bdd011a2bfcc0747b55125d9b8527/library/std/src/sys/thread/unix.rs:127:17
[INFO] [stdout]   47:     0x7e3eaee80dfa - <unknown>
[INFO] [stdout]   48:     0x7e3eaef143d4 - clone
[INFO] [stdout]   49:                0x0 - <unknown>
[INFO] [stdout] 
[INFO] [stdout] ---- matching_both_severities_still_compiles_downstream stdout ----
[INFO] [stdout] 
[INFO] [stdout] thread 'matching_both_severities_still_compiles_downstream' (936) panicked at crates/okf-graph/tests/sealed.rs:98:17:
[INFO] [stdout] okf-graph was built before its tests
[INFO] [stdout] stack backtrace:
[INFO] [stdout]    0:     0x62089c730941 - std[617be2ca0a6fd877]::backtrace_rs::backtrace::libunwind::trace
[INFO] [stdout]                                at /rustc/e3feeb59cd1bdd011a2bfcc0747b55125d9b8527/library/std/src/../../backtrace/src/backtrace/libunwind.rs:117:9
[INFO] [stdout]    1:     0x62089c730941 - std[617be2ca0a6fd877]::backtrace_rs::backtrace::trace_unsynchronized::<std[617be2ca0a6fd877]::sys::backtrace::_print_fmt::{closure#1}>
[INFO] [stdout]                                at /rustc/e3feeb59cd1bdd011a2bfcc0747b55125d9b8527/library/std/src/../../backtrace/src/backtrace/mod.rs:66:14
[INFO] [stdout]    2:     0x62089c730941 - std[617be2ca0a6fd877]::sys::backtrace::_print_fmt
[INFO] [stdout]                                at /rustc/e3feeb59cd1bdd011a2bfcc0747b55125d9b8527/library/std/src/sys/backtrace.rs:74:9
[INFO] [stdout]    3:     0x62089c730941 - <<std[617be2ca0a6fd877]::sys::backtrace::BacktraceLock>::print::DisplayBacktrace as core[a373ad73a504971]::fmt::Display>::fmt
[INFO] [stdout]                                at /rustc/e3feeb59cd1bdd011a2bfcc0747b55125d9b8527/library/std/src/sys/backtrace.rs:44:26
[INFO] [stdout]    4:     0x62089c744baa - <core[a373ad73a504971]::fmt::rt::Argument>::fmt
[INFO] [stdout]                                at /rustc/e3feeb59cd1bdd011a2bfcc0747b55125d9b8527/library/core/src/fmt/rt.rs:152:76
[INFO] [stdout]    5:     0x62089c744baa - core[a373ad73a504971]::fmt::write
[INFO] [stdout]    6:     0x62089c734e4c - core[a373ad73a504971]::io::write::default_write_fmt::<alloc[2e1b2a31b91974c5]::vec::Vec<u8>>
[INFO] [stdout]                                at /rustc/e3feeb59cd1bdd011a2bfcc0747b55125d9b8527/library/core/src/io/write.rs:402:11
[INFO] [stdout]    7:     0x62089c734e4c - <alloc[2e1b2a31b91974c5]::vec::Vec<u8> as core[a373ad73a504971]::io::write::Write>::write_fmt
[INFO] [stdout]                                at /rustc/e3feeb59cd1bdd011a2bfcc0747b55125d9b8527/library/core/src/io/write.rs:335:13
[INFO] [stdout]    8:     0x62089c70c0f6 - <std[617be2ca0a6fd877]::sys::backtrace::BacktraceLock>::print
[INFO] [stdout]                                at /rustc/e3feeb59cd1bdd011a2bfcc0747b55125d9b8527/library/std/src/sys/backtrace.rs:47:9
[INFO] [stdout]    9:     0x62089c70c0f6 - std[617be2ca0a6fd877]::panicking::default_hook::{closure#0}
[INFO] [stdout]                                at /rustc/e3feeb59cd1bdd011a2bfcc0747b55125d9b8527/library/std/src/panicking.rs:289:27
[INFO] [stdout]   10:     0x62089c728be9 - std[617be2ca0a6fd877]::panicking::default_hook
[INFO] [stdout]                                at /rustc/e3feeb59cd1bdd011a2bfcc0747b55125d9b8527/library/std/src/panicking.rs:313:9
[INFO] [stdout]   11:     0x62089c6c48d0 - <alloc[2e1b2a31b91974c5]::boxed::Box<dyn for<'a, 'b> core[a373ad73a504971]::ops::function::Fn<(&'a std[617be2ca0a6fd877]::panic::PanicHookInfo<'b>,), Output = ()> + core[a373ad73a504971]::marker::Sync + core[a373ad73a504971]::marker::Send> as core[a373ad73a504971]::ops::function::Fn<(&std[617be2ca0a6fd877]::panic::PanicHookInfo,)>>::call
[INFO] [stdout]                                at /rustc/e3feeb59cd1bdd011a2bfcc0747b55125d9b8527/library/alloc/src/boxed.rs:2328:9
[INFO] [stdout]   12:     0x62089c6c48d0 - test[aada8e7e76ba119b]::test_main_inner::{closure#0}
[INFO] [stdout]                                at /rustc/e3feeb59cd1bdd011a2bfcc0747b55125d9b8527/library/test/src/lib.rs:137:21
[INFO] [stdout]   13:     0x62089c728da2 - <alloc[2e1b2a31b91974c5]::boxed::Box<dyn for<'a, 'b> core[a373ad73a504971]::ops::function::Fn<(&'a std[617be2ca0a6fd877]::panic::PanicHookInfo<'b>,), Output = ()> + core[a373ad73a504971]::marker::Sync + core[a373ad73a504971]::marker::Send> as core[a373ad73a504971]::ops::function::Fn<(&std[617be2ca0a6fd877]::panic::PanicHookInfo,)>>::call
[INFO] [stdout]                                at /rustc/e3feeb59cd1bdd011a2bfcc0747b55125d9b8527/library/alloc/src/boxed.rs:2328:9
[INFO] [stdout]   14:     0x62089c728da2 - std[617be2ca0a6fd877]::panicking::panic_with_hook
[INFO] [stdout]                                at /rustc/e3feeb59cd1bdd011a2bfcc0747b55125d9b8527/library/std/src/panicking.rs:819:13
[INFO] [stdout]   15:     0x62089c70c1a2 - std[617be2ca0a6fd877]::panicking::panic_handler::{closure#0}
[INFO] [stdout]                                at /rustc/e3feeb59cd1bdd011a2bfcc0747b55125d9b8527/library/std/src/panicking.rs:685:13
[INFO] [stdout]   16:     0x62089c704e19 - std[617be2ca0a6fd877]::sys::backtrace::__rust_end_short_backtrace::<std[617be2ca0a6fd877]::panicking::panic_handler::{closure#0}, !>
[INFO] [stdout]                                at /rustc/e3feeb59cd1bdd011a2bfcc0747b55125d9b8527/library/std/src/sys/backtrace.rs:182:18
[INFO] [stdout]   17:     0x62089c70cdad - __rustc[ea4f61d10b84890b]::rust_begin_unwind
[INFO] [stdout]                                at /rustc/e3feeb59cd1bdd011a2bfcc0747b55125d9b8527/library/std/src/panicking.rs:676:5
[INFO] [stdout]   18:     0x62089c7452dc - core[a373ad73a504971]::panicking::panic_fmt
[INFO] [stdout]                                at /rustc/e3feeb59cd1bdd011a2bfcc0747b55125d9b8527/library/core/src/panicking.rs:80:14
[INFO] [stdout]   19:     0x62089c745034 - core[a373ad73a504971]::panicking::panic_display::<&str>
[INFO] [stdout]                                at /rustc/e3feeb59cd1bdd011a2bfcc0747b55125d9b8527/library/core/src/panicking.rs:259:5
[INFO] [stdout]   20:     0x62089c745034 - core[a373ad73a504971]::option::expect_failed
[INFO] [stdout]                                at /rustc/e3feeb59cd1bdd011a2bfcc0747b55125d9b8527/library/core/src/option.rs:2262:5
[INFO] [stdout]   21:     0x62089c6abc87 - <core[a373ad73a504971]::option::Option<(std[617be2ca0a6fd877]::time::SystemTime, std[617be2ca0a6fd877]::path::PathBuf)>>::expect
[INFO] [stdout]                                at /rustc/e3feeb59cd1bdd011a2bfcc0747b55125d9b8527/library/core/src/option.rs:971:21
[INFO] [stdout]   22:     0x62089c6b2ad1 - sealed[d5426f4d14b47a40]::rlib
[INFO] [stdout]                                at /opt/rustwide/workdir/crates/okf-graph/tests/sealed.rs:98:17
[INFO] [stdout]   23:     0x62089c6b3046 - sealed[d5426f4d14b47a40]::compile
[INFO] [stdout]                                at /opt/rustwide/workdir/crates/okf-graph/tests/sealed.rs:66:38
[INFO] [stdout]   24:     0x62089c6b366a - sealed[d5426f4d14b47a40]::matching_both_severities_still_compiles_downstream
[INFO] [stdout]                                at /opt/rustwide/workdir/crates/okf-graph/tests/sealed.rs:178:18
[INFO] [stdout]   25:     0x62089c6b2797 - sealed[d5426f4d14b47a40]::matching_both_severities_still_compiles_downstream::{closure#0}
[INFO] [stdout]                                at /opt/rustwide/workdir/crates/okf-graph/tests/sealed.rs:177:56
[INFO] [stdout]   26:     0x62089c6b7b86 - <sealed[d5426f4d14b47a40]::matching_both_severities_still_compiles_downstream::{closure#0} as core[a373ad73a504971]::ops::function::FnOnce<()>>::call_once
[INFO] [stdout]                                at /rustc/e3feeb59cd1bdd011a2bfcc0747b55125d9b8527/library/core/src/ops/function.rs:250:5
[INFO] [stdout]   27:     0x62089c6b7d1b - <fn() -> core[a373ad73a504971]::result::Result<(), alloc[2e1b2a31b91974c5]::string::String> as core[a373ad73a504971]::ops::function::FnOnce<()>>::call_once
[INFO] [stdout]                                at /rustc/e3feeb59cd1bdd011a2bfcc0747b55125d9b8527/library/core/src/ops/function.rs:250:5
[INFO] [stdout]   28:     0x62089c6b7d1b - test[aada8e7e76ba119b]::__rust_begin_short_backtrace::<core[a373ad73a504971]::result::Result<(), alloc[2e1b2a31b91974c5]::string::String>, fn() -> core[a373ad73a504971]::result::Result<(), alloc[2e1b2a31b91974c5]::string::String>>
[INFO] [stdout]                                at /rustc/e3feeb59cd1bdd011a2bfcc0747b55125d9b8527/library/test/src/lib.rs:701:18
[INFO] [stdout]   29:     0x62089c6c4ef5 - test[aada8e7e76ba119b]::run_test_in_process::{closure#0}
[INFO] [stdout]                                at /rustc/e3feeb59cd1bdd011a2bfcc0747b55125d9b8527/library/test/src/lib.rs:724:74
[INFO] [stdout]   30:     0x62089c6c4ef5 - <core[a373ad73a504971]::panic::unwind_safe::AssertUnwindSafe<test[aada8e7e76ba119b]::run_test_in_process::{closure#0}> as core[a373ad73a504971]::ops::function::FnOnce<()>>::call_once
[INFO] [stdout]                                at /rustc/e3feeb59cd1bdd011a2bfcc0747b55125d9b8527/library/core/src/panic/unwind_safe.rs:275:9
[INFO] [stdout]   31:     0x62089c6c4ef5 - std[617be2ca0a6fd877]::panicking::catch_unwind::do_call::<core[a373ad73a504971]::panic::unwind_safe::AssertUnwindSafe<test[aada8e7e76ba119b]::run_test_in_process::{closure#0}>, core[a373ad73a504971]::result::Result<(), alloc[2e1b2a31b91974c5]::string::String>>
[INFO] [stdout]                                at /rustc/e3feeb59cd1bdd011a2bfcc0747b55125d9b8527/library/std/src/panicking.rs:573:43
[INFO] [stdout]   32:     0x62089c6c4ef5 - std[617be2ca0a6fd877]::panicking::catch_unwind::<core[a373ad73a504971]::result::Result<(), alloc[2e1b2a31b91974c5]::string::String>, core[a373ad73a504971]::panic::unwind_safe::AssertUnwindSafe<test[aada8e7e76ba119b]::run_test_in_process::{closure#0}>>
[INFO] [stdout]                                at /rustc/e3feeb59cd1bdd011a2bfcc0747b55125d9b8527/library/std/src/panicking.rs:541:19
[INFO] [stdout]   33:     0x62089c6c4ef5 - std[617be2ca0a6fd877]::panic::catch_unwind::<core[a373ad73a504971]::panic::unwind_safe::AssertUnwindSafe<test[aada8e7e76ba119b]::run_test_in_process::{closure#0}>, core[a373ad73a504971]::result::Result<(), alloc[2e1b2a31b91974c5]::string::String>>
[INFO] [stdout]                                at /rustc/e3feeb59cd1bdd011a2bfcc0747b55125d9b8527/library/std/src/panic.rs:359:14
[INFO] [stdout]   34:     0x62089c6c4ef5 - test[aada8e7e76ba119b]::run_test_in_process
[INFO] [stdout]                                at /rustc/e3feeb59cd1bdd011a2bfcc0747b55125d9b8527/library/test/src/lib.rs:724:27
[INFO] [stdout]   35:     0x62089c6c4ef5 - test[aada8e7e76ba119b]::run_test::{closure#0}
[INFO] [stdout]                                at /rustc/e3feeb59cd1bdd011a2bfcc0747b55125d9b8527/library/test/src/lib.rs:645:43
[INFO] [stdout]   36:     0x62089c6be7e4 - test[aada8e7e76ba119b]::run_test::{closure#1}
[INFO] [stdout]                                at /rustc/e3feeb59cd1bdd011a2bfcc0747b55125d9b8527/library/test/src/lib.rs:675:41
[INFO] [stdout]   37:     0x62089c6be7e4 - std[617be2ca0a6fd877]::sys::backtrace::__rust_begin_short_backtrace::<test[aada8e7e76ba119b]::run_test::{closure#1}, ()>
[INFO] [stdout]                                at /rustc/e3feeb59cd1bdd011a2bfcc0747b55125d9b8527/library/std/src/sys/backtrace.rs:166:18
[INFO] [stdout]   38:     0x62089c6c7f82 - std[617be2ca0a6fd877]::thread::lifecycle::spawn_unchecked::<test[aada8e7e76ba119b]::run_test::{closure#1}, ()>::{closure#1}::{closure#0}
[INFO] [stdout]                                at /rustc/e3feeb59cd1bdd011a2bfcc0747b55125d9b8527/library/std/src/thread/lifecycle.rs:70:13
[INFO] [stdout]   39:     0x62089c6c7f82 - <core[a373ad73a504971]::panic::unwind_safe::AssertUnwindSafe<std[617be2ca0a6fd877]::thread::lifecycle::spawn_unchecked<test[aada8e7e76ba119b]::run_test::{closure#1}, ()>::{closure#1}::{closure#0}> as core[a373ad73a504971]::ops::function::FnOnce<()>>::call_once
[INFO] [stdout]                                at /rustc/e3feeb59cd1bdd011a2bfcc0747b55125d9b8527/library/core/src/panic/unwind_safe.rs:275:9
[INFO] [stdout]   40:     0x62089c6c7f82 - std[617be2ca0a6fd877]::panicking::catch_unwind::do_call::<core[a373ad73a504971]::panic::unwind_safe::AssertUnwindSafe<std[617be2ca0a6fd877]::thread::lifecycle::spawn_unchecked<test[aada8e7e76ba119b]::run_test::{closure#1}, ()>::{closure#1}::{closure#0}>, ()>
[INFO] [stdout]                                at /rustc/e3feeb59cd1bdd011a2bfcc0747b55125d9b8527/library/std/src/panicking.rs:573:43
[INFO] [stdout]   41:     0x62089c6c7f82 - std[617be2ca0a6fd877]::panicking::catch_unwind::<(), core[a373ad73a504971]::panic::unwind_safe::AssertUnwindSafe<std[617be2ca0a6fd877]::thread::lifecycle::spawn_unchecked<test[aada8e7e76ba119b]::run_test::{closure#1}, ()>::{closure#1}::{closure#0}>>
[INFO] [stdout]                                at /rustc/e3feeb59cd1bdd011a2bfcc0747b55125d9b8527/library/std/src/panicking.rs:541:19
[INFO] [stdout]   42:     0x62089c6c7f82 - std[617be2ca0a6fd877]::panic::catch_unwind::<core[a373ad73a504971]::panic::unwind_safe::AssertUnwindSafe<std[617be2ca0a6fd877]::thread::lifecycle::spawn_unchecked<test[aada8e7e76ba119b]::run_test::{closure#1}, ()>::{closure#1}::{closure#0}>, ()>
[INFO] [stdout]                                at /rustc/e3feeb59cd1bdd011a2bfcc0747b55125d9b8527/library/std/src/panic.rs:359:14
[INFO] [stdout]   43:     0x62089c6c7f82 - std[617be2ca0a6fd877]::thread::lifecycle::spawn_unchecked::<test[aada8e7e76ba119b]::run_test::{closure#1}, ()>::{closure#1}
[INFO] [stdout]                                at /rustc/e3feeb59cd1bdd011a2bfcc0747b55125d9b8527/library/std/src/thread/lifecycle.rs:68:26
[INFO] [stdout]   44:     0x62089c6c7f82 - <std[617be2ca0a6fd877]::thread::lifecycle::spawn_unchecked<test[aada8e7e76ba119b]::run_test::{closure#1}, ()>::{closure#1} as core[a373ad73a504971]::ops::function::FnOnce<()>>::call_once::{shim:vtable#0}
[INFO] [stdout]                                at /rustc/e3feeb59cd1bdd011a2bfcc0747b55125d9b8527/library/core/src/ops/function.rs:250:5
[INFO] [stdout]   45:     0x62089c72ffbf - <alloc[2e1b2a31b91974c5]::boxed::Box<dyn core[a373ad73a504971]::ops::function::FnOnce<(), Output = ()> + core[a373ad73a504971]::marker::Send> as core[a373ad73a504971]::ops::function::FnOnce<()>>::call_once
[INFO] [stdout]                                at /rustc/e3feeb59cd1bdd011a2bfcc0747b55125d9b8527/library/alloc/src/boxed.rs:2314:9
[INFO] [stdout]   46:     0x62089c72ffbf - <std[617be2ca0a6fd877]::sys::thread::unix::Thread>::new::thread_start
[INFO] [stdout]                                at /rustc/e3feeb59cd1bdd011a2bfcc0747b55125d9b8527/library/std/src/sys/thread/unix.rs:127:17
[INFO] [stdout]   47:     0x7e3eaee80dfa - <unknown>
[INFO] [stdout]   48:     0x7e3eaef143d4 - clone
[INFO] [stdout]   49:                0x0 - <unknown>
[INFO] [stdout] 
[INFO] [stdout] ---- matching_every_rule_variant_is_rejected_downstream stdout ----
[INFO] [stdout] 
[INFO] [stdout] thread 'matching_every_rule_variant_is_rejected_downstream' (937) panicked at crates/okf-graph/tests/sealed.rs:98:17:
[INFO] [stdout] okf-graph was built before its tests
[INFO] [stdout] stack backtrace:
[INFO] [stdout]    0:     0x62089c730941 - std[617be2ca0a6fd877]::backtrace_rs::backtrace::libunwind::trace
[INFO] [stdout]                                at /rustc/e3feeb59cd1bdd011a2bfcc0747b55125d9b8527/library/std/src/../../backtrace/src/backtrace/libunwind.rs:117:9
[INFO] [stdout]    1:     0x62089c730941 - std[617be2ca0a6fd877]::backtrace_rs::backtrace::trace_unsynchronized::<std[617be2ca0a6fd877]::sys::backtrace::_print_fmt::{closure#1}>
[INFO] [stdout]                                at /rustc/e3feeb59cd1bdd011a2bfcc0747b55125d9b8527/library/std/src/../../backtrace/src/backtrace/mod.rs:66:14
[INFO] [stdout]    2:     0x62089c730941 - std[617be2ca0a6fd877]::sys::backtrace::_print_fmt
[INFO] [stdout]                                at /rustc/e3feeb59cd1bdd011a2bfcc0747b55125d9b8527/library/std/src/sys/backtrace.rs:74:9
[INFO] [stdout]    3:     0x62089c730941 - <<std[617be2ca0a6fd877]::sys::backtrace::BacktraceLock>::print::DisplayBacktrace as core[a373ad73a504971]::fmt::Display>::fmt
[INFO] [stdout]                                at /rustc/e3feeb59cd1bdd011a2bfcc0747b55125d9b8527/library/std/src/sys/backtrace.rs:44:26
[INFO] [stdout]    4:     0x62089c744baa - <core[a373ad73a504971]::fmt::rt::Argument>::fmt
[INFO] [stdout]                                at /rustc/e3feeb59cd1bdd011a2bfcc0747b55125d9b8527/library/core/src/fmt/rt.rs:152:76
[INFO] [stdout]    5:     0x62089c744baa - core[a373ad73a504971]::fmt::write
[INFO] [stdout]    6:     0x62089c734e4c - core[a373ad73a504971]::io::write::default_write_fmt::<alloc[2e1b2a31b91974c5]::vec::Vec<u8>>
[INFO] [stdout]                                at /rustc/e3feeb59cd1bdd011a2bfcc0747b55125d9b8527/library/core/src/io/write.rs:402:11
[INFO] [stdout]    7:     0x62089c734e4c - <alloc[2e1b2a31b91974c5]::vec::Vec<u8> as core[a373ad73a504971]::io::write::Write>::write_fmt
[INFO] [stdout]                                at /rustc/e3feeb59cd1bdd011a2bfcc0747b55125d9b8527/library/core/src/io/write.rs:335:13
[INFO] [stdout]    8:     0x62089c70c0f6 - <std[617be2ca0a6fd877]::sys::backtrace::BacktraceLock>::print
[INFO] [stdout]                                at /rustc/e3feeb59cd1bdd011a2bfcc0747b55125d9b8527/library/std/src/sys/backtrace.rs:47:9
[INFO] [stdout]    9:     0x62089c70c0f6 - std[617be2ca0a6fd877]::panicking::default_hook::{closure#0}
[INFO] [stdout]                                at /rustc/e3feeb59cd1bdd011a2bfcc0747b55125d9b8527/library/std/src/panicking.rs:289:27
[INFO] [stdout]   10:     0x62089c728be9 - std[617be2ca0a6fd877]::panicking::default_hook
[INFO] [stdout]                                at /rustc/e3feeb59cd1bdd011a2bfcc0747b55125d9b8527/library/std/src/panicking.rs:313:9
[INFO] [stdout]   11:     0x62089c6c48d0 - <alloc[2e1b2a31b91974c5]::boxed::Box<dyn for<'a, 'b> core[a373ad73a504971]::ops::function::Fn<(&'a std[617be2ca0a6fd877]::panic::PanicHookInfo<'b>,), Output = ()> + core[a373ad73a504971]::marker::Sync + core[a373ad73a504971]::marker::Send> as core[a373ad73a504971]::ops::function::Fn<(&std[617be2ca0a6fd877]::panic::PanicHookInfo,)>>::call
[INFO] [stdout]                                at /rustc/e3feeb59cd1bdd011a2bfcc0747b55125d9b8527/library/alloc/src/boxed.rs:2328:9
[INFO] [stdout]   12:     0x62089c6c48d0 - test[aada8e7e76ba119b]::test_main_inner::{closure#0}
[INFO] [stdout]                                at /rustc/e3feeb59cd1bdd011a2bfcc0747b55125d9b8527/library/test/src/lib.rs:137:21
[INFO] [stdout]   13:     0x62089c728da2 - <alloc[2e1b2a31b91974c5]::boxed::Box<dyn for<'a, 'b> core[a373ad73a504971]::ops::function::Fn<(&'a std[617be2ca0a6fd877]::panic::PanicHookInfo<'b>,), Output = ()> + core[a373ad73a504971]::marker::Sync + core[a373ad73a504971]::marker::Send> as core[a373ad73a504971]::ops::function::Fn<(&std[617be2ca0a6fd877]::panic::PanicHookInfo,)>>::call
[INFO] [stdout]                                at /rustc/e3feeb59cd1bdd011a2bfcc0747b55125d9b8527/library/alloc/src/boxed.rs:2328:9
[INFO] [stdout]   14:     0x62089c728da2 - std[617be2ca0a6fd877]::panicking::panic_with_hook
[INFO] [stdout]                                at /rustc/e3feeb59cd1bdd011a2bfcc0747b55125d9b8527/library/std/src/panicking.rs:819:13
[INFO] [stdout]   15:     0x62089c70c1a2 - std[617be2ca0a6fd877]::panicking::panic_handler::{closure#0}
[INFO] [stdout]                                at /rustc/e3feeb59cd1bdd011a2bfcc0747b55125d9b8527/library/std/src/panicking.rs:685:13
[INFO] [stdout]   16:     0x62089c704e19 - std[617be2ca0a6fd877]::sys::backtrace::__rust_end_short_backtrace::<std[617be2ca0a6fd877]::panicking::panic_handler::{closure#0}, !>
[INFO] [stdout]                                at /rustc/e3feeb59cd1bdd011a2bfcc0747b55125d9b8527/library/std/src/sys/backtrace.rs:182:18
[INFO] [stdout]   17:     0x62089c70cdad - __rustc[ea4f61d10b84890b]::rust_begin_unwind
[INFO] [stdout]                                at /rustc/e3feeb59cd1bdd011a2bfcc0747b55125d9b8527/library/std/src/panicking.rs:676:5
[INFO] [stdout]   18:     0x62089c7452dc - core[a373ad73a504971]::panicking::panic_fmt
[INFO] [stdout]                                at /rustc/e3feeb59cd1bdd011a2bfcc0747b55125d9b8527/library/core/src/panicking.rs:80:14
[INFO] [stdout]   19:     0x62089c745034 - core[a373ad73a504971]::panicking::panic_display::<&str>
[INFO] [stdout]                                at /rustc/e3feeb59cd1bdd011a2bfcc0747b55125d9b8527/library/core/src/panicking.rs:259:5
[INFO] [stdout]   20:     0x62089c745034 - core[a373ad73a504971]::option::expect_failed
[INFO] [stdout]                                at /rustc/e3feeb59cd1bdd011a2bfcc0747b55125d9b8527/library/core/src/option.rs:2262:5
[INFO] [stdout]   21:     0x62089c6abc87 - <core[a373ad73a504971]::option::Option<(std[617be2ca0a6fd877]::time::SystemTime, std[617be2ca0a6fd877]::path::PathBuf)>>::expect
[INFO] [stdout]                                at /rustc/e3feeb59cd1bdd011a2bfcc0747b55125d9b8527/library/core/src/option.rs:971:21
[INFO] [stdout]   22:     0x62089c6b2ad1 - sealed[d5426f4d14b47a40]::rlib
[INFO] [stdout]                                at /opt/rustwide/workdir/crates/okf-graph/tests/sealed.rs:98:17
[INFO] [stdout]   23:     0x62089c6b3046 - sealed[d5426f4d14b47a40]::compile
[INFO] [stdout]                                at /opt/rustwide/workdir/crates/okf-graph/tests/sealed.rs:66:38
[INFO] [stdout]   24:     0x62089c6b38f5 - sealed[d5426f4d14b47a40]::matching_every_rule_variant_is_rejected_downstream
[INFO] [stdout]                                at /opt/rustwide/workdir/crates/okf-graph/tests/sealed.rs:139:18
[INFO] [stdout]   25:     0x62089c6b27c7 - sealed[d5426f4d14b47a40]::matching_every_rule_variant_is_rejected_downstream::{closure#0}
[INFO] [stdout]                                at /opt/rustwide/workdir/crates/okf-graph/tests/sealed.rs:134:56
[INFO] [stdout]   26:     0x62089c6b7ba6 - <sealed[d5426f4d14b47a40]::matching_every_rule_variant_is_rejected_downstream::{closure#0} as core[a373ad73a504971]::ops::function::FnOnce<()>>::call_once
[INFO] [stdout]                                at /rustc/e3feeb59cd1bdd011a2bfcc0747b55125d9b8527/library/core/src/ops/function.rs:250:5
[INFO] [stdout]   27:     0x62089c6b7d1b - <fn() -> core[a373ad73a504971]::result::Result<(), alloc[2e1b2a31b91974c5]::string::String> as core[a373ad73a504971]::ops::function::FnOnce<()>>::call_once
[INFO] [stdout]                                at /rustc/e3feeb59cd1bdd011a2bfcc0747b55125d9b8527/library/core/src/ops/function.rs:250:5
[INFO] [stdout]   28:     0x62089c6b7d1b - test[aada8e7e76ba119b]::__rust_begin_short_backtrace::<core[a373ad73a504971]::result::Result<(), alloc[2e1b2a31b91974c5]::string::String>, fn() -> core[a373ad73a504971]::result::Result<(), alloc[2e1b2a31b91974c5]::string::String>>
[INFO] [stdout]                                at /rustc/e3feeb59cd1bdd011a2bfcc0747b55125d9b8527/library/test/src/lib.rs:701:18
[INFO] [stdout]   29:     0x62089c6c4ef5 - test[aada8e7e76ba119b]::run_test_in_process::{closure#0}
[INFO] [stdout]                                at /rustc/e3feeb59cd1bdd011a2bfcc0747b55125d9b8527/library/test/src/lib.rs:724:74
[INFO] [stdout]   30:     0x62089c6c4ef5 - <core[a373ad73a504971]::panic::unwind_safe::AssertUnwindSafe<test[aada8e7e76ba119b]::run_test_in_process::{closure#0}> as core[a373ad73a504971]::ops::function::FnOnce<()>>::call_once
[INFO] [stdout]                                at /rustc/e3feeb59cd1bdd011a2bfcc0747b55125d9b8527/library/core/src/panic/unwind_safe.rs:275:9
[INFO] [stdout]   31:     0x62089c6c4ef5 - std[617be2ca0a6fd877]::panicking::catch_unwind::do_call::<core[a373ad73a504971]::panic::unwind_safe::AssertUnwindSafe<test[aada8e7e76ba119b]::run_test_in_process::{closure#0}>, core[a373ad73a504971]::result::Result<(), alloc[2e1b2a31b91974c5]::string::String>>
[INFO] [stdout]                                at /rustc/e3feeb59cd1bdd011a2bfcc0747b55125d9b8527/library/std/src/panicking.rs:573:43
[INFO] [stdout]   32:     0x62089c6c4ef5 - std[617be2ca0a6fd877]::panicking::catch_unwind::<core[a373ad73a504971]::result::Result<(), alloc[2e1b2a31b91974c5]::string::String>, core[a373ad73a504971]::panic::unwind_safe::AssertUnwindSafe<test[aada8e7e76ba119b]::run_test_in_process::{closure#0}>>
[INFO] [stdout]                                at /rustc/e3feeb59cd1bdd011a2bfcc0747b55125d9b8527/library/std/src/panicking.rs:541:19
[INFO] [stdout]   33:     0x62089c6c4ef5 - std[617be2ca0a6fd877]::panic::catch_unwind::<core[a373ad73a504971]::panic::unwind_safe::AssertUnwindSafe<test[aada8e7e76ba119b]::run_test_in_process::{closure#0}>, core[a373ad73a504971]::result::Result<(), alloc[2e1b2a31b91974c5]::string::String>>
[INFO] [stdout]                                at /rustc/e3feeb59cd1bdd011a2bfcc0747b55125d9b8527/library/std/src/panic.rs:359:14
[INFO] [stdout]   34:     0x62089c6c4ef5 - test[aada8e7e76ba119b]::run_test_in_process
[INFO] [stdout]                                at /rustc/e3feeb59cd1bdd011a2bfcc0747b55125d9b8527/library/test/src/lib.rs:724:27
[INFO] [stdout]   35:     0x62089c6c4ef5 - test[aada8e7e76ba119b]::run_test::{closure#0}
[INFO] [stdout]                                at /rustc/e3feeb59cd1bdd011a2bfcc0747b55125d9b8527/library/test/src/lib.rs:645:43
[INFO] [stdout]   36:     0x62089c6be7e4 - test[aada8e7e76ba119b]::run_test::{closure#1}
[INFO] [stdout]                                at /rustc/e3feeb59cd1bdd011a2bfcc0747b55125d9b8527/library/test/src/lib.rs:675:41
[INFO] [stdout]   37:     0x62089c6be7e4 - std[617be2ca0a6fd877]::sys::backtrace::__rust_begin_short_backtrace::<test[aada8e7e76ba119b]::run_test::{closure#1}, ()>
[INFO] [stdout]                                at /rustc/e3feeb59cd1bdd011a2bfcc0747b55125d9b8527/library/std/src/sys/backtrace.rs:166:18
[INFO] [stdout]   38:     0x62089c6c7f82 - std[617be2ca0a6fd877]::thread::lifecycle::spawn_unchecked::<test[aada8e7e76ba119b]::run_test::{closure#1}, ()>::{closure#1}::{closure#0}
[INFO] [stdout]                                at /rustc/e3feeb59cd1bdd011a2bfcc0747b55125d9b8527/library/std/src/thread/lifecycle.rs:70:13
[INFO] [stdout]   39:     0x62089c6c7f82 - <core[a373ad73a504971]::panic::unwind_safe::AssertUnwindSafe<std[617be2ca0a6fd877]::thread::lifecycle::spawn_unchecked<test[aada8e7e76ba119b]::run_test::{closure#1}, ()>::{closure#1}::{closure#0}> as core[a373ad73a504971]::ops::function::FnOnce<()>>::call_once
[INFO] [stdout]                                at /rustc/e3feeb59cd1bdd011a2bfcc0747b55125d9b8527/library/core/src/panic/unwind_safe.rs:275:9
[INFO] [stdout]   40:     0x62089c6c7f82 - std[617be2ca0a6fd877]::panicking::catch_unwind::do_call::<core[a373ad73a504971]::panic::unwind_safe::AssertUnwindSafe<std[617be2ca0a6fd877]::thread::lifecycle::spawn_unchecked<test[aada8e7e76ba119b]::run_test::{closure#1}, ()>::{closure#1}::{closure#0}>, ()>
[INFO] [stdout]                                at /rustc/e3feeb59cd1bdd011a2bfcc0747b55125d9b8527/library/std/src/panicking.rs:573:43
[INFO] [stdout]   41:     0x62089c6c7f82 - std[617be2ca0a6fd877]::panicking::catch_unwind::<(), core[a373ad73a504971]::panic::unwind_safe::AssertUnwindSafe<std[617be2ca0a6fd877]::thread::lifecycle::spawn_unchecked<test[aada8e7e76ba119b]::run_test::{closure#1}, ()>::{closure#1}::{closure#0}>>
[INFO] [stdout]                                at /rustc/e3feeb59cd1bdd011a2bfcc0747b55125d9b8527/library/std/src/panicking.rs:541:19
[INFO] [stdout]   42:     0x62089c6c7f82 - std[617be2ca0a6fd877]::panic::catch_unwind::<core[a373ad73a504971]::panic::unwind_safe::AssertUnwindSafe<std[617be2ca0a6fd877]::thread::lifecycle::spawn_unchecked<test[aada8e7e76ba119b]::run_test::{closure#1}, ()>::{closure#1}::{closure#0}>, ()>
[INFO] [stdout]                                at /rustc/e3feeb59cd1bdd011a2bfcc0747b55125d9b8527/library/std/src/panic.rs:359:14
[INFO] [stdout]   43:     0x62089c6c7f82 - std[617be2ca0a6fd877]::thread::lifecycle::spawn_unchecked::<test[aada8e7e76ba119b]::run_test::{closure#1}, ()>::{closure#1}
[INFO] [stdout]                                at /rustc/e3feeb59cd1bdd011a2bfcc0747b55125d9b8527/library/std/src/thread/lifecycle.rs:68:26
[INFO] [stdout]   44:     0x62089c6c7f82 - <std[617be2ca0a6fd877]::thread::lifecycle::spawn_unchecked<test[aada8e7e76ba119b]::run_test::{closure#1}, ()>::{closure#1} as core[a373ad73a504971]::ops::function::FnOnce<()>>::call_once::{shim:vtable#0}
[INFO] [stdout]                                at /rustc/e3feeb59cd1bdd011a2bfcc0747b55125d9b8527/library/core/src/ops/function.rs:250:5
[INFO] [stdout]   45:     0x62089c72ffbf - <alloc[2e1b2a31b91974c5]::boxed::Box<dyn core[a373ad73a504971]::ops::function::FnOnce<(), Output = ()> + core[a373ad73a504971]::marker::Send> as core[a373ad73a504971]::ops::function::FnOnce<()>>::call_once
[INFO] [stdout]                                at /rustc/e3feeb59cd1bdd011a2bfcc0747b55125d9b8527/library/alloc/src/boxed.rs:2314:9
[INFO] [stdout]   46:     0x62089c72ffbf - <std[617be2ca0a6fd877]::sys::thread::unix::Thread>::new::thread_start
[INFO] [stdout]                                at /rustc/e3feeb59cd1bdd011a2bfcc0747b55125d9b8527/library/std/src/sys/thread/unix.rs:127:17
[INFO] [stdout]   47:     0x7e3eaee80dfa - <unknown>
[INFO] [stdout]   48:     0x7e3eaef143d4 - clone
[INFO] [stdout]   49:                0x0 - <unknown>
[INFO] [stdout] 
[INFO] [stdout] 
[INFO] [stdout] failures:
[INFO] [stdout]     a_wildcard_match_and_field_reads_compile
[INFO] [stdout]     building_a_family_with_a_struct_literal_is_rejected_downstream
[INFO] [stdout]     matching_both_severities_still_compiles_downstream
[INFO] [stdout]     matching_every_rule_variant_is_rejected_downstream
[INFO] [stdout] 
[INFO] [stdout] test result: FAILED. 0 passed; 4 failed; 0 ignored; 0 measured; 0 filtered out; finished in 0.08s
[INFO] [stdout] 
[INFO] [stderr] error: test failed, to rerun pass `-p okf-graph --test sealed`
[INFO] running `Command { std: "docker" "inspect" "6d3e74a00fc7bb14bfb684ee19a7b5b7b2fe005d2a8afb99d1dc98039a26a489", kill_on_drop: false }`
[INFO] running `Command { std: "docker" "rm" "-f" "6d3e74a00fc7bb14bfb684ee19a7b5b7b2fe005d2a8afb99d1dc98039a26a489", kill_on_drop: false }`
[INFO] [stdout] 6d3e74a00fc7bb14bfb684ee19a7b5b7b2fe005d2a8afb99d1dc98039a26a489
