[INFO] cloning repository https://github.com/lovebaihezi/dash-board
[INFO] running `Command { std: "git" "-c" "credential.helper=" "-c" "credential.helper=/workspace/cargo-home/bin/git-credential-null" "clone" "--bare" "https://github.com/lovebaihezi/dash-board" "/workspace/cache/git-repos/https%3A%2F%2Fgithub.com%2Flovebaihezi%2Fdash-board", kill_on_drop: false }`
[INFO] [stderr] Cloning into bare repository '/workspace/cache/git-repos/https%3A%2F%2Fgithub.com%2Flovebaihezi%2Fdash-board'...
[INFO] running `Command { std: "git" "rev-parse" "HEAD", kill_on_drop: false }`
[INFO] [stdout] 2a76b173dd8c7cb8db8f1b5839fce9385d2ed7d1
[INFO] testing lovebaihezi/dash-board against 1.100.0-beta.1 for beta-1.100-2
[INFO] running `Command { std: "git" "clone" "/workspace/cache/git-repos/https%3A%2F%2Fgithub.com%2Flovebaihezi%2Fdash-board" "/workspace/builds/worker-2-tc2/source", kill_on_drop: false }`
[INFO] [stderr] Cloning into '/workspace/builds/worker-2-tc2/source'...
[INFO] [stderr] done.
[INFO] started tweaking git repo https://github.com/lovebaihezi/dash-board
[INFO] finished tweaking git repo https://github.com/lovebaihezi/dash-board
[INFO] tweaked toml for git repo https://github.com/lovebaihezi/dash-board written to /workspace/builds/worker-2-tc2/source/Cargo.toml
[INFO] validating manifest of git repo https://github.com/lovebaihezi/dash-board on toolchain 1.100.0-beta.1
[INFO] running `Command { std: CARGO_HOME="/workspace/cargo-home" RUSTUP_HOME="/workspace/rustup-home" "/workspace/cargo-home/bin/cargo" "+1.100.0-beta.1" "metadata" "--manifest-path" "Cargo.toml" "--no-deps", kill_on_drop: false }`
[INFO] crate git repo https://github.com/lovebaihezi/dash-board already has a lockfile, it will not be regenerated
[INFO] running `Command { std: CARGO_HOME="/workspace/cargo-home" RUSTUP_HOME="/workspace/rustup-home" "/workspace/cargo-home/bin/cargo" "+1.100.0-beta.1" "fetch" "--manifest-path" "Cargo.toml", kill_on_drop: false }`
[INFO] [stderr]     Blocking waiting for file lock on package cache
[ERROR] error running command: no output for 300 seconds
[INFO] testing lovebaihezi/dash-board against 1.100.0-beta.1 for beta-1.100-2
[INFO] running `Command { std: "git" "clone" "/workspace/cache/git-repos/https%3A%2F%2Fgithub.com%2Flovebaihezi%2Fdash-board" "/workspace/builds/worker-2-tc2/source", kill_on_drop: false }`
[INFO] [stderr] Cloning into '/workspace/builds/worker-2-tc2/source'...
[INFO] [stderr] done.
[INFO] started tweaking git repo https://github.com/lovebaihezi/dash-board
[INFO] finished tweaking git repo https://github.com/lovebaihezi/dash-board
[INFO] tweaked toml for git repo https://github.com/lovebaihezi/dash-board written to /workspace/builds/worker-2-tc2/source/Cargo.toml
[INFO] validating manifest of git repo https://github.com/lovebaihezi/dash-board on toolchain 1.100.0-beta.1
[INFO] running `Command { std: CARGO_HOME="/workspace/cargo-home" RUSTUP_HOME="/workspace/rustup-home" "/workspace/cargo-home/bin/cargo" "+1.100.0-beta.1" "metadata" "--manifest-path" "Cargo.toml" "--no-deps", kill_on_drop: false }`
[INFO] crate git repo https://github.com/lovebaihezi/dash-board already has a lockfile, it will not be regenerated
[INFO] running `Command { std: CARGO_HOME="/workspace/cargo-home" RUSTUP_HOME="/workspace/rustup-home" "/workspace/cargo-home/bin/cargo" "+1.100.0-beta.1" "fetch" "--manifest-path" "Cargo.toml", kill_on_drop: false }`
[INFO] [stderr]     Blocking waiting for file lock on package cache
[INFO] [stderr]     Updating crates.io index
[INFO] [stderr]     Updating git repository `https://github.com/mitsuhiko/redis-rs.git`
[INFO] [stderr]     Blocking waiting for file lock on package cache
[ERROR] error running command: no output for 300 seconds
[INFO] testing lovebaihezi/dash-board against 1.100.0-beta.1 for beta-1.100-2
[INFO] running `Command { std: "git" "clone" "/workspace/cache/git-repos/https%3A%2F%2Fgithub.com%2Flovebaihezi%2Fdash-board" "/workspace/builds/worker-2-tc2/source", kill_on_drop: false }`
[INFO] [stderr] Cloning into '/workspace/builds/worker-2-tc2/source'...
[INFO] [stderr] done.
[INFO] started tweaking git repo https://github.com/lovebaihezi/dash-board
[INFO] finished tweaking git repo https://github.com/lovebaihezi/dash-board
[INFO] tweaked toml for git repo https://github.com/lovebaihezi/dash-board written to /workspace/builds/worker-2-tc2/source/Cargo.toml
[INFO] validating manifest of git repo https://github.com/lovebaihezi/dash-board on toolchain 1.100.0-beta.1
[INFO] running `Command { std: CARGO_HOME="/workspace/cargo-home" RUSTUP_HOME="/workspace/rustup-home" "/workspace/cargo-home/bin/cargo" "+1.100.0-beta.1" "metadata" "--manifest-path" "Cargo.toml" "--no-deps", kill_on_drop: false }`
[INFO] crate git repo https://github.com/lovebaihezi/dash-board already has a lockfile, it will not be regenerated
[INFO] running `Command { std: CARGO_HOME="/workspace/cargo-home" RUSTUP_HOME="/workspace/rustup-home" "/workspace/cargo-home/bin/cargo" "+1.100.0-beta.1" "fetch" "--manifest-path" "Cargo.toml", kill_on_drop: false }`
[INFO] [stderr]     Blocking waiting for file lock on package cache
[ERROR] error running command: no output for 300 seconds
[INFO] testing lovebaihezi/dash-board against 1.100.0-beta.1 for beta-1.100-2
[INFO] running `Command { std: "git" "clone" "/workspace/cache/git-repos/https%3A%2F%2Fgithub.com%2Flovebaihezi%2Fdash-board" "/workspace/builds/worker-2-tc2/source", kill_on_drop: false }`
[INFO] [stderr] Cloning into '/workspace/builds/worker-2-tc2/source'...
[INFO] [stderr] done.
[INFO] started tweaking git repo https://github.com/lovebaihezi/dash-board
[INFO] finished tweaking git repo https://github.com/lovebaihezi/dash-board
[INFO] tweaked toml for git repo https://github.com/lovebaihezi/dash-board written to /workspace/builds/worker-2-tc2/source/Cargo.toml
[INFO] validating manifest of git repo https://github.com/lovebaihezi/dash-board on toolchain 1.100.0-beta.1
[INFO] running `Command { std: CARGO_HOME="/workspace/cargo-home" RUSTUP_HOME="/workspace/rustup-home" "/workspace/cargo-home/bin/cargo" "+1.100.0-beta.1" "metadata" "--manifest-path" "Cargo.toml" "--no-deps", kill_on_drop: false }`
[INFO] crate git repo https://github.com/lovebaihezi/dash-board already has a lockfile, it will not be regenerated
[INFO] running `Command { std: CARGO_HOME="/workspace/cargo-home" RUSTUP_HOME="/workspace/rustup-home" "/workspace/cargo-home/bin/cargo" "+1.100.0-beta.1" "fetch" "--manifest-path" "Cargo.toml", kill_on_drop: false }`
[INFO] [stderr]     Blocking waiting for file lock on package cache
[INFO] [stderr]     Blocking waiting for file lock on package cache
[INFO] [stderr]  Downloading crates ...
[INFO] [stderr]   Downloaded tracing-core v0.1.21
[INFO] [stderr]   Downloaded quote v1.0.10
[INFO] [stderr]   Downloaded tracing-serde v0.1.2
[INFO] [stderr]   Downloaded proc-macro2 v1.0.32
[INFO] [stderr]   Downloaded const_fn v0.4.8
[INFO] [stderr]   Downloaded wasm-bindgen-shared v0.2.78
[INFO] [stderr]   Downloaded wasm-bindgen-macro v0.2.78
[INFO] [stderr]   Downloaded crypto-mac v0.11.1
[INFO] [stderr]   Downloaded hmac v0.11.0
[INFO] [stderr]   Downloaded postgres-types v0.2.2
[INFO] [stderr]   Downloaded postgres-protocol v0.6.2
[INFO] [stderr]   Downloaded wasm-bindgen-backend v0.2.78
[INFO] [stderr]   Downloaded ppv-lite86 v0.2.15
[INFO] [stderr]   Downloaded socket2 v0.4.2
[INFO] [stderr]   Downloaded winreg v0.7.0
[INFO] [stderr]   Downloaded hyper-rustls v0.22.1
[INFO] [stderr]   Downloaded rustc_version v0.3.3
[INFO] [stderr]   Downloaded local-waker v0.1.1
[INFO] [stderr]   Downloaded tokio-macros v1.5.1
[INFO] [stderr]   Downloaded untrusted v0.7.1
[INFO] [stderr]   Downloaded serde_urlencoded v0.7.0
[INFO] [stderr]   Downloaded httpdate v1.0.1
[INFO] [stderr]   Downloaded deadpool-redis v0.9.0
[INFO] [stderr]   Downloaded convert_case v0.4.0
[INFO] [stderr]   Downloaded thread_local v1.1.3
[INFO] [stderr]   Downloaded dtoa v0.4.8
[INFO] [stderr]   Downloaded libc_tools v0.1.3
[INFO] [stderr]   Downloaded wasm-bindgen-futures v0.4.28
[INFO] [stderr]   Downloaded hmac-sha1 v0.1.3
[INFO] [stderr]   Downloaded google-authenticator v0.2.1
[INFO] [stderr]   Downloaded colored v2.0.0
[INFO] [stderr]   Downloaded cookie v0.15.1
[INFO] [stderr]   Downloaded actix-web-codegen v0.5.0-beta.5
[INFO] [stderr]   Downloaded actix-utils v3.0.0
[INFO] [stderr]   Downloaded miniz_oxide v0.4.4
[INFO] [stderr]   Downloaded siphasher v0.3.7
[INFO] [stderr]   Downloaded slab v0.4.5
[INFO] [stderr]   Downloaded pkg-config v0.3.22
[INFO] [stderr]   Downloaded phf v0.10.0
[INFO] [stderr]   Downloaded phf_shared v0.10.0
[INFO] [stderr]   Downloaded qrcodegen v1.7.0
[INFO] [stderr]   Downloaded sha1 v0.2.0
[INFO] [stderr]   Downloaded actix-web-actors v4.0.0-beta.7
[INFO] [stderr]   Downloaded firestorm v0.4.6
[INFO] [stderr]   Downloaded local-channel v0.1.2
[INFO] [stderr]   Downloaded base32 v0.4.0
[INFO] [stderr]   Downloaded actix-service v2.0.1
[INFO] [stderr]   Downloaded actix-macros v0.2.3
[INFO] [stderr]   Downloaded actix-tls v3.0.0-beta.7
[INFO] [stderr]   Downloaded semver-parser v0.10.2
[INFO] [stderr]   Downloaded wasm-bindgen-macro-support v0.2.78
[INFO] [stderr]   Downloaded ipnet v2.3.1
[INFO] [stderr]   Downloaded httparse v1.5.1
[INFO] [stderr]   Downloaded deadpool v0.8.2
[INFO] [stderr]   Downloaded config v0.11.0
[INFO] [stderr]   Downloaded pin-project-internal v1.0.8
[INFO] [stderr]   Downloaded derive_more v0.99.16
[INFO] [stderr]   Downloaded semver v0.11.0
[INFO] [stderr]   Downloaded actix-router v0.5.0-beta.2
[INFO] [stderr]   Downloaded actix-rt v2.4.0
[INFO] [stderr]   Downloaded tracing v0.1.29
[INFO] [stderr]   Downloaded async-trait v0.1.51
[INFO] [stderr]   Downloaded jobserver v0.1.24
[INFO] [stderr]   Downloaded serde_path_to_error v0.1.5
[INFO] [stderr]   Downloaded sct v0.6.1
[INFO] [stderr]   Downloaded crossbeam v0.8.1
[INFO] [stderr]   Downloaded paste v1.0.6
[INFO] [stderr]   Downloaded actix-server v2.0.0-beta.6
[INFO] [stderr]   Downloaded twoway v0.2.2
[INFO] [stderr]   Downloaded tracing-attributes v0.1.18
[INFO] [stderr]   Downloaded js-sys v0.3.55
[INFO] [stderr]   Downloaded tokio-rustls v0.22.0
[INFO] [stderr]   Downloaded deadpool-postgres v0.9.0
[INFO] [stderr]   Downloaded ucd-trie v0.1.3
[INFO] [stderr]   Downloaded actix-codec v0.4.1
[INFO] [stderr]   Downloaded smallvec v1.7.0
[INFO] [stderr]   Downloaded bumpalo v3.8.0
[INFO] [stderr]   Downloaded cc v1.0.72
[INFO] [stderr]   Downloaded openssl-sys v0.9.70
[INFO] [stderr]   Downloaded pin-project v1.0.8
[INFO] [stderr]   Downloaded flate2 v1.0.22
[INFO] [stderr]   Downloaded actix_derive v0.6.0
[INFO] [stderr]   Downloaded unchecked-index v0.2.2
[INFO] [stderr]   Downloaded tokio-postgres v0.7.5
[INFO] [stderr]   Downloaded tokio-util v0.6.9
[INFO] [stderr]   Downloaded oauth2 v4.1.0
[INFO] [stderr]   Downloaded webpki v0.21.4
[INFO] [stderr]   Downloaded time v0.3.4
[INFO] [stderr]   Downloaded pest v2.1.3
[INFO] [stderr]   Downloaded zstd-safe v3.1.0+zstd.1.4.9
[INFO] [stderr]   Downloaded actix-multipart v0.4.0-beta.7
[INFO] [stderr]   Downloaded http v0.2.5
[INFO] [stderr]   Downloaded zstd v0.7.0+zstd.1.4.9
[INFO] [stderr]   Downloaded mio v0.7.14
[INFO] [stderr]   Downloaded combine v4.6.2
[INFO] [stderr]   Downloaded serde_json v1.0.69
[INFO] [stderr]   Downloaded redis v0.21.4
[INFO] [stderr]   Downloaded nom v5.1.2
[INFO] [stderr]   Downloaded actix-http v3.0.0-beta.11
[INFO] [stderr]   Downloaded syn v1.0.81
[INFO] [stderr]   Downloaded ntapi v0.3.6
[INFO] [stderr]   Downloaded reqwest v0.11.6
[INFO] [stderr]   Downloaded h2 v0.3.7
[INFO] [stderr]   Downloaded hyper v0.14.14
[INFO] [stderr]   Downloaded actix-web v4.0.0-beta.10
[INFO] [stderr]   Downloaded actix v0.12.0
[INFO] [stderr]   Downloaded wasm-bindgen v0.2.78
[INFO] [stderr]   Downloaded rustls v0.19.1
[INFO] [stderr]   Downloaded webpki-roots v0.21.1
[INFO] [stderr]   Downloaded libc v0.2.107
[INFO] [stderr]   Downloaded tokio v1.13.0
[INFO] [stderr]   Downloaded web-sys v0.3.55
[INFO] [stderr]   Downloaded encoding_rs v0.8.29
[INFO] [stderr]   Downloaded zstd-sys v1.5.0+zstd.1.4.9
[INFO] [stderr]   Downloaded ring v0.16.20
[INFO] running `Command { std: "docker" "create" "-v" "/var/lib/crater-agent-workspace/builds/worker-2-tc2/source:/opt/rustwide/workdir:ro,Z" "-v" "/var/lib/crater-agent-workspace/builds/worker-2-tc2/target:/opt/rustwide/target:rw,Z" "-v" "/var/lib/crater-agent-workspace/cargo-home:/opt/rustwide/cargo-home:ro,Z" "-v" "/var/lib/crater-agent-workspace/rustup-home:/opt/rustwide/rustup-home:ro,Z" "-m" "1610612736" "--network" "none" "ghcr.io/rust-lang/crates-build-env/linux@sha256:3111399a4047eeb3a02b7a90e478d715f38a8c6669b5c4b49d30a17385265909" "sleep" "infinity", kill_on_drop: false }`
[INFO] [stdout] 49e6b7e16201ef1004ec3585b7d1998134cbeeef4526c94b6ad5688287e0c251
[INFO] running `Command { std: "docker" "start" "49e6b7e16201ef1004ec3585b7d1998134cbeeef4526c94b6ad5688287e0c251", kill_on_drop: false }`
[INFO] running `Command { std: "docker" "inspect" "49e6b7e16201ef1004ec3585b7d1998134cbeeef4526c94b6ad5688287e0c251", kill_on_drop: false }`
[INFO] running `Command { std: "docker" "exec" "-e" "SOURCE_DIR=/opt/rustwide/workdir" "-e" "CARGO_HOME=/opt/rustwide/cargo-home" "-e" "RUSTUP_HOME=/opt/rustwide/rustup-home" "-e" "CARGO_TARGET_DIR=/opt/rustwide/target" "-w" "/opt/rustwide/workdir" "--user" "0:0" "49e6b7e16201ef1004ec3585b7d1998134cbeeef4526c94b6ad5688287e0c251" "/opt/rustwide/cargo-home/bin/cargo" "+1.100.0-beta.1" "metadata" "--no-deps" "--format-version=1", kill_on_drop: false }`
[INFO] running `Command { std: "docker" "inspect" "49e6b7e16201ef1004ec3585b7d1998134cbeeef4526c94b6ad5688287e0c251", kill_on_drop: false }`
[INFO] running `Command { std: "docker" "exec" "-e" "SOURCE_DIR=/opt/rustwide/workdir" "-e" "CARGO_HOME=/opt/rustwide/cargo-home" "-e" "RUSTUP_HOME=/opt/rustwide/rustup-home" "-e" "CARGO_TARGET_DIR=/opt/rustwide/target" "-e" "CARGO_INCREMENTAL=0" "-e" "RUST_BACKTRACE=full" "-e" "RUSTFLAGS=--cap-lints=warn" "-e" "RUSTDOCFLAGS=--cap-lints=warn" "-w" "/opt/rustwide/workdir" "--user" "0:0" "49e6b7e16201ef1004ec3585b7d1998134cbeeef4526c94b6ad5688287e0c251" "/opt/rustwide/cargo-home/bin/cargo" "+1.100.0-beta.1" "build" "--frozen" "--message-format=json", kill_on_drop: false }`
[INFO] [stderr]    Compiling libc v0.2.107
[INFO] [stderr]    Compiling autocfg v1.0.1
[INFO] [stderr]    Compiling proc-macro2 v1.0.32
[INFO] [stderr]    Compiling unicode-xid v0.2.2
[INFO] [stderr]    Compiling syn v1.0.81
[INFO] [stderr]    Compiling memchr v2.4.1
[INFO] [stderr]    Compiling version_check v0.9.3
[INFO] [stderr]    Compiling once_cell v1.8.0
[INFO] [stderr]    Compiling log v0.4.14
[INFO] [stderr]    Compiling pin-project-lite v0.2.7
[INFO] [stderr]    Compiling scopeguard v1.1.0
[INFO] [stderr]    Compiling bytes v1.1.0
[INFO] [stderr]    Compiling lazy_static v1.4.0
[INFO] [stderr]    Compiling futures-core v0.3.17
[INFO] [stderr]    Compiling smallvec v1.7.0
[INFO] [stderr]    Compiling parking_lot_core v0.8.5
[INFO] [stderr]    Compiling instant v0.1.12
[INFO] [stderr]    Compiling lock_api v0.4.5
[INFO] [stderr]    Compiling proc-macro-hack v0.5.19
[INFO] [stderr]    Compiling futures-sink v0.3.17
[INFO] [stderr]    Compiling serde_derive v1.0.130
[INFO] [stderr]    Compiling serde v1.0.130
[INFO] [stderr]    Compiling itoa v0.4.8
[INFO] [stderr]    Compiling proc-macro-nested v0.1.7
[INFO] [stderr]    Compiling futures-task v0.3.17
[INFO] [stderr]    Compiling futures-channel v0.3.17
[INFO] [stderr]    Compiling typenum v1.14.0
[INFO] [stderr]    Compiling generic-array v0.14.4
[INFO] [stderr]    Compiling slab v0.4.5
[INFO] [stderr]    Compiling futures-io v0.3.17
[INFO] [stderr]    Compiling tinyvec_macros v0.1.0
[INFO] [stderr]    Compiling percent-encoding v2.1.0
[INFO] [stderr]    Compiling ryu v1.0.5
[INFO] [stderr]    Compiling tokio v1.13.0
[INFO] [stderr]    Compiling futures-macro v0.3.17
[INFO] [stderr]    Compiling futures-util v0.3.17
[INFO] [stderr]    Compiling tinyvec v1.5.1
[INFO] [stderr]    Compiling unicode-bidi v0.3.7
[INFO] [stderr]    Compiling ppv-lite86 v0.2.15
[INFO] [stderr]    Compiling http v0.2.5
[INFO] [stderr]    Compiling tracing-core v0.1.21
[INFO] [stderr]    Compiling base64 v0.13.0
[INFO] [stderr]    Compiling opaque-debug v0.3.0
[INFO] [stderr]    Compiling quote v1.0.10
[INFO] [stderr]    Compiling matches v0.1.9
[INFO] [stderr]    Compiling indexmap v1.7.0
[INFO] [stderr]    Compiling cpufeatures v0.2.1
[INFO] [stderr]    Compiling crossbeam-utils v0.8.5
[INFO] [stderr]    Compiling form_urlencoded v1.0.1
[INFO] [stderr]    Compiling httparse v1.5.1
[INFO] [stderr]    Compiling hashbrown v0.11.2
[INFO] [stderr]    Compiling standback v0.2.17
[INFO] [stderr]    Compiling spin v0.5.2
[INFO] [stderr]    Compiling untrusted v0.7.1
[INFO] [stderr]    Compiling regex-syntax v0.6.25
[INFO] [stderr]    Compiling jobserver v0.1.24
[INFO] [stderr]    Compiling num_cpus v1.13.0
[INFO] [stderr]    Compiling cc v1.0.72
[INFO] [stderr]    Compiling signal-hook-registry v1.4.0
[INFO] [stderr]    Compiling mio v0.7.14
[INFO] [stderr]    Compiling getrandom v0.2.3
[INFO] [stderr]    Compiling socket2 v0.4.2
[INFO] [stderr]    Compiling parking_lot v0.11.2
[INFO] [stderr]    Compiling rand_core v0.6.3
[INFO] [stderr]    Compiling encoding_rs v0.8.29
[INFO] [stderr]    Compiling local-waker v0.1.1
[INFO] [stderr]    Compiling httpdate v1.0.1
[INFO] [stderr]    Compiling async-trait v0.1.51
[INFO] [stderr]    Compiling rand_chacha v0.3.1
[INFO] [stderr]    Compiling aho-corasick v0.7.18
[INFO] [stderr]    Compiling miniz_oxide v0.4.4
[INFO] [stderr]    Compiling memoffset v0.6.4
[INFO] [stderr]    Compiling serde_json v1.0.69
[INFO] [stderr]    Compiling zstd-safe v3.1.0+zstd.1.4.9
[INFO] [stderr]    Compiling paste v1.0.6
[INFO] [stderr]    Compiling rand v0.8.4
[INFO] [stderr]    Compiling lexical-core v0.7.6
[INFO] [stderr]    Compiling crc32fast v1.2.1
[INFO] [stderr]    Compiling const_fn v0.4.8
[INFO] [stderr]    Compiling actix-utils v3.0.0
[INFO] [stderr]    Compiling num-traits v0.2.14
[INFO] [stderr]    Compiling bytestring v1.0.0
[INFO] [stderr]    Compiling time v0.2.27
[INFO] [stderr]    Compiling nom v5.1.2
[INFO] [stderr]    Compiling unicode-normalization v0.1.19
[INFO] [stderr]    Compiling ahash v0.7.6
[INFO] [stderr]    Compiling convert_case v0.4.0
[INFO] [stderr]    Compiling actix-service v2.0.1
[INFO] [stderr]    Compiling crossbeam-epoch v0.9.5
[INFO] [stderr]    Compiling mime v0.3.16
[INFO] [stderr]    Compiling adler v1.0.2
[INFO] [stderr]    Compiling subtle v2.4.1
[INFO] [stderr]    Compiling arrayvec v0.5.2
[INFO] [stderr]    Compiling getrandom v0.1.16
[INFO] [stderr]    Compiling ring v0.16.20
[INFO] [stderr]    Compiling zstd-sys v1.5.0+zstd.1.4.9
[INFO] [stderr]    Compiling brotli-sys v0.3.2
[INFO] [stderr]    Compiling crossbeam-channel v0.5.1
[INFO] [stderr]    Compiling num-integer v0.1.44
[INFO] [stderr]    Compiling digest v0.9.0
[INFO] [stderr]    Compiling block-buffer v0.9.0
[INFO] [stderr]    Compiling crypto-mac v0.11.1
[INFO] [stderr]    Compiling cookie v0.15.1
[INFO] [stderr]    Compiling firestorm v0.4.6
[INFO] [stderr]    Compiling try-lock v0.2.3
[INFO] [stderr]    Compiling sha2 v0.9.8
[INFO] [stderr]    Compiling pkg-config v0.3.22
[INFO] [stderr]    Compiling want v0.3.0
[INFO] [stderr]    Compiling md-5 v0.9.1
[INFO] [stderr]    Compiling hmac v0.11.0
[INFO] [stderr]    Compiling sha-1 v0.9.8
[INFO] [stderr]    Compiling flate2 v1.0.22
[INFO] [stderr]    Compiling idna v0.2.3
[INFO] [stderr]    Compiling stringprep v0.1.2
[INFO] [stderr]    Compiling openssl-sys v0.9.70
[INFO] [stderr]    Compiling regex v1.5.4
[INFO] [stderr]    Compiling http-body v0.4.4
[INFO] [stderr]    Compiling siphasher v0.3.7
[INFO] [stderr]    Compiling rayon-core v1.9.1
[INFO] [stderr]    Compiling either v1.6.1
[INFO] [stderr]    Compiling tower-service v0.3.1
[INFO] [stderr]    Compiling byteorder v1.4.3
[INFO] [stderr]    Compiling language-tags v0.3.2
[INFO] [stderr]    Compiling fallible-iterator v0.2.0
[INFO] [stderr]    Compiling phf_shared v0.10.0
[INFO] [stderr]    Compiling crossbeam-deque v0.8.1
[INFO] [stderr]    Compiling rand_core v0.5.1
[INFO] [stderr]    Compiling time v0.1.43
[INFO] [stderr]    Compiling time v0.3.4
[INFO] [stderr]    Compiling crossbeam-queue v0.3.2
[INFO] [stderr]    Compiling dtoa v0.4.8
[INFO] [stderr]    Compiling phf v0.10.0
[INFO] [stderr]    Compiling rand_chacha v0.2.2
[INFO] [stderr]    Compiling regex-automata v0.1.10
[INFO] [stderr]    Compiling rayon v1.5.1
[INFO] [stderr]    Compiling openssl v0.10.38
[INFO] [stderr]    Compiling unchecked-index v0.2.2
[INFO] [stderr]    Compiling postgres-protocol v0.6.2
[INFO] [stderr]    Compiling ipnet v2.3.1
[INFO] [stderr]    Compiling sha1 v0.2.0
[INFO] [stderr]    Compiling hmac-sha1 v0.1.3
[INFO] [stderr]    Compiling twoway v0.2.2
[INFO] [stderr]    Compiling rand v0.7.3
[INFO] [stderr]    Compiling tracing-log v0.1.2
[INFO] [stderr]    Compiling atty v0.2.14
[INFO] [stderr]    Compiling thread_local v1.1.3
[INFO] [stderr]    Compiling sharded-slab v0.1.4
[INFO] [stderr]    Compiling postgres-types v0.2.2
[INFO] [stderr]    Compiling ansi_term v0.12.1
[INFO] [stderr]    Compiling base32 v0.4.0
[INFO] [stderr]    Compiling sha1 v0.6.0
[INFO] [stderr]    Compiling colored v2.0.0
[INFO] [stderr]    Compiling crossbeam v0.8.1
[INFO] [stderr]    Compiling libc_tools v0.1.3
[INFO] [stderr]    Compiling qrcodegen v1.7.0
[INFO] [stderr]    Compiling matchers v0.0.1
[INFO] [stderr]    Compiling google-authenticator v0.2.1
[INFO] [stderr]    Compiling webpki v0.21.4
[INFO] [stderr]    Compiling sct v0.6.1
[INFO] [stderr]    Compiling rustls v0.19.1
[INFO] [stderr]    Compiling webpki-roots v0.21.1
[INFO] [stderr]    Compiling tokio-macros v1.5.1
[INFO] [stderr]    Compiling tracing-attributes v0.1.18
[INFO] [stderr]    Compiling actix-macros v0.2.3
[INFO] [stderr]    Compiling time-macros-impl v0.1.2
[INFO] [stderr]    Compiling tracing v0.1.29
[INFO] [stderr]    Compiling derive_more v0.99.16
[INFO] [stderr]    Compiling time-macros v0.1.1
[INFO] [stderr]    Compiling pin-project-internal v1.0.8
[INFO] [stderr]    Compiling brotli2 v0.3.2
[INFO] [stderr]    Compiling actix_derive v0.6.0
[INFO] [stderr]    Compiling thiserror-impl v1.0.30
[INFO] [stderr]    Compiling pin-project v1.0.8
[INFO] [stderr]    Compiling thiserror v1.0.30
[INFO] [stderr]    Compiling local-channel v0.1.2
[INFO] [stderr]    Compiling futures-executor v0.3.17
[INFO] [stderr]    Compiling futures v0.3.17
[INFO] [stderr]    Compiling tokio-util v0.6.9
[INFO] [stderr]    Compiling actix-rt v2.4.0
[INFO] [stderr]    Compiling tokio-rustls v0.22.0
[INFO] [stderr]    Compiling actix-server v2.0.0-beta.6
[INFO] [stderr]    Compiling h2 v0.3.7
[INFO] [stderr]    Compiling actix-codec v0.4.1
[INFO] [stderr]    Compiling combine v4.6.2
[INFO] [stderr]    Compiling actix-tls v3.0.0-beta.7
[INFO] [stderr]    Compiling actix v0.12.0
[INFO] [stderr]    Compiling tokio-postgres v0.7.5
[INFO] [stderr]    Compiling url v2.2.2
[INFO] [stderr]    Compiling serde_urlencoded v0.7.0
[INFO] [stderr]    Compiling actix-router v0.5.0-beta.2
[INFO] [stderr]    Compiling config v0.11.0
[INFO] [stderr]    Compiling chrono v0.4.19
[INFO] [stderr]    Compiling serde_path_to_error v0.1.5
[INFO] [stderr]    Compiling tracing-serde v0.1.2
[INFO] [stderr]    Compiling deadpool v0.8.2
[INFO] [stderr]    Compiling deadpool-postgres v0.9.0
[INFO] [stderr]    Compiling actix-web-codegen v0.5.0-beta.5
[INFO] [stderr]    Compiling tracing-subscriber v0.2.25
[INFO] [stderr]    Compiling hyper v0.14.14
[INFO] [stderr]    Compiling hyper-rustls v0.22.1
[INFO] [stderr]    Compiling reqwest v0.11.6
[INFO] [stderr]    Compiling redis v0.21.4
[INFO] [stderr]    Compiling redis v0.21.4 (https://github.com/mitsuhiko/redis-rs.git#d4dfd43a)
[INFO] [stdout] error[E0277]: the trait bound `!: FromRedisValue` is not satisfied
[INFO] [stdout]    --> /opt/rustwide/cargo-home/git/checkouts/redis-rs-2f5f7447f5edbcd3/d4dfd43/src/script.rs:143:30
[INFO] [stdout]     |
[INFO] [stdout] 143 | ...                   .query(con)?;
[INFO] [stdout]     |                        ^^^^^ the trait `FromRedisValue` is not implemented for `!`
[INFO] [stdout]     |
[INFO] [stdout]     = help: the following other types implement trait `FromRedisValue`:
[INFO] [stdout]               ()
[INFO] [stdout]               (T12,)
[INFO] [stdout]               (T11, T12)
[INFO] [stdout]               (T10, T11, T12)
[INFO] [stdout]               (T9, T10, T11, T12)
[INFO] [stdout]               (T8, T9, T10, T11, T12)
[INFO] [stdout]               (T7, T8, T9, T10, T11, T12)
[INFO] [stdout]               (T6, T7, T8, T9, T10, T11, T12)
[INFO] [stdout]             and 40 others
[INFO] [stdout]     = note: this error might have been caused by changes to Rust's type-inference algorithm (see issue #148922 <https://github.com/rust-lang/rust/issues/148922> for more information)
[INFO] [stdout]     = help: you might have intended to use the type `()` here instead
[INFO] [stdout] note: required by a bound in `Cmd::query`
[INFO] [stdout]    --> /opt/rustwide/cargo-home/git/checkouts/redis-rs-2f5f7447f5edbcd3/d4dfd43/src/cmd.rs:363:21
[INFO] [stdout]     |
[INFO] [stdout] 273 | impl Cmd {
[INFO] [stdout] ...
[INFO] [stdout] 363 |     pub fn query<T: FromRedisValue>(&self, con: &mut dyn ConnectionLike) -> RedisResult<T> {
[INFO] [stdout]     |                     ^^^^^^^^^^^^^^ required by this bound in `Cmd::query`
[INFO] [stdout] 
[INFO] [stdout] 
[INFO] [stdout] For more information about this error, try `rustc --explain E0277`.
[INFO] [stdout] 
[INFO] [stderr] error: could not compile `redis` (lib) due to 1 previous error; 1 warning emitted
[INFO] [stderr] warning: build failed, waiting for other jobs to finish...
[INFO] running `Command { std: "docker" "inspect" "49e6b7e16201ef1004ec3585b7d1998134cbeeef4526c94b6ad5688287e0c251", kill_on_drop: false }`
[INFO] running `Command { std: "docker" "rm" "-f" "49e6b7e16201ef1004ec3585b7d1998134cbeeef4526c94b6ad5688287e0c251", kill_on_drop: false }`
[INFO] [stdout] 49e6b7e16201ef1004ec3585b7d1998134cbeeef4526c94b6ad5688287e0c251
