[INFO] cloning repository https://github.com/digitalscyther/short-links
[INFO] running `Command { std: "git" "-c" "credential.helper=" "-c" "credential.helper=/workspace/cargo-home/bin/git-credential-null" "clone" "--bare" "https://github.com/digitalscyther/short-links" "/workspace/cache/git-repos/https%3A%2F%2Fgithub.com%2Fdigitalscyther%2Fshort-links", kill_on_drop: false }`
[INFO] [stderr] Cloning into bare repository '/workspace/cache/git-repos/https%3A%2F%2Fgithub.com%2Fdigitalscyther%2Fshort-links'...
[INFO] running `Command { std: "git" "rev-parse" "HEAD", kill_on_drop: false }`
[INFO] [stdout] 8d2068d339be9e6d915445541b86722a97c8ab15
[INFO] testing digitalscyther/short-links against 1.100.0-beta.1 for beta-1.100-2
[INFO] running `Command { std: "git" "clone" "/workspace/cache/git-repos/https%3A%2F%2Fgithub.com%2Fdigitalscyther%2Fshort-links" "/workspace/builds/worker-1-tc2/source", kill_on_drop: false }`
[INFO] [stderr] Cloning into '/workspace/builds/worker-1-tc2/source'...
[INFO] [stderr] done.
[INFO] started tweaking git repo https://github.com/digitalscyther/short-links
[INFO] finished tweaking git repo https://github.com/digitalscyther/short-links
[INFO] tweaked toml for git repo https://github.com/digitalscyther/short-links written to /workspace/builds/worker-1-tc2/source/Cargo.toml
[INFO] validating manifest of git repo https://github.com/digitalscyther/short-links on toolchain 1.100.0-beta.1
[INFO] running `Command { std: CARGO_HOME="/workspace/cargo-home" RUSTUP_HOME="/workspace/rustup-home" "/workspace/cargo-home/bin/cargo" "+1.100.0-beta.1" "metadata" "--manifest-path" "Cargo.toml" "--no-deps", kill_on_drop: false }`
[INFO] crate git repo https://github.com/digitalscyther/short-links already has a lockfile, it will not be regenerated
[INFO] running `Command { std: CARGO_HOME="/workspace/cargo-home" RUSTUP_HOME="/workspace/rustup-home" "/workspace/cargo-home/bin/cargo" "+1.100.0-beta.1" "fetch" "--manifest-path" "Cargo.toml", kill_on_drop: false }`
[INFO] running `Command { std: "docker" "create" "-v" "/var/lib/crater-agent-workspace/builds/worker-1-tc2/source:/opt/rustwide/workdir:ro,Z" "-v" "/var/lib/crater-agent-workspace/builds/worker-1-tc2/target:/opt/rustwide/target:rw,Z" "-v" "/var/lib/crater-agent-workspace/cargo-home:/opt/rustwide/cargo-home:ro,Z" "-v" "/var/lib/crater-agent-workspace/rustup-home:/opt/rustwide/rustup-home:ro,Z" "-m" "1610612736" "--network" "none" "ghcr.io/rust-lang/crates-build-env/linux@sha256:3111399a4047eeb3a02b7a90e478d715f38a8c6669b5c4b49d30a17385265909" "sleep" "infinity", kill_on_drop: false }`
[INFO] [stdout] d6363330784fd06de1ac88d5ac600a5dbc414dd23094d4a69b4daa2f4bfaa4be
[INFO] running `Command { std: "docker" "start" "d6363330784fd06de1ac88d5ac600a5dbc414dd23094d4a69b4daa2f4bfaa4be", kill_on_drop: false }`
[INFO] running `Command { std: "docker" "inspect" "d6363330784fd06de1ac88d5ac600a5dbc414dd23094d4a69b4daa2f4bfaa4be", kill_on_drop: false }`
[INFO] running `Command { std: "docker" "exec" "-e" "SOURCE_DIR=/opt/rustwide/workdir" "-e" "CARGO_HOME=/opt/rustwide/cargo-home" "-e" "RUSTUP_HOME=/opt/rustwide/rustup-home" "-e" "CARGO_TARGET_DIR=/opt/rustwide/target" "-w" "/opt/rustwide/workdir" "--user" "0:0" "d6363330784fd06de1ac88d5ac600a5dbc414dd23094d4a69b4daa2f4bfaa4be" "/opt/rustwide/cargo-home/bin/cargo" "+1.100.0-beta.1" "metadata" "--no-deps" "--format-version=1", kill_on_drop: false }`
[INFO] running `Command { std: "docker" "inspect" "d6363330784fd06de1ac88d5ac600a5dbc414dd23094d4a69b4daa2f4bfaa4be", kill_on_drop: false }`
[INFO] running `Command { std: "docker" "exec" "-e" "SOURCE_DIR=/opt/rustwide/workdir" "-e" "CARGO_HOME=/opt/rustwide/cargo-home" "-e" "RUSTUP_HOME=/opt/rustwide/rustup-home" "-e" "CARGO_TARGET_DIR=/opt/rustwide/target" "-e" "CARGO_INCREMENTAL=0" "-e" "RUST_BACKTRACE=full" "-e" "RUSTFLAGS=--cap-lints=warn" "-e" "RUSTDOCFLAGS=--cap-lints=warn" "-w" "/opt/rustwide/workdir" "--user" "0:0" "d6363330784fd06de1ac88d5ac600a5dbc414dd23094d4a69b4daa2f4bfaa4be" "/opt/rustwide/cargo-home/bin/cargo" "+1.100.0-beta.1" "build" "--frozen" "--message-format=json", kill_on_drop: false }`
[INFO] [stderr]    Compiling proc-macro2 v1.0.86
[INFO] [stderr]    Compiling unicode-ident v1.0.13
[INFO] [stderr]    Compiling libc v0.2.158
[INFO] [stderr]    Compiling autocfg v1.3.0
[INFO] [stderr]    Compiling pin-project-lite v0.2.14
[INFO] [stderr]    Compiling bytes v1.7.1
[INFO] [stderr]    Compiling futures-core v0.3.30
[INFO] [stderr]    Compiling smallvec v1.13.2
[INFO] [stderr]    Compiling itoa v1.0.11
[INFO] [stderr]    Compiling parking_lot_core v0.9.10
[INFO] [stderr]    Compiling futures-sink v0.3.30
[INFO] [stderr]    Compiling once_cell v1.19.0
[INFO] [stderr]    Compiling futures-task v0.3.30
[INFO] [stderr]    Compiling rustversion v1.0.17
[INFO] [stderr]    Compiling serde v1.0.210
[INFO] [stderr]    Compiling lock_api v0.4.12
[INFO] [stderr]    Compiling tracing-core v0.1.32
[INFO] [stderr]    Compiling futures-util v0.3.30
[INFO] [stderr]    Compiling log v0.4.22
[INFO] [stderr]    Compiling http v1.1.0
[INFO] [stderr]    Compiling num-traits v0.2.19
[INFO] [stderr]    Compiling httparse v1.9.4
[INFO] [stderr]    Compiling byteorder v1.5.0
[INFO] [stderr]    Compiling quote v1.0.37
[INFO] [stderr]    Compiling socket2 v0.5.7
[INFO] [stderr]    Compiling mio v1.0.2
[INFO] [stderr]    Compiling parking_lot v0.12.3
[INFO] [stderr]    Compiling signal-hook-registry v1.4.2
[INFO] [stderr]    Compiling syn v2.0.77
[INFO] [stderr]    Compiling tinyvec v1.8.0
[INFO] [stderr]    Compiling ryu v1.0.18
[INFO] [stderr]    Compiling memchr v2.7.4
[INFO] [stderr]    Compiling http-body v1.0.1
[INFO] [stderr]    Compiling axum-core v0.4.3
[INFO] [stderr]    Compiling getrandom v0.2.15
[INFO] [stderr]    Compiling futures-channel v0.3.30
[INFO] [stderr]    Compiling regex-syntax v0.8.4
[INFO] [stderr]    Compiling unicode-bidi v0.3.15
[INFO] [stderr]    Compiling unicode-normalization v0.1.23
[INFO] [stderr]    Compiling serde_json v1.0.128
[INFO] [stderr]    Compiling axum v0.7.5
[INFO] [stderr]    Compiling tracing-log v0.2.0
[INFO] [stderr]    Compiling thread_local v1.1.8
[INFO] [stderr]    Compiling idna v0.5.0
[INFO] [stderr]    Compiling num-integer v0.1.46
[INFO] [stderr]    Compiling matchit v0.7.3
[INFO] [stderr]    Compiling sync_wrapper v1.0.1
[INFO] [stderr]    Compiling arc-swap v1.7.1
[INFO] [stderr]    Compiling num-bigint v0.4.6
[INFO] [stderr]    Compiling url v2.5.2
[INFO] [stderr]    Compiling http-body-util v0.1.2
[INFO] [stderr]    Compiling regex-automata v0.4.7
[INFO] [stderr]    Compiling regex v1.10.5
[INFO] [stderr]    Compiling tokio-macros v2.4.0
[INFO] [stderr]    Compiling tracing-attributes v0.1.27
[INFO] [stderr]    Compiling zerocopy-derive v0.7.35
[INFO] [stderr]    Compiling serde_derive v1.0.210
[INFO] [stderr]    Compiling pin-project-internal v1.1.5
[INFO] [stderr]    Compiling async-trait v0.1.82
[INFO] [stderr]    Compiling tokio v1.40.0
[INFO] [stderr]    Compiling zerocopy v0.7.35
[INFO] [stderr]    Compiling tracing v0.1.40
[INFO] [stderr]    Compiling tracing-subscriber v0.3.18
[INFO] [stderr]    Compiling pin-project v1.1.5
[INFO] [stderr]    Compiling ppv-lite86 v0.2.20
[INFO] [stderr]    Compiling rand_core v0.9.0-alpha.2
[INFO] [stderr]    Compiling rand_chacha v0.9.0-alpha.2
[INFO] [stderr]    Compiling rand v0.9.0-alpha.2
[INFO] [stderr]    Compiling tokio-util v0.7.11
[INFO] [stderr]    Compiling hyper v1.4.1
[INFO] [stderr]    Compiling tower v0.4.13
[INFO] [stderr]    Compiling combine v4.6.7
[INFO] [stderr]    Compiling hyper-util v0.1.8
[INFO] [stderr]    Compiling serde_path_to_error v0.1.16
[INFO] [stderr]    Compiling serde_urlencoded v0.7.1
[INFO] [stderr]    Compiling redis v0.26.1
[INFO] [stderr]    Compiling short-links v0.1.0 (/opt/rustwide/workdir)
[INFO] [stdout] error[E0277]: the trait bound `!: FromRedisValue` is not satisfied
[INFO] [stdout]     --> src/main.rs:67:16
[INFO] [stdout]      |
[INFO] [stdout]   67 |     redis_conn.hset(&short_key, "url", "").await.map_err(|e| log_err("0", e))?;
[INFO] [stdout]      |                ^^^^ the trait `FromRedisValue` is not implemented for `!`
[INFO] [stdout]      |
[INFO] [stdout]      = help: the following other types implement trait `FromRedisValue`:
[INFO] [stdout]                ()
[INFO] [stdout]                (T12,)
[INFO] [stdout]                (T11, T12)
[INFO] [stdout]                (T10, T11, T12)
[INFO] [stdout]                (T9, T10, T11, T12)
[INFO] [stdout]                (T8, T9, T10, T11, T12)
[INFO] [stdout]                (T7, T8, T9, T10, T11, T12)
[INFO] [stdout]                (T6, T7, T8, T9, T10, T11, T12)
[INFO] [stdout]              and 49 others
[INFO] [stdout]      = note: this error might have been caused by changes to Rust's type-inference algorithm (see issue #148922 <https://github.com/rust-lang/rust/issues/148922> for more information)
[INFO] [stdout]      = help: you might have intended to use the type `()` here instead
[INFO] [stdout] note: required by a bound in `redis::AsyncCommands::hset`
[INFO] [stdout]     --> /opt/rustwide/cargo-home/registry/src/index.crates.io-1949cf8c6b5b557f/redis-0.26.1/src/commands/macros.rs:175:25
[INFO] [stdout]      |
[INFO] [stdout]  165 |           pub trait AsyncCommands : crate::aio::ConnectionLike + Send + Sized {
[INFO] [stdout] ...
[INFO] [stdout]  175 |                       RV: FromRedisValue,
[INFO] [stdout]      |                           ^^^^^^^^^^^^^^ required by this bound in `AsyncCommands::hset`
[INFO] [stdout]      |
[INFO] [stdout]     ::: /opt/rustwide/cargo-home/registry/src/index.crates.io-1949cf8c6b5b557f/redis-0.26.1/src/commands/mod.rs:136:1
[INFO] [stdout]      |
[INFO] [stdout]  136 | / implement_commands! {
[INFO] [stdout]  137 | |     'a
[INFO] [stdout] ...    |
[INFO] [stdout]  389 | |     fn hset<K: ToRedisArgs, F: ToRedisArgs, V: ToRedisArgs>(key: K, field: F, value: V) {
[INFO] [stdout] ...    |
[INFO] [stdout] 2117 | | }
[INFO] [stdout]      | |_- in this macro invocation
[INFO] [stdout]      = note: this error originates in the macro `implement_commands` (in Nightly builds, run with -Z macro-backtrace for more info)
[INFO] [stdout] 
[INFO] [stdout] 
[INFO] [stdout] error[E0277]: the trait bound `!: FromRedisValue` is not satisfied
[INFO] [stdout]     --> src/main.rs:68:16
[INFO] [stdout]      |
[INFO] [stdout]   68 |     redis_conn.expire(&short_key, 60 * 60 * 24 * 30).await.map_err(|e| log_err("1", e))?;
[INFO] [stdout]      |                ^^^^^^ the trait `FromRedisValue` is not implemented for `!`
[INFO] [stdout]      |
[INFO] [stdout]      = help: the following other types implement trait `FromRedisValue`:
[INFO] [stdout]                ()
[INFO] [stdout]                (T12,)
[INFO] [stdout]                (T11, T12)
[INFO] [stdout]                (T10, T11, T12)
[INFO] [stdout]                (T9, T10, T11, T12)
[INFO] [stdout]                (T8, T9, T10, T11, T12)
[INFO] [stdout]                (T7, T8, T9, T10, T11, T12)
[INFO] [stdout]                (T6, T7, T8, T9, T10, T11, T12)
[INFO] [stdout]              and 49 others
[INFO] [stdout]      = note: this error might have been caused by changes to Rust's type-inference algorithm (see issue #148922 <https://github.com/rust-lang/rust/issues/148922> for more information)
[INFO] [stdout]      = help: you might have intended to use the type `()` here instead
[INFO] [stdout] note: required by a bound in `redis::AsyncCommands::expire`
[INFO] [stdout]     --> /opt/rustwide/cargo-home/registry/src/index.crates.io-1949cf8c6b5b557f/redis-0.26.1/src/commands/macros.rs:175:25
[INFO] [stdout]      |
[INFO] [stdout]  165 |           pub trait AsyncCommands : crate::aio::ConnectionLike + Send + Sized {
[INFO] [stdout] ...
[INFO] [stdout]  175 |                       RV: FromRedisValue,
[INFO] [stdout]      |                           ^^^^^^^^^^^^^^ required by this bound in `AsyncCommands::expire`
[INFO] [stdout]      |
[INFO] [stdout]     ::: /opt/rustwide/cargo-home/registry/src/index.crates.io-1949cf8c6b5b557f/redis-0.26.1/src/commands/mod.rs:136:1
[INFO] [stdout]      |
[INFO] [stdout]  136 | / implement_commands! {
[INFO] [stdout]  137 | |     'a
[INFO] [stdout] ...    |
[INFO] [stdout]  228 | |     fn expire<K: ToRedisArgs>(key: K, seconds: i64) {
[INFO] [stdout] ...    |
[INFO] [stdout] 2117 | | }
[INFO] [stdout]      | |_- in this macro invocation
[INFO] [stdout]      = note: this error originates in the macro `implement_commands` (in Nightly builds, run with -Z macro-backtrace for more info)
[INFO] [stdout] 
[INFO] [stdout] 
[INFO] [stdout] error[E0277]: the trait bound `!: FromRedisValue` is not satisfied
[INFO] [stdout]     --> src/main.rs:69:16
[INFO] [stdout]      |
[INFO] [stdout]   69 |     redis_conn.hset(&short_key, "url", payload.url).await.map_err(|e| log_err("2", e))?;
[INFO] [stdout]      |                ^^^^ the trait `FromRedisValue` is not implemented for `!`
[INFO] [stdout]      |
[INFO] [stdout]      = help: the following other types implement trait `FromRedisValue`:
[INFO] [stdout]                ()
[INFO] [stdout]                (T12,)
[INFO] [stdout]                (T11, T12)
[INFO] [stdout]                (T10, T11, T12)
[INFO] [stdout]                (T9, T10, T11, T12)
[INFO] [stdout]                (T8, T9, T10, T11, T12)
[INFO] [stdout]                (T7, T8, T9, T10, T11, T12)
[INFO] [stdout]                (T6, T7, T8, T9, T10, T11, T12)
[INFO] [stdout]              and 49 others
[INFO] [stdout]      = note: this error might have been caused by changes to Rust's type-inference algorithm (see issue #148922 <https://github.com/rust-lang/rust/issues/148922> for more information)
[INFO] [stdout]      = help: you might have intended to use the type `()` here instead
[INFO] [stdout] note: required by a bound in `redis::AsyncCommands::hset`
[INFO] [stdout]     --> /opt/rustwide/cargo-home/registry/src/index.crates.io-1949cf8c6b5b557f/redis-0.26.1/src/commands/macros.rs:175:25
[INFO] [stdout]      |
[INFO] [stdout]  165 |           pub trait AsyncCommands : crate::aio::ConnectionLike + Send + Sized {
[INFO] [stdout] ...
[INFO] [stdout]  175 |                       RV: FromRedisValue,
[INFO] [stdout]      |                           ^^^^^^^^^^^^^^ required by this bound in `AsyncCommands::hset`
[INFO] [stdout]      |
[INFO] [stdout]     ::: /opt/rustwide/cargo-home/registry/src/index.crates.io-1949cf8c6b5b557f/redis-0.26.1/src/commands/mod.rs:136:1
[INFO] [stdout]      |
[INFO] [stdout]  136 | / implement_commands! {
[INFO] [stdout]  137 | |     'a
[INFO] [stdout] ...    |
[INFO] [stdout]  389 | |     fn hset<K: ToRedisArgs, F: ToRedisArgs, V: ToRedisArgs>(key: K, field: F, value: V) {
[INFO] [stdout] ...    |
[INFO] [stdout] 2117 | | }
[INFO] [stdout]      | |_- in this macro invocation
[INFO] [stdout]      = note: this error originates in the macro `implement_commands` (in Nightly builds, run with -Z macro-backtrace for more info)
[INFO] [stdout] 
[INFO] [stdout] 
[INFO] [stdout] error[E0277]: the trait bound `!: FromRedisValue` is not satisfied
[INFO] [stdout]     --> src/main.rs:70:16
[INFO] [stdout]      |
[INFO] [stdout]   70 |     redis_conn.hset(&short_key, "token", token).await.map_err(|e| log_err("3", e))?;
[INFO] [stdout]      |                ^^^^ the trait `FromRedisValue` is not implemented for `!`
[INFO] [stdout]      |
[INFO] [stdout]      = help: the following other types implement trait `FromRedisValue`:
[INFO] [stdout]                ()
[INFO] [stdout]                (T12,)
[INFO] [stdout]                (T11, T12)
[INFO] [stdout]                (T10, T11, T12)
[INFO] [stdout]                (T9, T10, T11, T12)
[INFO] [stdout]                (T8, T9, T10, T11, T12)
[INFO] [stdout]                (T7, T8, T9, T10, T11, T12)
[INFO] [stdout]                (T6, T7, T8, T9, T10, T11, T12)
[INFO] [stdout]              and 49 others
[INFO] [stdout]      = note: this error might have been caused by changes to Rust's type-inference algorithm (see issue #148922 <https://github.com/rust-lang/rust/issues/148922> for more information)
[INFO] [stdout]      = help: you might have intended to use the type `()` here instead
[INFO] [stdout] note: required by a bound in `redis::AsyncCommands::hset`
[INFO] [stdout]     --> /opt/rustwide/cargo-home/registry/src/index.crates.io-1949cf8c6b5b557f/redis-0.26.1/src/commands/macros.rs:175:25
[INFO] [stdout]      |
[INFO] [stdout]  165 |           pub trait AsyncCommands : crate::aio::ConnectionLike + Send + Sized {
[INFO] [stdout] ...
[INFO] [stdout]  175 |                       RV: FromRedisValue,
[INFO] [stdout]      |                           ^^^^^^^^^^^^^^ required by this bound in `AsyncCommands::hset`
[INFO] [stdout]      |
[INFO] [stdout]     ::: /opt/rustwide/cargo-home/registry/src/index.crates.io-1949cf8c6b5b557f/redis-0.26.1/src/commands/mod.rs:136:1
[INFO] [stdout]      |
[INFO] [stdout]  136 | / implement_commands! {
[INFO] [stdout]  137 | |     'a
[INFO] [stdout] ...    |
[INFO] [stdout]  389 | |     fn hset<K: ToRedisArgs, F: ToRedisArgs, V: ToRedisArgs>(key: K, field: F, value: V) {
[INFO] [stdout] ...    |
[INFO] [stdout] 2117 | | }
[INFO] [stdout]      | |_- in this macro invocation
[INFO] [stdout]      = note: this error originates in the macro `implement_commands` (in Nightly builds, run with -Z macro-backtrace for more info)
[INFO] [stdout] 
[INFO] [stdout] 
[INFO] [stdout] error[E0277]: the trait bound `!: FromRedisValue` is not satisfied
[INFO] [stdout]     --> src/main.rs:71:16
[INFO] [stdout]      |
[INFO] [stdout]   71 |     redis_conn.hset(&short_key, "clicks", 0).await.map_err(|e| log_err("4", e))?;
[INFO] [stdout]      |                ^^^^ the trait `FromRedisValue` is not implemented for `!`
[INFO] [stdout]      |
[INFO] [stdout]      = help: the following other types implement trait `FromRedisValue`:
[INFO] [stdout]                ()
[INFO] [stdout]                (T12,)
[INFO] [stdout]                (T11, T12)
[INFO] [stdout]                (T10, T11, T12)
[INFO] [stdout]                (T9, T10, T11, T12)
[INFO] [stdout]                (T8, T9, T10, T11, T12)
[INFO] [stdout]                (T7, T8, T9, T10, T11, T12)
[INFO] [stdout]                (T6, T7, T8, T9, T10, T11, T12)
[INFO] [stdout]              and 49 others
[INFO] [stdout]      = note: this error might have been caused by changes to Rust's type-inference algorithm (see issue #148922 <https://github.com/rust-lang/rust/issues/148922> for more information)
[INFO] [stdout]      = help: you might have intended to use the type `()` here instead
[INFO] [stdout] note: required by a bound in `redis::AsyncCommands::hset`
[INFO] [stdout]     --> /opt/rustwide/cargo-home/registry/src/index.crates.io-1949cf8c6b5b557f/redis-0.26.1/src/commands/macros.rs:175:25
[INFO] [stdout]      |
[INFO] [stdout]  165 |           pub trait AsyncCommands : crate::aio::ConnectionLike + Send + Sized {
[INFO] [stdout] ...
[INFO] [stdout]  175 |                       RV: FromRedisValue,
[INFO] [stdout]      |                           ^^^^^^^^^^^^^^ required by this bound in `AsyncCommands::hset`
[INFO] [stdout]      |
[INFO] [stdout]     ::: /opt/rustwide/cargo-home/registry/src/index.crates.io-1949cf8c6b5b557f/redis-0.26.1/src/commands/mod.rs:136:1
[INFO] [stdout]      |
[INFO] [stdout]  136 | / implement_commands! {
[INFO] [stdout]  137 | |     'a
[INFO] [stdout] ...    |
[INFO] [stdout]  389 | |     fn hset<K: ToRedisArgs, F: ToRedisArgs, V: ToRedisArgs>(key: K, field: F, value: V) {
[INFO] [stdout] ...    |
[INFO] [stdout] 2117 | | }
[INFO] [stdout]      | |_- in this macro invocation
[INFO] [stdout]      = note: this error originates in the macro `implement_commands` (in Nightly builds, run with -Z macro-backtrace for more info)
[INFO] [stdout] 
[INFO] [stdout] 
[INFO] [stdout] error[E0277]: the trait bound `!: FromRedisValue` is not satisfied
[INFO] [stdout]     --> src/main.rs:124:16
[INFO] [stdout]      |
[INFO] [stdout]  124 |     redis_conn.hincr(&short_key, "clicks", 1).await.map_err(|_| StatusCode::INTERNAL_SERVER_ERROR)?;
[INFO] [stdout]      |                ^^^^^ the trait `FromRedisValue` is not implemented for `!`
[INFO] [stdout]      |
[INFO] [stdout]      = help: the following other types implement trait `FromRedisValue`:
[INFO] [stdout]                ()
[INFO] [stdout]                (T12,)
[INFO] [stdout]                (T11, T12)
[INFO] [stdout]                (T10, T11, T12)
[INFO] [stdout]                (T9, T10, T11, T12)
[INFO] [stdout]                (T8, T9, T10, T11, T12)
[INFO] [stdout]                (T7, T8, T9, T10, T11, T12)
[INFO] [stdout]                (T6, T7, T8, T9, T10, T11, T12)
[INFO] [stdout]              and 49 others
[INFO] [stdout]      = note: this error might have been caused by changes to Rust's type-inference algorithm (see issue #148922 <https://github.com/rust-lang/rust/issues/148922> for more information)
[INFO] [stdout]      = help: you might have intended to use the type `()` here instead
[INFO] [stdout] note: required by a bound in `redis::AsyncCommands::hincr`
[INFO] [stdout]     --> /opt/rustwide/cargo-home/registry/src/index.crates.io-1949cf8c6b5b557f/redis-0.26.1/src/commands/macros.rs:175:25
[INFO] [stdout]      |
[INFO] [stdout]  165 |           pub trait AsyncCommands : crate::aio::ConnectionLike + Send + Sized {
[INFO] [stdout] ...
[INFO] [stdout]  175 |                       RV: FromRedisValue,
[INFO] [stdout]      |                           ^^^^^^^^^^^^^^ required by this bound in `AsyncCommands::hincr`
[INFO] [stdout]      |
[INFO] [stdout]     ::: /opt/rustwide/cargo-home/registry/src/index.crates.io-1949cf8c6b5b557f/redis-0.26.1/src/commands/mod.rs:136:1
[INFO] [stdout]      |
[INFO] [stdout]  136 | / implement_commands! {
[INFO] [stdout]  137 | |     'a
[INFO] [stdout] ...    |
[INFO] [stdout]  404 | |     fn hincr<K: ToRedisArgs, F: ToRedisArgs, D: ToRedisArgs>(key: K, field: F, delta: D) {
[INFO] [stdout] ...    |
[INFO] [stdout] 2117 | | }
[INFO] [stdout]      | |_- in this macro invocation
[INFO] [stdout]      = note: this error originates in the macro `implement_commands` (in Nightly builds, run with -Z macro-backtrace for more info)
[INFO] [stdout] 
[INFO] [stdout] 
[INFO] [stdout] For more information about this error, try `rustc --explain E0277`.
[INFO] [stdout] 
[INFO] [stderr] error: could not compile `short-links` (bin "short-links") due to 6 previous errors
[INFO] running `Command { std: "docker" "inspect" "d6363330784fd06de1ac88d5ac600a5dbc414dd23094d4a69b4daa2f4bfaa4be", kill_on_drop: false }`
[INFO] running `Command { std: "docker" "rm" "-f" "d6363330784fd06de1ac88d5ac600a5dbc414dd23094d4a69b4daa2f4bfaa4be", kill_on_drop: false }`
[INFO] [stdout] d6363330784fd06de1ac88d5ac600a5dbc414dd23094d4a69b4daa2f4bfaa4be
