[INFO] cloning repository https://github.com/cornishon/aoc2023
[INFO] running `Command { std: "git" "-c" "credential.helper=" "-c" "credential.helper=/workspace/cargo-home/bin/git-credential-null" "clone" "--bare" "https://github.com/cornishon/aoc2023" "/workspace/cache/git-repos/https%3A%2F%2Fgithub.com%2Fcornishon%2Faoc2023", kill_on_drop: false }`
[INFO] [stderr] Cloning into bare repository '/workspace/cache/git-repos/https%3A%2F%2Fgithub.com%2Fcornishon%2Faoc2023'...
[INFO] running `Command { std: "git" "rev-parse" "HEAD", kill_on_drop: false }`
[INFO] [stdout] 836b31c1ad9cb85c40dd2ddef4e4d03a2ba0ea48
[INFO] testing cornishon/aoc2023 against 1.100.0-beta.1 for beta-1.100-2
[INFO] running `Command { std: "git" "clone" "/workspace/cache/git-repos/https%3A%2F%2Fgithub.com%2Fcornishon%2Faoc2023" "/workspace/builds/worker-2-tc2/source", kill_on_drop: false }`
[INFO] [stderr] Cloning into '/workspace/builds/worker-2-tc2/source'...
[INFO] [stderr] done.
[INFO] started tweaking git repo https://github.com/cornishon/aoc2023
[INFO] finished tweaking git repo https://github.com/cornishon/aoc2023
[INFO] tweaked toml for git repo https://github.com/cornishon/aoc2023 written to /workspace/builds/worker-2-tc2/source/Cargo.toml
[INFO] validating manifest of git repo https://github.com/cornishon/aoc2023 on toolchain 1.100.0-beta.1
[INFO] running `Command { std: CARGO_HOME="/workspace/cargo-home" RUSTUP_HOME="/workspace/rustup-home" "/workspace/cargo-home/bin/cargo" "+1.100.0-beta.1" "metadata" "--manifest-path" "Cargo.toml" "--no-deps", kill_on_drop: false }`
[INFO] crate git repo https://github.com/cornishon/aoc2023 already has a lockfile, it will not be regenerated
[INFO] running `Command { std: CARGO_HOME="/workspace/cargo-home" RUSTUP_HOME="/workspace/rustup-home" "/workspace/cargo-home/bin/cargo" "+1.100.0-beta.1" "fetch" "--manifest-path" "Cargo.toml", kill_on_drop: false }`
[INFO] running `Command { std: "docker" "create" "-v" "/var/lib/crater-agent-workspace/builds/worker-2-tc2/source:/opt/rustwide/workdir:ro,Z" "-v" "/var/lib/crater-agent-workspace/builds/worker-2-tc2/target:/opt/rustwide/target:rw,Z" "-v" "/var/lib/crater-agent-workspace/cargo-home:/opt/rustwide/cargo-home:ro,Z" "-v" "/var/lib/crater-agent-workspace/rustup-home:/opt/rustwide/rustup-home:ro,Z" "-m" "1610612736" "--network" "none" "ghcr.io/rust-lang/crates-build-env/linux@sha256:3111399a4047eeb3a02b7a90e478d715f38a8c6669b5c4b49d30a17385265909" "sleep" "infinity", kill_on_drop: false }`
[INFO] [stdout] 99a01361ae5353b783b5398c8bce0e9c6b17b005da42127d0493cc03a745a689
[INFO] running `Command { std: "docker" "start" "99a01361ae5353b783b5398c8bce0e9c6b17b005da42127d0493cc03a745a689", kill_on_drop: false }`
[INFO] running `Command { std: "docker" "inspect" "99a01361ae5353b783b5398c8bce0e9c6b17b005da42127d0493cc03a745a689", kill_on_drop: false }`
[INFO] running `Command { std: "docker" "exec" "-e" "SOURCE_DIR=/opt/rustwide/workdir" "-e" "CARGO_HOME=/opt/rustwide/cargo-home" "-e" "RUSTUP_HOME=/opt/rustwide/rustup-home" "-e" "CARGO_TARGET_DIR=/opt/rustwide/target" "-w" "/opt/rustwide/workdir" "--user" "0:0" "99a01361ae5353b783b5398c8bce0e9c6b17b005da42127d0493cc03a745a689" "/opt/rustwide/cargo-home/bin/cargo" "+1.100.0-beta.1" "metadata" "--no-deps" "--format-version=1", kill_on_drop: false }`
[INFO] running `Command { std: "docker" "inspect" "99a01361ae5353b783b5398c8bce0e9c6b17b005da42127d0493cc03a745a689", kill_on_drop: false }`
[INFO] running `Command { std: "docker" "exec" "-e" "SOURCE_DIR=/opt/rustwide/workdir" "-e" "CARGO_HOME=/opt/rustwide/cargo-home" "-e" "RUSTUP_HOME=/opt/rustwide/rustup-home" "-e" "CARGO_TARGET_DIR=/opt/rustwide/target" "-e" "CARGO_INCREMENTAL=0" "-e" "RUST_BACKTRACE=full" "-e" "RUSTFLAGS=--cap-lints=warn" "-e" "RUSTDOCFLAGS=--cap-lints=warn" "-w" "/opt/rustwide/workdir" "--user" "0:0" "99a01361ae5353b783b5398c8bce0e9c6b17b005da42127d0493cc03a745a689" "/opt/rustwide/cargo-home/bin/cargo" "+1.100.0-beta.1" "build" "--frozen" "--message-format=json", kill_on_drop: false }`
[INFO] [stderr]    Compiling autocfg v1.3.0
[INFO] [stderr]    Compiling proc-macro2 v1.0.84
[INFO] [stderr]    Compiling crossbeam-utils v0.8.20
[INFO] [stderr]    Compiling libc v0.2.155
[INFO] [stderr]    Compiling zerocopy v0.7.34
[INFO] [stderr]    Compiling once_cell v1.19.0
[INFO] [stderr]    Compiling ahash v0.8.11
[INFO] [stderr]    Compiling allocator-api2 v0.2.18
[INFO] [stderr]    Compiling semver v1.0.23
[INFO] [stderr]    Compiling thiserror v1.0.61
[INFO] [stderr]    Compiling rayon-core v1.12.1
[INFO] [stderr]    Compiling num-traits v0.2.19
[INFO] [stderr]    Compiling matrixmultiply v0.3.8
[INFO] [stderr]    Compiling either v1.12.0
[INFO] [stderr]    Compiling hashbrown v0.14.5
[INFO] [stderr]    Compiling crossbeam-epoch v0.9.18
[INFO] [stderr]    Compiling ppv-lite86 v0.2.17
[INFO] [stderr]    Compiling quote v1.0.36
[INFO] [stderr]    Compiling getrandom v0.2.15
[INFO] [stderr]    Compiling crossbeam-deque v0.8.5
[INFO] [stderr]    Compiling rand_core v0.6.4
[INFO] [stderr]    Compiling rawpointer v0.2.1
[INFO] [stderr]    Compiling fixedbitset v0.4.2
[INFO] [stderr]    Compiling syn v2.0.66
[INFO] [stderr]    Compiling rand_chacha v0.3.1
[INFO] [stderr]    Compiling itertools v0.13.0
[INFO] [stderr]    Compiling simple-grid v2.2.1
[INFO] [stderr]    Compiling num-complex v0.4.6
[INFO] [stderr]    Compiling integer-sqrt v0.1.5
[INFO] [stderr]    Compiling indexmap v2.2.6
[INFO] [stderr]    Compiling num-integer v0.1.46
[INFO] [stderr]    Compiling rand v0.8.5
[INFO] [stderr]    Compiling ndarray v0.15.6
[INFO] [stderr]    Compiling rayon v1.10.0
[INFO] [stderr]    Compiling winnow v0.6.9
[INFO] [stderr]    Compiling petgraph v0.6.5
[INFO] [stderr]    Compiling thiserror-impl v1.0.61
[INFO] [stderr]    Compiling deprecate-until v0.1.1
[INFO] [stderr]    Compiling pathfinding v4.9.1
[INFO] [stderr]    Compiling aoc2023 v0.1.0 (/opt/rustwide/workdir)
[INFO] [stdout] error[E0277]: the trait bound `!: Accumulate<()>` is not satisfied
[INFO] [stdout]    --> src/bin/day2.rs:75:5
[INFO] [stdout]     |
[INFO] [stdout]  75 | /     separated(
[INFO] [stdout]  76 | |         1..,
[INFO] [stdout]  77 | |         separated_pair(dec_int, space1, color_parser)
[INFO] [stdout]  78 | |             .map(|(amount, color)| v[color as usize] = amount),
[INFO] [stdout]  79 | |         (',', space0),
[INFO] [stdout]  80 | |     )
[INFO] [stdout]     | |_____^ the trait `Accumulate<()>` is not implemented for `!`
[INFO] [stdout]     |
[INFO] [stdout]     = help: the following other types implement trait `Accumulate<T>`:
[INFO] [stdout]               `()` implements `Accumulate<T>`
[INFO] [stdout]               `BTreeMap<K, V>` implements `Accumulate<(K, V)>`
[INFO] [stdout]               `BTreeSet<K>` implements `Accumulate<K>`
[INFO] [stdout]               `HashMap<K, V, S>` implements `Accumulate<(K, V)>`
[INFO] [stdout]               `HashSet<K, S>` implements `Accumulate<K>`
[INFO] [stdout]               `String` implements `Accumulate<&'i str>`
[INFO] [stdout]               `String` implements `Accumulate<char>`
[INFO] [stdout]               `Vec<T>` implements `Accumulate<&'i [T]>`
[INFO] [stdout]             and 2 others
[INFO] [stdout]     = note: this error might have been caused by changes to Rust's type-inference algorithm (see issue #148922 <https://github.com/rust-lang/rust/issues/148922> for more information)
[INFO] [stdout]     = help: you might have intended to use the type `()` here instead
[INFO] [stdout] note: required by a bound in `separated`
[INFO] [stdout]    --> /opt/rustwide/cargo-home/registry/src/index.crates.io-1949cf8c6b5b557f/winnow-0.6.9/src/combinator/multi.rs:705:18
[INFO] [stdout]     |
[INFO] [stdout] 698 | pub fn separated<Input, Output, Accumulator, Sep, Error, ParseNext, SepParser>(
[INFO] [stdout] ...
[INFO] [stdout] 705 |     Accumulator: Accumulate<Output>,
[INFO] [stdout]     |                  ^^^^^^^^^^^^^^^^^^ required by this bound in `separated`
[INFO] [stdout] 
[INFO] [stdout] 
[INFO] [stdout] For more information about this error, try `rustc --explain E0277`.
[INFO] [stdout] 
[INFO] [stderr] error: could not compile `aoc2023` (bin "day2") due to 1 previous error
[INFO] [stderr] warning: build failed, waiting for other jobs to finish...
[INFO] [stdout] error[E0277]: the trait bound `!: Accumulate<()>` is not satisfied
[INFO] [stdout]    --> src/bin/day19.rs:181:9
[INFO] [stdout]     |
[INFO] [stdout] 181 | /         separated(
[INFO] [stdout] 182 | |             4,
[INFO] [stdout] 183 | |             separated_pair(Field::parser, '=', dec_int).map(|(f, r)| rating.0[f as usize] = r),
[INFO] [stdout] 184 | |             ',',
[INFO] [stdout] 185 | |         ),
[INFO] [stdout]     | |_________^ the trait `Accumulate<()>` is not implemented for `!`
[INFO] [stdout]     |
[INFO] [stdout]     = help: the following other types implement trait `Accumulate<T>`:
[INFO] [stdout]               `()` implements `Accumulate<T>`
[INFO] [stdout]               `BTreeMap<K, V>` implements `Accumulate<(K, V)>`
[INFO] [stdout]               `BTreeSet<K>` implements `Accumulate<K>`
[INFO] [stdout]               `HashMap<K, V, S>` implements `Accumulate<(K, V)>`
[INFO] [stdout]               `HashSet<K, S>` implements `Accumulate<K>`
[INFO] [stdout]               `String` implements `Accumulate<&'i str>`
[INFO] [stdout]               `String` implements `Accumulate<char>`
[INFO] [stdout]               `Vec<T>` implements `Accumulate<&'i [T]>`
[INFO] [stdout]             and 2 others
[INFO] [stdout]     = note: this error might have been caused by changes to Rust's type-inference algorithm (see issue #148922 <https://github.com/rust-lang/rust/issues/148922> for more information)
[INFO] [stdout]     = help: you might have intended to use the type `()` here instead
[INFO] [stdout] note: required by a bound in `separated`
[INFO] [stdout]    --> /opt/rustwide/cargo-home/registry/src/index.crates.io-1949cf8c6b5b557f/winnow-0.6.9/src/combinator/multi.rs:705:18
[INFO] [stdout]     |
[INFO] [stdout] 698 | pub fn separated<Input, Output, Accumulator, Sep, Error, ParseNext, SepParser>(
[INFO] [stdout] ...
[INFO] [stdout] 705 |     Accumulator: Accumulate<Output>,
[INFO] [stdout]     |                  ^^^^^^^^^^^^^^^^^^ required by this bound in `separated`
[INFO] [stdout] 
[INFO] [stdout] 
[INFO] [stdout] error[E0277]: the trait bound `!: Accumulate<()>` is not satisfied
[INFO] [stdout]    --> src/bin/day19.rs:179:5
[INFO] [stdout]     |
[INFO] [stdout] 179 |     delimited(
[INFO] [stdout]     |     ^^^^^^^^^ the trait `Accumulate<()>` is not implemented for `!`
[INFO] [stdout]     |
[INFO] [stdout]     = help: the following other types implement trait `Accumulate<T>`:
[INFO] [stdout]               `()` implements `Accumulate<T>`
[INFO] [stdout]               `BTreeMap<K, V>` implements `Accumulate<(K, V)>`
[INFO] [stdout]               `BTreeSet<K>` implements `Accumulate<K>`
[INFO] [stdout]               `HashMap<K, V, S>` implements `Accumulate<(K, V)>`
[INFO] [stdout]               `HashSet<K, S>` implements `Accumulate<K>`
[INFO] [stdout]               `String` implements `Accumulate<&'i str>`
[INFO] [stdout]               `String` implements `Accumulate<char>`
[INFO] [stdout]               `Vec<T>` implements `Accumulate<&'i [T]>`
[INFO] [stdout]             and 2 others
[INFO] [stdout]     = note: this error might have been caused by changes to Rust's type-inference algorithm (see issue #148922 <https://github.com/rust-lang/rust/issues/148922> for more information)
[INFO] [stdout]     = help: you might have intended to use the type `()` here instead
[INFO] [stdout] note: required by a bound in `separated`
[INFO] [stdout]    --> /opt/rustwide/cargo-home/registry/src/index.crates.io-1949cf8c6b5b557f/winnow-0.6.9/src/combinator/multi.rs:705:18
[INFO] [stdout]     |
[INFO] [stdout] 698 | pub fn separated<Input, Output, Accumulator, Sep, Error, ParseNext, SepParser>(
[INFO] [stdout] ...
[INFO] [stdout] 705 |     Accumulator: Accumulate<Output>,
[INFO] [stdout]     |                  ^^^^^^^^^^^^^^^^^^ required by this bound in `separated`
[INFO] [stdout] 
[INFO] [stdout] 
[INFO] [stdout] For more information about this error, try `rustc --explain E0277`.
[INFO] [stdout] 
[INFO] [stderr] error: could not compile `aoc2023` (bin "day19") due to 2 previous errors
[INFO] running `Command { std: "docker" "inspect" "99a01361ae5353b783b5398c8bce0e9c6b17b005da42127d0493cc03a745a689", kill_on_drop: false }`
[INFO] running `Command { std: "docker" "rm" "-f" "99a01361ae5353b783b5398c8bce0e9c6b17b005da42127d0493cc03a745a689", kill_on_drop: false }`
[INFO] [stdout] 99a01361ae5353b783b5398c8bce0e9c6b17b005da42127d0493cc03a745a689
