[INFO] cloning repository https://github.com/ai-pipestream/turboembed
[INFO] running `Command { std: "git" "-c" "credential.helper=" "-c" "credential.helper=/workspace/cargo-home/bin/git-credential-null" "clone" "--bare" "https://github.com/ai-pipestream/turboembed" "/workspace/cache/git-repos/https%3A%2F%2Fgithub.com%2Fai-pipestream%2Fturboembed", kill_on_drop: false }`
[INFO] [stderr] Cloning into bare repository '/workspace/cache/git-repos/https%3A%2F%2Fgithub.com%2Fai-pipestream%2Fturboembed'...
[INFO] running `Command { std: "git" "rev-parse" "HEAD", kill_on_drop: false }`
[INFO] [stdout] 18c937ded87dd66307de307f30c5c296b0386c8e
[INFO] testing ai-pipestream/turboembed against 1.100.0-beta.1 for beta-1.100-2
[INFO] running `Command { std: "git" "clone" "/workspace/cache/git-repos/https%3A%2F%2Fgithub.com%2Fai-pipestream%2Fturboembed" "/workspace/builds/worker-1-tc2/source", kill_on_drop: false }`
[INFO] [stderr] Cloning into '/workspace/builds/worker-1-tc2/source'...
[INFO] [stderr] done.
[INFO] started tweaking git repo https://github.com/ai-pipestream/turboembed
[INFO] finished tweaking git repo https://github.com/ai-pipestream/turboembed
[INFO] tweaked toml for git repo https://github.com/ai-pipestream/turboembed written to /workspace/builds/worker-1-tc2/source/Cargo.toml
[INFO] validating manifest of git repo https://github.com/ai-pipestream/turboembed on toolchain 1.100.0-beta.1
[INFO] running `Command { std: CARGO_HOME="/workspace/cargo-home" RUSTUP_HOME="/workspace/rustup-home" "/workspace/cargo-home/bin/cargo" "+1.100.0-beta.1" "metadata" "--manifest-path" "Cargo.toml" "--no-deps", kill_on_drop: false }`
[INFO] crate git repo https://github.com/ai-pipestream/turboembed already has a lockfile, it will not be regenerated
[INFO] running `Command { std: CARGO_HOME="/workspace/cargo-home" RUSTUP_HOME="/workspace/rustup-home" "/workspace/cargo-home/bin/cargo" "+1.100.0-beta.1" "fetch" "--manifest-path" "Cargo.toml", kill_on_drop: false }`
[INFO] [stderr]     Blocking waiting for file lock on package cache
[INFO] [stderr]     Blocking waiting for file lock on package cache
[ERROR] error running command: no output for 300 seconds
[INFO] testing ai-pipestream/turboembed against 1.100.0-beta.1 for beta-1.100-2
[INFO] running `Command { std: "git" "clone" "/workspace/cache/git-repos/https%3A%2F%2Fgithub.com%2Fai-pipestream%2Fturboembed" "/workspace/builds/worker-1-tc2/source", kill_on_drop: false }`
[INFO] [stderr] Cloning into '/workspace/builds/worker-1-tc2/source'...
[INFO] [stderr] done.
[INFO] started tweaking git repo https://github.com/ai-pipestream/turboembed
[INFO] finished tweaking git repo https://github.com/ai-pipestream/turboembed
[INFO] tweaked toml for git repo https://github.com/ai-pipestream/turboembed written to /workspace/builds/worker-1-tc2/source/Cargo.toml
[INFO] validating manifest of git repo https://github.com/ai-pipestream/turboembed on toolchain 1.100.0-beta.1
[INFO] running `Command { std: CARGO_HOME="/workspace/cargo-home" RUSTUP_HOME="/workspace/rustup-home" "/workspace/cargo-home/bin/cargo" "+1.100.0-beta.1" "metadata" "--manifest-path" "Cargo.toml" "--no-deps", kill_on_drop: false }`
[INFO] crate git repo https://github.com/ai-pipestream/turboembed already has a lockfile, it will not be regenerated
[INFO] running `Command { std: CARGO_HOME="/workspace/cargo-home" RUSTUP_HOME="/workspace/rustup-home" "/workspace/cargo-home/bin/cargo" "+1.100.0-beta.1" "fetch" "--manifest-path" "Cargo.toml", kill_on_drop: false }`
[INFO] [stderr]     Blocking waiting for file lock on package cache
[INFO] [stderr]     Blocking waiting for file lock on package cache
[INFO] running `Command { std: "docker" "create" "-v" "/var/lib/crater-agent-workspace/builds/worker-1-tc2/source:/opt/rustwide/workdir:ro,Z" "-v" "/var/lib/crater-agent-workspace/builds/worker-1-tc2/target:/opt/rustwide/target:rw,Z" "-v" "/var/lib/crater-agent-workspace/cargo-home:/opt/rustwide/cargo-home:ro,Z" "-v" "/var/lib/crater-agent-workspace/rustup-home:/opt/rustwide/rustup-home:ro,Z" "-m" "1610612736" "--network" "none" "ghcr.io/rust-lang/crates-build-env/linux@sha256:3111399a4047eeb3a02b7a90e478d715f38a8c6669b5c4b49d30a17385265909" "sleep" "infinity", kill_on_drop: false }`
[INFO] [stdout] c49c1c8ad681f0487af089e5f34cef89b84b7102baefedc7a0e8a642fca4ee84
[INFO] running `Command { std: "docker" "start" "c49c1c8ad681f0487af089e5f34cef89b84b7102baefedc7a0e8a642fca4ee84", kill_on_drop: false }`
[INFO] running `Command { std: "docker" "inspect" "c49c1c8ad681f0487af089e5f34cef89b84b7102baefedc7a0e8a642fca4ee84", kill_on_drop: false }`
[INFO] running `Command { std: "docker" "exec" "-e" "SOURCE_DIR=/opt/rustwide/workdir" "-e" "CARGO_HOME=/opt/rustwide/cargo-home" "-e" "RUSTUP_HOME=/opt/rustwide/rustup-home" "-e" "CARGO_TARGET_DIR=/opt/rustwide/target" "-w" "/opt/rustwide/workdir" "--user" "0:0" "c49c1c8ad681f0487af089e5f34cef89b84b7102baefedc7a0e8a642fca4ee84" "/opt/rustwide/cargo-home/bin/cargo" "+1.100.0-beta.1" "metadata" "--no-deps" "--format-version=1", kill_on_drop: false }`
[INFO] running `Command { std: "docker" "inspect" "c49c1c8ad681f0487af089e5f34cef89b84b7102baefedc7a0e8a642fca4ee84", kill_on_drop: false }`
[INFO] running `Command { std: "docker" "exec" "-e" "SOURCE_DIR=/opt/rustwide/workdir" "-e" "CARGO_HOME=/opt/rustwide/cargo-home" "-e" "RUSTUP_HOME=/opt/rustwide/rustup-home" "-e" "CARGO_TARGET_DIR=/opt/rustwide/target" "-e" "CARGO_INCREMENTAL=0" "-e" "RUST_BACKTRACE=full" "-e" "RUSTFLAGS=--cap-lints=warn" "-e" "RUSTDOCFLAGS=--cap-lints=warn" "-w" "/opt/rustwide/workdir" "--user" "0:0" "c49c1c8ad681f0487af089e5f34cef89b84b7102baefedc7a0e8a642fca4ee84" "/opt/rustwide/cargo-home/bin/cargo" "+1.100.0-beta.1" "build" "--frozen" "--message-format=json", kill_on_drop: false }`
[INFO] [stderr]    Compiling unicode-ident v1.0.26
[INFO] [stderr]    Compiling cfg-if v1.0.5
[INFO] [stderr]    Compiling memchr v2.8.3
[INFO] [stderr]    Compiling hashbrown v0.17.1
[INFO] [stderr]    Compiling regex-syntax v0.8.11
[INFO] [stderr]    Compiling serde_core v1.0.229
[INFO] [stderr]    Compiling either v1.18.0
[INFO] [stderr]    Compiling mio v1.2.3
[INFO] [stderr]    Compiling log v0.4.34
[INFO] [stderr]    Compiling proc-macro2 v1.0.107
[INFO] [stderr]    Compiling itertools v0.14.0
[INFO] [stderr]    Compiling smallvec v1.16.1
[INFO] [stderr]    Compiling semver v1.0.28
[INFO] [stderr]    Compiling quote v1.0.47
[INFO] [stderr]    Compiling aho-corasick v1.1.5
[INFO] [stderr]    Compiling typenum v1.20.1
[INFO] [stderr]    Compiling syn v2.0.119
[INFO] [stderr]    Compiling syn v3.0.6
[INFO] [stderr]    Compiling find-msvc-tools v0.1.13
[INFO] [stderr]    Compiling cc v1.4.7
[INFO] [stderr]    Compiling generic-array v0.14.7
[INFO] [stderr]    Compiling regex-automata v0.4.18
[INFO] [stderr]    Compiling rustc_version v0.4.1
[INFO] [stderr]    Compiling serde_json v1.0.151
[INFO] [stderr]    Compiling ring v0.17.14
[INFO] [stderr]    Compiling logos-codegen v0.15.1
[INFO] [stderr]    Compiling indexmap v2.14.2
[INFO] [stderr]    Compiling libc v0.2.189
[INFO] [stderr]    Compiling block-buffer v0.10.4
[INFO] [stderr]    Compiling crypto-common v0.1.7
[INFO] [stderr]    Compiling rustix v1.1.5
[INFO] [stderr]    Compiling futures-task v0.3.34
[INFO] [stderr]    Compiling lazy_static v1.5.0
[INFO] [stderr]    Compiling beef v0.5.2
[INFO] [stderr]    Compiling futures-util v0.3.34
[INFO] [stderr]    Compiling digest v0.10.7
[INFO] [stderr]    Compiling getrandom v0.3.4
[INFO] [stderr]    Compiling getrandom v0.2.17
[INFO] [stderr]    Compiling bitflags v2.13.2
[INFO] [stderr]    Compiling unicode-width v0.1.14
[INFO] [stderr]    Compiling crc32fast v1.5.2
[INFO] [stderr]    Compiling thiserror v2.0.21
[INFO] [stderr]    Compiling tokio-macros v2.7.2
[INFO] [stderr]    Compiling serde_derive v1.0.229
[INFO] [stderr]    Compiling logos-codegen v0.16.1
[INFO] [stderr]    Compiling tokio v1.53.1
[INFO] [stderr]    Compiling prost-derive v0.14.4
[INFO] [stderr]    Compiling tracing-attributes v0.1.31
[INFO] [stderr]    Compiling turbo v0.1.0 (/opt/rustwide/workdir/core)
[INFO] [stderr]    Compiling miette-derive v7.6.0
[INFO] [stderr]    Compiling logos-derive v0.16.1
[INFO] [stderr]    Compiling logos-derive v0.15.1
[INFO] [stderr]    Compiling thiserror-impl v2.0.21
[INFO] [stderr]    Compiling tracing v0.1.44
[INFO] [stderr]    Compiling sha2 v0.10.9
[INFO] [stderr]    Compiling prost v0.14.4
[INFO] [stderr]    Compiling prettyplease v0.2.37
[INFO] [stderr]    Compiling prost-types v0.14.4
[INFO] [stderr]    Compiling miette v7.6.0
[INFO] [stderr]    Compiling serde v1.0.229
[INFO] [stderr]    Compiling serde_path_to_error v0.1.20
[INFO] [stderr]    Compiling unicode-normalization-alignments v0.1.12
[INFO] [stderr]    Compiling rustls v0.23.45
[INFO] [stderr]    Compiling sync_wrapper v1.0.2
[INFO] [stderr]    Compiling simd-adler32 v0.3.10
[INFO] [stderr]    Compiling tempfile v3.27.0
[INFO] [stderr]    Compiling miniz_oxide v0.9.1
[INFO] [stderr]    Compiling petgraph v0.8.3
[INFO] [stderr]    Compiling rustls-webpki v0.103.15
[INFO] [stderr]    Compiling logos v0.16.1
[INFO] [stderr]    Compiling logos v0.15.1
[INFO] [stderr]    Compiling regex v1.13.1
[INFO] [stderr]    Compiling base64 v0.23.1
[INFO] [stderr]    Compiling axum-core v0.5.6
[INFO] [stderr]    Compiling ureq-proto v0.6.4
[INFO] [stderr]    Compiling flate2 v1.1.10
[INFO] [stderr]    Compiling tokio-util v0.7.19
[INFO] [stderr]    Compiling protox-parse v0.9.0
[INFO] [stderr]    Compiling prost-reflect v0.16.5
[INFO] [stderr]    Compiling h2 v0.4.19
[INFO] [stderr]    Compiling prost-build v0.14.4
[INFO] [stderr]    Compiling tower v0.5.3
[INFO] [stderr]    Compiling tonic-build v0.14.6
[INFO] [stderr]    Compiling pin-project-internal v1.1.13
[INFO] [stderr]    Compiling webpki-roots v1.0.9
[INFO] [stderr]    Compiling utf8-zero v0.8.1
[INFO] [stderr]    Compiling axum v0.8.9
[INFO] [stderr]    Compiling tokio-stream v0.1.19
[INFO] [stderr]    Compiling tonic-prost-build v0.14.6
[INFO] [stderr]    Compiling async-trait v0.1.92
[INFO] [stderr]    Compiling pin-project v1.1.13
[INFO] [stderr]    Compiling turbo-bench v0.1.0 (/opt/rustwide/workdir/bench)
[INFO] [stderr]    Compiling protox v0.9.1
[INFO] [stderr]    Compiling hyper v1.11.1
[INFO] [stderr]    Compiling ureq v3.4.2
[INFO] [stderr]    Compiling turbo-kserve v0.1.0 (/opt/rustwide/workdir/server)
[INFO] [stderr]    Compiling hyper-util v0.1.21
[INFO] [stderr]    Compiling turbo-bundle v0.1.0 (/opt/rustwide/workdir/bundle)
[INFO] [stderr]    Compiling hyper-timeout v0.5.2
[INFO] [stderr]    Compiling tonic v0.14.6
[INFO] [stderr]    Compiling tonic-prost v0.14.6
[INFO] [stderr]     Finished `dev` profile [unoptimized + debuginfo] target(s) in 2m 25s
[INFO] running `Command { std: "docker" "inspect" "c49c1c8ad681f0487af089e5f34cef89b84b7102baefedc7a0e8a642fca4ee84", kill_on_drop: false }`
[INFO] running `Command { std: "docker" "exec" "-e" "SOURCE_DIR=/opt/rustwide/workdir" "-e" "CARGO_HOME=/opt/rustwide/cargo-home" "-e" "RUSTUP_HOME=/opt/rustwide/rustup-home" "-e" "CARGO_TARGET_DIR=/opt/rustwide/target" "-e" "CARGO_INCREMENTAL=0" "-e" "RUST_BACKTRACE=full" "-e" "RUSTFLAGS=--cap-lints=warn" "-e" "RUSTDOCFLAGS=--cap-lints=warn" "-w" "/opt/rustwide/workdir" "--user" "0:0" "c49c1c8ad681f0487af089e5f34cef89b84b7102baefedc7a0e8a642fca4ee84" "/opt/rustwide/cargo-home/bin/cargo" "+1.100.0-beta.1" "test" "--frozen" "--no-run" "--message-format=json", kill_on_drop: false }`
[INFO] [stderr]    Compiling serde v1.0.229
[INFO] [stderr]    Compiling regex-syntax v0.8.11
[INFO] [stderr]    Compiling turbo v0.1.0 (/opt/rustwide/workdir/core)
[INFO] [stderr]    Compiling thiserror v2.0.21
[INFO] [stderr]    Compiling crossbeam-utils v0.8.23
[INFO] [stderr]    Compiling crossbeam-epoch v0.9.21
[INFO] [stderr]    Compiling zerocopy v0.8.57
[INFO] [stderr]    Compiling darling_core v0.20.11
[INFO] [stderr]    Compiling crossbeam-deque v0.8.8
[INFO] [stderr]    Compiling getrandom v0.3.4
[INFO] [stderr]    Compiling rayon-core v1.13.0
[INFO] [stderr]    Compiling aho-corasick v1.1.5
[INFO] [stderr]    Compiling either v1.18.0
[INFO] [stderr]    Compiling rand_core v0.9.5
[INFO] [stderr]    Compiling ahash v0.8.12
[INFO] [stderr]    Compiling bit-vec v0.8.0
[INFO] [stderr]    Compiling esaxx-rs v0.1.10
[INFO] [stderr]    Compiling nom v7.1.3
[INFO] [stderr]    Compiling bit-set v0.8.0
[INFO] [stderr]    Compiling itertools v0.14.0
[INFO] [stderr]    Compiling rayon v1.12.0
[INFO] [stderr]    Compiling darling_macro v0.20.11
[INFO] [stderr]    Compiling darling v0.20.11
[INFO] [stderr]    Compiling derive_builder_core v0.20.2
[INFO] [stderr]    Compiling regex-automata v0.4.18
[INFO] [stderr]    Compiling monostate-impl v0.1.18
[INFO] [stderr]    Compiling macro_rules_attribute-proc_macro v0.2.3
[INFO] [stderr]    Compiling pastey v0.2.3
[INFO] [stderr]    Compiling base64 v0.13.1
[INFO] [stderr]    Compiling macro_rules_attribute v0.2.3
[INFO] [stderr]    Compiling spm_precompiled v0.1.4
[INFO] [stderr]    Compiling compact_str v0.9.1
[INFO] [stderr]    Compiling monostate v0.1.18
[INFO] [stderr]    Compiling dary_heap v0.3.9
[INFO] [stderr]    Compiling derive_builder_macro v0.20.2
[INFO] [stderr]    Compiling libloading v0.8.9
[INFO] [stderr]    Compiling derive_builder v0.20.2
[INFO] [stderr]    Compiling logos-codegen v0.15.1
[INFO] [stderr]    Compiling rayon-cond v0.4.0
[INFO] [stderr]    Compiling ppv-lite86 v0.2.21
[INFO] [stderr]    Compiling rand_chacha v0.9.0
[INFO] [stderr]    Compiling rand v0.9.5
[INFO] [stderr]    Compiling logos-derive v0.15.1
[INFO] [stderr]    Compiling prost-derive v0.14.4
[INFO] [stderr]    Compiling logos v0.15.1
[INFO] [stderr]    Compiling regex v1.13.1
[INFO] [stderr]    Compiling fancy-regex v0.14.0
[INFO] [stderr]    Compiling turbo-bench v0.1.0 (/opt/rustwide/workdir/bench)
[INFO] [stderr]    Compiling turbo-bundle v0.1.0 (/opt/rustwide/workdir/bundle)
[INFO] [stderr]    Compiling prost v0.14.4
[INFO] [stderr]    Compiling tokenizers v0.22.2
[INFO] [stderr]    Compiling prost-types v0.14.4
[INFO] [stderr]    Compiling logos-codegen v0.16.1
[INFO] [stderr]    Compiling tonic-prost v0.14.6
[INFO] [stderr]    Compiling prost-build v0.14.4
[INFO] [stderr]    Compiling protox-parse v0.9.0
[INFO] [stderr]    Compiling logos-derive v0.16.1
[INFO] [stderr]    Compiling logos v0.16.1
[INFO] [stderr]    Compiling prost-reflect v0.16.5
[INFO] [stderr]    Compiling tonic-prost-build v0.14.6
[INFO] [stderr]    Compiling protox v0.9.1
[INFO] [stderr]    Compiling turbo-kserve v0.1.0 (/opt/rustwide/workdir/server)
[INFO] [stderr]     Finished `test` profile [unoptimized + debuginfo] target(s) in 2m 22s
[INFO] running `Command { std: "docker" "inspect" "c49c1c8ad681f0487af089e5f34cef89b84b7102baefedc7a0e8a642fca4ee84", kill_on_drop: false }`
[INFO] running `Command { std: "docker" "exec" "-e" "SOURCE_DIR=/opt/rustwide/workdir" "-e" "CARGO_HOME=/opt/rustwide/cargo-home" "-e" "RUSTUP_HOME=/opt/rustwide/rustup-home" "-e" "CARGO_TARGET_DIR=/opt/rustwide/target" "-e" "CARGO_INCREMENTAL=0" "-e" "RUST_BACKTRACE=full" "-e" "RUSTFLAGS=--cap-lints=warn" "-e" "RUSTDOCFLAGS=--cap-lints=warn" "-w" "/opt/rustwide/workdir" "--user" "0:0" "c49c1c8ad681f0487af089e5f34cef89b84b7102baefedc7a0e8a642fca4ee84" "/opt/rustwide/cargo-home/bin/cargo" "+1.100.0-beta.1" "test" "--frozen", kill_on_drop: false }`
[INFO] [stderr]     Finished `test` profile [unoptimized + debuginfo] target(s) in 0.43s
[INFO] [stderr]      Running unittests src/lib.rs (/opt/rustwide/target/debug/build/turbo/f0c0ab81099c383c/out/turbo-f0c0ab81099c383c)
[INFO] [stdout] 
[INFO] [stdout] running 32 tests
[INFO] [stdout] test backend::tests::a_table_from_before_formats_is_known_and_loads_raw_weights_alone ... ok
[INFO] [stdout] test backend::tests::a_table_from_before_the_model_functions_is_known_and_offers_none ... ok
[INFO] [stdout] test backend::tests::a_table_from_before_the_session_functions_is_known_and_offers_none ... ok
[INFO] [stdout] test backend::tests::a_table_from_before_buffer_read_is_known_and_offers_none ... ok
[INFO] [stdout] test backend::tests::a_session_without_its_release_or_its_run_is_refused ... ok
[INFO] [stdout] test backend::tests::a_table_from_before_tuned_sessions_is_known_and_offers_none ... ok
[INFO] [stdout] test backend::tests::a_table_of_an_unknown_size_or_a_load_without_its_release_is_refused ... ok
[INFO] [stdout] test backend::tests::a_tuned_session_without_its_release_or_its_run_is_refused ... ok
[INFO] [stdout] test cpu::encoder::tests::exp_is_within_two_ulps ... ok
[INFO] [stdout] test cpu::encoder::tests::gelu_matches_its_definition ... ok
[INFO] [stdout] test cpu::encoder::tests::speed_by_threads_and_kernel ... ignored, measures; run with --ignored --nocapture
[INFO] [stdout] test cpu::tests::turbo_cpu_threads_sets_the_count_or_is_refused ... ok
[INFO] [stdout] test record::tests::an_image_is_pinned_by_digest_under_a_plain_name ... ok
[INFO] [stdout] test cpu::pool::tests::a_parked_pool_wakes ... ok
[INFO] [stdout] test cpu::pool::tests::short_jobs_follow_each_other ... ok
[INFO] [stdout] test record::tests::slugs_are_lower_case_letters_digits_and_single_dashes ... ok
[INFO] [stdout] test record::tests::the_tolerances_are_the_documented_ones ... ok
[INFO] [stdout] test session::tests::an_option_a_device_does_not_honor_is_refused_by_its_number ... ok
[INFO] [stdout] test tuning::tests::a_mode_asked_for_is_taken_and_an_unknown_one_refused ... ok
[INFO] [stdout] test tuning::tests::the_bins_of_a_key_are_the_backends ... ok
[INFO] [stdout] test tuning::tests::the_budget_is_what_was_asked_else_by_where_the_cache_is ... ok
[INFO] [stdout] test cpu::pool::tests::every_task_runs_once_on_a_thread_of_the_pool ... ok
[INFO] [stdout] test tuning::tests::the_classes_are_the_decided_ones ... ok
[INFO] [stdout] test tuning::tests::the_forced_knobs_are_read_from_the_string ... ok
[INFO] [stdout] test unigram::tests::base64_decodes_with_and_without_padding_bytes ... ok
[INFO] [stdout] test tuning::tests::the_cache_keeps_an_entry_in_memory_and_in_its_file ... ok
[INFO] [stdout] test cpu::encoder::tests::linear_kernels_match_the_plain_sum ... ok
[INFO] [stdout] test record::tests::mixed_arl_npu_bge_records_support_model_and_fastest ... ok
[INFO] [stdout] test record::tests::mixed_arl_npu_minilm_records_support_model_and_fastest ... ok
[INFO] [stdout] test record::tests::every_committed_record_parses_under_its_own_name ... ok
[INFO] [stdout] test record::tests::a_batch_1_cycle_covers_the_set_only_when_every_frame_was_compared ... ok
[INFO] [stdout] test cpu::encoder::tests::vectors_are_the_same_bits_on_any_number_of_threads ... ok
[INFO] [stdout] 
[INFO] [stdout] test result: ok. 31 passed; 0 failed; 1 ignored; 0 measured; 0 filtered out; finished in 28.68s
[INFO] [stdout] 
[INFO] [stderr]      Running tests/abi.rs (/opt/rustwide/target/debug/build/turbo/e8e3090c54036dc6/out/abi-e8e3090c54036dc6)
[INFO] [stdout] 
[INFO] [stdout] running 5 tests
[INFO] [stdout] test the_tuning_layout_is_the_one_proposed ... ok
[INFO] [stdout] test mirrored_constants_match_the_header ... ok
[INFO] [stdout] test struct_layouts_match_the_header ... ok
[INFO] [stdout] test the_header_compiles_standalone ... ok
[INFO] [stdout] test a_c_program_loads_a_model_tokenizes_and_embeds ... FAILED
[INFO] [stdout] 
[INFO] [stdout] failures:
[INFO] [stdout] 
[INFO] [stdout] ---- a_c_program_loads_a_model_tokenizes_and_embeds stdout ----
[INFO] [stdout] 
[INFO] [stdout] thread 'a_c_program_loads_a_model_tokenizes_and_embeds' (3776) panicked at core/tests/abi.rs:28:5:
[INFO] [stdout] "/opt/rustwide/rustup-home/toolchains/1.100.0-beta.1-x86_64-unknown-linux-gnu/bin/cargo" "build" "--lib" "--profile" "e8e3090c54036dc6" "--manifest-path" "/opt/rustwide/workdir/core/Cargo.toml" "--target-dir" "/opt/rustwide/target/debug/build/turbo" failed:
[INFO] [stdout] error: profile `e8e3090c54036dc6` is not defined
[INFO] [stdout] 
[INFO] [stdout] stack backtrace:
[INFO] [stdout]    0:     0x5b4ec5fb9b81 - std[617be2ca0a6fd877]::backtrace_rs::backtrace::libunwind::trace
[INFO] [stdout]                                at /rustc/e3feeb59cd1bdd011a2bfcc0747b55125d9b8527/library/std/src/../../backtrace/src/backtrace/libunwind.rs:117:9
[INFO] [stdout]    1:     0x5b4ec5fb9b81 - std[617be2ca0a6fd877]::backtrace_rs::backtrace::trace_unsynchronized::<std[617be2ca0a6fd877]::sys::backtrace::_print_fmt::{closure#1}>
[INFO] [stdout]                                at /rustc/e3feeb59cd1bdd011a2bfcc0747b55125d9b8527/library/std/src/../../backtrace/src/backtrace/mod.rs:66:14
[INFO] [stdout]    2:     0x5b4ec5fb9b81 - std[617be2ca0a6fd877]::sys::backtrace::_print_fmt
[INFO] [stdout]                                at /rustc/e3feeb59cd1bdd011a2bfcc0747b55125d9b8527/library/std/src/sys/backtrace.rs:74:9
[INFO] [stdout]    3:     0x5b4ec5fb9b81 - <<std[617be2ca0a6fd877]::sys::backtrace::BacktraceLock>::print::DisplayBacktrace as core[a373ad73a504971]::fmt::Display>::fmt
[INFO] [stdout]                                at /rustc/e3feeb59cd1bdd011a2bfcc0747b55125d9b8527/library/std/src/sys/backtrace.rs:44:26
[INFO] [stdout]    4:     0x5b4ec5fd2e5a - <core[a373ad73a504971]::fmt::rt::Argument>::fmt
[INFO] [stdout]                                at /rustc/e3feeb59cd1bdd011a2bfcc0747b55125d9b8527/library/core/src/fmt/rt.rs:152:76
[INFO] [stdout]    5:     0x5b4ec5fd2e5a - core[a373ad73a504971]::fmt::write
[INFO] [stdout]    6:     0x5b4ec5fbf3ac - core[a373ad73a504971]::io::write::default_write_fmt::<alloc[2e1b2a31b91974c5]::vec::Vec<u8>>
[INFO] [stdout]                                at /rustc/e3feeb59cd1bdd011a2bfcc0747b55125d9b8527/library/core/src/io/write.rs:402:11
[INFO] [stdout]    7:     0x5b4ec5fbf3ac - <alloc[2e1b2a31b91974c5]::vec::Vec<u8> as core[a373ad73a504971]::io::write::Write>::write_fmt
[INFO] [stdout]                                at /rustc/e3feeb59cd1bdd011a2bfcc0747b55125d9b8527/library/core/src/io/write.rs:335:13
[INFO] [stdout]    8:     0x5b4ec5f928b6 - <std[617be2ca0a6fd877]::sys::backtrace::BacktraceLock>::print
[INFO] [stdout]                                at /rustc/e3feeb59cd1bdd011a2bfcc0747b55125d9b8527/library/std/src/sys/backtrace.rs:47:9
[INFO] [stdout]    9:     0x5b4ec5f928b6 - std[617be2ca0a6fd877]::panicking::default_hook::{closure#0}
[INFO] [stdout]                                at /rustc/e3feeb59cd1bdd011a2bfcc0747b55125d9b8527/library/std/src/panicking.rs:289:27
[INFO] [stdout]   10:     0x5b4ec5faff99 - std[617be2ca0a6fd877]::panicking::default_hook
[INFO] [stdout]                                at /rustc/e3feeb59cd1bdd011a2bfcc0747b55125d9b8527/library/std/src/panicking.rs:313:9
[INFO] [stdout]   11:     0x5b4ec5cb7b70 - <alloc[2e1b2a31b91974c5]::boxed::Box<dyn for<'a, 'b> core[a373ad73a504971]::ops::function::Fn<(&'a std[617be2ca0a6fd877]::panic::PanicHookInfo<'b>,), Output = ()> + core[a373ad73a504971]::marker::Sync + core[a373ad73a504971]::marker::Send> as core[a373ad73a504971]::ops::function::Fn<(&std[617be2ca0a6fd877]::panic::PanicHookInfo,)>>::call
[INFO] [stdout]                                at /rustc/e3feeb59cd1bdd011a2bfcc0747b55125d9b8527/library/alloc/src/boxed.rs:2328:9
[INFO] [stdout]   12:     0x5b4ec5cb7b70 - test[aada8e7e76ba119b]::test_main_inner::{closure#0}
[INFO] [stdout]                                at /rustc/e3feeb59cd1bdd011a2bfcc0747b55125d9b8527/library/test/src/lib.rs:137:21
[INFO] [stdout]   13:     0x5b4ec5fb02c2 - <alloc[2e1b2a31b91974c5]::boxed::Box<dyn for<'a, 'b> core[a373ad73a504971]::ops::function::Fn<(&'a std[617be2ca0a6fd877]::panic::PanicHookInfo<'b>,), Output = ()> + core[a373ad73a504971]::marker::Sync + core[a373ad73a504971]::marker::Send> as core[a373ad73a504971]::ops::function::Fn<(&std[617be2ca0a6fd877]::panic::PanicHookInfo,)>>::call
[INFO] [stdout]                                at /rustc/e3feeb59cd1bdd011a2bfcc0747b55125d9b8527/library/alloc/src/boxed.rs:2328:9
[INFO] [stdout]   14:     0x5b4ec5fb02c2 - std[617be2ca0a6fd877]::panicking::panic_with_hook
[INFO] [stdout]                                at /rustc/e3feeb59cd1bdd011a2bfcc0747b55125d9b8527/library/std/src/panicking.rs:819:13
[INFO] [stdout]   15:     0x5b4ec5f92962 - std[617be2ca0a6fd877]::panicking::panic_handler::{closure#0}
[INFO] [stdout]                                at /rustc/e3feeb59cd1bdd011a2bfcc0747b55125d9b8527/library/std/src/panicking.rs:685:13
[INFO] [stdout]   16:     0x5b4ec5f8b339 - std[617be2ca0a6fd877]::sys::backtrace::__rust_end_short_backtrace::<std[617be2ca0a6fd877]::panicking::panic_handler::{closure#0}, !>
[INFO] [stdout]                                at /rustc/e3feeb59cd1bdd011a2bfcc0747b55125d9b8527/library/std/src/sys/backtrace.rs:182:18
[INFO] [stdout]   17:     0x5b4ec5f9365d - __rustc[ea4f61d10b84890b]::rust_begin_unwind
[INFO] [stdout]                                at /rustc/e3feeb59cd1bdd011a2bfcc0747b55125d9b8527/library/std/src/panicking.rs:676:5
[INFO] [stdout]   18:     0x5b4ec5fd36fc - core[a373ad73a504971]::panicking::panic_fmt
[INFO] [stdout]                                at /rustc/e3feeb59cd1bdd011a2bfcc0747b55125d9b8527/library/core/src/panicking.rs:80:14
[INFO] [stdout]   19:     0x5b4ec571f7fd - abi[b8bdb974cce9505]::run
[INFO] [stdout]                                at /opt/rustwide/workdir/core/tests/abi.rs:28:5
[INFO] [stdout]   20:     0x5b4ec572505f - abi[b8bdb974cce9505]::a_c_program_loads_a_model_tokenizes_and_embeds
[INFO] [stdout]                                at /opt/rustwide/workdir/core/tests/abi.rs:663:5
[INFO] [stdout]   21:     0x5b4ec571eb37 - abi[b8bdb974cce9505]::a_c_program_loads_a_model_tokenizes_and_embeds::{closure#0}
[INFO] [stdout]                                at /opt/rustwide/workdir/core/tests/abi.rs:652:52
[INFO] [stdout]   22:     0x5b4ec5731646 - <abi[b8bdb974cce9505]::a_c_program_loads_a_model_tokenizes_and_embeds::{closure#0} as core[a373ad73a504971]::ops::function::FnOnce<()>>::call_once
[INFO] [stdout]                                at /rustc/e3feeb59cd1bdd011a2bfcc0747b55125d9b8527/library/core/src/ops/function.rs:250:5
[INFO] [stdout]   23:     0x5b4ec5caafbb - <fn() -> core[a373ad73a504971]::result::Result<(), alloc[2e1b2a31b91974c5]::string::String> as core[a373ad73a504971]::ops::function::FnOnce<()>>::call_once
[INFO] [stdout]                                at /rustc/e3feeb59cd1bdd011a2bfcc0747b55125d9b8527/library/core/src/ops/function.rs:250:5
[INFO] [stdout]   24:     0x5b4ec5caafbb - test[aada8e7e76ba119b]::__rust_begin_short_backtrace::<core[a373ad73a504971]::result::Result<(), alloc[2e1b2a31b91974c5]::string::String>, fn() -> core[a373ad73a504971]::result::Result<(), alloc[2e1b2a31b91974c5]::string::String>>
[INFO] [stdout]                                at /rustc/e3feeb59cd1bdd011a2bfcc0747b55125d9b8527/library/test/src/lib.rs:701:18
[INFO] [stdout]   25:     0x5b4ec5cb8195 - test[aada8e7e76ba119b]::run_test_in_process::{closure#0}
[INFO] [stdout]                                at /rustc/e3feeb59cd1bdd011a2bfcc0747b55125d9b8527/library/test/src/lib.rs:724:74
[INFO] [stdout]   26:     0x5b4ec5cb8195 - <core[a373ad73a504971]::panic::unwind_safe::AssertUnwindSafe<test[aada8e7e76ba119b]::run_test_in_process::{closure#0}> as core[a373ad73a504971]::ops::function::FnOnce<()>>::call_once
[INFO] [stdout]                                at /rustc/e3feeb59cd1bdd011a2bfcc0747b55125d9b8527/library/core/src/panic/unwind_safe.rs:275:9
[INFO] [stdout]   27:     0x5b4ec5cb8195 - std[617be2ca0a6fd877]::panicking::catch_unwind::do_call::<core[a373ad73a504971]::panic::unwind_safe::AssertUnwindSafe<test[aada8e7e76ba119b]::run_test_in_process::{closure#0}>, core[a373ad73a504971]::result::Result<(), alloc[2e1b2a31b91974c5]::string::String>>
[INFO] [stdout]                                at /rustc/e3feeb59cd1bdd011a2bfcc0747b55125d9b8527/library/std/src/panicking.rs:573:43
[INFO] [stdout]   28:     0x5b4ec5cb8195 - std[617be2ca0a6fd877]::panicking::catch_unwind::<core[a373ad73a504971]::result::Result<(), alloc[2e1b2a31b91974c5]::string::String>, core[a373ad73a504971]::panic::unwind_safe::AssertUnwindSafe<test[aada8e7e76ba119b]::run_test_in_process::{closure#0}>>
[INFO] [stdout]                                at /rustc/e3feeb59cd1bdd011a2bfcc0747b55125d9b8527/library/std/src/panicking.rs:541:19
[INFO] [stdout]   29:     0x5b4ec5cb8195 - std[617be2ca0a6fd877]::panic::catch_unwind::<core[a373ad73a504971]::panic::unwind_safe::AssertUnwindSafe<test[aada8e7e76ba119b]::run_test_in_process::{closure#0}>, core[a373ad73a504971]::result::Result<(), alloc[2e1b2a31b91974c5]::string::String>>
[INFO] [stdout]                                at /rustc/e3feeb59cd1bdd011a2bfcc0747b55125d9b8527/library/std/src/panic.rs:359:14
[INFO] [stdout]   30:     0x5b4ec5cb8195 - test[aada8e7e76ba119b]::run_test_in_process
[INFO] [stdout]                                at /rustc/e3feeb59cd1bdd011a2bfcc0747b55125d9b8527/library/test/src/lib.rs:724:27
[INFO] [stdout]   31:     0x5b4ec5cb8195 - test[aada8e7e76ba119b]::run_test::{closure#0}
[INFO] [stdout]                                at /rustc/e3feeb59cd1bdd011a2bfcc0747b55125d9b8527/library/test/src/lib.rs:645:43
[INFO] [stdout]   32:     0x5b4ec5cb1a84 - test[aada8e7e76ba119b]::run_test::{closure#1}
[INFO] [stdout]                                at /rustc/e3feeb59cd1bdd011a2bfcc0747b55125d9b8527/library/test/src/lib.rs:675:41
[INFO] [stdout]   33:     0x5b4ec5cb1a84 - std[617be2ca0a6fd877]::sys::backtrace::__rust_begin_short_backtrace::<test[aada8e7e76ba119b]::run_test::{closure#1}, ()>
[INFO] [stdout]                                at /rustc/e3feeb59cd1bdd011a2bfcc0747b55125d9b8527/library/std/src/sys/backtrace.rs:166:18
[INFO] [stdout]   34:     0x5b4ec5cbb222 - std[617be2ca0a6fd877]::thread::lifecycle::spawn_unchecked::<test[aada8e7e76ba119b]::run_test::{closure#1}, ()>::{closure#1}::{closure#0}
[INFO] [stdout]                                at /rustc/e3feeb59cd1bdd011a2bfcc0747b55125d9b8527/library/std/src/thread/lifecycle.rs:70:13
[INFO] [stdout]   35:     0x5b4ec5cbb222 - <core[a373ad73a504971]::panic::unwind_safe::AssertUnwindSafe<std[617be2ca0a6fd877]::thread::lifecycle::spawn_unchecked<test[aada8e7e76ba119b]::run_test::{closure#1}, ()>::{closure#1}::{closure#0}> as core[a373ad73a504971]::ops::function::FnOnce<()>>::call_once
[INFO] [stdout]                                at /rustc/e3feeb59cd1bdd011a2bfcc0747b55125d9b8527/library/core/src/panic/unwind_safe.rs:275:9
[INFO] [stdout]   36:     0x5b4ec5cbb222 - std[617be2ca0a6fd877]::panicking::catch_unwind::do_call::<core[a373ad73a504971]::panic::unwind_safe::AssertUnwindSafe<std[617be2ca0a6fd877]::thread::lifecycle::spawn_unchecked<test[aada8e7e76ba119b]::run_test::{closure#1}, ()>::{closure#1}::{closure#0}>, ()>
[INFO] [stdout]                                at /rustc/e3feeb59cd1bdd011a2bfcc0747b55125d9b8527/library/std/src/panicking.rs:573:43
[INFO] [stdout]   37:     0x5b4ec5cbb222 - std[617be2ca0a6fd877]::panicking::catch_unwind::<(), core[a373ad73a504971]::panic::unwind_safe::AssertUnwindSafe<std[617be2ca0a6fd877]::thread::lifecycle::spawn_unchecked<test[aada8e7e76ba119b]::run_test::{closure#1}, ()>::{closure#1}::{closure#0}>>
[INFO] [stdout]                                at /rustc/e3feeb59cd1bdd011a2bfcc0747b55125d9b8527/library/std/src/panicking.rs:541:19
[INFO] [stdout]   38:     0x5b4ec5cbb222 - std[617be2ca0a6fd877]::panic::catch_unwind::<core[a373ad73a504971]::panic::unwind_safe::AssertUnwindSafe<std[617be2ca0a6fd877]::thread::lifecycle::spawn_unchecked<test[aada8e7e76ba119b]::run_test::{closure#1}, ()>::{closure#1}::{closure#0}>, ()>
[INFO] [stdout]                                at /rustc/e3feeb59cd1bdd011a2bfcc0747b55125d9b8527/library/std/src/panic.rs:359:14
[INFO] [stdout]   39:     0x5b4ec5cbb222 - std[617be2ca0a6fd877]::thread::lifecycle::spawn_unchecked::<test[aada8e7e76ba119b]::run_test::{closure#1}, ()>::{closure#1}
[INFO] [stdout]                                at /rustc/e3feeb59cd1bdd011a2bfcc0747b55125d9b8527/library/std/src/thread/lifecycle.rs:68:26
[INFO] [stdout]   40:     0x5b4ec5cbb222 - <std[617be2ca0a6fd877]::thread::lifecycle::spawn_unchecked<test[aada8e7e76ba119b]::run_test::{closure#1}, ()>::{closure#1} as core[a373ad73a504971]::ops::function::FnOnce<()>>::call_once::{shim:vtable#0}
[INFO] [stdout]                                at /rustc/e3feeb59cd1bdd011a2bfcc0747b55125d9b8527/library/core/src/ops/function.rs:250:5
[INFO] [stdout]   41:     0x5b4ec5fb8a3f - <alloc[2e1b2a31b91974c5]::boxed::Box<dyn core[a373ad73a504971]::ops::function::FnOnce<(), Output = ()> + core[a373ad73a504971]::marker::Send> as core[a373ad73a504971]::ops::function::FnOnce<()>>::call_once
[INFO] [stdout]                                at /rustc/e3feeb59cd1bdd011a2bfcc0747b55125d9b8527/library/alloc/src/boxed.rs:2314:9
[INFO] [stdout]   42:     0x5b4ec5fb8a3f - <std[617be2ca0a6fd877]::sys::thread::unix::Thread>::new::thread_start
[INFO] [stdout]                                at /rustc/e3feeb59cd1bdd011a2bfcc0747b55125d9b8527/library/std/src/sys/thread/unix.rs:127:17
[INFO] [stdout]   43:     0x7687deb3fdfa - <unknown>
[INFO] [stdout]   44:     0x7687debd33d4 - clone
[INFO] [stdout]   45:                0x0 - <unknown>
[INFO] [stdout] 
[INFO] [stdout] 
[INFO] [stdout] failures:
[INFO] [stdout]     a_c_program_loads_a_model_tokenizes_and_embeds
[INFO] [stdout] 
[INFO] [stdout] test result: FAILED. 4 passed; 1 failed; 0 ignored; 0 measured; 0 filtered out; finished in 0.38s
[INFO] [stdout] 
[INFO] [stderr] error: test failed, to rerun pass `-p turbo --test abi`
[INFO] running `Command { std: "docker" "inspect" "c49c1c8ad681f0487af089e5f34cef89b84b7102baefedc7a0e8a642fca4ee84", kill_on_drop: false }`
[INFO] running `Command { std: "docker" "rm" "-f" "c49c1c8ad681f0487af089e5f34cef89b84b7102baefedc7a0e8a642fca4ee84", kill_on_drop: false }`
[INFO] [stdout] c49c1c8ad681f0487af089e5f34cef89b84b7102baefedc7a0e8a642fca4ee84
